Jun 08 14:36:20 breadbox.penurio.us systemd-udevd[333]: passed unknown number of bytes to netlink monitor 0x7fa12cca4550
Jun 08 14:36:20 breadbox.penurio.us systemd-udevd[327]: seq 4018 queued, 'add' 'msr'
Jun 08 14:36:20 breadbox.penurio.us systemd-udevd[328]: handling device node '/dev/cpu/2/msr', devnum=c202:2, mode=0600, uid=0, gid=0
Jun 08 14:36:20 breadbox.penurio.us systemd-udevd[329]: handling device node '/dev/cpu/3/msr', devnum=c202:3, mode=0600, uid=0, gid=0
Jun 08 14:36:20 breadbox.penurio.us systemd-udevd[334]: created empty file '/run/udev/data/c202:15' for '/devices/virtual/msr/msr15'
Jun 08 14:36:20 breadbox.penurio.us systemd-udevd[333]: seq 4014 processed with 0
Jun 08 14:36:20 breadbox.penurio.us systemd-udevd[327]: passed 177 bytes to netlink monitor 0x7fa12cca02f0
Jun 08 14:36:20 breadbox.penurio.us systemd-udevd[335]: seq 4018 running
Jun 08 14:36:20 breadbox.penurio.us systemd-udevd[328]: preserve permissions /dev/cpu/2/msr, 020600, uid=0, gid=0
Jun 08 14:36:20 breadbox.penurio.us systemd-udevd[329]: preserve permissions /dev/cpu/3/msr, 020600, uid=0, gid=0
Jun 08 14:36:20 breadbox.penurio.us systemd-udevd[334]: passed unknown number of bytes to netlink monitor 0x7fa12cca7a60
Jun 08 14:36:20 breadbox.penurio.us systemd-udevd[327]: seq 4019 queued, 'add' 'msr'
Jun 08 14:36:20 breadbox.penurio.us systemd-udevd[333]: seq 4019 running
Jun 08 14:36:20 breadbox.penurio.us systemd-udevd[328]: creating symlink '/dev/char/202:2' to '../cpu/2/msr'
Jun 08 14:36:20 breadbox.penurio.us systemd-udevd[329]: creating symlink '/dev/char/202:3' to '../cpu/3/msr'
Jun 08 14:36:20 breadbox.penurio.us systemd-udevd[334]: seq 4015 processed with 0
Jun 08 14:36:20 breadbox.penurio.us systemd-udevd[327]: passed 177 bytes to netlink monitor 0x7fa12cca02f0
Jun 08 14:36:20 breadbox.penurio.us systemd-udevd[335]: no db file to read /run/udev/data/c202:4: No such file or directory
Jun 08 14:36:20 breadbox.penurio.us systemd-udevd[333]: no db file to read /run/udev/data/c202:5: No such file or directory
Jun 08 14:36:20 breadbox.penurio.us systemd-udevd[328]: created empty file '/run/udev/data/c202:2' for '/devices/virtual/msr/msr2'
Jun 08 14:36:20 breadbox.penurio.us systemd-udevd[329]: created empty file '/run/udev/data/c202:3' for '/devices/virtual/msr/msr3'
Jun 08 14:36:20 breadbox.penurio.us systemd-udevd[327]: seq 4020 queued, 'add' 'msr'
Jun 08 14:36:20 breadbox.penurio.us systemd-udevd[335]: handling device node '/dev/cpu/4/msr', devnum=c202:4, mode=0600, uid=0, gid=0
Jun 08 14:36:20 breadbox.penurio.us systemd-udevd[333]: handling device node '/dev/cpu/5/msr', devnum=c202:5, mode=0600, uid=0, gid=0
Jun 08 14:36:20 breadbox.penurio.us systemd-udevd[328]: passed unknown number of bytes to netlink monitor 0x7fa12ccb0ff0
Jun 08 14:36:20 breadbox.penurio.us systemd-udevd[329]: passed unknown number of bytes to netlink monitor 0x7fa12ccb2a70
Jun 08 14:36:20 breadbox.penurio.us systemd-udevd[327]: passed 177 bytes to netlink monitor 0x7fa12cca02f0
Jun 08 14:36:20 breadbox.penurio.us systemd-udevd[334]: seq 4020 running
Jun 08 14:36:20 breadbox.penurio.us systemd-udevd[335]: preserve permissions /dev/cpu/4/msr, 020600, uid=0, gid=0
Jun 08 14:36:20 breadbox.penurio.us systemd-udevd[333]: preserve permissions /dev/cpu/5/msr, 020600, uid=0, gid=0
Jun 08 14:36:20 breadbox.penurio.us systemd-udevd[328]: seq 4016 processed with 0
Jun 08 14:36:20 breadbox.penurio.us systemd-udevd[329]: seq 4017 processed with 0
Jun 08 14:36:20 breadbox.penurio.us systemd-udevd[327]: seq 4021 queued, 'add' 'msr'
Jun 08 14:36:20 breadbox.penurio.us systemd-udevd[334]: no db file to read /run/udev/data/c202:6: No such file or directory
Jun 08 14:36:20 breadbox.penurio.us systemd-udevd[335]: creating symlink '/dev/char/202:4' to '../cpu/4/msr'
Jun 08 14:36:20 breadbox.penurio.us systemd-udevd[333]: creating symlink '/dev/char/202:5' to '../cpu/5/msr'
Jun 08 14:36:20 breadbox.penurio.us systemd-udevd[327]: passed 177 bytes to netlink monitor 0x7fa12cca02f0
Jun 08 14:36:20 breadbox.penurio.us systemd-udevd[328]: seq 4021 running
Jun 08 14:36:20 breadbox.penurio.us systemd-udevd[334]: handling device node '/dev/cpu/6/msr', devnum=c202:6, mode=0600, uid=0, gid=0
Jun 08 14:36:20 breadbox.penurio.us systemd-udevd[335]: created empty file '/run/udev/data/c202:4' for '/devices/virtual/msr/msr4'
Jun 08 14:36:20 breadbox.penurio.us systemd-udevd[333]: created empty file '/run/udev/data/c202:5' for '/devices/virtual/msr/msr5'
Jun 08 14:36:20 breadbox.penurio.us systemd-udevd[327]: seq 4022 queued, 'add' 'msr'
Jun 08 14:36:20 breadbox.penurio.us systemd-udevd[328]: no db file to read /run/udev/data/c202:7: No such file or directory
Jun 08 14:36:20 breadbox.penurio.us systemd-udevd[334]: preserve permissions /dev/cpu/6/msr, 020600, uid=0, gid=0
Jun 08 14:36:20 breadbox.penurio.us systemd-udevd[335]: passed unknown number of bytes to netlink monitor 0x7fa12ccb06b0
Jun 08 14:36:20 breadbox.penurio.us systemd-udevd[333]: passed unknown number of bytes to netlink monitor 0x7fa12cca4550
Jun 08 14:36:20 breadbox.penurio.us systemd-udevd[327]: passed 177 bytes to netlink monitor 0x7fa12cca02f0
Jun 08 14:36:20 breadbox.penurio.us systemd-udevd[329]: seq 4022 running
Jun 08 14:36:20 breadbox.penurio.us systemd-udevd[328]: handling device node '/dev/cpu/7/msr', devnum=c202:7, mode=0600, uid=0, gid=0
Jun 08 14:36:20 breadbox.penurio.us systemd-udevd[334]: creating symlink '/dev/char/202:6' to '../cpu/6/msr'
Jun 08 14:36:20 breadbox.penurio.us systemd-udevd[335]: seq 4018 processed with 0
Jun 08 14:36:20 breadbox.penurio.us systemd-udevd[333]: seq 4019 processed with 0
Jun 08 14:36:20 breadbox.penurio.us systemd-udevd[327]: seq 4023 queued, 'add' 'msr'
Jun 08 14:36:20 breadbox.penurio.us systemd-udevd[329]: no db file to read /run/udev/data/c202:8: No such file or directory
Jun 08 14:36:20 breadbox.penurio.us systemd-udevd[328]: preserve permissions /dev/cpu/7/msr, 020600, uid=0, gid=0
Jun 08 14:36:20 breadbox.penurio.us systemd-udevd[334]: created empty file '/run/udev/data/c202:6' for '/devices/virtual/msr/msr6'
Jun 08 14:36:20 breadbox.penurio.us systemd-udevd[327]: passed 177 bytes to netlink monitor 0x7fa12cca02f0
Jun 08 14:36:20 breadbox.penurio.us systemd-udevd[333]: seq 4023 running
Jun 08 14:36:20 breadbox.penurio.us systemd-udevd[329]: handling device node '/dev/cpu/8/msr', devnum=c202:8, mode=0600, uid=0, gid=0
Jun 08 14:36:20 breadbox.penurio.us systemd-udevd[328]: creating symlink '/dev/char/202:7' to '../cpu/7/msr'
Jun 08 14:36:20 breadbox.penurio.us systemd-udevd[334]: passed unknown number of bytes to netlink monitor 0x7fa12cca7a60
Jun 08 14:36:20 breadbox.penurio.us systemd-udevd[327]: seq 4024 queued, 'add' 'net'
Jun 08 14:36:20 breadbox.penurio.us systemd-udevd[333]: no db file to read /run/udev/data/c202:9: No such file or directory
Jun 08 14:36:20 breadbox.penurio.us systemd-udevd[329]: preserve permissions /dev/cpu/8/msr, 020600, uid=0, gid=0
Jun 08 14:36:20 breadbox.penurio.us systemd-udevd[328]: created empty file '/run/udev/data/c202:7' for '/devices/virtual/msr/msr7'
Jun 08 14:36:20 breadbox.penurio.us systemd-udevd[334]: seq 4020 processed with 0
Jun 08 14:36:20 breadbox.penurio.us systemd-udevd[327]: passed 157 bytes to netlink monitor 0x7fa12cca02f0
Jun 08 14:36:20 breadbox.penurio.us systemd-udevd[335]: seq 4024 running
Jun 08 14:36:20 breadbox.penurio.us systemd-udevd[333]: handling device node '/dev/cpu/9/msr', devnum=c202:9, mode=0600, uid=0, gid=0
Jun 08 14:36:20 breadbox.penurio.us systemd-udevd[329]: creating symlink '/dev/char/202:8' to '../cpu/8/msr'
Jun 08 14:36:20 breadbox.penurio.us systemd-udevd[328]: passed unknown number of bytes to netlink monitor 0x7fa12ccb0ff0
Jun 08 14:36:20 breadbox.penurio.us systemd-udevd[327]: seq 4025 queued, 'add' 'raw'
Jun 08 14:36:20 breadbox.penurio.us systemd-udevd[335]: no db file to read /run/udev/data/n1: No such file or directory
Jun 08 14:36:20 breadbox.penurio.us systemd-udevd[333]: preserve permissions /dev/cpu/9/msr, 020600, uid=0, gid=0
Jun 08 14:36:20 breadbox.penurio.us systemd-udevd[329]: created empty file '/run/udev/data/c202:8' for '/devices/virtual/msr/msr8'
Jun 08 14:36:20 breadbox.penurio.us systemd-udevd[328]: seq 4021 processed with 0
Jun 08 14:36:20 breadbox.penurio.us systemd-udevd[327]: passed 180 bytes to netlink monitor 0x7fa12cca02f0
Jun 08 14:36:20 breadbox.penurio.us systemd-udevd[334]: seq 4025 running
Jun 08 14:36:20 breadbox.penurio.us systemd-udevd[335]: IMPORT builtin 'net_id' /usr/lib/udev/rules.d/75-net-description.rules:6
Jun 08 14:36:20 breadbox.penurio.us systemd-udevd[333]: creating symlink '/dev/char/202:9' to '../cpu/9/msr'
Jun 08 14:36:20 breadbox.penurio.us systemd-udevd[329]: passed unknown number of bytes to netlink monitor 0x7fa12ccb2a70
Jun 08 14:36:20 breadbox.penurio.us systemd-udevd[327]: seq 4026 queued, 'add' 'thermal'
Jun 08 14:36:20 breadbox.penurio.us systemd-udevd[334]: no db file to read /run/udev/data/c162:0: No such file or directory
Jun 08 14:36:20 breadbox.penurio.us systemd-udevd[335]: created empty file '/run/udev/data/n1' for '/devices/virtual/net/lo'
Jun 08 14:36:20 breadbox.penurio.us systemd-udevd[333]: created empty file '/run/udev/data/c202:9' for '/devices/virtual/msr/msr9'
Jun 08 14:36:20 breadbox.penurio.us systemd-udevd[329]: seq 4022 processed with 0
Jun 08 14:36:20 breadbox.penurio.us systemd-udevd[327]: passed 155 bytes to netlink monitor 0x7fa12cca02f0
Jun 08 14:36:20 breadbox.penurio.us systemd-udevd[328]: seq 4026 running
Jun 08 14:36:20 breadbox.penurio.us systemd-udevd[334]: GROUP 6 /usr/lib/udev/rules.d/50-udev-default.rules:64
Jun 08 14:36:20 breadbox.penurio.us systemd-udevd[335]: passed unknown number of bytes to netlink monitor 0x7fa12ccb06b0
Jun 08 14:36:20 breadbox.penurio.us systemd-udevd[333]: passed unknown number of bytes to netlink monitor 0x7fa12cca4550
Jun 08 14:36:20 breadbox.penurio.us systemd-udevd[327]: seq 4027 queued, 'add' 'thermal'
Jun 08 14:36:20 breadbox.penurio.us systemd-udevd[328]: no db file to read /run/udev/data/+thermal:cooling_device0: No such file or directory
Jun 08 14:36:20 breadbox.penurio.us systemd-udevd[334]: handling device node '/dev/raw/rawctl', devnum=c162:0, mode=0660, uid=0, gid=6
Jun 08 14:36:20 breadbox.penurio.us systemd-udevd[335]: seq 4024 processed with 0
Jun 08 14:36:20 breadbox.penurio.us systemd-udevd[333]: seq 4023 processed with 0
Jun 08 14:36:20 breadbox.penurio.us systemd-udevd[327]: passed 155 bytes to netlink monitor 0x7fa12cca02f0
Jun 08 14:36:20 breadbox.penurio.us systemd-udevd[329]: seq 4027 running
Jun 08 14:36:20 breadbox.penurio.us systemd-udevd[328]: passed unknown number of bytes to netlink monitor 0x7fa12ccb0ff0
Jun 08 14:36:20 breadbox.penurio.us systemd-udevd[334]: set permissions /dev/raw/rawctl, 020660, uid=0, gid=6
Jun 08 14:36:20 breadbox.penurio.us systemd-udevd[327]: seq 4028 queued, 'add' 'thermal'
Jun 08 14:36:20 breadbox.penurio.us systemd-udevd[329]: no db file to read /run/udev/data/+thermal:cooling_device1: No such file or directory
Jun 08 14:36:20 breadbox.penurio.us systemd-udevd[328]: seq 4026 processed with 0
Jun 08 14:36:20 breadbox.penurio.us systemd-udevd[334]: creating symlink '/dev/char/162:0' to '../raw/rawctl'
Jun 08 14:36:20 breadbox.penurio.us systemd-udevd[327]: passed 156 bytes to netlink monitor 0x7fa12cca02f0
Jun 08 14:36:20 breadbox.penurio.us systemd-udevd[333]: seq 4028 running
Jun 08 14:36:20 breadbox.penurio.us systemd-udevd[329]: passed unknown number of bytes to netlink monitor 0x7fa12ccb2a70
Jun 08 14:36:20 breadbox.penurio.us systemd-udevd[334]: created empty file '/run/udev/data/c162:0' for '/devices/virtual/raw/rawctl'
Jun 08 14:36:20 breadbox.penurio.us systemd-udevd[327]: seq 4029 queued, 'add' 'thermal'
Jun 08 14:36:20 breadbox.penurio.us systemd-udevd[333]: no db file to read /run/udev/data/+thermal:cooling_device10: No such file or directory
Jun 08 14:36:20 breadbox.penurio.us systemd-udevd[329]: seq 4027 processed with 0
Jun 08 14:36:20 breadbox.penurio.us systemd-udevd[334]: passed unknown number of bytes to netlink monitor 0x7fa12cca7a60
Jun 08 14:36:20 breadbox.penurio.us systemd-udevd[327]: passed 156 bytes to netlink monitor 0x7fa12cca02f0
Jun 08 14:36:20 breadbox.penurio.us systemd-udevd[328]: seq 4029 running
Jun 08 14:36:20 breadbox.penurio.us systemd-udevd[333]: passed unknown number of bytes to netlink monitor 0x7fa12cca4550
Jun 08 14:36:20 breadbox.penurio.us systemd-udevd[334]: seq 4025 processed with 0
Jun 08 14:36:20 breadbox.penurio.us systemd-udevd[327]: seq 4030 queued, 'add' 'thermal'
Jun 08 14:36:20 breadbox.penurio.us systemd-udevd[328]: no db file to read /run/udev/data/+thermal:cooling_device11: No such file or directory
Jun 08 14:36:20 breadbox.penurio.us systemd-udevd[333]: seq 4028 processed with 0
Jun 08 14:36:20 breadbox.penurio.us systemd-udevd[327]: passed 156 bytes to netlink monitor 0x7fa12cca02f0
Jun 08 14:36:20 breadbox.penurio.us systemd-udevd[329]: seq 4030 running
Jun 08 14:36:20 breadbox.penurio.us systemd-udevd[328]: passed unknown number of bytes to netlink monitor 0x7fa12ccb0ff0
Jun 08 14:36:20 breadbox.penurio.us systemd-udevd[327]: seq 4031 queued, 'add' 'thermal'
Jun 08 14:36:20 breadbox.penurio.us systemd-udevd[329]: no db file to read /run/udev/data/+thermal:cooling_device12: No such file or directory
Jun 08 14:36:20 breadbox.penurio.us systemd-udevd[328]: seq 4029 processed with 0
Jun 08 14:36:20 breadbox.penurio.us systemd-udevd[327]: passed 156 bytes to netlink monitor 0x7fa12cca02f0
Jun 08 14:36:20 breadbox.penurio.us systemd-udevd[333]: seq 4031 running
Jun 08 14:36:20 breadbox.penurio.us systemd-udevd[329]: passed unknown number of bytes to netlink monitor 0x7fa12ccb2a70
Jun 08 14:36:20 breadbox.penurio.us systemd-udevd[327]: seq 4032 queued, 'add' 'thermal'
Jun 08 14:36:20 breadbox.penurio.us systemd-udevd[333]: no db file to read /run/udev/data/+thermal:cooling_device13: No such file or directory
Jun 08 14:36:20 breadbox.penurio.us systemd-udevd[329]: seq 4030 processed with 0
Jun 08 14:36:20 breadbox.penurio.us systemd-udevd[327]: passed 156 bytes to netlink monitor 0x7fa12cca02f0
Jun 08 14:36:20 breadbox.penurio.us systemd-udevd[328]: seq 4032 running
Jun 08 14:36:20 breadbox.penurio.us systemd-udevd[333]: passed unknown number of bytes to netlink monitor 0x7fa12cca4550
Jun 08 14:36:20 breadbox.penurio.us systemd-udevd[327]: seq 4033 queued, 'add' 'thermal'
Jun 08 14:36:20 breadbox.penurio.us systemd-udevd[328]: no db file to read /run/udev/data/+thermal:cooling_device14: No such file or directory
Jun 08 14:36:20 breadbox.penurio.us systemd-udevd[333]: seq 4031 processed with 0
Jun 08 14:36:20 breadbox.penurio.us systemd-udevd[327]: passed 156 bytes to netlink monitor 0x7fa12cca02f0
Jun 08 14:36:20 breadbox.penurio.us systemd-udevd[329]: seq 4033 running
Jun 08 14:36:20 breadbox.penurio.us systemd-udevd[328]: passed unknown number of bytes to netlink monitor 0x7fa12ccb0ff0
Jun 08 14:36:20 breadbox.penurio.us systemd-udevd[327]: seq 4034 queued, 'add' 'thermal'
Jun 08 14:36:20 breadbox.penurio.us systemd-udevd[329]: no db file to read /run/udev/data/+thermal:cooling_device15: No such file or directory
Jun 08 14:36:20 breadbox.penurio.us systemd-udevd[328]: seq 4032 processed with 0
Jun 08 14:36:20 breadbox.penurio.us systemd-udevd[327]: passed 155 bytes to netlink monitor 0x7fa12cca02f0
Jun 08 14:36:20 breadbox.penurio.us systemd-udevd[333]: seq 4034 running
Jun 08 14:36:20 breadbox.penurio.us systemd-udevd[329]: passed unknown number of bytes to netlink monitor 0x7fa12ccb2a70
Jun 08 14:36:20 breadbox.penurio.us systemd-udevd[327]: seq 4035 queued, 'add' 'thermal'
Jun 08 14:36:20 breadbox.penurio.us systemd-udevd[333]: no db file to read /run/udev/data/+thermal:cooling_device2: No such file or directory
Jun 08 14:36:20 breadbox.penurio.us systemd-udevd[329]: seq 4033 processed with 0
Jun 08 14:36:20 breadbox.penurio.us systemd-udevd[327]: passed 155 bytes to netlink monitor 0x7fa12cca02f0
Jun 08 14:36:20 breadbox.penurio.us systemd-udevd[328]: seq 4035 running
Jun 08 14:36:20 breadbox.penurio.us systemd-udevd[333]: passed unknown number of bytes to netlink monitor 0x7fa12cca4550
Jun 08 14:36:20 breadbox.penurio.us systemd-udevd[327]: seq 4036 queued, 'add' 'thermal'
Jun 08 14:36:20 breadbox.penurio.us systemd-udevd[328]: no db file to read /run/udev/data/+thermal:cooling_device3: No such file or directory
Jun 08 14:36:20 breadbox.penurio.us systemd-udevd[333]: seq 4034 processed with 0
Jun 08 14:36:20 breadbox.penurio.us systemd-udevd[327]: passed 155 bytes to netlink monitor 0x7fa12cca02f0
Jun 08 14:36:20 breadbox.penurio.us systemd-udevd[329]: seq 4036 running
Jun 08 14:36:20 breadbox.penurio.us systemd-udevd[328]: passed unknown number of bytes to netlink monitor 0x7fa12ccb0ff0
Jun 08 14:36:20 breadbox.penurio.us systemd-udevd[327]: seq 4037 queued, 'add' 'thermal'
Jun 08 14:36:20 breadbox.penurio.us systemd-udevd[329]: no db file to read /run/udev/data/+thermal:cooling_device4: No such file or directory
Jun 08 14:36:20 breadbox.penurio.us systemd-udevd[328]: seq 4035 processed with 0
Jun 08 14:36:20 breadbox.penurio.us systemd-udevd[327]: passed 155 bytes to netlink monitor 0x7fa12cca02f0
Jun 08 14:36:20 breadbox.penurio.us systemd-udevd[333]: seq 4037 running
Jun 08 14:36:20 breadbox.penurio.us systemd-udevd[329]: passed unknown number of bytes to netlink monitor 0x7fa12ccb2a70
Jun 08 14:36:20 breadbox.penurio.us systemd-udevd[327]: seq 4038 queued, 'add' 'thermal'
Jun 08 14:36:20 breadbox.penurio.us systemd-udevd[333]: no db file to read /run/udev/data/+thermal:cooling_device5: No such file or directory
Jun 08 14:36:20 breadbox.penurio.us systemd-udevd[329]: seq 4036 processed with 0
Jun 08 14:36:20 breadbox.penurio.us systemd-udevd[327]: passed 155 bytes to netlink monitor 0x7fa12cca02f0
Jun 08 14:36:20 breadbox.penurio.us systemd-udevd[328]: seq 4038 running
Jun 08 14:36:20 breadbox.penurio.us systemd-udevd[333]: passed unknown number of bytes to netlink monitor 0x7fa12cca4550
Jun 08 14:36:20 breadbox.penurio.us systemd-udevd[327]: seq 4039 queued, 'add' 'thermal'
Jun 08 14:36:20 breadbox.penurio.us systemd-udevd[328]: no db file to read /run/udev/data/+thermal:cooling_device6: No such file or directory
Jun 08 14:36:20 breadbox.penurio.us systemd-udevd[333]: seq 4037 processed with 0
Jun 08 14:36:20 breadbox.penurio.us systemd-udevd[327]: passed 155 bytes to netlink monitor 0x7fa12cca02f0
Jun 08 14:36:20 breadbox.penurio.us systemd-udevd[329]: seq 4039 running
Jun 08 14:36:20 breadbox.penurio.us systemd-udevd[328]: passed unknown number of bytes to netlink monitor 0x7fa12ccb0ff0
Jun 08 14:36:20 breadbox.penurio.us systemd-udevd[327]: seq 4040 queued, 'add' 'thermal'
Jun 08 14:36:20 breadbox.penurio.us systemd-udevd[329]: no db file to read /run/udev/data/+thermal:cooling_device7: No such file or directory
Jun 08 14:36:20 breadbox.penurio.us systemd-udevd[328]: seq 4038 processed with 0
Jun 08 14:36:20 breadbox.penurio.us systemd-udevd[327]: passed 155 bytes to netlink monitor 0x7fa12cca02f0
Jun 08 14:36:20 breadbox.penurio.us systemd-udevd[333]: seq 4040 running
Jun 08 14:36:20 breadbox.penurio.us systemd-udevd[329]: passed unknown number of bytes to netlink monitor 0x7fa12ccb2a70
Jun 08 14:36:20 breadbox.penurio.us systemd-udevd[327]: seq 4041 queued, 'add' 'thermal'
Jun 08 14:36:20 breadbox.penurio.us systemd-udevd[333]: no db file to read /run/udev/data/+thermal:cooling_device8: No such file or directory
Jun 08 14:36:20 breadbox.penurio.us systemd-udevd[329]: seq 4039 processed with 0
Jun 08 14:36:20 breadbox.penurio.us systemd-udevd[327]: passed 155 bytes to netlink monitor 0x7fa12cca02f0
Jun 08 14:36:20 breadbox.penurio.us systemd-udevd[328]: seq 4041 running
Jun 08 14:36:20 breadbox.penurio.us systemd-udevd[333]: passed unknown number of bytes to netlink monitor 0x7fa12cca4550
Jun 08 14:36:20 breadbox.penurio.us systemd-udevd[327]: seq 4042 queued, 'add' 'tty'
Jun 08 14:36:20 breadbox.penurio.us systemd-udevd[328]: no db file to read /run/udev/data/+thermal:cooling_device9: No such file or directory
Jun 08 14:36:20 breadbox.penurio.us systemd-udevd[333]: seq 4040 processed with 0
Jun 08 14:36:20 breadbox.penurio.us systemd-udevd[327]: passed 176 bytes to netlink monitor 0x7fa12cca02f0
Jun 08 14:36:20 breadbox.penurio.us systemd-udevd[329]: seq 4042 running
Jun 08 14:36:20 breadbox.penurio.us systemd-udevd[328]: passed unknown number of bytes to netlink monitor 0x7fa12ccb0ff0
Jun 08 14:36:20 breadbox.penurio.us systemd-udevd[327]: seq 4043 queued, 'add' 'tty'
Jun 08 14:36:20 breadbox.penurio.us systemd-udevd[329]: no db file to read /run/udev/data/c5:1: No such file or directory
Jun 08 14:36:20 breadbox.penurio.us systemd-udevd[328]: seq 4041 processed with 0
Jun 08 14:36:20 breadbox.penurio.us systemd-udevd[327]: passed 183 bytes to netlink monitor 0x7fa12cca02f0
Jun 08 14:36:20 breadbox.penurio.us systemd-udevd[333]: seq 4043 running
Jun 08 14:36:20 breadbox.penurio.us systemd-udevd[329]: handling device node '/dev/console', devnum=c5:1, mode=0600, uid=0, gid=0
Jun 08 14:36:20 breadbox.penurio.us systemd-udevd[327]: seq 4044 queued, 'add' 'tty'
Jun 08 14:36:20 breadbox.penurio.us systemd-udevd[333]: no db file to read /run/udev/data/c5:2: No such file or directory
Jun 08 14:36:20 breadbox.penurio.us systemd-udevd[329]: preserve permissions /dev/console, 020600, uid=0, gid=0
Jun 08 14:36:20 breadbox.penurio.us systemd-udevd[327]: passed 181 bytes to netlink monitor 0x7fa12cca02f0
Jun 08 14:36:20 breadbox.penurio.us systemd-udevd[328]: seq 4044 running
Jun 08 14:36:20 breadbox.penurio.us systemd-udevd[333]: GROUP 5 /usr/lib/udev/rules.d/50-udev-default.rules:15
Jun 08 14:36:20 breadbox.penurio.us systemd-udevd[329]: creating symlink '/dev/char/5:1' to '../console'
Jun 08 14:36:20 breadbox.penurio.us systemd-udevd[327]: seq 4045 queued, 'add' 'tty'
Jun 08 14:36:20 breadbox.penurio.us systemd-udevd[328]: no db file to read /run/udev/data/c5:0: No such file or directory
Jun 08 14:36:20 breadbox.penurio.us systemd-udevd[333]: MODE 0666 /usr/lib/udev/rules.d/50-udev-default.rules:15
Jun 08 14:36:20 breadbox.penurio.us systemd-udevd[329]: created empty file '/run/udev/data/c5:1' for '/devices/virtual/tty/console'
Jun 08 14:36:20 breadbox.penurio.us systemd-udevd[327]: passed 170 bytes to netlink monitor 0x7fa12cca02f0
Jun 08 14:36:20 breadbox.penurio.us systemd-udevd[334]: seq 4045 running
Jun 08 14:36:20 breadbox.penurio.us systemd-udevd[328]: GROUP 5 /usr/lib/udev/rules.d/50-udev-default.rules:16
Jun 08 14:36:20 breadbox.penurio.us systemd-udevd[333]: handling device node '/dev/ptmx', devnum=c5:2, mode=0666, uid=0, gid=5
Jun 08 14:36:20 breadbox.penurio.us systemd-udevd[329]: passed unknown number of bytes to netlink monitor 0x7fa12ccb2a70
Jun 08 14:36:20 breadbox.penurio.us systemd-udevd[327]: seq 4046 queued, 'add' 'tty'
Jun 08 14:36:20 breadbox.penurio.us systemd-udevd[334]: no db file to read /run/udev/data/c4:0: No such file or directory
Jun 08 14:36:20 breadbox.penurio.us systemd-udevd[328]: MODE 0666 /usr/lib/udev/rules.d/50-udev-default.rules:16
Jun 08 14:36:20 breadbox.penurio.us systemd-udevd[333]: set permissions /dev/ptmx, 020666, uid=0, gid=5
Jun 08 14:36:20 breadbox.penurio.us systemd-udevd[329]: seq 4042 processed with 0
Jun 08 14:36:20 breadbox.penurio.us systemd-udevd[327]: passed 170 bytes to netlink monitor 0x7fa12cca02f0
Jun 08 14:36:20 breadbox.penurio.us systemd-udevd[335]: seq 4046 running
Jun 08 14:36:20 breadbox.penurio.us systemd-udevd[334]: GROUP 5 /usr/lib/udev/rules.d/50-udev-default.rules:17
Jun 08 14:36:20 breadbox.penurio.us systemd-udevd[328]: handling device node '/dev/tty', devnum=c5:0, mode=0666, uid=0, gid=5
Jun 08 14:36:20 breadbox.penurio.us systemd-udevd[333]: creating symlink '/dev/char/5:2' to '../ptmx'
Jun 08 14:36:20 breadbox.penurio.us systemd-udevd[327]: seq 4047 queued, 'add' 'tty'
Jun 08 14:36:20 breadbox.penurio.us systemd-udevd[329]: seq 4047 running
Jun 08 14:36:20 breadbox.penurio.us systemd-udevd[334]: MODE 0620 /usr/lib/udev/rules.d/50-udev-default.rules:17
Jun 08 14:36:20 breadbox.penurio.us systemd-udevd[328]: set permissions /dev/tty, 020666, uid=0, gid=5
Jun 08 14:36:20 breadbox.penurio.us systemd-udevd[333]: created empty file '/run/udev/data/c5:2' for '/devices/virtual/tty/ptmx'
Jun 08 14:36:20 breadbox.penurio.us systemd-udevd[327]: passed 173 bytes to netlink monitor 0x7fa12cca02f0
Jun 08 14:36:20 breadbox.penurio.us systemd-udevd[335]: no db file to read /run/udev/data/c4:1: No such file or directory
Jun 08 14:36:20 breadbox.penurio.us systemd-udevd[329]: no db file to read /run/udev/data/c4:10: No such file or directory
Jun 08 14:36:20 breadbox.penurio.us systemd-udevd[334]: handling device node '/dev/tty0', devnum=c4:0, mode=0620, uid=0, gid=5
Jun 08 14:36:20 breadbox.penurio.us systemd-udevd[328]: creating symlink '/dev/char/5:0' to '../tty'
Jun 08 14:36:20 breadbox.penurio.us systemd-udevd[333]: passed unknown number of bytes to netlink monitor 0x7fa12cca4550
Jun 08 14:36:20 breadbox.penurio.us systemd-udevd[327]: seq 4048 queued, 'add' 'tty'
Jun 08 14:36:20 breadbox.penurio.us systemd-udevd[335]: GROUP 5 /usr/lib/udev/rules.d/50-udev-default.rules:17
Jun 08 14:36:20 breadbox.penurio.us systemd-udevd[329]: GROUP 5 /usr/lib/udev/rules.d/50-udev-default.rules:17
Jun 08 14:36:20 breadbox.penurio.us systemd-udevd[334]: set permissions /dev/tty0, 020620, uid=0, gid=5
Jun 08 14:36:20 breadbox.penurio.us systemd-udevd[328]: created empty file '/run/udev/data/c5:0' for '/devices/virtual/tty/tty'
Jun 08 14:36:20 breadbox.penurio.us systemd-udevd[333]: seq 4043 processed with 0
Jun 08 14:36:20 breadbox.penurio.us systemd-udevd[327]: passed 173 bytes to netlink monitor 0x7fa12cca02f0
Jun 08 14:36:20 breadbox.penurio.us systemd-udevd[336]: seq 4048 running
Jun 08 14:36:20 breadbox.penurio.us systemd-udevd[335]: MODE 0620 /usr/lib/udev/rules.d/50-udev-default.rules:17
Jun 08 14:36:20 breadbox.penurio.us systemd-udevd[329]: MODE 0620 /usr/lib/udev/rules.d/50-udev-default.rules:17
Jun 08 14:36:20 breadbox.penurio.us systemd-udevd[334]: creating symlink '/dev/char/4:0' to '../tty0'
Jun 08 14:36:20 breadbox.penurio.us systemd-udevd[328]: passed unknown number of bytes to netlink monitor 0x7fa12ccb0ff0
Jun 08 14:36:20 breadbox.penurio.us systemd-udevd[327]: seq 4049 queued, 'add' 'tty'
Jun 08 14:36:20 breadbox.penurio.us systemd-udevd[336]: no db file to read /run/udev/data/c4:11: No such file or directory
Jun 08 14:36:20 breadbox.penurio.us systemd-udevd[335]: handling device node '/dev/tty1', devnum=c4:1, mode=0620, uid=0, gid=5
Jun 08 14:36:20 breadbox.penurio.us systemd-udevd[329]: handling device node '/dev/tty10', devnum=c4:10, mode=0620, uid=0, gid=5
Jun 08 14:36:20 breadbox.penurio.us systemd-udevd[334]: created empty file '/run/udev/data/c4:0' for '/devices/virtual/tty/tty0'
Jun 08 14:36:20 breadbox.penurio.us systemd-udevd[328]: seq 4044 processed with 0
Jun 08 14:36:20 breadbox.penurio.us systemd-udevd[327]: passed 173 bytes to netlink monitor 0x7fa12cca02f0
Jun 08 14:36:20 breadbox.penurio.us systemd-udevd[333]: seq 4049 running
Jun 08 14:36:20 breadbox.penurio.us systemd-udevd[336]: GROUP 5 /usr/lib/udev/rules.d/50-udev-default.rules:17
Jun 08 14:36:20 breadbox.penurio.us systemd-udevd[335]: set permissions /dev/tty1, 020620, uid=0, gid=5
Jun 08 14:36:20 breadbox.penurio.us systemd-udevd[329]: set permissions /dev/tty10, 020620, uid=0, gid=5
Jun 08 14:36:20 breadbox.penurio.us systemd-udevd[334]: passed unknown number of bytes to netlink monitor 0x7fa12cca7a60
Jun 08 14:36:20 breadbox.penurio.us systemd-udevd[327]: seq 4050 queued, 'add' 'tty'
Jun 08 14:36:20 breadbox.penurio.us systemd-udevd[333]: no db file to read /run/udev/data/c4:12: No such file or directory
Jun 08 14:36:20 breadbox.penurio.us systemd-udevd[336]: MODE 0620 /usr/lib/udev/rules.d/50-udev-default.rules:17
Jun 08 14:36:20 breadbox.penurio.us systemd-udevd[335]: creating symlink '/dev/char/4:1' to '../tty1'
Jun 08 14:36:20 breadbox.penurio.us systemd-udevd[329]: creating symlink '/dev/char/4:10' to '../tty10'
Jun 08 14:36:20 breadbox.penurio.us systemd-udevd[334]: seq 4045 processed with 0
Jun 08 14:36:20 breadbox.penurio.us systemd-udevd[327]: passed 173 bytes to netlink monitor 0x7fa12cca02f0
Jun 08 14:36:20 breadbox.penurio.us systemd-udevd[328]: seq 4050 running
Jun 08 14:36:20 breadbox.penurio.us systemd-udevd[333]: GROUP 5 /usr/lib/udev/rules.d/50-udev-default.rules:17
Jun 08 14:36:20 breadbox.penurio.us systemd-udevd[336]: handling device node '/dev/tty11', devnum=c4:11, mode=0620, uid=0, gid=5
Jun 08 14:36:20 breadbox.penurio.us systemd-udevd[335]: created empty file '/run/udev/data/c4:1' for '/devices/virtual/tty/tty1'
Jun 08 14:36:20 breadbox.penurio.us systemd-udevd[329]: created empty file '/run/udev/data/c4:10' for '/devices/virtual/tty/tty10'
Jun 08 14:36:20 breadbox.penurio.us systemd-udevd[327]: seq 4051 queued, 'add' 'tty'
Jun 08 14:36:20 breadbox.penurio.us systemd-udevd[328]: no db file to read /run/udev/data/c4:13: No such file or directory
Jun 08 14:36:20 breadbox.penurio.us systemd-udevd[333]: MODE 0620 /usr/lib/udev/rules.d/50-udev-default.rules:17
Jun 08 14:36:20 breadbox.penurio.us systemd-udevd[336]: set permissions /dev/tty11, 020620, uid=0, gid=5
Jun 08 14:36:20 breadbox.penurio.us systemd-udevd[335]: passed unknown number of bytes to netlink monitor 0x7fa12ccb06b0
Jun 08 14:36:20 breadbox.penurio.us systemd-udevd[329]: passed unknown number of bytes to netlink monitor 0x7fa12ccb2a70
Jun 08 14:36:20 breadbox.penurio.us systemd-udevd[327]: passed 173 bytes to netlink monitor 0x7fa12cca02f0
Jun 08 14:36:20 breadbox.penurio.us systemd-udevd[334]: seq 4051 running
Jun 08 14:36:20 breadbox.penurio.us systemd-udevd[328]: GROUP 5 /usr/lib/udev/rules.d/50-udev-default.rules:17
Jun 08 14:36:20 breadbox.penurio.us systemd-udevd[333]: handling device node '/dev/tty12', devnum=c4:12, mode=0620, uid=0, gid=5
Jun 08 14:36:20 breadbox.penurio.us systemd-udevd[336]: creating symlink '/dev/char/4:11' to '../tty11'
Jun 08 14:36:20 breadbox.penurio.us systemd-udevd[335]: seq 4046 processed with 0
Jun 08 14:36:20 breadbox.penurio.us systemd-udevd[329]: seq 4047 processed with 0
Jun 08 14:36:20 breadbox.penurio.us systemd-udevd[327]: seq 4052 queued, 'add' 'tty'
Jun 08 14:36:20 breadbox.penurio.us systemd-udevd[334]: no db file to read /run/udev/data/c4:14: No such file or directory
Jun 08 14:36:20 breadbox.penurio.us systemd-udevd[328]: MODE 0620 /usr/lib/udev/rules.d/50-udev-default.rules:17
Jun 08 14:36:20 breadbox.penurio.us systemd-udevd[333]: set permissions /dev/tty12, 020620, uid=0, gid=5
Jun 08 14:36:20 breadbox.penurio.us systemd-udevd[336]: created empty file '/run/udev/data/c4:11' for '/devices/virtual/tty/tty11'
Jun 08 14:36:20 breadbox.penurio.us systemd-udevd[327]: passed 173 bytes to netlink monitor 0x7fa12cca02f0
Jun 08 14:36:20 breadbox.penurio.us systemd-udevd[329]: seq 4052 running
Jun 08 14:36:20 breadbox.penurio.us systemd-udevd[334]: GROUP 5 /usr/lib/udev/rules.d/50-udev-default.rules:17
Jun 08 14:36:20 breadbox.penurio.us systemd-udevd[328]: handling device node '/dev/tty13', devnum=c4:13, mode=0620, uid=0, gid=5
Jun 08 14:36:20 breadbox.penurio.us systemd-udevd[333]: creating symlink '/dev/char/4:12' to '../tty12'
Jun 08 14:36:20 breadbox.penurio.us systemd-udevd[336]: passed unknown number of bytes to netlink monitor 0x7fa12ccaee60
Jun 08 14:36:20 breadbox.penurio.us systemd-udevd[327]: seq 4053 queued, 'add' 'tty'
Jun 08 14:36:20 breadbox.penurio.us systemd-udevd[329]: no db file to read /run/udev/data/c4:15: No such file or directory
Jun 08 14:36:20 breadbox.penurio.us systemd-udevd[334]: MODE 0620 /usr/lib/udev/rules.d/50-udev-default.rules:17
Jun 08 14:36:20 breadbox.penurio.us systemd-udevd[328]: set permissions /dev/tty13, 020620, uid=0, gid=5
Jun 08 14:36:20 breadbox.penurio.us systemd-udevd[333]: created empty file '/run/udev/data/c4:12' for '/devices/virtual/tty/tty12'
Jun 08 14:36:20 breadbox.penurio.us systemd-udevd[336]: seq 4048 processed with 0
Jun 08 14:36:20 breadbox.penurio.us systemd-udevd[327]: passed 173 bytes to netlink monitor 0x7fa12cca02f0
Jun 08 14:36:20 breadbox.penurio.us systemd-udevd[335]: seq 4053 running
Jun 08 14:36:20 breadbox.penurio.us systemd-udevd[329]: GROUP 5 /usr/lib/udev/rules.d/50-udev-default.rules:17
Jun 08 14:36:20 breadbox.penurio.us systemd-udevd[334]: handling device node '/dev/tty14', devnum=c4:14, mode=0620, uid=0, gid=5
Jun 08 14:36:20 breadbox.penurio.us systemd-udevd[328]: creating symlink '/dev/char/4:13' to '../tty13'
Jun 08 14:36:20 breadbox.penurio.us systemd-udevd[333]: passed unknown number of bytes to netlink monitor 0x7fa12cca4550
Jun 08 14:36:20 breadbox.penurio.us systemd-udevd[327]: seq 4054 queued, 'add' 'tty'
Jun 08 14:36:20 breadbox.penurio.us systemd-udevd[335]: no db file to read /run/udev/data/c4:16: No such file or directory
Jun 08 14:36:20 breadbox.penurio.us systemd-udevd[329]: MODE 0620 /usr/lib/udev/rules.d/50-udev-default.rules:17
Jun 08 14:36:20 breadbox.penurio.us systemd-udevd[334]: set permissions /dev/tty14, 020620, uid=0, gid=5
Jun 08 14:36:20 breadbox.penurio.us systemd-udevd[328]: created empty file '/run/udev/data/c4:13' for '/devices/virtual/tty/tty13'
Jun 08 14:36:20 breadbox.penurio.us systemd-udevd[333]: seq 4049 processed with 0
Jun 08 14:36:20 breadbox.penurio.us systemd-udevd[327]: passed 173 bytes to netlink monitor 0x7fa12cca02f0
Jun 08 14:36:20 breadbox.penurio.us systemd-udevd[336]: seq 4054 running
Jun 08 14:36:20 breadbox.penurio.us systemd-udevd[335]: GROUP 5 /usr/lib/udev/rules.d/50-udev-default.rules:17
Jun 08 14:36:20 breadbox.penurio.us systemd-udevd[329]: handling device node '/dev/tty15', devnum=c4:15, mode=0620, uid=0, gid=5
Jun 08 14:36:20 breadbox.penurio.us systemd-udevd[334]: creating symlink '/dev/char/4:14' to '../tty14'
Jun 08 14:36:20 breadbox.penurio.us systemd-udevd[328]: passed unknown number of bytes to netlink monitor 0x7fa12ccb0ff0
Jun 08 14:36:20 breadbox.penurio.us systemd-udevd[327]: seq 4055 queued, 'add' 'tty'
Jun 08 14:36:20 breadbox.penurio.us systemd-udevd[333]: seq 4055 running
Jun 08 14:36:20 breadbox.penurio.us systemd-udevd[335]: MODE 0620 /usr/lib/udev/rules.d/50-udev-default.rules:17
Jun 08 14:36:20 breadbox.penurio.us systemd-udevd[329]: set permissions /dev/tty15, 020620, uid=0, gid=5
Jun 08 14:36:20 breadbox.penurio.us systemd-udevd[334]: created empty file '/run/udev/data/c4:14' for '/devices/virtual/tty/tty14'
Jun 08 14:36:20 breadbox.penurio.us systemd-udevd[328]: seq 4050 processed with 0
Jun 08 14:36:20 breadbox.penurio.us systemd-udevd[327]: passed 173 bytes to netlink monitor 0x7fa12cca02f0
Jun 08 14:36:20 breadbox.penurio.us systemd-udevd[336]: no db file to read /run/udev/data/c4:17: No such file or directory
Jun 08 14:36:20 breadbox.penurio.us systemd-udevd[333]: no db file to read /run/udev/data/c4:18: No such file or directory
Jun 08 14:36:20 breadbox.penurio.us systemd-udevd[335]: handling device node '/dev/tty16', devnum=c4:16, mode=0620, uid=0, gid=5
Jun 08 14:36:20 breadbox.penurio.us systemd-udevd[329]: creating symlink '/dev/char/4:15' to '../tty15'
Jun 08 14:36:20 breadbox.penurio.us systemd-udevd[334]: passed unknown number of bytes to netlink monitor 0x7fa12cca7a60
Jun 08 14:36:20 breadbox.penurio.us systemd-udevd[327]: seq 4056 queued, 'add' 'tty'
Jun 08 14:36:20 breadbox.penurio.us systemd-udevd[328]: seq 4056 running
Jun 08 14:36:20 breadbox.penurio.us systemd-udevd[333]: GROUP 5 /usr/lib/udev/rules.d/50-udev-default.rules:17
Jun 08 14:36:20 breadbox.penurio.us systemd-udevd[335]: set permissions /dev/tty16, 020620, uid=0, gid=5
Jun 08 14:36:20 breadbox.penurio.us systemd-udevd[329]: created empty file '/run/udev/data/c4:15' for '/devices/virtual/tty/tty15'
Jun 08 14:36:20 breadbox.penurio.us systemd-udevd[334]: seq 4051 processed with 0
Jun 08 14:36:20 breadbox.penurio.us systemd-udevd[327]: passed 173 bytes to netlink monitor 0x7fa12cca02f0
Jun 08 14:36:20 breadbox.penurio.us systemd-udevd[336]: GROUP 5 /usr/lib/udev/rules.d/50-udev-default.rules:17
Jun 08 14:36:20 breadbox.penurio.us systemd-udevd[328]: no db file to read /run/udev/data/c4:19: No such file or directory
Jun 08 14:36:20 breadbox.penurio.us systemd-udevd[333]: MODE 0620 /usr/lib/udev/rules.d/50-udev-default.rules:17
Jun 08 14:36:20 breadbox.penurio.us systemd-udevd[335]: creating symlink '/dev/char/4:16' to '../tty16'
Jun 08 14:36:20 breadbox.penurio.us systemd-udevd[329]: passed unknown number of bytes to netlink monitor 0x7fa12ccb2a70
Jun 08 14:36:20 breadbox.penurio.us systemd-udevd[327]: seq 4057 queued, 'add' 'tty'
Jun 08 14:36:20 breadbox.penurio.us systemd-udevd[336]: MODE 0620 /usr/lib/udev/rules.d/50-udev-default.rules:17
Jun 08 14:36:20 breadbox.penurio.us systemd-udevd[328]: GROUP 5 /usr/lib/udev/rules.d/50-udev-default.rules:17
Jun 08 14:36:20 breadbox.penurio.us systemd-udevd[333]: handling device node '/dev/tty18', devnum=c4:18, mode=0620, uid=0, gid=5
Jun 08 14:36:20 breadbox.penurio.us systemd-udevd[335]: created empty file '/run/udev/data/c4:16' for '/devices/virtual/tty/tty16'
Jun 08 14:36:20 breadbox.penurio.us systemd-udevd[329]: seq 4052 processed with 0
Jun 08 14:36:20 breadbox.penurio.us systemd-udevd[327]: passed 170 bytes to netlink monitor 0x7fa12cca02f0
Jun 08 14:36:20 breadbox.penurio.us systemd-udevd[334]: seq 4057 running
Jun 08 14:36:20 breadbox.penurio.us systemd-udevd[336]: handling device node '/dev/tty17', devnum=c4:17, mode=0620, uid=0, gid=5
Jun 08 14:36:20 breadbox.penurio.us systemd-udevd[328]: MODE 0620 /usr/lib/udev/rules.d/50-udev-default.rules:17
Jun 08 14:36:20 breadbox.penurio.us systemd-udevd[333]: set permissions /dev/tty18, 020620, uid=0, gid=5
Jun 08 14:36:20 breadbox.penurio.us systemd-udevd[335]: passed unknown number of bytes to netlink monitor 0x7fa12ccb06b0
Jun 08 14:36:20 breadbox.penurio.us systemd-udevd[327]: seq 4058 queued, 'add' 'tty'
Jun 08 14:36:20 breadbox.penurio.us systemd-udevd[334]: no db file to read /run/udev/data/c4:2: No such file or directory
Jun 08 14:36:20 breadbox.penurio.us systemd-udevd[336]: set permissions /dev/tty17, 020620, uid=0, gid=5
Jun 08 14:36:20 breadbox.penurio.us systemd-udevd[328]: handling device node '/dev/tty19', devnum=c4:19, mode=0620, uid=0, gid=5
Jun 08 14:36:20 breadbox.penurio.us systemd-udevd[333]: creating symlink '/dev/char/4:18' to '../tty18'
Jun 08 14:36:20 breadbox.penurio.us systemd-udevd[335]: seq 4053 processed with 0
Jun 08 14:36:20 breadbox.penurio.us systemd-udevd[327]: passed 173 bytes to netlink monitor 0x7fa12cca02f0
Jun 08 14:36:20 breadbox.penurio.us systemd-udevd[334]: GROUP 5 /usr/lib/udev/rules.d/50-udev-default.rules:17
Jun 08 14:36:20 breadbox.penurio.us systemd-udevd[329]: seq 4058 running
Jun 08 14:36:20 breadbox.penurio.us systemd-udevd[336]: creating symlink '/dev/char/4:17' to '../tty17'
Jun 08 14:36:20 breadbox.penurio.us systemd-udevd[336]: created empty file '/run/udev/data/c4:17' for '/devices/virtual/tty/tty17'
Jun 08 14:36:20 breadbox.penurio.us systemd-udevd[333]: created empty file '/run/udev/data/c4:18' for '/devices/virtual/tty/tty18'
Jun 08 14:36:20 breadbox.penurio.us systemd-udevd[327]: seq 4059 queued, 'add' 'tty'
Jun 08 14:36:20 breadbox.penurio.us systemd-udevd[334]: MODE 0620 /usr/lib/udev/rules.d/50-udev-default.rules:17
Jun 08 14:36:20 breadbox.penurio.us systemd-udevd[329]: no db file to read /run/udev/data/c4:20: No such file or directory
Jun 08 14:36:20 breadbox.penurio.us systemd-udevd[328]: set permissions /dev/tty19, 020620, uid=0, gid=5
Jun 08 14:36:20 breadbox.penurio.us systemd-udevd[336]: passed unknown number of bytes to netlink monitor 0x7fa12ccaee60
Jun 08 14:36:20 breadbox.penurio.us systemd-udevd[333]: passed unknown number of bytes to netlink monitor 0x7fa12cca4550
Jun 08 14:36:20 breadbox.penurio.us systemd-udevd[327]: passed 173 bytes to netlink monitor 0x7fa12cca02f0
Jun 08 14:36:20 breadbox.penurio.us systemd-udevd[335]: seq 4059 running
Jun 08 14:36:20 breadbox.penurio.us systemd-udevd[334]: handling device node '/dev/tty2', devnum=c4:2, mode=0620, uid=0, gid=5
Jun 08 14:36:20 breadbox.penurio.us systemd-udevd[329]: GROUP 5 /usr/lib/udev/rules.d/50-udev-default.rules:17
Jun 08 14:36:20 breadbox.penurio.us systemd-udevd[328]: creating symlink '/dev/char/4:19' to '../tty19'
Jun 08 14:36:20 breadbox.penurio.us systemd-udevd[336]: seq 4054 processed with 0
Jun 08 14:36:20 breadbox.penurio.us systemd-udevd[333]: seq 4055 processed with 0
Jun 08 14:36:20 breadbox.penurio.us systemd-udevd[327]: seq 4060 queued, 'add' 'tty'
Jun 08 14:36:20 breadbox.penurio.us systemd-udevd[333]: seq 4060 running
Jun 08 14:36:20 breadbox.penurio.us systemd-udevd[334]: set permissions /dev/tty2, 020620, uid=0, gid=5
Jun 08 14:36:20 breadbox.penurio.us systemd-udevd[329]: MODE 0620 /usr/lib/udev/rules.d/50-udev-default.rules:17
Jun 08 14:36:20 breadbox.penurio.us systemd-udevd[328]: created empty file '/run/udev/data/c4:19' for '/devices/virtual/tty/tty19'
Jun 08 14:36:20 breadbox.penurio.us systemd-udevd[327]: passed 173 bytes to netlink monitor 0x7fa12cca02f0
Jun 08 14:36:20 breadbox.penurio.us systemd-udevd[335]: no db file to read /run/udev/data/c4:21: No such file or directory
Jun 08 14:36:20 breadbox.penurio.us systemd-udevd[333]: no db file to read /run/udev/data/c4:22: No such file or directory
Jun 08 14:36:20 breadbox.penurio.us systemd-udevd[334]: creating symlink '/dev/char/4:2' to '../tty2'
Jun 08 14:36:20 breadbox.penurio.us systemd-udevd[329]: handling device node '/dev/tty20', devnum=c4:20, mode=0620, uid=0, gid=5
Jun 08 14:36:20 breadbox.penurio.us systemd-udevd[328]: passed unknown number of bytes to netlink monitor 0x7fa12ccb0ff0
Jun 08 14:36:20 breadbox.penurio.us systemd-udevd[327]: seq 4061 queued, 'add' 'tty'
Jun 08 14:36:20 breadbox.penurio.us systemd-udevd[336]: seq 4061 running
Jun 08 14:36:20 breadbox.penurio.us systemd-udevd[336]: no db file to read /run/udev/data/c4:23: No such file or directory
Jun 08 14:36:20 breadbox.penurio.us systemd-udevd[334]: created empty file '/run/udev/data/c4:2' for '/devices/virtual/tty/tty2'
Jun 08 14:36:20 breadbox.penurio.us systemd-udevd[329]: set permissions /dev/tty20, 020620, uid=0, gid=5
Jun 08 14:36:20 breadbox.penurio.us systemd-udevd[328]: seq 4056 processed with 0
Jun 08 14:36:20 breadbox.penurio.us systemd-udevd[327]: passed 173 bytes to netlink monitor 0x7fa12cca02f0
Jun 08 14:36:20 breadbox.penurio.us systemd-udevd[335]: GROUP 5 /usr/lib/udev/rules.d/50-udev-default.rules:17
Jun 08 14:36:20 breadbox.penurio.us systemd-udevd[333]: GROUP 5 /usr/lib/udev/rules.d/50-udev-default.rules:17
Jun 08 14:36:20 breadbox.penurio.us systemd-udevd[336]: GROUP 5 /usr/lib/udev/rules.d/50-udev-default.rules:17
Jun 08 14:36:20 breadbox.penurio.us systemd-udevd[334]: passed unknown number of bytes to netlink monitor 0x7fa12cca7a60
Jun 08 14:36:20 breadbox.penurio.us systemd-udevd[329]: creating symlink '/dev/char/4:20' to '../tty20'
Jun 08 14:36:20 breadbox.penurio.us systemd-udevd[327]: seq 4062 queued, 'add' 'tty'
Jun 08 14:36:20 breadbox.penurio.us systemd-udevd[335]: MODE 0620 /usr/lib/udev/rules.d/50-udev-default.rules:17
Jun 08 14:36:20 breadbox.penurio.us systemd-udevd[333]: MODE 0620 /usr/lib/udev/rules.d/50-udev-default.rules:17
Jun 08 14:36:20 breadbox.penurio.us systemd-udevd[336]: MODE 0620 /usr/lib/udev/rules.d/50-udev-default.rules:17
Jun 08 14:36:20 breadbox.penurio.us systemd-udevd[334]: seq 4057 processed with 0
Jun 08 14:36:20 breadbox.penurio.us systemd-udevd[329]: created empty file '/run/udev/data/c4:20' for '/devices/virtual/tty/tty20'
Jun 08 14:36:20 breadbox.penurio.us systemd-udevd[327]: passed 173 bytes to netlink monitor 0x7fa12cca02f0
Jun 08 14:36:20 breadbox.penurio.us systemd-udevd[328]: seq 4062 running
Jun 08 14:36:20 breadbox.penurio.us systemd-udevd[335]: handling device node '/dev/tty21', devnum=c4:21, mode=0620, uid=0, gid=5
Jun 08 14:36:20 breadbox.penurio.us systemd-udevd[333]: handling device node '/dev/tty22', devnum=c4:22, mode=0620, uid=0, gid=5
Jun 08 14:36:20 breadbox.penurio.us systemd-udevd[336]: handling device node '/dev/tty23', devnum=c4:23, mode=0620, uid=0, gid=5
Jun 08 14:36:20 breadbox.penurio.us systemd-udevd[329]: passed unknown number of bytes to netlink monitor 0x7fa12ccb2a70
Jun 08 14:36:20 breadbox.penurio.us systemd-udevd[327]: seq 4063 queued, 'add' 'tty'
Jun 08 14:36:20 breadbox.penurio.us systemd-udevd[328]: no db file to read /run/udev/data/c4:24: No such file or directory
Jun 08 14:36:20 breadbox.penurio.us systemd-udevd[335]: set permissions /dev/tty21, 020620, uid=0, gid=5
Jun 08 14:36:20 breadbox.penurio.us systemd-udevd[333]: set permissions /dev/tty22, 020620, uid=0, gid=5
Jun 08 14:36:20 breadbox.penurio.us systemd-udevd[336]: set permissions /dev/tty23, 020620, uid=0, gid=5
Jun 08 14:36:20 breadbox.penurio.us systemd-udevd[329]: seq 4058 processed with 0
Jun 08 14:36:20 breadbox.penurio.us systemd-udevd[327]: passed 173 bytes to netlink monitor 0x7fa12cca02f0
Jun 08 14:36:20 breadbox.penurio.us systemd-udevd[334]: seq 4063 running
Jun 08 14:36:20 breadbox.penurio.us systemd-udevd[328]: GROUP 5 /usr/lib/udev/rules.d/50-udev-default.rules:17
Jun 08 14:36:20 breadbox.penurio.us systemd-udevd[335]: creating symlink '/dev/char/4:21' to '../tty21'
Jun 08 14:36:20 breadbox.penurio.us systemd-udevd[333]: creating symlink '/dev/char/4:22' to '../tty22'
Jun 08 14:36:20 breadbox.penurio.us systemd-udevd[336]: creating symlink '/dev/char/4:23' to '../tty23'
Jun 08 14:36:20 breadbox.penurio.us systemd-udevd[336]: created empty file '/run/udev/data/c4:23' for '/devices/virtual/tty/tty23'
Jun 08 14:36:20 breadbox.penurio.us systemd-udevd[334]: no db file to read /run/udev/data/c4:25: No such file or directory
Jun 08 14:36:20 breadbox.penurio.us systemd-udevd[328]: MODE 0620 /usr/lib/udev/rules.d/50-udev-default.rules:17
Jun 08 14:36:20 breadbox.penurio.us systemd-udevd[335]: created empty file '/run/udev/data/c4:21' for '/devices/virtual/tty/tty21'
Jun 08 14:36:20 breadbox.penurio.us systemd-udevd[333]: created empty file '/run/udev/data/c4:22' for '/devices/virtual/tty/tty22'
Jun 08 14:36:20 breadbox.penurio.us systemd-udevd[327]: seq 4064 queued, 'add' 'tty'
Jun 08 14:36:20 breadbox.penurio.us systemd-udevd[334]: GROUP 5 /usr/lib/udev/rules.d/50-udev-default.rules:17
Jun 08 14:36:20 breadbox.penurio.us systemd-udevd[336]: passed unknown number of bytes to netlink monitor 0x7fa12ccaee60
Jun 08 14:36:20 breadbox.penurio.us systemd-udevd[328]: handling device node '/dev/tty24', devnum=c4:24, mode=0620, uid=0, gid=5
Jun 08 14:36:20 breadbox.penurio.us systemd-udevd[335]: passed unknown number of bytes to netlink monitor 0x7fa12ccb06b0
Jun 08 14:36:20 breadbox.penurio.us systemd-udevd[333]: passed unknown number of bytes to netlink monitor 0x7fa12cca4550
Jun 08 14:36:20 breadbox.penurio.us systemd-udevd[327]: passed 173 bytes to netlink monitor 0x7fa12cca02f0
Jun 08 14:36:20 breadbox.penurio.us systemd-udevd[329]: seq 4064 running
Jun 08 14:36:20 breadbox.penurio.us systemd-udevd[334]: MODE 0620 /usr/lib/udev/rules.d/50-udev-default.rules:17
Jun 08 14:36:20 breadbox.penurio.us systemd-udevd[336]: seq 4061 processed with 0
Jun 08 14:36:20 breadbox.penurio.us systemd-udevd[328]: set permissions /dev/tty24, 020620, uid=0, gid=5
Jun 08 14:36:20 breadbox.penurio.us systemd-udevd[335]: seq 4059 processed with 0
Jun 08 14:36:20 breadbox.penurio.us systemd-udevd[333]: seq 4060 processed with 0
Jun 08 14:36:20 breadbox.penurio.us systemd-udevd[327]: seq 4065 queued, 'add' 'tty'
Jun 08 14:36:20 breadbox.penurio.us systemd-udevd[329]: no db file to read /run/udev/data/c4:26: No such file or directory
Jun 08 14:36:20 breadbox.penurio.us systemd-udevd[334]: handling device node '/dev/tty25', devnum=c4:25, mode=0620, uid=0, gid=5
Jun 08 14:36:20 breadbox.penurio.us systemd-udevd[328]: creating symlink '/dev/char/4:24' to '../tty24'
Jun 08 14:36:20 breadbox.penurio.us systemd-udevd[327]: passed 173 bytes to netlink monitor 0x7fa12cca02f0
Jun 08 14:36:20 breadbox.penurio.us systemd-udevd[333]: seq 4065 running
Jun 08 14:36:20 breadbox.penurio.us systemd-udevd[329]: GROUP 5 /usr/lib/udev/rules.d/50-udev-default.rules:17
Jun 08 14:36:20 breadbox.penurio.us systemd-udevd[334]: set permissions /dev/tty25, 020620, uid=0, gid=5
Jun 08 14:36:20 breadbox.penurio.us systemd-udevd[328]: created empty file '/run/udev/data/c4:24' for '/devices/virtual/tty/tty24'
Jun 08 14:36:20 breadbox.penurio.us systemd-udevd[327]: seq 4066 queued, 'add' 'tty'
Jun 08 14:36:20 breadbox.penurio.us systemd-udevd[333]: no db file to read /run/udev/data/c4:27: No such file or directory
Jun 08 14:36:20 breadbox.penurio.us systemd-udevd[329]: MODE 0620 /usr/lib/udev/rules.d/50-udev-default.rules:17
Jun 08 14:36:20 breadbox.penurio.us systemd-udevd[334]: creating symlink '/dev/char/4:25' to '../tty25'
Jun 08 14:36:20 breadbox.penurio.us systemd-udevd[328]: passed unknown number of bytes to netlink monitor 0x7fa12ccb0ff0
Jun 08 14:36:20 breadbox.penurio.us systemd-udevd[327]: passed 173 bytes to netlink monitor 0x7fa12cca02f0
Jun 08 14:36:20 breadbox.penurio.us systemd-udevd[335]: seq 4066 running
Jun 08 14:36:20 breadbox.penurio.us systemd-udevd[333]: GROUP 5 /usr/lib/udev/rules.d/50-udev-default.rules:17
Jun 08 14:36:20 breadbox.penurio.us systemd-udevd[329]: handling device node '/dev/tty26', devnum=c4:26, mode=0620, uid=0, gid=5
Jun 08 14:36:20 breadbox.penurio.us systemd-udevd[334]: created empty file '/run/udev/data/c4:25' for '/devices/virtual/tty/tty25'
Jun 08 14:36:20 breadbox.penurio.us systemd-udevd[328]: seq 4062 processed with 0
Jun 08 14:36:20 breadbox.penurio.us systemd-udevd[327]: seq 4067 queued, 'add' 'tty'
Jun 08 14:36:20 breadbox.penurio.us systemd-udevd[335]: no db file to read /run/udev/data/c4:28: No such file or directory
Jun 08 14:36:20 breadbox.penurio.us systemd-udevd[333]: MODE 0620 /usr/lib/udev/rules.d/50-udev-default.rules:17
Jun 08 14:36:20 breadbox.penurio.us systemd-udevd[329]: set permissions /dev/tty26, 020620, uid=0, gid=5
