Jun 08 14:36:18 breadbox.penurio.us systemd-udevd[360]: RUN 'kmod load $env{MODALIAS}' /usr/lib/udev/rules.d/80-drivers.rules:5
Jun 08 14:36:18 breadbox.penurio.us systemd-udevd[356]: RUN 'kmod load $env{MODALIAS}' /usr/lib/udev/rules.d/80-drivers.rules:5
Jun 08 14:36:18 breadbox.penurio.us systemd-udevd[339]: passed unknown number of bytes to netlink monitor 0x7fa12cca53a0
Jun 08 14:36:18 breadbox.penurio.us systemd-udevd[359]: no db file to read /run/udev/data/+acpi:ACPI0004:00: No such file or directory
Jun 08 14:36:18 breadbox.penurio.us systemd-udevd[358]: RUN 'kmod load $env{MODALIAS}' /usr/lib/udev/rules.d/80-drivers.rules:5
Jun 08 14:36:18 breadbox.penurio.us systemd-udevd[327]: seq 2367 forked new worker [364]
Jun 08 14:36:18 breadbox.penurio.us systemd-udevd[362]: IMPORT builtin 'hwdb' /usr/lib/udev/rules.d/50-udev-default.rules:11
Jun 08 14:36:18 breadbox.penurio.us systemd-udevd[361]: IMPORT builtin 'hwdb' returned non-zero
Jun 08 14:36:18 breadbox.penurio.us systemd-udevd[364]: seq 2367 running
Jun 08 14:36:18 breadbox.penurio.us systemd-udevd[363]: no db file to read /run/udev/data/+acpi:LNXCPU:10: No such file or directory
Jun 08 14:36:18 breadbox.penurio.us systemd-udevd[357]: Execute 'load' 'acpi:LNXCPU:'
Jun 08 14:36:18 breadbox.penurio.us systemd-udevd[355]: passed unknown number of bytes to netlink monitor 0x7fa12ccb6ae0
Jun 08 14:36:18 breadbox.penurio.us systemd-udevd[360]: Execute 'load' 'acpi:LNXCPU:'
Jun 08 14:36:18 breadbox.penurio.us systemd-udevd[356]: Execute 'load' 'acpi:LNXCPU:'
Jun 08 14:36:18 breadbox.penurio.us systemd-udevd[339]: seq 2357 processed with 0
Jun 08 14:36:18 breadbox.penurio.us systemd-udevd[359]: RUN 'kmod load $env{MODALIAS}' /usr/lib/udev/rules.d/80-drivers.rules:5
Jun 08 14:36:18 breadbox.penurio.us systemd-udevd[358]: Execute 'load' 'acpi:LNXCPU:'
Jun 08 14:36:18 breadbox.penurio.us systemd-udevd[358]: No module matches 'acpi:LNXCPU:'
Jun 08 14:36:18 breadbox.penurio.us systemd-udevd[327]: seq 2368 queued, 'add' 'acpi'
Jun 08 14:36:18 breadbox.penurio.us systemd-udevd[361]: no db file to read /run/udev/data/+acpi:ACPI0004:00: No such file or directory
Jun 08 14:36:18 breadbox.penurio.us systemd-udevd[364]: no db file to read /run/udev/data/+acpi:LNXCPU:11: No such file or directory
Jun 08 14:36:18 breadbox.penurio.us systemd-udevd[363]: IMPORT builtin 'hwdb' /usr/lib/udev/rules.d/50-udev-default.rules:11
Jun 08 14:36:18 breadbox.penurio.us systemd-udevd[357]: No module matches 'acpi:LNXCPU:'
Jun 08 14:36:18 breadbox.penurio.us systemd-udevd[355]: seq 2358 processed with 0
Jun 08 14:36:18 breadbox.penurio.us systemd-udevd[360]: No module matches 'acpi:LNXCPU:'
Jun 08 14:36:18 breadbox.penurio.us systemd-udevd[356]: No module matches 'acpi:LNXCPU:'
Jun 08 14:36:18 breadbox.penurio.us systemd-udevd[359]: Execute 'load' 'acpi:LNXCPU:'
Jun 08 14:36:18 breadbox.penurio.us systemd-udevd[362]: IMPORT builtin 'hwdb' returned non-zero
Jun 08 14:36:18 breadbox.penurio.us systemd-udevd[358]: passed unknown number of bytes to netlink monitor 0x7fa12ccc38e0
Jun 08 14:36:18 breadbox.penurio.us systemd-udevd[327]: passed 209 bytes to netlink monitor 0x7fa12cca02f0
Jun 08 14:36:18 breadbox.penurio.us systemd-udevd[328]: seq 2347 running
Jun 08 14:36:18 breadbox.penurio.us systemd-udevd[361]: RUN 'kmod load $env{MODALIAS}' /usr/lib/udev/rules.d/80-drivers.rules:5
Jun 08 14:36:18 breadbox.penurio.us systemd-udevd[364]: IMPORT builtin 'hwdb' /usr/lib/udev/rules.d/50-udev-default.rules:11
Jun 08 14:36:18 breadbox.penurio.us systemd-udevd[363]: IMPORT builtin 'hwdb' returned non-zero
Jun 08 14:36:18 breadbox.penurio.us systemd-udevd[357]: passed unknown number of bytes to netlink monitor 0x7fa12ccc36d0
Jun 08 14:36:18 breadbox.penurio.us systemd-udevd[360]: passed unknown number of bytes to netlink monitor 0x7fa12ccc3d00
Jun 08 14:36:18 breadbox.penurio.us systemd-udevd[356]: passed unknown number of bytes to netlink monitor 0x7fa12ccc34c0
Jun 08 14:36:18 breadbox.penurio.us systemd-udevd[359]: No module matches 'acpi:LNXCPU:'
Jun 08 14:36:18 breadbox.penurio.us systemd-udevd[362]: no db file to read /run/udev/data/+acpi:ACPI0004:00: No such file or directory
Jun 08 14:36:18 breadbox.penurio.us systemd-udevd[358]: seq 2361 processed with 0
Jun 08 14:36:18 breadbox.penurio.us systemd-udevd[327]: passed 186 bytes to netlink monitor 0x7fa12cca02f0
Jun 08 14:36:18 breadbox.penurio.us systemd-udevd[329]: seq 2368 running
Jun 08 14:36:18 breadbox.penurio.us systemd-udevd[328]: no db file to read /run/udev/data/c13:65: No such file or directory
Jun 08 14:36:18 breadbox.penurio.us systemd-udevd[361]: Execute 'load' 'acpi:LNXCPU:'
Jun 08 14:36:18 breadbox.penurio.us systemd-udevd[364]: IMPORT builtin 'hwdb' returned non-zero
Jun 08 14:36:18 breadbox.penurio.us systemd-udevd[363]: no db file to read /run/udev/data/+acpi:ACPI0004:00: No such file or directory
Jun 08 14:36:18 breadbox.penurio.us systemd-udevd[357]: seq 2360 processed with 0
Jun 08 14:36:18 breadbox.penurio.us systemd-udevd[360]: seq 2363 processed with 0
Jun 08 14:36:18 breadbox.penurio.us systemd-udevd[356]: seq 2359 processed with 0
Jun 08 14:36:18 breadbox.penurio.us systemd-udevd[359]: passed unknown number of bytes to netlink monitor 0x7fa12ccc3af0
Jun 08 14:36:18 breadbox.penurio.us systemd-udevd[362]: RUN 'kmod load $env{MODALIAS}' /usr/lib/udev/rules.d/80-drivers.rules:5
Jun 08 14:36:18 breadbox.penurio.us systemd-udevd[327]: seq 2369 queued, 'add' 'acpi'
Jun 08 14:36:18 breadbox.penurio.us systemd-udevd[329]: no db file to read /run/udev/data/+acpi:LNXCPU:12: No such file or directory
Jun 08 14:36:18 breadbox.penurio.us systemd-udevd[328]: IMPORT builtin 'input_id' /usr/lib/udev/rules.d/50-udev-default.rules:10
Jun 08 14:36:18 breadbox.penurio.us systemd-udevd[361]: No module matches 'acpi:LNXCPU:'
Jun 08 14:36:18 breadbox.penurio.us systemd-udevd[364]: no db file to read /run/udev/data/+acpi:ACPI0004:00: No such file or directory
Jun 08 14:36:18 breadbox.penurio.us systemd-udevd[363]: RUN 'kmod load $env{MODALIAS}' /usr/lib/udev/rules.d/80-drivers.rules:5
Jun 08 14:36:18 breadbox.penurio.us systemd-udevd[359]: seq 2362 processed with 0
Jun 08 14:36:18 breadbox.penurio.us systemd-udevd[362]: Execute 'load' 'acpi:LNXCPU:'
Jun 08 14:36:18 breadbox.penurio.us systemd-udevd[327]: passed 186 bytes to netlink monitor 0x7fa12cca02f0
Jun 08 14:36:18 breadbox.penurio.us systemd-udevd[330]: seq 2369 running
Jun 08 14:36:18 breadbox.penurio.us systemd-udevd[329]: IMPORT builtin 'hwdb' /usr/lib/udev/rules.d/50-udev-default.rules:11
Jun 08 14:36:18 breadbox.penurio.us systemd-udevd[328]: capabilities/ev raw kernel attribute: 3
Jun 08 14:36:18 breadbox.penurio.us systemd-udevd[361]: passed unknown number of bytes to netlink monitor 0x7fa12ccc3f60
Jun 08 14:36:18 breadbox.penurio.us systemd-udevd[364]: RUN 'kmod load $env{MODALIAS}' /usr/lib/udev/rules.d/80-drivers.rules:5
Jun 08 14:36:18 breadbox.penurio.us systemd-udevd[363]: Execute 'load' 'acpi:LNXCPU:'
Jun 08 14:36:18 breadbox.penurio.us systemd-udevd[362]: No module matches 'acpi:LNXCPU:'
Jun 08 14:36:18 breadbox.penurio.us systemd-udevd[327]: seq 2370 queued, 'add' 'acpi'
Jun 08 14:36:18 breadbox.penurio.us systemd-udevd[330]: no db file to read /run/udev/data/+acpi:LNXCPU:13: No such file or directory
Jun 08 14:36:18 breadbox.penurio.us systemd-udevd[329]: IMPORT builtin 'hwdb' returned non-zero
Jun 08 14:36:18 breadbox.penurio.us systemd-udevd[328]: capabilities/abs raw kernel attribute: 0
Jun 08 14:36:18 breadbox.penurio.us systemd-udevd[361]: seq 2364 processed with 0
Jun 08 14:36:18 breadbox.penurio.us systemd-udevd[364]: Execute 'load' 'acpi:LNXCPU:'
Jun 08 14:36:18 breadbox.penurio.us systemd-udevd[363]: No module matches 'acpi:LNXCPU:'
Jun 08 14:36:18 breadbox.penurio.us systemd-udevd[362]: passed unknown number of bytes to netlink monitor 0x7fa12ccc41c0
Jun 08 14:36:18 breadbox.penurio.us systemd-udevd[327]: passed 186 bytes to netlink monitor 0x7fa12cca02f0
Jun 08 14:36:18 breadbox.penurio.us systemd-udevd[331]: seq 2370 running
Jun 08 14:36:18 breadbox.penurio.us systemd-udevd[330]: IMPORT builtin 'hwdb' /usr/lib/udev/rules.d/50-udev-default.rules:11
Jun 08 14:36:18 breadbox.penurio.us systemd-udevd[329]: no db file to read /run/udev/data/+acpi:ACPI0004:00: No such file or directory
Jun 08 14:36:18 breadbox.penurio.us systemd-udevd[328]: capabilities/rel raw kernel attribute: 0
Jun 08 14:36:18 breadbox.penurio.us systemd-udevd[364]: No module matches 'acpi:LNXCPU:'
Jun 08 14:36:18 breadbox.penurio.us systemd-udevd[363]: passed unknown number of bytes to netlink monitor 0x7fa12ccc4420
Jun 08 14:36:18 breadbox.penurio.us systemd-udevd[362]: seq 2365 processed with 0
Jun 08 14:36:18 breadbox.penurio.us systemd-udevd[327]: seq 2371 queued, 'add' 'acpi'
Jun 08 14:36:18 breadbox.penurio.us systemd-udevd[331]: no db file to read /run/udev/data/+acpi:LNXCPU:14: No such file or directory
Jun 08 14:36:18 breadbox.penurio.us systemd-udevd[330]: IMPORT builtin 'hwdb' returned non-zero
Jun 08 14:36:18 breadbox.penurio.us systemd-udevd[329]: RUN 'kmod load $env{MODALIAS}' /usr/lib/udev/rules.d/80-drivers.rules:5
Jun 08 14:36:18 breadbox.penurio.us systemd-udevd[328]: capabilities/key raw kernel attribute: 10000000000000 0
Jun 08 14:36:18 breadbox.penurio.us systemd-udevd[364]: passed unknown number of bytes to netlink monitor 0x7fa12ccc4680
Jun 08 14:36:18 breadbox.penurio.us systemd-udevd[363]: seq 2366 processed with 0
Jun 08 14:36:18 breadbox.penurio.us systemd-udevd[327]: passed 186 bytes to netlink monitor 0x7fa12cca02f0
Jun 08 14:36:18 breadbox.penurio.us systemd-udevd[333]: seq 2371 running
Jun 08 14:36:18 breadbox.penurio.us systemd-udevd[331]: IMPORT builtin 'hwdb' /usr/lib/udev/rules.d/50-udev-default.rules:11
Jun 08 14:36:18 breadbox.penurio.us systemd-udevd[330]: no db file to read /run/udev/data/+acpi:ACPI0004:00: No such file or directory
Jun 08 14:36:18 breadbox.penurio.us systemd-udevd[329]: Execute 'load' 'acpi:LNXCPU:'
Jun 08 14:36:18 breadbox.penurio.us systemd-udevd[328]: test_key: checking bit block 0 for any keys; found=0
Jun 08 14:36:18 breadbox.penurio.us systemd-udevd[364]: seq 2367 processed with 0
Jun 08 14:36:18 breadbox.penurio.us systemd-udevd[327]: seq 2372 queued, 'add' 'acpi'
Jun 08 14:36:18 breadbox.penurio.us systemd-udevd[333]: no db file to read /run/udev/data/+acpi:LNXCPU:15: No such file or directory
Jun 08 14:36:18 breadbox.penurio.us systemd-udevd[331]: IMPORT builtin 'hwdb' returned non-zero
Jun 08 14:36:18 breadbox.penurio.us systemd-udevd[330]: RUN 'kmod load $env{MODALIAS}' /usr/lib/udev/rules.d/80-drivers.rules:5
Jun 08 14:36:18 breadbox.penurio.us systemd-udevd[329]: No module matches 'acpi:LNXCPU:'
Jun 08 14:36:18 breadbox.penurio.us systemd-udevd[328]: test_key: checking bit block 64 for any keys; found=1
Jun 08 14:36:18 breadbox.penurio.us systemd-udevd[327]: passed 186 bytes to netlink monitor 0x7fa12cca02f0
Jun 08 14:36:18 breadbox.penurio.us systemd-udevd[334]: seq 2372 running
Jun 08 14:36:18 breadbox.penurio.us systemd-udevd[333]: IMPORT builtin 'hwdb' /usr/lib/udev/rules.d/50-udev-default.rules:11
Jun 08 14:36:18 breadbox.penurio.us systemd-udevd[331]: no db file to read /run/udev/data/+acpi:ACPI0004:00: No such file or directory
Jun 08 14:36:18 breadbox.penurio.us systemd-udevd[330]: Execute 'load' 'acpi:LNXCPU:'
Jun 08 14:36:18 breadbox.penurio.us systemd-udevd[329]: passed unknown number of bytes to netlink monitor 0x7fa12ccb2a70
Jun 08 14:36:18 breadbox.penurio.us systemd-udevd[328]: test_key: checking bit block 128 for any keys; found=1
Jun 08 14:36:18 breadbox.penurio.us systemd-udevd[327]: seq 2373 queued, 'add' 'acpi'
Jun 08 14:36:18 breadbox.penurio.us systemd-udevd[334]: no db file to read /run/udev/data/+acpi:LNXCPU:16: No such file or directory
Jun 08 14:36:18 breadbox.penurio.us systemd-udevd[333]: IMPORT builtin 'hwdb' returned non-zero
Jun 08 14:36:18 breadbox.penurio.us systemd-udevd[331]: RUN 'kmod load $env{MODALIAS}' /usr/lib/udev/rules.d/80-drivers.rules:5
Jun 08 14:36:18 breadbox.penurio.us systemd-udevd[330]: No module matches 'acpi:LNXCPU:'
Jun 08 14:36:18 breadbox.penurio.us systemd-udevd[329]: seq 2368 processed with 0
Jun 08 14:36:18 breadbox.penurio.us systemd-udevd[328]: test_key: checking bit block 192 for any keys; found=1
Jun 08 14:36:18 breadbox.penurio.us systemd-udevd[327]: passed 186 bytes to netlink monitor 0x7fa12cca02f0
Jun 08 14:36:18 breadbox.penurio.us systemd-udevd[335]: seq 2373 running
Jun 08 14:36:18 breadbox.penurio.us systemd-udevd[334]: IMPORT builtin 'hwdb' /usr/lib/udev/rules.d/50-udev-default.rules:11
Jun 08 14:36:18 breadbox.penurio.us systemd-udevd[333]: no db file to read /run/udev/data/+acpi:ACPI0004:00: No such file or directory
Jun 08 14:36:18 breadbox.penurio.us systemd-udevd[331]: Execute 'load' 'acpi:LNXCPU:'
Jun 08 14:36:18 breadbox.penurio.us systemd-udevd[330]: passed unknown number of bytes to netlink monitor 0x7fa12ccb51c0
Jun 08 14:36:18 breadbox.penurio.us systemd-udevd[327]: seq 2374 queued, 'add' 'acpi'
Jun 08 14:36:18 breadbox.penurio.us systemd-udevd[335]: no db file to read /run/udev/data/+acpi:LNXCPU:17: No such file or directory
Jun 08 14:36:18 breadbox.penurio.us systemd-udevd[334]: IMPORT builtin 'hwdb' returned non-zero
Jun 08 14:36:18 breadbox.penurio.us systemd-udevd[333]: RUN 'kmod load $env{MODALIAS}' /usr/lib/udev/rules.d/80-drivers.rules:5
Jun 08 14:36:18 breadbox.penurio.us systemd-udevd[331]: No module matches 'acpi:LNXCPU:'
Jun 08 14:36:18 breadbox.penurio.us systemd-udevd[330]: seq 2369 processed with 0
Jun 08 14:36:18 breadbox.penurio.us systemd-udevd[327]: passed 186 bytes to netlink monitor 0x7fa12cca02f0
Jun 08 14:36:18 breadbox.penurio.us systemd-udevd[329]: seq 2374 running
Jun 08 14:36:18 breadbox.penurio.us systemd-udevd[335]: IMPORT builtin 'hwdb' /usr/lib/udev/rules.d/50-udev-default.rules:11
Jun 08 14:36:18 breadbox.penurio.us systemd-udevd[334]: no db file to read /run/udev/data/+acpi:ACPI0004:00: No such file or directory
Jun 08 14:36:18 breadbox.penurio.us systemd-udevd[333]: Execute 'load' 'acpi:LNXCPU:'
Jun 08 14:36:18 breadbox.penurio.us systemd-udevd[331]: passed unknown number of bytes to netlink monitor 0x7fa12ccb57b0
Jun 08 14:36:18 breadbox.penurio.us systemd-udevd[327]: seq 2375 queued, 'add' 'acpi'
Jun 08 14:36:18 breadbox.penurio.us systemd-udevd[329]: no db file to read /run/udev/data/+acpi:LNXCPU:18: No such file or directory
Jun 08 14:36:18 breadbox.penurio.us systemd-udevd[335]: IMPORT builtin 'hwdb' returned non-zero
Jun 08 14:36:18 breadbox.penurio.us systemd-udevd[334]: RUN 'kmod load $env{MODALIAS}' /usr/lib/udev/rules.d/80-drivers.rules:5
Jun 08 14:36:18 breadbox.penurio.us systemd-udevd[333]: No module matches 'acpi:LNXCPU:'
Jun 08 14:36:18 breadbox.penurio.us systemd-udevd[331]: seq 2370 processed with 0
Jun 08 14:36:18 breadbox.penurio.us systemd-udevd[329]: IMPORT builtin 'hwdb' /usr/lib/udev/rules.d/50-udev-default.rules:11
Jun 08 14:36:18 breadbox.penurio.us systemd-udevd[327]: passed 186 bytes to netlink monitor 0x7fa12cca02f0
Jun 08 14:36:18 breadbox.penurio.us systemd-udevd[330]: seq 2375 running
Jun 08 14:36:18 breadbox.penurio.us systemd-udevd[335]: no db file to read /run/udev/data/+acpi:ACPI0004:00: No such file or directory
Jun 08 14:36:18 breadbox.penurio.us systemd-udevd[334]: Execute 'load' 'acpi:LNXCPU:'
Jun 08 14:36:18 breadbox.penurio.us systemd-udevd[333]: passed unknown number of bytes to netlink monitor 0x7fa12cca4550
Jun 08 14:36:18 breadbox.penurio.us systemd-udevd[329]: IMPORT builtin 'hwdb' returned non-zero
Jun 08 14:36:18 breadbox.penurio.us systemd-udevd[327]: seq 2376 queued, 'add' 'acpi'
Jun 08 14:36:18 breadbox.penurio.us systemd-udevd[330]: no db file to read /run/udev/data/+acpi:LNXCPU:19: No such file or directory
Jun 08 14:36:18 breadbox.penurio.us systemd-udevd[335]: RUN 'kmod load $env{MODALIAS}' /usr/lib/udev/rules.d/80-drivers.rules:5
Jun 08 14:36:18 breadbox.penurio.us systemd-udevd[334]: No module matches 'acpi:LNXCPU:'
Jun 08 14:36:18 breadbox.penurio.us systemd-udevd[333]: seq 2371 processed with 0
Jun 08 14:36:18 breadbox.penurio.us systemd-udevd[329]: no db file to read /run/udev/data/+acpi:ACPI0004:00: No such file or directory
Jun 08 14:36:18 breadbox.penurio.us systemd-udevd[327]: passed 186 bytes to netlink monitor 0x7fa12cca02f0
Jun 08 14:36:18 breadbox.penurio.us systemd-udevd[331]: seq 2376 running
Jun 08 14:36:18 breadbox.penurio.us systemd-udevd[330]: IMPORT builtin 'hwdb' /usr/lib/udev/rules.d/50-udev-default.rules:11
Jun 08 14:36:18 breadbox.penurio.us systemd-udevd[335]: Execute 'load' 'acpi:LNXCPU:'
Jun 08 14:36:18 breadbox.penurio.us systemd-udevd[334]: passed unknown number of bytes to netlink monitor 0x7fa12cca7a60
Jun 08 14:36:18 breadbox.penurio.us systemd-udevd[329]: RUN 'kmod load $env{MODALIAS}' /usr/lib/udev/rules.d/80-drivers.rules:5
Jun 08 14:36:18 breadbox.penurio.us systemd-udevd[327]: seq 2377 queued, 'add' 'acpi'
Jun 08 14:36:18 breadbox.penurio.us systemd-udevd[331]: no db file to read /run/udev/data/+acpi:LNXCPU:1a: No such file or directory
Jun 08 14:36:18 breadbox.penurio.us systemd-udevd[330]: IMPORT builtin 'hwdb' returned non-zero
Jun 08 14:36:18 breadbox.penurio.us systemd-udevd[335]: No module matches 'acpi:LNXCPU:'
Jun 08 14:36:18 breadbox.penurio.us systemd-udevd[334]: seq 2372 processed with 0
Jun 08 14:36:18 breadbox.penurio.us systemd-udevd[329]: Execute 'load' 'acpi:LNXCPU:'
Jun 08 14:36:18 breadbox.penurio.us systemd-udevd[327]: passed 186 bytes to netlink monitor 0x7fa12cca02f0
Jun 08 14:36:18 breadbox.penurio.us systemd-udevd[333]: seq 2377 running
Jun 08 14:36:18 breadbox.penurio.us systemd-udevd[331]: IMPORT builtin 'hwdb' /usr/lib/udev/rules.d/50-udev-default.rules:11
Jun 08 14:36:18 breadbox.penurio.us systemd-udevd[330]: no db file to read /run/udev/data/+acpi:ACPI0004:00: No such file or directory
Jun 08 14:36:18 breadbox.penurio.us systemd-udevd[335]: passed unknown number of bytes to netlink monitor 0x7fa12ccb06b0
Jun 08 14:36:18 breadbox.penurio.us systemd-udevd[329]: No module matches 'acpi:LNXCPU:'
Jun 08 14:36:18 breadbox.penurio.us systemd-udevd[327]: seq 2378 queued, 'add' 'acpi'
Jun 08 14:36:18 breadbox.penurio.us systemd-udevd[333]: no db file to read /run/udev/data/+acpi:LNXCPU:1b: No such file or directory
Jun 08 14:36:18 breadbox.penurio.us systemd-udevd[331]: IMPORT builtin 'hwdb' returned non-zero
Jun 08 14:36:18 breadbox.penurio.us systemd-udevd[331]: no db file to read /run/udev/data/+acpi:ACPI0004:00: No such file or directory
Jun 08 14:36:18 breadbox.penurio.us systemd-udevd[335]: seq 2373 processed with 0
Jun 08 14:36:18 breadbox.penurio.us systemd-udevd[329]: passed unknown number of bytes to netlink monitor 0x7fa12ccb2a70
Jun 08 14:36:18 breadbox.penurio.us systemd-udevd[327]: passed 186 bytes to netlink monitor 0x7fa12cca02f0
Jun 08 14:36:18 breadbox.penurio.us systemd-udevd[334]: seq 2378 running
Jun 08 14:36:18 breadbox.penurio.us systemd-udevd[333]: IMPORT builtin 'hwdb' /usr/lib/udev/rules.d/50-udev-default.rules:11
Jun 08 14:36:18 breadbox.penurio.us systemd-udevd[331]: RUN 'kmod load $env{MODALIAS}' /usr/lib/udev/rules.d/80-drivers.rules:5
Jun 08 14:36:18 breadbox.penurio.us systemd-udevd[330]: RUN 'kmod load $env{MODALIAS}' /usr/lib/udev/rules.d/80-drivers.rules:5
Jun 08 14:36:18 breadbox.penurio.us systemd-udevd[329]: seq 2374 processed with 0
Jun 08 14:36:18 breadbox.penurio.us systemd-udevd[327]: seq 2379 queued, 'add' 'acpi'
Jun 08 14:36:18 breadbox.penurio.us systemd-udevd[334]: no db file to read /run/udev/data/+acpi:LNXCPU:1c: No such file or directory
Jun 08 14:36:18 breadbox.penurio.us systemd-udevd[333]: IMPORT builtin 'hwdb' returned non-zero
Jun 08 14:36:18 breadbox.penurio.us systemd-udevd[331]: Execute 'load' 'acpi:LNXCPU:'
Jun 08 14:36:18 breadbox.penurio.us systemd-udevd[330]: Execute 'load' 'acpi:LNXCPU:'
Jun 08 14:36:18 breadbox.penurio.us systemd-udevd[327]: passed 186 bytes to netlink monitor 0x7fa12cca02f0
Jun 08 14:36:18 breadbox.penurio.us systemd-udevd[327]: seq 2380 queued, 'add' 'acpi'
Jun 08 14:36:18 breadbox.penurio.us systemd-udevd[334]: IMPORT builtin 'hwdb' /usr/lib/udev/rules.d/50-udev-default.rules:11
Jun 08 14:36:18 breadbox.penurio.us systemd-udevd[333]: no db file to read /run/udev/data/+acpi:ACPI0004:00: No such file or directory
Jun 08 14:36:18 breadbox.penurio.us systemd-udevd[331]: No module matches 'acpi:LNXCPU:'
Jun 08 14:36:18 breadbox.penurio.us systemd-udevd[330]: No module matches 'acpi:LNXCPU:'
Jun 08 14:36:18 breadbox.penurio.us systemd-udevd[329]: seq 2379 running
Jun 08 14:36:18 breadbox.penurio.us systemd-udevd[327]: passed 186 bytes to netlink monitor 0x7fa12cca02f0
Jun 08 14:36:18 breadbox.penurio.us systemd-udevd[335]: seq 2380 running
Jun 08 14:36:18 breadbox.penurio.us systemd-udevd[334]: IMPORT builtin 'hwdb' returned non-zero
Jun 08 14:36:18 breadbox.penurio.us systemd-udevd[333]: RUN 'kmod load $env{MODALIAS}' /usr/lib/udev/rules.d/80-drivers.rules:5
Jun 08 14:36:18 breadbox.penurio.us systemd-udevd[331]: passed unknown number of bytes to netlink monitor 0x7fa12ccb57b0
Jun 08 14:36:18 breadbox.penurio.us systemd-udevd[330]: passed unknown number of bytes to netlink monitor 0x7fa12ccb51c0
Jun 08 14:36:18 breadbox.penurio.us systemd-udevd[329]: no db file to read /run/udev/data/+acpi:LNXCPU:1d: No such file or directory
Jun 08 14:36:18 breadbox.penurio.us systemd-udevd[327]: seq 2381 queued, 'add' 'acpi'
Jun 08 14:36:18 breadbox.penurio.us systemd-udevd[335]: no db file to read /run/udev/data/+acpi:LNXCPU:1e: No such file or directory
Jun 08 14:36:18 breadbox.penurio.us systemd-udevd[334]: no db file to read /run/udev/data/+acpi:ACPI0004:00: No such file or directory
Jun 08 14:36:18 breadbox.penurio.us systemd-udevd[333]: Execute 'load' 'acpi:LNXCPU:'
Jun 08 14:36:18 breadbox.penurio.us systemd-udevd[331]: seq 2376 processed with 0
Jun 08 14:36:18 breadbox.penurio.us systemd-udevd[330]: seq 2375 processed with 0
Jun 08 14:36:18 breadbox.penurio.us systemd-udevd[329]: IMPORT builtin 'hwdb' /usr/lib/udev/rules.d/50-udev-default.rules:11
Jun 08 14:36:18 breadbox.penurio.us systemd-udevd[327]: passed 186 bytes to netlink monitor 0x7fa12cca02f0
Jun 08 14:36:18 breadbox.penurio.us systemd-udevd[336]: seq 2381 running
Jun 08 14:36:18 breadbox.penurio.us systemd-udevd[335]: IMPORT builtin 'hwdb' /usr/lib/udev/rules.d/50-udev-default.rules:11
Jun 08 14:36:18 breadbox.penurio.us systemd-udevd[334]: RUN 'kmod load $env{MODALIAS}' /usr/lib/udev/rules.d/80-drivers.rules:5
Jun 08 14:36:18 breadbox.penurio.us systemd-udevd[333]: No module matches 'acpi:LNXCPU:'
Jun 08 14:36:18 breadbox.penurio.us systemd-udevd[329]: IMPORT builtin 'hwdb' returned non-zero
Jun 08 14:36:18 breadbox.penurio.us systemd-udevd[327]: seq 2382 queued, 'add' 'acpi'
Jun 08 14:36:18 breadbox.penurio.us systemd-udevd[336]: no db file to read /run/udev/data/+acpi:LNXCPU:1f: No such file or directory
Jun 08 14:36:18 breadbox.penurio.us systemd-udevd[335]: IMPORT builtin 'hwdb' returned non-zero
Jun 08 14:36:18 breadbox.penurio.us systemd-udevd[334]: Execute 'load' 'acpi:LNXCPU:'
Jun 08 14:36:18 breadbox.penurio.us systemd-udevd[333]: passed unknown number of bytes to netlink monitor 0x7fa12cca4550
Jun 08 14:36:18 breadbox.penurio.us systemd-udevd[329]: no db file to read /run/udev/data/+acpi:ACPI0004:00: No such file or directory
Jun 08 14:36:18 breadbox.penurio.us systemd-udevd[327]: passed 186 bytes to netlink monitor 0x7fa12cca02f0
Jun 08 14:36:18 breadbox.penurio.us systemd-udevd[330]: seq 2382 running
Jun 08 14:36:18 breadbox.penurio.us systemd-udevd[336]: IMPORT builtin 'hwdb' /usr/lib/udev/rules.d/50-udev-default.rules:11
Jun 08 14:36:18 breadbox.penurio.us systemd-udevd[335]: no db file to read /run/udev/data/+acpi:ACPI0004:00: No such file or directory
Jun 08 14:36:18 breadbox.penurio.us systemd-udevd[334]: No module matches 'acpi:LNXCPU:'
Jun 08 14:36:18 breadbox.penurio.us systemd-udevd[333]: seq 2377 processed with 0
Jun 08 14:36:18 breadbox.penurio.us systemd-udevd[329]: RUN 'kmod load $env{MODALIAS}' /usr/lib/udev/rules.d/80-drivers.rules:5
Jun 08 14:36:18 breadbox.penurio.us systemd-udevd[327]: seq 2383 queued, 'add' 'acpi'
Jun 08 14:36:18 breadbox.penurio.us systemd-udevd[330]: no db file to read /run/udev/data/+acpi:LNXCPU:20: No such file or directory
Jun 08 14:36:18 breadbox.penurio.us systemd-udevd[336]: IMPORT builtin 'hwdb' returned non-zero
Jun 08 14:36:18 breadbox.penurio.us systemd-udevd[335]: RUN 'kmod load $env{MODALIAS}' /usr/lib/udev/rules.d/80-drivers.rules:5
Jun 08 14:36:18 breadbox.penurio.us systemd-udevd[328]: GROUP 998 /usr/lib/udev/rules.d/50-udev-default.rules:26
Jun 08 14:36:18 breadbox.penurio.us systemd-udevd[329]: Execute 'load' 'acpi:LNXCPU:'
Jun 08 14:36:18 breadbox.penurio.us systemd-udevd[327]: passed 186 bytes to netlink monitor 0x7fa12cca02f0
Jun 08 14:36:18 breadbox.penurio.us systemd-udevd[331]: seq 2383 running
Jun 08 14:36:18 breadbox.penurio.us systemd-udevd[330]: IMPORT builtin 'hwdb' /usr/lib/udev/rules.d/50-udev-default.rules:11
Jun 08 14:36:18 breadbox.penurio.us systemd-udevd[336]: no db file to read /run/udev/data/+acpi:ACPI0004:00: No such file or directory
Jun 08 14:36:18 breadbox.penurio.us systemd-udevd[335]: Execute 'load' 'acpi:LNXCPU:'
Jun 08 14:36:18 breadbox.penurio.us systemd-udevd[334]: passed unknown number of bytes to netlink monitor 0x7fa12cca7a60
Jun 08 14:36:18 breadbox.penurio.us systemd-udevd[328]: handling device node '/dev/input/event1', devnum=c13:65, mode=0660, uid=0, gid=998
Jun 08 14:36:18 breadbox.penurio.us systemd-udevd[329]: No module matches 'acpi:LNXCPU:'
Jun 08 14:36:18 breadbox.penurio.us systemd-udevd[327]: seq 2384 queued, 'add' 'acpi'
Jun 08 14:36:18 breadbox.penurio.us systemd-udevd[331]: no db file to read /run/udev/data/+acpi:LNXCPU:21: No such file or directory
Jun 08 14:36:18 breadbox.penurio.us systemd-udevd[330]: IMPORT builtin 'hwdb' returned non-zero
Jun 08 14:36:18 breadbox.penurio.us systemd-udevd[336]: RUN 'kmod load $env{MODALIAS}' /usr/lib/udev/rules.d/80-drivers.rules:5
Jun 08 14:36:18 breadbox.penurio.us systemd-udevd[335]: No module matches 'acpi:LNXCPU:'
Jun 08 14:36:18 breadbox.penurio.us systemd-udevd[334]: seq 2378 processed with 0
Jun 08 14:36:18 breadbox.penurio.us systemd-udevd[328]: set permissions /dev/input/event1, 020660, uid=0, gid=998
Jun 08 14:36:18 breadbox.penurio.us systemd-udevd[329]: passed unknown number of bytes to netlink monitor 0x7fa12ccb2a70
Jun 08 14:36:18 breadbox.penurio.us systemd-udevd[327]: passed 186 bytes to netlink monitor 0x7fa12cca02f0
Jun 08 14:36:18 breadbox.penurio.us systemd-udevd[333]: seq 2384 running
Jun 08 14:36:18 breadbox.penurio.us systemd-udevd[331]: IMPORT builtin 'hwdb' /usr/lib/udev/rules.d/50-udev-default.rules:11
Jun 08 14:36:18 breadbox.penurio.us systemd-udevd[330]: no db file to read /run/udev/data/+acpi:ACPI0004:00: No such file or directory
Jun 08 14:36:18 breadbox.penurio.us systemd-udevd[336]: Execute 'load' 'acpi:LNXCPU:'
Jun 08 14:36:18 breadbox.penurio.us systemd-udevd[335]: passed unknown number of bytes to netlink monitor 0x7fa12ccb06b0
Jun 08 14:36:18 breadbox.penurio.us systemd-udevd[328]: creating symlink '/dev/char/13:65' to '../input/event1'
Jun 08 14:36:18 breadbox.penurio.us systemd-udevd[329]: seq 2379 processed with 0
Jun 08 14:36:18 breadbox.penurio.us systemd-udevd[327]: seq 2385 queued, 'add' 'acpi'
Jun 08 14:36:18 breadbox.penurio.us systemd-udevd[333]: no db file to read /run/udev/data/+acpi:LNXCPU:22: No such file or directory
Jun 08 14:36:18 breadbox.penurio.us systemd-udevd[331]: IMPORT builtin 'hwdb' returned non-zero
Jun 08 14:36:18 breadbox.penurio.us systemd-udevd[331]: no db file to read /run/udev/data/+acpi:ACPI0004:00: No such file or directory
Jun 08 14:36:18 breadbox.penurio.us systemd-udevd[336]: No module matches 'acpi:LNXCPU:'
Jun 08 14:36:18 breadbox.penurio.us systemd-udevd[335]: seq 2380 processed with 0
Jun 08 14:36:18 breadbox.penurio.us systemd-udevd[328]: created db file '/run/udev/data/c13:65' for '/devices/LNXSYSTM:00/LNXPWRBN:00/input/input1/event1'
Jun 08 14:36:18 breadbox.penurio.us systemd-udevd[327]: passed 186 bytes to netlink monitor 0x7fa12cca02f0
Jun 08 14:36:18 breadbox.penurio.us systemd-udevd[329]: seq 2385 running
Jun 08 14:36:18 breadbox.penurio.us systemd-udevd[333]: IMPORT builtin 'hwdb' /usr/lib/udev/rules.d/50-udev-default.rules:11
Jun 08 14:36:18 breadbox.penurio.us systemd-udevd[331]: RUN 'kmod load $env{MODALIAS}' /usr/lib/udev/rules.d/80-drivers.rules:5
Jun 08 14:36:18 breadbox.penurio.us systemd-udevd[330]: RUN 'kmod load $env{MODALIAS}' /usr/lib/udev/rules.d/80-drivers.rules:5
Jun 08 14:36:18 breadbox.penurio.us systemd-udevd[336]: passed unknown number of bytes to netlink monitor 0x7fa12ccaee60
Jun 08 14:36:18 breadbox.penurio.us systemd-udevd[328]: passed unknown number of bytes to netlink monitor 0x7fa12ccb0ff0
Jun 08 14:36:18 breadbox.penurio.us systemd-udevd[327]: seq 2386 queued, 'add' 'acpi'
Jun 08 14:36:18 breadbox.penurio.us systemd-udevd[329]: no db file to read /run/udev/data/+acpi:LNXCPU:23: No such file or directory
Jun 08 14:36:18 breadbox.penurio.us systemd-udevd[333]: IMPORT builtin 'hwdb' returned non-zero
Jun 08 14:36:18 breadbox.penurio.us systemd-udevd[331]: Execute 'load' 'acpi:LNXCPU:'
Jun 08 14:36:18 breadbox.penurio.us systemd-udevd[330]: Execute 'load' 'acpi:LNXCPU:'
Jun 08 14:36:18 breadbox.penurio.us systemd-udevd[336]: seq 2381 processed with 0
Jun 08 14:36:18 breadbox.penurio.us systemd-udevd[328]: seq 2347 processed with 0
Jun 08 14:36:18 breadbox.penurio.us systemd-udevd[327]: passed 186 bytes to netlink monitor 0x7fa12cca02f0
Jun 08 14:36:18 breadbox.penurio.us systemd-udevd[334]: seq 2386 running
Jun 08 14:36:18 breadbox.penurio.us systemd-udevd[329]: IMPORT builtin 'hwdb' /usr/lib/udev/rules.d/50-udev-default.rules:11
Jun 08 14:36:18 breadbox.penurio.us systemd-udevd[333]: no db file to read /run/udev/data/+acpi:ACPI0004:00: No such file or directory
Jun 08 14:36:18 breadbox.penurio.us systemd-udevd[331]: No module matches 'acpi:LNXCPU:'
Jun 08 14:36:18 breadbox.penurio.us systemd-udevd[330]: No module matches 'acpi:LNXCPU:'
Jun 08 14:36:18 breadbox.penurio.us systemd-udevd[327]: seq 2387 queued, 'add' 'acpi'
Jun 08 14:36:18 breadbox.penurio.us systemd-udevd[334]: no db file to read /run/udev/data/+acpi:LNXCPU:24: No such file or directory
Jun 08 14:36:18 breadbox.penurio.us systemd-udevd[329]: IMPORT builtin 'hwdb' returned non-zero
Jun 08 14:36:18 breadbox.penurio.us systemd-udevd[333]: RUN 'kmod load $env{MODALIAS}' /usr/lib/udev/rules.d/80-drivers.rules:5
Jun 08 14:36:18 breadbox.penurio.us systemd-udevd[331]: passed unknown number of bytes to netlink monitor 0x7fa12ccb57b0
Jun 08 14:36:18 breadbox.penurio.us systemd-udevd[330]: passed unknown number of bytes to netlink monitor 0x7fa12ccb51c0
Jun 08 14:36:18 breadbox.penurio.us systemd-udevd[327]: passed 186 bytes to netlink monitor 0x7fa12cca02f0
Jun 08 14:36:18 breadbox.penurio.us systemd-udevd[328]: seq 2387 running
Jun 08 14:36:18 breadbox.penurio.us systemd-udevd[334]: IMPORT builtin 'hwdb' /usr/lib/udev/rules.d/50-udev-default.rules:11
Jun 08 14:36:18 breadbox.penurio.us systemd-udevd[329]: no db file to read /run/udev/data/+acpi:ACPI0004:00: No such file or directory
Jun 08 14:36:18 breadbox.penurio.us systemd-udevd[333]: Execute 'load' 'acpi:LNXCPU:'
Jun 08 14:36:18 breadbox.penurio.us systemd-udevd[331]: seq 2383 processed with 0
Jun 08 14:36:18 breadbox.penurio.us systemd-udevd[330]: seq 2382 processed with 0
Jun 08 14:36:18 breadbox.penurio.us systemd-udevd[327]: seq 2388 queued, 'add' 'acpi'
Jun 08 14:36:18 breadbox.penurio.us systemd-udevd[328]: no db file to read /run/udev/data/+acpi:LNXCPU:25: No such file or directory
Jun 08 14:36:18 breadbox.penurio.us systemd-udevd[334]: IMPORT builtin 'hwdb' returned non-zero
Jun 08 14:36:18 breadbox.penurio.us systemd-udevd[329]: RUN 'kmod load $env{MODALIAS}' /usr/lib/udev/rules.d/80-drivers.rules:5
Jun 08 14:36:18 breadbox.penurio.us systemd-udevd[333]: No module matches 'acpi:LNXCPU:'
Jun 08 14:36:18 breadbox.penurio.us systemd-udevd[327]: passed 186 bytes to netlink monitor 0x7fa12cca02f0
Jun 08 14:36:18 breadbox.penurio.us systemd-udevd[330]: seq 2388 running
Jun 08 14:36:18 breadbox.penurio.us systemd-udevd[328]: IMPORT builtin 'hwdb' /usr/lib/udev/rules.d/50-udev-default.rules:11
Jun 08 14:36:18 breadbox.penurio.us systemd-udevd[334]: no db file to read /run/udev/data/+acpi:ACPI0004:00: No such file or directory
Jun 08 14:36:18 breadbox.penurio.us systemd-udevd[329]: Execute 'load' 'acpi:LNXCPU:'
Jun 08 14:36:18 breadbox.penurio.us systemd-udevd[333]: passed unknown number of bytes to netlink monitor 0x7fa12cca4550
Jun 08 14:36:18 breadbox.penurio.us systemd-udevd[327]: seq 2389 queued, 'add' 'acpi'
Jun 08 14:36:18 breadbox.penurio.us systemd-udevd[330]: no db file to read /run/udev/data/+acpi:LNXCPU:26: No such file or directory
Jun 08 14:36:18 breadbox.penurio.us systemd-udevd[328]: IMPORT builtin 'hwdb' returned non-zero
Jun 08 14:36:18 breadbox.penurio.us systemd-udevd[334]: RUN 'kmod load $env{MODALIAS}' /usr/lib/udev/rules.d/80-drivers.rules:5
Jun 08 14:36:18 breadbox.penurio.us systemd-udevd[329]: No module matches 'acpi:LNXCPU:'
Jun 08 14:36:18 breadbox.penurio.us systemd-udevd[333]: seq 2384 processed with 0
Jun 08 14:36:18 breadbox.penurio.us systemd-udevd[327]: passed 186 bytes to netlink monitor 0x7fa12cca02f0
Jun 08 14:36:18 breadbox.penurio.us systemd-udevd[330]: IMPORT builtin 'hwdb' /usr/lib/udev/rules.d/50-udev-default.rules:11
Jun 08 14:36:18 breadbox.penurio.us systemd-udevd[331]: seq 2389 running
Jun 08 14:36:18 breadbox.penurio.us systemd-udevd[328]: no db file to read /run/udev/data/+acpi:ACPI0004:00: No such file or directory
Jun 08 14:36:18 breadbox.penurio.us systemd-udevd[334]: Execute 'load' 'acpi:LNXCPU:'
Jun 08 14:36:18 breadbox.penurio.us systemd-udevd[329]: passed unknown number of bytes to netlink monitor 0x7fa12ccb2a70
Jun 08 14:36:18 breadbox.penurio.us systemd-udevd[327]: seq 2390 queued, 'add' 'acpi'
Jun 08 14:36:18 breadbox.penurio.us systemd-udevd[330]: IMPORT builtin 'hwdb' returned non-zero
Jun 08 14:36:18 breadbox.penurio.us systemd-udevd[330]: no db file to read /run/udev/data/+acpi:ACPI0004:00: No such file or directory
Jun 08 14:36:18 breadbox.penurio.us systemd-udevd[328]: RUN 'kmod load $env{MODALIAS}' /usr/lib/udev/rules.d/80-drivers.rules:5
Jun 08 14:36:18 breadbox.penurio.us systemd-udevd[334]: No module matches 'acpi:LNXCPU:'
Jun 08 14:36:18 breadbox.penurio.us systemd-udevd[329]: seq 2385 processed with 0
Jun 08 14:36:18 breadbox.penurio.us systemd-udevd[327]: passed 186 bytes to netlink monitor 0x7fa12cca02f0
Jun 08 14:36:18 breadbox.penurio.us systemd-udevd[333]: seq 2390 running
Jun 08 14:36:18 breadbox.penurio.us systemd-udevd[330]: RUN 'kmod load $env{MODALIAS}' /usr/lib/udev/rules.d/80-drivers.rules:5
Jun 08 14:36:18 breadbox.penurio.us systemd-udevd[331]: no db file to read /run/udev/data/+acpi:LNXCPU:27: No such file or directory
Jun 08 14:36:18 breadbox.penurio.us systemd-udevd[328]: Execute 'load' 'acpi:LNXCPU:'
Jun 08 14:36:18 breadbox.penurio.us systemd-udevd[334]: passed unknown number of bytes to netlink monitor 0x7fa12cca7a60
Jun 08 14:36:18 breadbox.penurio.us systemd-udevd[327]: seq 2391 queued, 'add' 'acpi'
Jun 08 14:36:18 breadbox.penurio.us systemd-udevd[333]: no db file to read /run/udev/data/+acpi:LNXCPU:28: No such file or directory
Jun 08 14:36:18 breadbox.penurio.us systemd-udevd[330]: Execute 'load' 'acpi:LNXCPU:'
Jun 08 14:36:18 breadbox.penurio.us systemd-udevd[331]: IMPORT builtin 'hwdb' /usr/lib/udev/rules.d/50-udev-default.rules:11
Jun 08 14:36:18 breadbox.penurio.us systemd-udevd[328]: No module matches 'acpi:LNXCPU:'
Jun 08 14:36:18 breadbox.penurio.us systemd-udevd[334]: seq 2386 processed with 0
Jun 08 14:36:18 breadbox.penurio.us systemd-udevd[327]: passed 186 bytes to netlink monitor 0x7fa12cca02f0
Jun 08 14:36:18 breadbox.penurio.us systemd-udevd[329]: seq 2391 running
Jun 08 14:36:18 breadbox.penurio.us systemd-udevd[333]: IMPORT builtin 'hwdb' /usr/lib/udev/rules.d/50-udev-default.rules:11
Jun 08 14:36:18 breadbox.penurio.us systemd-udevd[330]: No module matches 'acpi:LNXCPU:'
Jun 08 14:36:18 breadbox.penurio.us systemd-udevd[331]: IMPORT builtin 'hwdb' returned non-zero
Jun 08 14:36:18 breadbox.penurio.us systemd-udevd[328]: passed unknown number of bytes to netlink monitor 0x7fa12ccb0ff0
Jun 08 14:36:18 breadbox.penurio.us systemd-udevd[327]: seq 2392 queued, 'add' 'acpi'
Jun 08 14:36:18 breadbox.penurio.us systemd-udevd[334]: seq 2392 running
Jun 08 14:36:18 breadbox.penurio.us systemd-udevd[333]: IMPORT builtin 'hwdb' returned non-zero
Jun 08 14:36:18 breadbox.penurio.us systemd-udevd[330]: passed unknown number of bytes to netlink monitor 0x7fa12ccb51c0
Jun 08 14:36:18 breadbox.penurio.us systemd-udevd[331]: no db file to read /run/udev/data/+acpi:ACPI0004:00: No such file or directory
Jun 08 14:36:18 breadbox.penurio.us systemd-udevd[328]: seq 2387 processed with 0
Jun 08 14:36:18 breadbox.penurio.us systemd-udevd[327]: passed 186 bytes to netlink monitor 0x7fa12cca02f0
Jun 08 14:36:18 breadbox.penurio.us systemd-udevd[329]: no db file to read /run/udev/data/+acpi:LNXCPU:29: No such file or directory
Jun 08 14:36:18 breadbox.penurio.us systemd-udevd[334]: no db file to read /run/udev/data/+acpi:LNXCPU:2a: No such file or directory
Jun 08 14:36:18 breadbox.penurio.us systemd-udevd[333]: no db file to read /run/udev/data/+acpi:ACPI0004:00: No such file or directory
Jun 08 14:36:18 breadbox.penurio.us systemd-udevd[330]: seq 2388 processed with 0
Jun 08 14:36:18 breadbox.penurio.us systemd-udevd[331]: RUN 'kmod load $env{MODALIAS}' /usr/lib/udev/rules.d/80-drivers.rules:5
Jun 08 14:36:18 breadbox.penurio.us systemd-udevd[327]: seq 2393 queued, 'add' 'acpi'
Jun 08 14:36:18 breadbox.penurio.us systemd-udevd[329]: IMPORT builtin 'hwdb' /usr/lib/udev/rules.d/50-udev-default.rules:11
Jun 08 14:36:18 breadbox.penurio.us systemd-udevd[334]: IMPORT builtin 'hwdb' /usr/lib/udev/rules.d/50-udev-default.rules:11
Jun 08 14:36:18 breadbox.penurio.us systemd-udevd[333]: RUN 'kmod load $env{MODALIAS}' /usr/lib/udev/rules.d/80-drivers.rules:5
Jun 08 14:36:18 breadbox.penurio.us systemd-udevd[331]: Execute 'load' 'acpi:LNXCPU:'
Jun 08 14:36:18 breadbox.penurio.us systemd-udevd[327]: passed 186 bytes to netlink monitor 0x7fa12cca02f0
Jun 08 14:36:18 breadbox.penurio.us systemd-udevd[328]: seq 2393 running
Jun 08 14:36:18 breadbox.penurio.us systemd-udevd[329]: IMPORT builtin 'hwdb' returned non-zero
Jun 08 14:36:18 breadbox.penurio.us systemd-udevd[334]: IMPORT builtin 'hwdb' returned non-zero
Jun 08 14:36:18 breadbox.penurio.us systemd-udevd[333]: Execute 'load' 'acpi:LNXCPU:'
Jun 08 14:36:18 breadbox.penurio.us systemd-udevd[331]: No module matches 'acpi:LNXCPU:'
Jun 08 14:36:18 breadbox.penurio.us systemd-udevd[327]: seq 2394 queued, 'add' 'acpi'
Jun 08 14:36:18 breadbox.penurio.us systemd-udevd[328]: no db file to read /run/udev/data/+acpi:LNXCPU:2b: No such file or directory
Jun 08 14:36:18 breadbox.penurio.us systemd-udevd[329]: no db file to read /run/udev/data/+acpi:ACPI0004:00: No such file or directory
Jun 08 14:36:18 breadbox.penurio.us systemd-udevd[334]: no db file to read /run/udev/data/+acpi:ACPI0004:00: No such file or directory
Jun 08 14:36:18 breadbox.penurio.us systemd-udevd[333]: No module matches 'acpi:LNXCPU:'
Jun 08 14:36:18 breadbox.penurio.us systemd-udevd[331]: passed unknown number of bytes to netlink monitor 0x7fa12ccb57b0
Jun 08 14:36:18 breadbox.penurio.us systemd-udevd[327]: passed 186 bytes to netlink monitor 0x7fa12cca02f0
Jun 08 14:36:18 breadbox.penurio.us systemd-udevd[330]: seq 2394 running
Jun 08 14:36:18 breadbox.penurio.us systemd-udevd[328]: IMPORT builtin 'hwdb' /usr/lib/udev/rules.d/50-udev-default.rules:11
Jun 08 14:36:18 breadbox.penurio.us systemd-udevd[329]: RUN 'kmod load $env{MODALIAS}' /usr/lib/udev/rules.d/80-drivers.rules:5
Jun 08 14:36:18 breadbox.penurio.us systemd-udevd[334]: RUN 'kmod load $env{MODALIAS}' /usr/lib/udev/rules.d/80-drivers.rules:5
Jun 08 14:36:18 breadbox.penurio.us systemd-udevd[333]: passed unknown number of bytes to netlink monitor 0x7fa12cca4550
Jun 08 14:36:18 breadbox.penurio.us systemd-udevd[331]: seq 2389 processed with 0
Jun 08 14:36:18 breadbox.penurio.us systemd-udevd[327]: seq 2395 queued, 'add' 'acpi'
Jun 08 14:36:18 breadbox.penurio.us systemd-udevd[330]: no db file to read /run/udev/data/+acpi:LNXCPU:2c: No such file or directory
Jun 08 14:36:18 breadbox.penurio.us systemd-udevd[328]: IMPORT builtin 'hwdb' returned non-zero
Jun 08 14:36:18 breadbox.penurio.us systemd-udevd[329]: Execute 'load' 'acpi:LNXCPU:'
Jun 08 14:36:18 breadbox.penurio.us systemd-udevd[334]: Execute 'load' 'acpi:LNXCPU:'
Jun 08 14:36:18 breadbox.penurio.us systemd-udevd[333]: seq 2390 processed with 0
Jun 08 14:36:18 breadbox.penurio.us systemd-udevd[327]: passed 186 bytes to netlink monitor 0x7fa12cca02f0
Jun 08 14:36:18 breadbox.penurio.us systemd-udevd[331]: seq 2395 running
Jun 08 14:36:18 breadbox.penurio.us systemd-udevd[330]: IMPORT builtin 'hwdb' /usr/lib/udev/rules.d/50-udev-default.rules:11
Jun 08 14:36:18 breadbox.penurio.us systemd-udevd[328]: no db file to read /run/udev/data/+acpi:ACPI0004:00: No such file or directory
Jun 08 14:36:18 breadbox.penurio.us systemd-udevd[329]: No module matches 'acpi:LNXCPU:'
Jun 08 14:36:18 breadbox.penurio.us systemd-udevd[334]: No module matches 'acpi:LNXCPU:'
Jun 08 14:36:18 breadbox.penurio.us systemd-udevd[327]: seq 2396 queued, 'add' 'acpi'
Jun 08 14:36:18 breadbox.penurio.us systemd-udevd[331]: no db file to read /run/udev/data/+acpi:LNXCPU:2d: No such file or directory
Jun 08 14:36:18 breadbox.penurio.us systemd-udevd[330]: IMPORT builtin 'hwdb' returned non-zero
Jun 08 14:36:18 breadbox.penurio.us systemd-udevd[328]: RUN 'kmod load $env{MODALIAS}' /usr/lib/udev/rules.d/80-drivers.rules:5
Jun 08 14:36:18 breadbox.penurio.us systemd-udevd[329]: passed unknown number of bytes to netlink monitor 0x7fa12ccb2a70
Jun 08 14:36:18 breadbox.penurio.us systemd-udevd[334]: passed unknown number of bytes to netlink monitor 0x7fa12cca7a60
Jun 08 14:36:18 breadbox.penurio.us systemd-udevd[327]: passed 186 bytes to netlink monitor 0x7fa12cca02f0
Jun 08 14:36:18 breadbox.penurio.us systemd-udevd[333]: seq 2396 running
Jun 08 14:36:18 breadbox.penurio.us systemd-udevd[331]: IMPORT builtin 'hwdb' /usr/lib/udev/rules.d/50-udev-default.rules:11
Jun 08 14:36:18 breadbox.penurio.us systemd-udevd[330]: no db file to read /run/udev/data/+acpi:ACPI0004:00: No such file or directory
Jun 08 14:36:18 breadbox.penurio.us systemd-udevd[328]: Execute 'load' 'acpi:LNXCPU:'
Jun 08 14:36:18 breadbox.penurio.us systemd-udevd[329]: seq 2391 processed with 0
Jun 08 14:36:18 breadbox.penurio.us systemd-udevd[334]: seq 2392 processed with 0
Jun 08 14:36:18 breadbox.penurio.us systemd-udevd[327]: seq 2397 queued, 'add' 'acpi'
Jun 08 14:36:18 breadbox.penurio.us systemd-udevd[329]: seq 2397 running
Jun 08 14:36:18 breadbox.penurio.us systemd-udevd[331]: IMPORT builtin 'hwdb' returned non-zero
Jun 08 14:36:18 breadbox.penurio.us systemd-udevd[330]: RUN 'kmod load $env{MODALIAS}' /usr/lib/udev/rules.d/80-drivers.rules:5
Jun 08 14:36:18 breadbox.penurio.us systemd-udevd[328]: No module matches 'acpi:LNXCPU:'
Jun 08 14:36:18 breadbox.penurio.us systemd-udevd[327]: passed 186 bytes to netlink monitor 0x7fa12cca02f0
Jun 08 14:36:18 breadbox.penurio.us systemd-udevd[333]: no db file to read /run/udev/data/+acpi:LNXCPU:2e: No such file or directory
Jun 08 14:36:18 breadbox.penurio.us systemd-udevd[329]: no db file to read /run/udev/data/+acpi:LNXCPU:2f: No such file or directory
Jun 08 14:36:18 breadbox.penurio.us systemd-udevd[331]: no db file to read /run/udev/data/+acpi:ACPI0004:00: No such file or directory
Jun 08 14:36:18 breadbox.penurio.us systemd-udevd[330]: Execute 'load' 'acpi:LNXCPU:'
Jun 08 14:36:18 breadbox.penurio.us systemd-udevd[328]: passed unknown number of bytes to netlink monitor 0x7fa12ccb0ff0
Jun 08 14:36:18 breadbox.penurio.us systemd-udevd[327]: seq 2398 queued, 'add' 'acpi'
Jun 08 14:36:18 breadbox.penurio.us systemd-udevd[333]: IMPORT builtin 'hwdb' /usr/lib/udev/rules.d/50-udev-default.rules:11
Jun 08 14:36:18 breadbox.penurio.us systemd-udevd[329]: IMPORT builtin 'hwdb' /usr/lib/udev/rules.d/50-udev-default.rules:11
Jun 08 14:36:18 breadbox.penurio.us systemd-udevd[331]: RUN 'kmod load $env{MODALIAS}' /usr/lib/udev/rules.d/80-drivers.rules:5
Jun 08 14:36:18 breadbox.penurio.us systemd-udevd[330]: No module matches 'acpi:LNXCPU:'
Jun 08 14:36:18 breadbox.penurio.us systemd-udevd[328]: seq 2393 processed with 0
Jun 08 14:36:18 breadbox.penurio.us systemd-udevd[327]: passed 178 bytes to netlink monitor 0x7fa12cca02f0
Jun 08 14:36:18 breadbox.penurio.us systemd-udevd[334]: seq 2398 running
Jun 08 14:36:18 breadbox.penurio.us systemd-udevd[333]: IMPORT builtin 'hwdb' returned non-zero
Jun 08 14:36:18 breadbox.penurio.us systemd-udevd[329]: IMPORT builtin 'hwdb' returned non-zero
Jun 08 14:36:18 breadbox.penurio.us systemd-udevd[331]: Execute 'load' 'acpi:LNXCPU:'
Jun 08 14:36:18 breadbox.penurio.us systemd-udevd[330]: passed unknown number of bytes to netlink monitor 0x7fa12ccb51c0
Jun 08 14:36:18 breadbox.penurio.us systemd-udevd[327]: seq 2399 queued, 'add' 'acpi'
Jun 08 14:36:18 breadbox.penurio.us systemd-udevd[334]: no db file to read /run/udev/data/+acpi:ACPI0004:01: No such file or directory
Jun 08 14:36:18 breadbox.penurio.us systemd-udevd[333]: no db file to read /run/udev/data/+acpi:ACPI0004:00: No such file or directory
Jun 08 14:36:18 breadbox.penurio.us systemd-udevd[329]: no db file to read /run/udev/data/+acpi:ACPI0004:00: No such file or directory
Jun 08 14:36:18 breadbox.penurio.us systemd-udevd[331]: No module matches 'acpi:LNXCPU:'
Jun 08 14:36:18 breadbox.penurio.us systemd-udevd[330]: seq 2394 processed with 0
Jun 08 14:36:18 breadbox.penurio.us systemd-udevd[327]: seq 2400 queued, 'add' 'acpi'
Jun 08 14:36:18 breadbox.penurio.us systemd-udevd[334]: IMPORT builtin 'hwdb' /usr/lib/udev/rules.d/50-udev-default.rules:11
Jun 08 14:36:18 breadbox.penurio.us systemd-udevd[333]: RUN 'kmod load $env{MODALIAS}' /usr/lib/udev/rules.d/80-drivers.rules:5
Jun 08 14:36:18 breadbox.penurio.us systemd-udevd[329]: RUN 'kmod load $env{MODALIAS}' /usr/lib/udev/rules.d/80-drivers.rules:5
Jun 08 14:36:18 breadbox.penurio.us systemd-udevd[331]: passed unknown number of bytes to netlink monitor 0x7fa12ccb57b0
Jun 08 14:36:18 breadbox.penurio.us systemd-udevd[327]: seq 2401 queued, 'add' 'acpi'
Jun 08 14:36:18 breadbox.penurio.us systemd-udevd[334]: IMPORT builtin 'hwdb' returned non-zero
Jun 08 14:36:18 breadbox.penurio.us systemd-udevd[333]: Execute 'load' 'acpi:LNXCPU:'
Jun 08 14:36:18 breadbox.penurio.us systemd-udevd[329]: Execute 'load' 'acpi:LNXCPU:'
Jun 08 14:36:18 breadbox.penurio.us systemd-udevd[331]: seq 2395 processed with 0
Jun 08 14:36:18 breadbox.penurio.us systemd-udevd[327]: seq 2402 queued, 'add' 'acpi'
Jun 08 14:36:18 breadbox.penurio.us systemd-udevd[334]: no db file to read /run/udev/data/+acpi:device:00: No such file or directory
Jun 08 14:36:18 breadbox.penurio.us systemd-udevd[333]: No module matches 'acpi:LNXCPU:'
Jun 08 14:36:18 breadbox.penurio.us systemd-udevd[329]: No module matches 'acpi:LNXCPU:'
Jun 08 14:36:18 breadbox.penurio.us systemd-udevd[327]: seq 2403 queued, 'add' 'acpi'
Jun 08 14:36:18 breadbox.penurio.us systemd-udevd[334]: RUN 'kmod load $env{MODALIAS}' /usr/lib/udev/rules.d/80-drivers.rules:5
Jun 08 14:36:18 breadbox.penurio.us systemd-udevd[333]: passed unknown number of bytes to netlink monitor 0x7fa12cca4550
Jun 08 14:36:18 breadbox.penurio.us systemd-udevd[329]: passed unknown number of bytes to netlink monitor 0x7fa12ccb2a70
Jun 08 14:36:18 breadbox.penurio.us systemd-udevd[327]: seq 2404 queued, 'add' 'acpi'
Jun 08 14:36:18 breadbox.penurio.us systemd-udevd[334]: Execute 'load' 'acpi:ACPI0004:'
Jun 08 14:36:18 breadbox.penurio.us systemd-udevd[333]: seq 2396 processed with 0
Jun 08 14:36:18 breadbox.penurio.us systemd-udevd[329]: seq 2397 processed with 0
Jun 08 14:36:18 breadbox.penurio.us systemd-udevd[327]: seq 2405 queued, 'add' 'acpi'
Jun 08 14:36:18 breadbox.penurio.us systemd-udevd[334]: No module matches 'acpi:ACPI0004:'
Jun 08 14:36:18 breadbox.penurio.us systemd-udevd[327]: seq 2406 queued, 'add' 'acpi'
Jun 08 14:36:18 breadbox.penurio.us systemd-udevd[334]: passed unknown number of bytes to netlink monitor 0x7fa12cca7a60
Jun 08 14:36:18 breadbox.penurio.us systemd-udevd[327]: seq 2407 queued, 'add' 'acpi'
Jun 08 14:36:18 breadbox.penurio.us systemd-udevd[334]: seq 2398 processed with 0
Jun 08 14:36:18 breadbox.penurio.us systemd-udevd[327]: seq 2408 queued, 'add' 'acpi'
Jun 08 14:36:18 breadbox.penurio.us systemd-udevd[327]: passed 186 bytes to netlink monitor 0x7fa12cca02f0
Jun 08 14:36:18 breadbox.penurio.us systemd-udevd[328]: seq 2399 running
Jun 08 14:36:18 breadbox.penurio.us systemd-udevd[327]: passed 186 bytes to netlink monitor 0x7fa12cca02f0
Jun 08 14:36:18 breadbox.penurio.us systemd-udevd[329]: seq 2400 running
Jun 08 14:36:18 breadbox.penurio.us systemd-udevd[328]: no db file to read /run/udev/data/+acpi:LNXCPU:30: No such file or directory
Jun 08 14:36:18 breadbox.penurio.us systemd-udevd[327]: passed 186 bytes to netlink monitor 0x7fa12cca02f0
Jun 08 14:36:18 breadbox.penurio.us systemd-udevd[330]: seq 2401 running
Jun 08 14:36:18 breadbox.penurio.us systemd-udevd[329]: no db file to read /run/udev/data/+acpi:LNXCPU:31: No such file or directory
Jun 08 14:36:18 breadbox.penurio.us systemd-udevd[328]: IMPORT builtin 'hwdb' /usr/lib/udev/rules.d/50-udev-default.rules:11
Jun 08 14:36:18 breadbox.penurio.us systemd-udevd[327]: passed 186 bytes to netlink monitor 0x7fa12cca02f0
Jun 08 14:36:18 breadbox.penurio.us systemd-udevd[331]: seq 2402 running
