Jun 08 14:36:20 breadbox.penurio.us systemd-udevd[339]: RUN 'kmod load $env{MODALIAS}' /usr/lib/udev/rules.d/80-drivers.rules:5
Jun 08 14:36:20 breadbox.penurio.us systemd-udevd[327]: seq 4257 queued, 'add' 'bdi'
Jun 08 14:36:20 breadbox.penurio.us systemd-udevd[357]: no db file to read /run/udev/data/+drivers:sd: No such file or directory
Jun 08 14:36:20 breadbox.penurio.us systemd-udevd[329]: handling device node '/dev/hidraw0', devnum=c249:0, mode=0600, uid=0, gid=0
Jun 08 14:36:20 breadbox.penurio.us systemd-udevd[328]: Inserted 'sd_mod'
Jun 08 14:36:20 breadbox.penurio.us systemd-udevd[334]: created empty file '/run/udev/data/c249:1' for '/devices/pci0000:00/0000:00:14.0/usb3/3-4/3-4.1/3-4.1:1.1/0003:0557:2419.0002/hidraw/hidraw1'
Jun 08 14:36:20 breadbox.penurio.us systemd-udevd[355]: IMPORT builtin 'path_id' /usr/lib/udev/rules.d/71-seat.rules:43
Jun 08 14:36:20 breadbox.penurio.us systemd-udevd[339]: created db file '/run/udev/data/+input:input3' for '/devices/pci0000:00/0000:00:14.0/usb3/3-4/3-4.1/3-4.1:1.1/input/input3'
Jun 08 14:36:20 breadbox.penurio.us systemd-udevd[327]: passed 135 bytes to netlink monitor 0x7fa12cca02f0
Jun 08 14:36:20 breadbox.penurio.us systemd-udevd[356]: seq 4257 running
Jun 08 14:36:20 breadbox.penurio.us systemd-udevd[357]: no db file to read /run/udev/data/+subsystem:drivers: No such file or directory
Jun 08 14:36:20 breadbox.penurio.us systemd-udevd[336]: '/usr/lib/systemd/systemd-sysctl --prefix=/net/ipv4/conf/eno1 --prefix=/net/ipv4/neigh/eno1 --prefix=/net/ipv6/conf/eno1 --prefix=/net/ipv6/neigh/eno1' [401] exit with return code 0
Jun 08 14:36:20 breadbox.penurio.us systemd-udevd[329]: preserve permissions /dev/hidraw0, 020600, uid=0, gid=0
Jun 08 14:36:20 breadbox.penurio.us systemd-udevd[328]: passed unknown number of bytes to netlink monitor 0x7fa12ccb0ff0
Jun 08 14:36:20 breadbox.penurio.us systemd-udevd[334]: passed unknown number of bytes to netlink monitor 0x7fa12cca7a60
Jun 08 14:36:20 breadbox.penurio.us systemd-udevd[355]: no db file to read /run/udev/data/+usb:3-4.1:1.0: No such file or directory
Jun 08 14:36:20 breadbox.penurio.us systemd-udevd[339]: Execute 'load' 'input:b0003v0557p2419e0100-e0,1,2,3,4,k110,111,112,r8,a0,1,m4,lsfw'
Jun 08 14:36:20 breadbox.penurio.us systemd-udevd[327]: seq 4258 queued, 'move' 'net'
Jun 08 14:36:20 breadbox.penurio.us systemd-udevd[356]: no db file to read /run/udev/data/+bdi:8:0: No such file or directory
Jun 08 14:36:20 breadbox.penurio.us systemd-udevd[357]: passed unknown number of bytes to netlink monitor 0x7fa12ccc36d0
Jun 08 14:36:20 breadbox.penurio.us systemd-udevd[333]: renamed network interface 'eth1' to 'eno2'
Jun 08 14:36:20 breadbox.penurio.us systemd-udevd[336]: passed unknown number of bytes to netlink monitor 0x7fa12ccaee60
Jun 08 14:36:20 breadbox.penurio.us systemd-udevd[329]: creating symlink '/dev/char/249:0' to '../hidraw0'
Jun 08 14:36:20 breadbox.penurio.us systemd[1]: sys-subsystem-net-devices-eno1.device changed dead -> plugged
Jun 08 14:36:20 breadbox.penurio.us systemd-udevd[328]: seq 4235 processed with 0
Jun 08 14:36:20 breadbox.penurio.us systemd-udevd[334]: seq 4249 processed with 0
Jun 08 14:36:20 breadbox.penurio.us systemd-udevd[355]: RUN 'kmod load $env{MODALIAS}' /usr/lib/udev/rules.d/80-drivers.rules:5
Jun 08 14:36:20 breadbox.penurio.us systemd-udevd[339]: No module matches 'input:b0003v0557p2419e0100-e0,1,2,3,4,k110,111,112,r8,a0,1,m4,lsfw'
Jun 08 14:36:20 breadbox.penurio.us systemd-udevd[327]: seq 4259 queued, 'add' 'block'
Jun 08 14:36:20 breadbox.penurio.us systemd-udevd[356]: passed unknown number of bytes to netlink monitor 0x7fa12ccc34c0
Jun 08 14:36:20 breadbox.penurio.us systemd-udevd[357]: seq 4256 processed with 0
Jun 08 14:36:20 breadbox.penurio.us systemd-udevd[333]: changed devpath to '/devices/pci0000:00/0000:00:1c.0/0000:06:00.1/net/eno2'
Jun 08 14:36:20 breadbox.penurio.us systemd-udevd[336]: seq 4190 processed with 0
Jun 08 14:36:20 breadbox.penurio.us systemd-udevd[329]: created empty file '/run/udev/data/c249:0' for '/devices/pci0000:00/0000:00:14.0/usb3/3-4/3-4.1/3-4.1:1.0/0003:0557:2419.0001/hidraw/hidraw0'
Jun 08 14:36:20 breadbox.penurio.us systemd[1]: sys-devices-pci0000:00-0000:00:1c.0-0000:06:00.0-net-eno1.device changed dead -> plugged
Jun 08 14:36:20 breadbox.penurio.us systemd-udevd[355]: created db file '/run/udev/data/+input:input2' for '/devices/pci0000:00/0000:00:14.0/usb3/3-4/3-4.1/3-4.1:1.0/input/input2'
Jun 08 14:36:20 breadbox.penurio.us systemd-udevd[339]: passed unknown number of bytes to netlink monitor 0x7fa12cca53a0
Jun 08 14:36:20 breadbox.penurio.us systemd-udevd[327]: passed 202 bytes to netlink monitor 0x7fa12cca02f0
Jun 08 14:36:20 breadbox.penurio.us systemd-udevd[328]: seq 4236 running
Jun 08 14:36:20 breadbox.penurio.us systemd-udevd[356]: seq 4257 processed with 0
Jun 08 14:36:20 breadbox.penurio.us systemd-udevd[333]: created db file '/run/udev/data/n3' for '/devices/pci0000:00/0000:00:1c.0/0000:06:00.1/net/eno2'
Jun 08 14:36:20 breadbox.penurio.us systemd-udevd[329]: passed unknown number of bytes to netlink monitor 0x7fa12ccb2a70
Jun 08 14:36:20 breadbox.penurio.us systemd-udevd[355]: Execute 'load' 'input:b0003v0557p2419e0100-e0,1,4,11,14,k71,72,73,74,75,77,79,7C,7D,7E,7F,80,81,82,83,84,85,86,87,88,89,8A,B7,B8,B9,BA,BB,BC,BD,BE,BF,C0,C1,C2,F0,ram4,l0,1,2,3,4,sfw'
Jun 08 14:36:20 breadbox.penurio.us systemd-udevd[339]: seq 4246 processed with 0
Jun 08 14:36:20 breadbox.penurio.us systemd-udevd[327]: passed 229 bytes to netlink monitor 0x7fa12cca02f0
Jun 08 14:36:20 breadbox.penurio.us systemd-udevd[334]: seq 4237 running
Jun 08 14:36:20 breadbox.penurio.us systemd-udevd[328]: no db file to read /run/udev/data/+scsi_device:5:0:0:0: No such file or directory
Jun 08 14:36:20 breadbox.penurio.us systemd-udevd[329]: seq 4243 processed with 0
Jun 08 14:36:20 breadbox.penurio.us systemd-udevd[402]: starting '/usr/lib/systemd/systemd-sysctl --prefix=/net/ipv4/conf/eno2 --prefix=/net/ipv4/neigh/eno2 --prefix=/net/ipv6/conf/eno2 --prefix=/net/ipv6/neigh/eno2'
Jun 08 14:36:20 breadbox.penurio.us systemd-udevd[355]: No module matches 'input:b0003v0557p2419e0100-e0,1,4,11,14,k71,72,73,74,75,77,79,7C,7D,7E,7F,80,81,82,83,84,85,86,87,88,89,8A,B7,B8,B9,BA,BB,BC,BD,BE,BF,C0,C1,C2,F0,ram4,l0,1,2,3,4,sfw'
Jun 08 14:36:20 breadbox.penurio.us systemd-udevd[327]: passed 198 bytes to netlink monitor 0x7fa12cca02f0
Jun 08 14:36:20 breadbox.penurio.us systemd-udevd[358]: seq 4255 running
Jun 08 14:36:20 breadbox.penurio.us systemd-udevd[334]: no db file to read /run/udev/data/c251:0: No such file or directory
Jun 08 14:36:20 breadbox.penurio.us systemd-udevd[328]: no db file to read /run/udev/data/+scsi:5:0:0:0: No such file or directory
Jun 08 14:36:20 breadbox.penurio.us systemd-udevd[355]: passed unknown number of bytes to netlink monitor 0x7fa12ccb6ae0
Jun 08 14:36:20 breadbox.penurio.us systemd-udevd[327]: passed 232 bytes to netlink monitor 0x7fa12cca02f0
Jun 08 14:36:20 breadbox.penurio.us systemd-udevd[359]: seq 4259 running
Jun 08 14:36:20 breadbox.penurio.us systemd-udevd[358]: no db file to read /run/udev/data/+scsi_disk:5:0:0:0: No such file or directory
Jun 08 14:36:20 breadbox.penurio.us systemd-udevd[334]: no db file to read /run/udev/data/+scsi:5:0:0:0: No such file or directory
Jun 08 14:36:20 breadbox.penurio.us systemd-udevd[328]: passed unknown number of bytes to netlink monitor 0x7fa12ccb0ff0
Jun 08 14:36:20 breadbox.penurio.us systemd-udevd[333]: '/usr/lib/systemd/systemd-sysctl --prefix=/net/ipv4/conf/eno2 --prefix=/net/ipv4/neigh/eno2 --prefix=/net/ipv6/conf/eno2 --prefix=/net/ipv6/neigh/eno2' [402] exit with return code 0
Jun 08 14:36:20 breadbox.penurio.us systemd-udevd[355]: seq 4241 processed with 0
Jun 08 14:36:20 breadbox.penurio.us systemd-udevd[327]: seq 4260 queued, 'add' 'block'
Jun 08 14:36:20 breadbox.penurio.us systemd-udevd[359]: no db file to read /run/udev/data/b8:0: No such file or directory
Jun 08 14:36:20 breadbox.penurio.us systemd-udevd[358]: no db file to read /run/udev/data/+scsi:5:0:0:0: No such file or directory
Jun 08 14:36:20 breadbox.penurio.us systemd-udevd[334]: handling device node '/dev/bsg/5:0:0:0', devnum=c251:0, mode=0600, uid=0, gid=0
Jun 08 14:36:20 breadbox.penurio.us systemd-udevd[328]: seq 4236 processed with 0
Jun 08 14:36:20 breadbox.penurio.us systemd-udevd[333]: passed unknown number of bytes to netlink monitor 0x7fa12cca4550
Jun 08 14:36:20 breadbox.penurio.us systemd[1]: sys-subsystem-net-devices-eno2.device changed dead -> plugged
Jun 08 14:36:20 breadbox.penurio.us systemd-udevd[327]: passed 180 bytes to netlink monitor 0x7fa12cca02f0
Jun 08 14:36:20 breadbox.penurio.us systemd-udevd[329]: seq 4191 running
Jun 08 14:36:20 breadbox.penurio.us systemd-udevd[359]: GROUP 6 /usr/lib/udev/rules.d/50-udev-default.rules:52
Jun 08 14:36:20 breadbox.penurio.us systemd-udevd[358]: passed unknown number of bytes to netlink monitor 0x7fa12ccc38e0
Jun 08 14:36:20 breadbox.penurio.us systemd-udevd[334]: preserve permissions /dev/bsg/5:0:0:0, 020600, uid=0, gid=0
Jun 08 14:36:20 breadbox.penurio.us systemd-udevd[333]: seq 4215 processed with 0
Jun 08 14:36:20 breadbox.penurio.us systemd[1]: sys-devices-pci0000:00-0000:00:1c.0-0000:06:00.1-net-eno2.device changed dead -> plugged
Jun 08 14:36:20 breadbox.penurio.us systemd-udevd[327]: passed 180 bytes to netlink monitor 0x7fa12cca02f0
Jun 08 14:36:20 breadbox.penurio.us systemd-udevd[336]: seq 4192 running
Jun 08 14:36:20 breadbox.penurio.us systemd-udevd[329]: no db file to read /run/udev/data/+queues:rx-0: No such file or directory
Jun 08 14:36:20 breadbox.penurio.us systemd-udevd[359]: IMPORT 'ata_id --export /dev/sda' /usr/lib/udev/rules.d/60-persistent-storage.rules:40
Jun 08 14:36:20 breadbox.penurio.us systemd-udevd[358]: seq 4255 processed with 0
Jun 08 14:36:20 breadbox.penurio.us systemd-udevd[334]: creating symlink '/dev/char/251:0' to '../bsg/5:0:0:0'
Jun 08 14:36:20 breadbox.penurio.us systemd-udevd[327]: passed 180 bytes to netlink monitor 0x7fa12cca02f0
Jun 08 14:36:20 breadbox.penurio.us systemd-udevd[339]: seq 4193 running
Jun 08 14:36:20 breadbox.penurio.us systemd-udevd[336]: no db file to read /run/udev/data/+queues:rx-1: No such file or directory
Jun 08 14:36:20 breadbox.penurio.us systemd-udevd[329]: no db file to read /run/udev/data/+pci:0000:06:00.0: No such file or directory
Jun 08 14:36:20 breadbox.penurio.us systemd-udevd[403]: starting 'ata_id --export /dev/sda'
Jun 08 14:36:20 breadbox.penurio.us systemd-udevd[334]: created empty file '/run/udev/data/c251:0' for '/devices/pci0000:00/0000:00:1f.2/ata6/host5/target5:0:0/5:0:0:0/bsg/5:0:0:0'
Jun 08 14:36:20 breadbox.penurio.us systemd-udevd[327]: passed 180 bytes to netlink monitor 0x7fa12cca02f0
Jun 08 14:36:20 breadbox.penurio.us systemd-udevd[355]: seq 4194 running
Jun 08 14:36:20 breadbox.penurio.us systemd-udevd[339]: no db file to read /run/udev/data/+queues:rx-2: No such file or directory
Jun 08 14:36:20 breadbox.penurio.us systemd-udevd[336]: no db file to read /run/udev/data/+pci:0000:06:00.0: No such file or directory
Jun 08 14:36:20 breadbox.penurio.us systemd-udevd[329]: passed unknown number of bytes to netlink monitor 0x7fa12ccb2a70
Jun 08 14:36:20 breadbox.penurio.us systemd-udevd[334]: passed unknown number of bytes to netlink monitor 0x7fa12cca7a60
Jun 08 14:36:20 breadbox.penurio.us systemd-udevd[327]: passed 180 bytes to netlink monitor 0x7fa12cca02f0
Jun 08 14:36:20 breadbox.penurio.us systemd-udevd[356]: seq 4195 running
Jun 08 14:36:20 breadbox.penurio.us systemd-udevd[355]: no db file to read /run/udev/data/+queues:rx-3: No such file or directory
Jun 08 14:36:20 breadbox.penurio.us systemd-udevd[339]: no db file to read /run/udev/data/+pci:0000:06:00.0: No such file or directory
Jun 08 14:36:20 breadbox.penurio.us systemd-udevd[336]: passed unknown number of bytes to netlink monitor 0x7fa12ccaee60
Jun 08 14:36:20 breadbox.penurio.us systemd-udevd[329]: seq 4191 processed with 0
Jun 08 14:36:20 breadbox.penurio.us systemd-udevd[359]: 'ata_id --export /dev/sda'(out) 'ID_ATA=1'
Jun 08 14:36:20 breadbox.penurio.us systemd-udevd[334]: seq 4237 processed with 0
Jun 08 14:36:20 breadbox.penurio.us systemd-udevd[327]: passed 180 bytes to netlink monitor 0x7fa12cca02f0
Jun 08 14:36:20 breadbox.penurio.us systemd-udevd[357]: seq 4196 running
Jun 08 14:36:20 breadbox.penurio.us systemd-udevd[356]: no db file to read /run/udev/data/+queues:rx-4: No such file or directory
Jun 08 14:36:20 breadbox.penurio.us systemd-udevd[355]: no db file to read /run/udev/data/+pci:0000:06:00.0: No such file or directory
Jun 08 14:36:20 breadbox.penurio.us systemd-udevd[339]: passed unknown number of bytes to netlink monitor 0x7fa12cca53a0
Jun 08 14:36:20 breadbox.penurio.us systemd-udevd[336]: seq 4192 processed with 0
Jun 08 14:36:20 breadbox.penurio.us systemd-udevd[359]: 'ata_id --export /dev/sda'(out) 'ID_TYPE=disk'
Jun 08 14:36:20 breadbox.penurio.us systemd-udevd[327]: passed 180 bytes to netlink monitor 0x7fa12cca02f0
Jun 08 14:36:20 breadbox.penurio.us systemd-udevd[360]: seq 4197 running
Jun 08 14:36:20 breadbox.penurio.us systemd-udevd[357]: no db file to read /run/udev/data/+queues:rx-5: No such file or directory
Jun 08 14:36:20 breadbox.penurio.us systemd-udevd[356]: no db file to read /run/udev/data/+pci:0000:06:00.0: No such file or directory
Jun 08 14:36:20 breadbox.penurio.us systemd-udevd[355]: passed unknown number of bytes to netlink monitor 0x7fa12ccb6ae0
Jun 08 14:36:20 breadbox.penurio.us systemd-udevd[339]: seq 4193 processed with 0
Jun 08 14:36:20 breadbox.penurio.us systemd-udevd[359]: 'ata_id --export /dev/sda'(out) 'ID_BUS=ata'
Jun 08 14:36:20 breadbox.penurio.us systemd-udevd[327]: passed 180 bytes to netlink monitor 0x7fa12cca02f0
Jun 08 14:36:20 breadbox.penurio.us systemd-udevd[361]: seq 4198 running
Jun 08 14:36:20 breadbox.penurio.us systemd-udevd[360]: no db file to read /run/udev/data/+queues:rx-6: No such file or directory
Jun 08 14:36:20 breadbox.penurio.us systemd-udevd[357]: no db file to read /run/udev/data/+pci:0000:06:00.0: No such file or directory
Jun 08 14:36:20 breadbox.penurio.us systemd-udevd[356]: passed unknown number of bytes to netlink monitor 0x7fa12ccc34c0
Jun 08 14:36:20 breadbox.penurio.us systemd-udevd[355]: seq 4194 processed with 0
Jun 08 14:36:20 breadbox.penurio.us systemd-udevd[359]: 'ata_id --export /dev/sda'(out) 'ID_MODEL=Samsung_SSD_850_EVO_1TB'
Jun 08 14:36:20 breadbox.penurio.us systemd-udevd[327]: passed 180 bytes to netlink monitor 0x7fa12cca02f0
Jun 08 14:36:20 breadbox.penurio.us systemd-udevd[362]: seq 4199 running
Jun 08 14:36:20 breadbox.penurio.us systemd-udevd[361]: no db file to read /run/udev/data/+queues:rx-7: No such file or directory
Jun 08 14:36:20 breadbox.penurio.us systemd-udevd[360]: no db file to read /run/udev/data/+pci:0000:06:00.0: No such file or directory
Jun 08 14:36:20 breadbox.penurio.us systemd-udevd[357]: passed unknown number of bytes to netlink monitor 0x7fa12ccc36d0
Jun 08 14:36:20 breadbox.penurio.us systemd-udevd[356]: seq 4195 processed with 0
Jun 08 14:36:20 breadbox.penurio.us systemd-udevd[359]: 'ata_id --export /dev/sda'(out) 'ID_MODEL_ENC=Samsung\x20SSD\x20850\x20EVO\x201TB\x20\x20\x20\x20\x20\x20\x20\x20\x20\x20\x20\x20\x20\x20\x20\x20\x20'
Jun 08 14:36:20 breadbox.penurio.us systemd-udevd[327]: passed 180 bytes to netlink monitor 0x7fa12cca02f0
Jun 08 14:36:20 breadbox.penurio.us systemd-udevd[363]: seq 4200 running
Jun 08 14:36:20 breadbox.penurio.us systemd-udevd[362]: no db file to read /run/udev/data/+queues:tx-0: No such file or directory
Jun 08 14:36:20 breadbox.penurio.us systemd-udevd[362]: no db file to read /run/udev/data/+pci:0000:06:00.0: No such file or directory
Jun 08 14:36:20 breadbox.penurio.us systemd-udevd[360]: passed unknown number of bytes to netlink monitor 0x7fa12ccc3d00
Jun 08 14:36:20 breadbox.penurio.us systemd-udevd[357]: seq 4196 processed with 0
Jun 08 14:36:20 breadbox.penurio.us systemd-udevd[359]: 'ata_id --export /dev/sda'(out) 'ID_REVISION=EMT02B6Q'
Jun 08 14:36:20 breadbox.penurio.us systemd-udevd[327]: passed 180 bytes to netlink monitor 0x7fa12cca02f0
Jun 08 14:36:20 breadbox.penurio.us systemd-udevd[364]: seq 4201 running
Jun 08 14:36:20 breadbox.penurio.us systemd-udevd[363]: no db file to read /run/udev/data/+queues:tx-1: No such file or directory
Jun 08 14:36:20 breadbox.penurio.us systemd-udevd[361]: no db file to read /run/udev/data/+pci:0000:06:00.0: No such file or directory
Jun 08 14:36:20 breadbox.penurio.us systemd-udevd[362]: passed unknown number of bytes to netlink monitor 0x7fa12ccc41c0
Jun 08 14:36:20 breadbox.penurio.us systemd-udevd[360]: seq 4197 processed with 0
Jun 08 14:36:20 breadbox.penurio.us systemd-udevd[359]: 'ata_id --export /dev/sda'(out) 'ID_SERIAL=Samsung_SSD_850_EVO_1TB_S2RENXAH316500T'
Jun 08 14:36:20 breadbox.penurio.us systemd-udevd[327]: seq 4202 forked new worker [404]
Jun 08 14:36:20 breadbox.penurio.us systemd-udevd[364]: no db file to read /run/udev/data/+queues:tx-2: No such file or directory
Jun 08 14:36:20 breadbox.penurio.us systemd-udevd[404]: seq 4202 running
Jun 08 14:36:20 breadbox.penurio.us systemd-udevd[363]: no db file to read /run/udev/data/+pci:0000:06:00.0: No such file or directory
Jun 08 14:36:20 breadbox.penurio.us systemd-udevd[361]: passed unknown number of bytes to netlink monitor 0x7fa12ccc3f60
Jun 08 14:36:20 breadbox.penurio.us systemd-udevd[362]: seq 4199 processed with 0
Jun 08 14:36:20 breadbox.penurio.us systemd-udevd[359]: 'ata_id --export /dev/sda'(out) 'ID_SERIAL_SHORT=S2RENXAH316500T'
Jun 08 14:36:20 breadbox.penurio.us systemd-udevd[327]: seq 4203 forked new worker [405]
Jun 08 14:36:20 breadbox.penurio.us systemd-udevd[364]: no db file to read /run/udev/data/+pci:0000:06:00.0: No such file or directory
Jun 08 14:36:20 breadbox.penurio.us systemd-udevd[404]: no db file to read /run/udev/data/+queues:tx-3: No such file or directory
Jun 08 14:36:20 breadbox.penurio.us systemd-udevd[405]: seq 4203 running
Jun 08 14:36:20 breadbox.penurio.us systemd-udevd[363]: passed unknown number of bytes to netlink monitor 0x7fa12ccc4420
Jun 08 14:36:20 breadbox.penurio.us systemd-udevd[361]: seq 4198 processed with 0
Jun 08 14:36:20 breadbox.penurio.us systemd-udevd[359]: 'ata_id --export /dev/sda'(out) 'ID_ATA_WRITE_CACHE=1'
Jun 08 14:36:20 breadbox.penurio.us systemd-udevd[327]: seq 4204 forked new worker [406]
Jun 08 14:36:20 breadbox.penurio.us systemd-udevd[364]: passed unknown number of bytes to netlink monitor 0x7fa12ccc4680
Jun 08 14:36:20 breadbox.penurio.us systemd-udevd[406]: seq 4204 running
Jun 08 14:36:20 breadbox.penurio.us systemd-udevd[404]: no db file to read /run/udev/data/+pci:0000:06:00.0: No such file or directory
Jun 08 14:36:20 breadbox.penurio.us systemd-udevd[405]: no db file to read /run/udev/data/+queues:tx-4: No such file or directory
Jun 08 14:36:20 breadbox.penurio.us systemd-udevd[363]: seq 4200 processed with 0
Jun 08 14:36:20 breadbox.penurio.us systemd-udevd[359]: 'ata_id --export /dev/sda'(out) 'ID_ATA_WRITE_CACHE_ENABLED=1'
Jun 08 14:36:20 breadbox.penurio.us systemd-udevd[327]: seq 4205 forked new worker [407]
Jun 08 14:36:20 breadbox.penurio.us systemd-udevd[364]: seq 4201 processed with 0
Jun 08 14:36:20 breadbox.penurio.us systemd-udevd[407]: seq 4205 running
Jun 08 14:36:20 breadbox.penurio.us systemd-udevd[406]: no db file to read /run/udev/data/+queues:tx-5: No such file or directory
Jun 08 14:36:20 breadbox.penurio.us systemd-udevd[404]: passed unknown number of bytes to netlink monitor 0x7fa12ccc8090
Jun 08 14:36:20 breadbox.penurio.us systemd-udevd[405]: no db file to read /run/udev/data/+pci:0000:06:00.0: No such file or directory
Jun 08 14:36:20 breadbox.penurio.us systemd-udevd[359]: 'ata_id --export /dev/sda'(out) 'ID_ATA_FEATURE_SET_HPA=1'
Jun 08 14:36:20 breadbox.penurio.us systemd-udevd[327]: seq 4206 forked new worker [408]
Jun 08 14:36:20 breadbox.penurio.us systemd-udevd[327]: seq 4242 forked new worker [409]
Jun 08 14:36:20 breadbox.penurio.us systemd-udevd[407]: no db file to read /run/udev/data/+queues:tx-6: No such file or directory
Jun 08 14:36:20 breadbox.penurio.us systemd-udevd[406]: no db file to read /run/udev/data/+pci:0000:06:00.0: No such file or directory
Jun 08 14:36:20 breadbox.penurio.us systemd-udevd[404]: seq 4202 processed with 0
Jun 08 14:36:20 breadbox.penurio.us systemd-udevd[405]: passed unknown number of bytes to netlink monitor 0x7fa12ccd1190
Jun 08 14:36:20 breadbox.penurio.us systemd-udevd[359]: 'ata_id --export /dev/sda'(out) 'ID_ATA_FEATURE_SET_HPA_ENABLED=1'
Jun 08 14:36:20 breadbox.penurio.us systemd-udevd[408]: seq 4206 running
Jun 08 14:36:20 breadbox.penurio.us systemd-udevd[327]: seq 4247 forked new worker [410]
Jun 08 14:36:20 breadbox.penurio.us systemd-udevd[407]: no db file to read /run/udev/data/+pci:0000:06:00.0: No such file or directory
Jun 08 14:36:20 breadbox.penurio.us systemd-udevd[409]: seq 4242 running
Jun 08 14:36:20 breadbox.penurio.us systemd-udevd[406]: passed unknown number of bytes to netlink monitor 0x7fa12ccc7560
Jun 08 14:36:20 breadbox.penurio.us systemd-udevd[410]: seq 4247 running
Jun 08 14:36:20 breadbox.penurio.us systemd-udevd[405]: seq 4203 processed with 0
Jun 08 14:36:20 breadbox.penurio.us systemd-udevd[359]: 'ata_id --export /dev/sda'(out) 'ID_ATA_FEATURE_SET_PM=1'
Jun 08 14:36:20 breadbox.penurio.us systemd-udevd[408]: no db file to read /run/udev/data/+queues:tx-7: No such file or directory
Jun 08 14:36:20 breadbox.penurio.us systemd-udevd[327]: seq 4248 forked new worker [411]
Jun 08 14:36:20 breadbox.penurio.us systemd-udevd[407]: passed unknown number of bytes to netlink monitor 0x7fa12ccd2fb0
Jun 08 14:36:20 breadbox.penurio.us systemd-udevd[409]: no db file to read /run/udev/data/c13:66: No such file or directory
Jun 08 14:36:20 breadbox.penurio.us systemd-udevd[411]: seq 4248 running
Jun 08 14:36:20 breadbox.penurio.us systemd-udevd[406]: seq 4204 processed with 0
Jun 08 14:36:20 breadbox.penurio.us systemd-udevd[410]: no db file to read /run/udev/data/c13:32: No such file or directory
Jun 08 14:36:20 breadbox.penurio.us systemd-udevd[359]: 'ata_id --export /dev/sda'(out) 'ID_ATA_FEATURE_SET_PM_ENABLED=1'
Jun 08 14:36:20 breadbox.penurio.us systemd-udevd[408]: no db file to read /run/udev/data/+pci:0000:06:00.0: No such file or directory
Jun 08 14:36:20 breadbox.penurio.us systemd-udevd[407]: seq 4205 processed with 0
Jun 08 14:36:20 breadbox.penurio.us systemd-udevd[327]: seq 4250 forked new worker [412]
Jun 08 14:36:20 breadbox.penurio.us systemd-udevd[409]: IMPORT builtin 'input_id' /usr/lib/udev/rules.d/50-udev-default.rules:10
Jun 08 14:36:20 breadbox.penurio.us systemd-udevd[412]: seq 4250 running
Jun 08 14:36:20 breadbox.penurio.us systemd-udevd[411]: no db file to read /run/udev/data/c13:67: No such file or directory
Jun 08 14:36:20 breadbox.penurio.us systemd-udevd[410]: IMPORT builtin 'input_id' /usr/lib/udev/rules.d/50-udev-default.rules:10
Jun 08 14:36:20 breadbox.penurio.us systemd-udevd[359]: 'ata_id --export /dev/sda'(out) 'ID_ATA_FEATURE_SET_SECURITY=1'
Jun 08 14:36:20 breadbox.penurio.us systemd-udevd[408]: passed unknown number of bytes to netlink monitor 0x7fa12ccd0d00
Jun 08 14:36:20 breadbox.penurio.us systemd-udevd[327]: seq 4261 queued, 'add' 'block'
Jun 08 14:36:20 breadbox.penurio.us systemd-udevd[409]: capabilities/ev raw kernel attribute: 120013
Jun 08 14:36:20 breadbox.penurio.us systemd-udevd[412]: no db file to read /run/udev/data/+pci:0000:06:00.0: No such file or directory
Jun 08 14:36:20 breadbox.penurio.us systemd-udevd[411]: IMPORT builtin 'input_id' /usr/lib/udev/rules.d/50-udev-default.rules:10
Jun 08 14:36:20 breadbox.penurio.us systemd-udevd[410]: capabilities/ev raw kernel attribute: 1f
Jun 08 14:36:20 breadbox.penurio.us systemd-udevd[359]: 'ata_id --export /dev/sda'(out) 'ID_ATA_FEATURE_SET_SECURITY_ENABLED=0'
Jun 08 14:36:20 breadbox.penurio.us systemd-udevd[408]: seq 4206 processed with 0
Jun 08 14:36:20 breadbox.penurio.us systemd-udevd[327]: passed 180 bytes to netlink monitor 0x7fa12cca02f0
Jun 08 14:36:20 breadbox.penurio.us systemd-udevd[328]: seq 4216 running
Jun 08 14:36:20 breadbox.penurio.us systemd-udevd[409]: capabilities/abs raw kernel attribute: 0
Jun 08 14:36:20 breadbox.penurio.us systemd-udevd[412]: IMPORT builtin 'net_id' /usr/lib/udev/rules.d/75-net-description.rules:6
Jun 08 14:36:20 breadbox.penurio.us systemd-udevd[411]: capabilities/ev raw kernel attribute: 1f
Jun 08 14:36:20 breadbox.penurio.us systemd-udevd[410]: capabilities/abs raw kernel attribute: 3
Jun 08 14:36:20 breadbox.penurio.us systemd-udevd[359]: 'ata_id --export /dev/sda'(out) 'ID_ATA_FEATURE_SET_SECURITY_ERASE_UNIT_MIN=2'
Jun 08 14:36:20 breadbox.penurio.us systemd-udevd[327]: passed 180 bytes to netlink monitor 0x7fa12cca02f0
Jun 08 14:36:20 breadbox.penurio.us systemd-udevd[329]: seq 4217 running
Jun 08 14:36:20 breadbox.penurio.us systemd-udevd[328]: no db file to read /run/udev/data/+queues:rx-0: No such file or directory
Jun 08 14:36:20 breadbox.penurio.us systemd-udevd[409]: capabilities/rel raw kernel attribute: 0
Jun 08 14:36:20 breadbox.penurio.us systemd-udevd[411]: capabilities/abs raw kernel attribute: 3
Jun 08 14:36:20 breadbox.penurio.us systemd-udevd[410]: capabilities/rel raw kernel attribute: 100
Jun 08 14:36:20 breadbox.penurio.us systemd-udevd[359]: 'ata_id --export /dev/sda'(out) 'ID_ATA_FEATURE_SET_SECURITY_ENHANCED_ERASE_UNIT_MIN=8'
Jun 08 14:36:20 breadbox.penurio.us systemd-udevd[327]: passed 180 bytes to netlink monitor 0x7fa12cca02f0
Jun 08 14:36:20 breadbox.penurio.us systemd-udevd[333]: seq 4218 running
Jun 08 14:36:20 breadbox.penurio.us systemd-udevd[329]: no db file to read /run/udev/data/+queues:rx-1: No such file or directory
Jun 08 14:36:20 breadbox.penurio.us systemd-udevd[412]: IMPORT builtin 'hwdb' /usr/lib/udev/rules.d/75-net-description.rules:12
Jun 08 14:36:20 breadbox.penurio.us systemd-udevd[328]: no db file to read /run/udev/data/+pci:0000:06:00.1: No such file or directory
Jun 08 14:36:20 breadbox.penurio.us systemd-udevd[409]: capabilities/key raw kernel attribute: 1000000000007 ff800000000007ff f2beffdf73cfffff fffffffffffffffe
Jun 08 14:36:20 breadbox.penurio.us systemd-udevd[411]: capabilities/rel raw kernel attribute: 100
Jun 08 14:36:20 breadbox.penurio.us systemd-udevd[410]: capabilities/key raw kernel attribute: 70000 0 0 0 0
Jun 08 14:36:20 breadbox.penurio.us systemd-udevd[359]: 'ata_id --export /dev/sda'(out) 'ID_ATA_FEATURE_SET_SMART=1'
Jun 08 14:36:20 breadbox.penurio.us systemd-udevd[327]: passed 180 bytes to netlink monitor 0x7fa12cca02f0
Jun 08 14:36:20 breadbox.penurio.us systemd-udevd[334]: seq 4219 running
Jun 08 14:36:20 breadbox.penurio.us systemd-udevd[333]: no db file to read /run/udev/data/+queues:rx-2: No such file or directory
Jun 08 14:36:20 breadbox.penurio.us systemd-udevd[329]: no db file to read /run/udev/data/+pci:0000:06:00.1: No such file or directory
Jun 08 14:36:20 breadbox.penurio.us systemd-udevd[412]: IMPORT builtin 'hwdb' returned non-zero
Jun 08 14:36:20 breadbox.penurio.us systemd-udevd[328]: passed unknown number of bytes to netlink monitor 0x7fa12ccb0ff0
Jun 08 14:36:20 breadbox.penurio.us systemd-udevd[409]: test_key: checking bit block 0 for any keys; found=1
Jun 08 14:36:20 breadbox.penurio.us systemd-udevd[411]: capabilities/key raw kernel attribute: 70000 0 0 0 0
Jun 08 14:36:20 breadbox.penurio.us systemd-udevd[410]: test_key: checking bit block 0 for any keys; found=0
Jun 08 14:36:20 breadbox.penurio.us systemd-udevd[359]: 'ata_id --export /dev/sda'(out) 'ID_ATA_FEATURE_SET_SMART_ENABLED=1'
Jun 08 14:36:20 breadbox.penurio.us systemd-udevd[327]: passed 180 bytes to netlink monitor 0x7fa12cca02f0
Jun 08 14:36:20 breadbox.penurio.us systemd-udevd[336]: seq 4220 running
Jun 08 14:36:20 breadbox.penurio.us systemd-udevd[334]: no db file to read /run/udev/data/+queues:rx-3: No such file or directory
Jun 08 14:36:20 breadbox.penurio.us systemd-udevd[333]: no db file to read /run/udev/data/+pci:0000:06:00.1: No such file or directory
Jun 08 14:36:20 breadbox.penurio.us systemd-udevd[329]: passed unknown number of bytes to netlink monitor 0x7fa12ccb2a70
Jun 08 14:36:20 breadbox.penurio.us systemd-udevd[412]: created db file '/run/udev/data/n2' for '/devices/pci0000:00/0000:00:1c.0/0000:06:00.0/net/eno1'
Jun 08 14:36:20 breadbox.penurio.us systemd-udevd[328]: seq 4216 processed with 0
Jun 08 14:36:20 breadbox.penurio.us systemd-udevd[409]: test_key: checking bit block 64 for any keys; found=1
Jun 08 14:36:20 breadbox.penurio.us systemd-udevd[411]: test_key: checking bit block 0 for any keys; found=0
Jun 08 14:36:20 breadbox.penurio.us systemd-udevd[410]: test_key: checking bit block 64 for any keys; found=0
Jun 08 14:36:20 breadbox.penurio.us systemd-udevd[359]: 'ata_id --export /dev/sda'(out) 'ID_ATA_DOWNLOAD_MICROCODE=1'
Jun 08 14:36:20 breadbox.penurio.us systemd-udevd[327]: passed 180 bytes to netlink monitor 0x7fa12cca02f0
Jun 08 14:36:20 breadbox.penurio.us systemd-udevd[339]: seq 4221 running
Jun 08 14:36:20 breadbox.penurio.us systemd-udevd[336]: no db file to read /run/udev/data/+queues:rx-4: No such file or directory
Jun 08 14:36:20 breadbox.penurio.us systemd-udevd[334]: no db file to read /run/udev/data/+pci:0000:06:00.1: No such file or directory
Jun 08 14:36:20 breadbox.penurio.us systemd-udevd[333]: passed unknown number of bytes to netlink monitor 0x7fa12cca4550
Jun 08 14:36:20 breadbox.penurio.us systemd-udevd[329]: seq 4217 processed with 0
Jun 08 14:36:20 breadbox.penurio.us systemd-udevd[412]: passed unknown number of bytes to netlink monitor 0x7fa12cce0960
Jun 08 14:36:20 breadbox.penurio.us systemd-udevd[409]: test_key: checking bit block 128 for any keys; found=1
Jun 08 14:36:20 breadbox.penurio.us systemd-udevd[411]: test_key: checking bit block 64 for any keys; found=0
Jun 08 14:36:20 breadbox.penurio.us systemd-udevd[410]: test_key: checking bit block 128 for any keys; found=0
Jun 08 14:36:20 breadbox.penurio.us systemd-udevd[359]: 'ata_id --export /dev/sda'(out) 'ID_ATA_SATA=1'
Jun 08 14:36:20 breadbox.penurio.us systemd-udevd[327]: passed 180 bytes to netlink monitor 0x7fa12cca02f0
Jun 08 14:36:20 breadbox.penurio.us systemd-udevd[355]: seq 4222 running
Jun 08 14:36:20 breadbox.penurio.us systemd-udevd[339]: no db file to read /run/udev/data/+queues:rx-5: No such file or directory
Jun 08 14:36:20 breadbox.penurio.us systemd-udevd[336]: no db file to read /run/udev/data/+pci:0000:06:00.1: No such file or directory
Jun 08 14:36:20 breadbox.penurio.us systemd-udevd[334]: passed unknown number of bytes to netlink monitor 0x7fa12cca7a60
Jun 08 14:36:20 breadbox.penurio.us systemd-udevd[333]: seq 4218 processed with 0
Jun 08 14:36:20 breadbox.penurio.us systemd-udevd[412]: seq 4250 processed with 0
Jun 08 14:36:20 breadbox.penurio.us systemd-udevd[335]: '/usr/lib/systemd/systemd-vconsole-setup' [393] exit with return code 0
Jun 08 14:36:20 breadbox.penurio.us systemd-udevd[409]: test_key: checking bit block 192 for any keys; found=1
Jun 08 14:36:20 breadbox.penurio.us systemd-udevd[411]: test_key: checking bit block 128 for any keys; found=0
Jun 08 14:36:20 breadbox.penurio.us systemd-udevd[410]: test_key: checking bit block 192 for any keys; found=0
Jun 08 14:36:20 breadbox.penurio.us systemd-udevd[359]: 'ata_id --export /dev/sda'(out) 'ID_ATA_SATA_SIGNAL_RATE_GEN2=1'
Jun 08 14:36:20 breadbox.penurio.us systemd-udevd[327]: passed 180 bytes to netlink monitor 0x7fa12cca02f0
Jun 08 14:36:20 breadbox.penurio.us systemd-udevd[356]: seq 4223 running
Jun 08 14:36:20 breadbox.penurio.us systemd-udevd[355]: no db file to read /run/udev/data/+queues:rx-6: No such file or directory
Jun 08 14:36:20 breadbox.penurio.us systemd-udevd[339]: no db file to read /run/udev/data/+pci:0000:06:00.1: No such file or directory
Jun 08 14:36:20 breadbox.penurio.us systemd-udevd[336]: passed unknown number of bytes to netlink monitor 0x7fa12ccaee60
Jun 08 14:36:20 breadbox.penurio.us systemd-udevd[334]: seq 4219 processed with 0
Jun 08 14:36:20 breadbox.penurio.us systemd-udevd[335]: passed unknown number of bytes to netlink monitor 0x7fa12ccb06b0
Jun 08 14:36:20 breadbox.penurio.us systemd-udevd[411]: test_key: checking bit block 192 for any keys; found=0
Jun 08 14:36:20 breadbox.penurio.us systemd-udevd[410]: GROUP 998 /usr/lib/udev/rules.d/50-udev-default.rules:26
Jun 08 14:36:20 breadbox.penurio.us systemd-udevd[359]: 'ata_id --export /dev/sda'(out) 'ID_ATA_SATA_SIGNAL_RATE_GEN1=1'
Jun 08 14:36:20 breadbox.penurio.us systemd-udevd[327]: passed 180 bytes to netlink monitor 0x7fa12cca02f0
Jun 08 14:36:20 breadbox.penurio.us systemd-udevd[357]: seq 4224 running
Jun 08 14:36:20 breadbox.penurio.us systemd-udevd[356]: no db file to read /run/udev/data/+queues:rx-7: No such file or directory
Jun 08 14:36:20 breadbox.penurio.us systemd-udevd[355]: no db file to read /run/udev/data/+pci:0000:06:00.1: No such file or directory
Jun 08 14:36:20 breadbox.penurio.us systemd-udevd[339]: passed unknown number of bytes to netlink monitor 0x7fa12cca53a0
Jun 08 14:36:20 breadbox.penurio.us systemd-udevd[336]: seq 4220 processed with 0
Jun 08 14:36:20 breadbox.penurio.us systemd-udevd[335]: seq 4188 processed with 0
Jun 08 14:36:20 breadbox.penurio.us systemd-udevd[410]: handling device node '/dev/input/mouse0', devnum=c13:32, mode=0660, uid=0, gid=998
Jun 08 14:36:20 breadbox.penurio.us systemd-udevd[359]: 'ata_id --export /dev/sda'(out) 'ID_ATA_ROTATION_RATE_RPM=0'
Jun 08 14:36:20 breadbox.penurio.us systemd-udevd[327]: passed 180 bytes to netlink monitor 0x7fa12cca02f0
Jun 08 14:36:20 breadbox.penurio.us systemd-udevd[358]: seq 4225 running
Jun 08 14:36:20 breadbox.penurio.us systemd-udevd[357]: no db file to read /run/udev/data/+queues:tx-0: No such file or directory
Jun 08 14:36:20 breadbox.penurio.us systemd-udevd[356]: no db file to read /run/udev/data/+pci:0000:06:00.1: No such file or directory
Jun 08 14:36:20 breadbox.penurio.us systemd-udevd[355]: passed unknown number of bytes to netlink monitor 0x7fa12ccb6ae0
Jun 08 14:36:20 breadbox.penurio.us systemd-udevd[339]: seq 4221 processed with 0
Jun 08 14:36:20 breadbox.penurio.us systemd-udevd[410]: set permissions /dev/input/mouse0, 020660, uid=0, gid=998
Jun 08 14:36:20 breadbox.penurio.us systemd-udevd[359]: 'ata_id --export /dev/sda'(out) 'ID_WWN=0x5002538d40c37d94'
Jun 08 14:36:20 breadbox.penurio.us systemd-udevd[327]: passed 180 bytes to netlink monitor 0x7fa12cca02f0
Jun 08 14:36:20 breadbox.penurio.us systemd-udevd[360]: seq 4226 running
Jun 08 14:36:20 breadbox.penurio.us systemd-udevd[358]: no db file to read /run/udev/data/+queues:tx-1: No such file or directory
Jun 08 14:36:20 breadbox.penurio.us systemd-udevd[357]: no db file to read /run/udev/data/+pci:0000:06:00.1: No such file or directory
Jun 08 14:36:20 breadbox.penurio.us systemd-udevd[356]: passed unknown number of bytes to netlink monitor 0x7fa12ccc34c0
Jun 08 14:36:20 breadbox.penurio.us systemd-udevd[355]: seq 4222 processed with 0
Jun 08 14:36:20 breadbox.penurio.us systemd-udevd[410]: creating symlink '/dev/char/13:32' to '../input/mouse0'
Jun 08 14:36:20 breadbox.penurio.us systemd-udevd[359]: 'ata_id --export /dev/sda'(out) 'ID_WWN_WITH_EXTENSION=0x5002538d40c37d94'
Jun 08 14:36:20 breadbox.penurio.us systemd-udevd[327]: passed 180 bytes to netlink monitor 0x7fa12cca02f0
Jun 08 14:36:20 breadbox.penurio.us systemd-udevd[361]: seq 4227 running
Jun 08 14:36:20 breadbox.penurio.us systemd-udevd[360]: no db file to read /run/udev/data/+queues:tx-2: No such file or directory
Jun 08 14:36:20 breadbox.penurio.us systemd-udevd[358]: no db file to read /run/udev/data/+pci:0000:06:00.1: No such file or directory
Jun 08 14:36:20 breadbox.penurio.us systemd-udevd[357]: passed unknown number of bytes to netlink monitor 0x7fa12ccc36d0
Jun 08 14:36:20 breadbox.penurio.us systemd-udevd[356]: seq 4223 processed with 0
Jun 08 14:36:20 breadbox.penurio.us systemd-udevd[410]: created db file '/run/udev/data/c13:32' for '/devices/pci0000:00/0000:00:14.0/usb3/3-4/3-4.1/3-4.1:1.1/input/input3/mouse0'
Jun 08 14:36:20 breadbox.penurio.us systemd-udevd[359]: 'ata_id --export /dev/sda' [403] exit with return code 0
Jun 08 14:36:20 breadbox.penurio.us systemd-udevd[327]: passed 180 bytes to netlink monitor 0x7fa12cca02f0
Jun 08 14:36:20 breadbox.penurio.us systemd-udevd[362]: seq 4228 running
Jun 08 14:36:20 breadbox.penurio.us systemd-udevd[361]: no db file to read /run/udev/data/+queues:tx-3: No such file or directory
Jun 08 14:36:20 breadbox.penurio.us systemd-udevd[360]: no db file to read /run/udev/data/+pci:0000:06:00.1: No such file or directory
Jun 08 14:36:20 breadbox.penurio.us systemd-udevd[358]: passed unknown number of bytes to netlink monitor 0x7fa12ccc38e0
Jun 08 14:36:20 breadbox.penurio.us systemd-udevd[357]: seq 4224 processed with 0
Jun 08 14:36:20 breadbox.penurio.us systemd-udevd[410]: passed unknown number of bytes to netlink monitor 0x7fa12ccae710
Jun 08 14:36:20 breadbox.penurio.us systemd-udevd[359]: LINK 'disk/by-id/ata-Samsung_SSD_850_EVO_1TB_S2RENXAH316500T' /usr/lib/udev/rules.d/60-persistent-storage.rules:52
Jun 08 14:36:20 breadbox.penurio.us systemd-udevd[327]: passed 180 bytes to netlink monitor 0x7fa12cca02f0
Jun 08 14:36:20 breadbox.penurio.us systemd-udevd[363]: seq 4229 running
Jun 08 14:36:20 breadbox.penurio.us systemd-udevd[362]: no db file to read /run/udev/data/+queues:tx-4: No such file or directory
Jun 08 14:36:20 breadbox.penurio.us systemd-udevd[361]: no db file to read /run/udev/data/+pci:0000:06:00.1: No such file or directory
Jun 08 14:36:20 breadbox.penurio.us systemd-udevd[360]: passed unknown number of bytes to netlink monitor 0x7fa12ccc3d00
Jun 08 14:36:20 breadbox.penurio.us systemd-udevd[358]: seq 4225 processed with 0
Jun 08 14:36:20 breadbox.penurio.us systemd-udevd[410]: seq 4247 processed with 0
Jun 08 14:36:20 breadbox.penurio.us systemd-udevd[359]: IMPORT builtin 'path_id' /usr/lib/udev/rules.d/60-persistent-storage.rules:65
Jun 08 14:36:20 breadbox.penurio.us systemd-udevd[359]: LINK 'disk/by-path/pci-0000:00:1f.2-ata-6.0' /usr/lib/udev/rules.d/60-persistent-storage.rules:66
Jun 08 14:36:20 breadbox.penurio.us systemd-udevd[364]: seq 4230 running
Jun 08 14:36:20 breadbox.penurio.us systemd-udevd[363]: no db file to read /run/udev/data/+queues:tx-5: No such file or directory
Jun 08 14:36:20 breadbox.penurio.us systemd-udevd[362]: no db file to read /run/udev/data/+pci:0000:06:00.1: No such file or directory
Jun 08 14:36:20 breadbox.penurio.us systemd-udevd[361]: passed unknown number of bytes to netlink monitor 0x7fa12ccc3f60
Jun 08 14:36:20 breadbox.penurio.us systemd-udevd[360]: seq 4226 processed with 0
Jun 08 14:36:20 breadbox.penurio.us systemd-udevd[359]: IMPORT builtin 'blkid' /usr/lib/udev/rules.d/60-persistent-storage.rules:82
Jun 08 14:36:20 breadbox.penurio.us systemd-udevd[327]: passed 180 bytes to netlink monitor 0x7fa12cca02f0
Jun 08 14:36:20 breadbox.penurio.us systemd-udevd[364]: no db file to read /run/udev/data/+queues:tx-6: No such file or directory
Jun 08 14:36:20 breadbox.penurio.us systemd-udevd[363]: no db file to read /run/udev/data/+pci:0000:06:00.1: No such file or directory
Jun 08 14:36:20 breadbox.penurio.us systemd-udevd[362]: passed unknown number of bytes to netlink monitor 0x7fa12ccc41c0
Jun 08 14:36:20 breadbox.penurio.us systemd-udevd[361]: seq 4227 processed with 0
Jun 08 14:36:20 breadbox.penurio.us systemd-udevd[359]: probe /dev/sda raid offset=0
Jun 08 14:36:20 breadbox.penurio.us systemd-udevd[327]: passed 180 bytes to netlink monitor 0x7fa12cca02f0
Jun 08 14:36:20 breadbox.penurio.us systemd-udevd[404]: seq 4231 running
Jun 08 14:36:20 breadbox.penurio.us systemd-udevd[364]: no db file to read /run/udev/data/+pci:0000:06:00.1: No such file or directory
Jun 08 14:36:20 breadbox.penurio.us systemd-udevd[363]: passed unknown number of bytes to netlink monitor 0x7fa12ccc4420
Jun 08 14:36:20 breadbox.penurio.us systemd-udevd[362]: seq 4228 processed with 0
Jun 08 14:36:20 breadbox.penurio.us systemd-udevd[327]: passed 258 bytes to netlink monitor 0x7fa12cca02f0
Jun 08 14:36:20 breadbox.penurio.us systemd-udevd[405]: seq 4258 running
Jun 08 14:36:20 breadbox.penurio.us systemd-udevd[404]: no db file to read /run/udev/data/+queues:tx-7: No such file or directory
Jun 08 14:36:20 breadbox.penurio.us systemd-udevd[364]: passed unknown number of bytes to netlink monitor 0x7fa12ccc4680
Jun 08 14:36:20 breadbox.penurio.us systemd-udevd[363]: seq 4229 processed with 0
Jun 08 14:36:20 breadbox.penurio.us systemd-udevd[405]: no db file to read /run/udev/data/+pci:0000:06:00.1: No such file or directory
Jun 08 14:36:20 breadbox.penurio.us systemd-udevd[404]: no db file to read /run/udev/data/+pci:0000:06:00.1: No such file or directory
Jun 08 14:36:20 breadbox.penurio.us systemd-udevd[364]: seq 4230 processed with 0
Jun 08 14:36:20 breadbox.penurio.us systemd-udevd[405]: IMPORT builtin 'net_id' /usr/lib/udev/rules.d/75-net-description.rules:6
Jun 08 14:36:20 breadbox.penurio.us systemd-udevd[404]: passed unknown number of bytes to netlink monitor 0x7fa12ccc8090
Jun 08 14:36:20 breadbox.penurio.us systemd-udevd[404]: seq 4231 processed with 0
Jun 08 14:36:20 breadbox.penurio.us systemd-udevd[405]: IMPORT builtin 'hwdb' /usr/lib/udev/rules.d/75-net-description.rules:12
Jun 08 14:36:20 breadbox.penurio.us systemd-udevd[405]: IMPORT builtin 'hwdb' returned non-zero
Jun 08 14:36:20 breadbox.penurio.us systemd-udevd[405]: created db file '/run/udev/data/n3' for '/devices/pci0000:00/0000:00:1c.0/0000:06:00.1/net/eno2'
Jun 08 14:36:20 breadbox.penurio.us systemd-udevd[405]: passed unknown number of bytes to netlink monitor 0x7fa12ccd1190
Jun 08 14:36:20 breadbox.penurio.us systemd-udevd[405]: seq 4258 processed with 0
Jun 08 14:36:20 breadbox.penurio.us systemd-udevd[359]: LINK 'disk/by-id/wwn-0x5002538d40c37d94' /usr/lib/udev/rules.d/60-persistent-storage.rules:92
Jun 08 14:36:20 breadbox.penurio.us systemd-udevd[359]: no db file to read /run/udev/data/+scsi:5:0:0:0: No such file or directory
Jun 08 14:36:20 breadbox.penurio.us systemd-udevd[359]: handling device node '/dev/sda', devnum=b8:0, mode=0660, uid=0, gid=6
Jun 08 14:36:20 breadbox.penurio.us systemd-udevd[359]: set permissions /dev/sda, 060660, uid=0, gid=6
Jun 08 14:36:20 breadbox.penurio.us systemd-udevd[359]: creating symlink '/dev/block/8:0' to '../sda'
Jun 08 14:36:20 breadbox.penurio.us systemd-udevd[359]: creating link '/dev/disk/by-id/ata-Samsung_SSD_850_EVO_1TB_S2RENXAH316500T' to '/dev/sda'
Jun 08 14:36:20 breadbox.penurio.us systemd-udevd[359]: creating symlink '/dev/disk/by-id/ata-Samsung_SSD_850_EVO_1TB_S2RENXAH316500T' to '../../sda'
Jun 08 14:36:20 breadbox.penurio.us systemd-udevd[359]: creating link '/dev/disk/by-id/wwn-0x5002538d40c37d94' to '/dev/sda'
Jun 08 14:36:20 breadbox.penurio.us systemd-udevd[359]: creating symlink '/dev/disk/by-id/wwn-0x5002538d40c37d94' to '../../sda'
Jun 08 14:36:20 breadbox.penurio.us systemd-udevd[359]: creating link '/dev/disk/by-path/pci-0000:00:1f.2-ata-6.0' to '/dev/sda'
Jun 08 14:36:20 breadbox.penurio.us systemd-udevd[359]: creating symlink '/dev/disk/by-path/pci-0000:00:1f.2-ata-6.0' to '../../sda'
Jun 08 14:36:20 breadbox.penurio.us systemd-udevd[359]: created db file '/run/udev/data/b8:0' for '/devices/pci0000:00/0000:00:1f.2/ata6/host5/target5:0:0/5:0:0:0/block/sda'
Jun 08 14:36:20 breadbox.penurio.us systemd-udevd[359]: adding watch on '/dev/sda'
Jun 08 14:36:20 breadbox.penurio.us systemd-udevd[359]: created db file '/run/udev/data/b8:0' for '/devices/pci0000:00/0000:00:1f.2/ata6/host5/target5:0:0/5:0:0:0/block/sda'
Jun 08 14:36:20 breadbox.penurio.us systemd-udevd[359]: passed unknown number of bytes to netlink monitor 0x7fa12ccc3af0
Jun 08 14:36:20 breadbox.penurio.us systemd-udevd[359]: seq 4259 processed with 0
Jun 08 14:36:20 breadbox.penurio.us systemd-udevd[327]: passed 243 bytes to netlink monitor 0x7fa12cca02f0
Jun 08 14:36:20 breadbox.penurio.us systemd-udevd[328]: seq 4260 running
Jun 08 14:36:20 breadbox.penurio.us systemd-udevd[327]: passed 243 bytes to netlink monitor 0x7fa12cca02f0
Jun 08 14:36:20 breadbox.penurio.us systemd-udevd[329]: seq 4261 running
Jun 08 14:36:20 breadbox.penurio.us systemd[1]: dev-disk-by\x2dpath-pci\x2d0000:00:1f.2\x2data\x2d6.0.device changed dead -> plugged
Jun 08 14:36:20 breadbox.penurio.us systemd-udevd[328]: no db file to read /run/udev/data/b8:1: No such file or directory
Jun 08 14:36:20 breadbox.penurio.us systemd-udevd[329]: no db file to read /run/udev/data/b8:2: No such file or directory
Jun 08 14:36:20 breadbox.penurio.us systemd[1]: dev-disk-by\x2did-wwn\x2d0x5002538d40c37d94.device changed dead -> plugged
Jun 08 14:36:20 breadbox.penurio.us systemd-udevd[328]: GROUP 6 /usr/lib/udev/rules.d/50-udev-default.rules:52
Jun 08 14:36:20 breadbox.penurio.us systemd-udevd[329]: GROUP 6 /usr/lib/udev/rules.d/50-udev-default.rules:52
Jun 08 14:36:20 breadbox.penurio.us systemd[1]: dev-disk-by\x2did-ata\x2dSamsung_SSD_850_EVO_1TB_S2RENXAH316500T.device changed dead -> plugged
Jun 08 14:36:20 breadbox.penurio.us systemd-udevd[328]: LINK 'disk/by-id/ata-Samsung_SSD_850_EVO_1TB_S2RENXAH316500T-part1' /usr/lib/udev/rules.d/60-persistent-storage.rules:53
Jun 08 14:36:20 breadbox.penurio.us systemd-udevd[329]: LINK 'disk/by-id/ata-Samsung_SSD_850_EVO_1TB_S2RENXAH316500T-part2' /usr/lib/udev/rules.d/60-persistent-storage.rules:53
Jun 08 14:36:20 breadbox.penurio.us systemd[1]: dev-sda.device changed dead -> plugged
Jun 08 14:36:20 breadbox.penurio.us systemd-udevd[328]: LINK 'disk/by-path/pci-0000:00:1f.2-ata-6.0-part1' /usr/lib/udev/rules.d/60-persistent-storage.rules:68
Jun 08 14:36:20 breadbox.penurio.us systemd-udevd[329]: LINK 'disk/by-path/pci-0000:00:1f.2-ata-6.0-part2' /usr/lib/udev/rules.d/60-persistent-storage.rules:68
Jun 08 14:36:20 breadbox.penurio.us systemd[1]: sys-devices-pci0000:00-0000:00:1f.2-ata6-host5-target5:0:0-5:0:0:0-block-sda.device changed dead -> plugged
Jun 08 14:36:20 breadbox.penurio.us systemd-udevd[328]: IMPORT builtin 'blkid' /usr/lib/udev/rules.d/60-persistent-storage.rules:82
Jun 08 14:36:20 breadbox.penurio.us systemd-udevd[329]: IMPORT builtin 'blkid' /usr/lib/udev/rules.d/60-persistent-storage.rules:82
Jun 08 14:36:20 breadbox.penurio.us systemd-udevd[328]: probe /dev/sda1 raid offset=0
Jun 08 14:36:20 breadbox.penurio.us systemd-udevd[329]: probe /dev/sda2 raid offset=0
Jun 08 14:36:20 breadbox.penurio.us systemd-udevd[329]: LINK 'disk/by-id/wwn-0x5002538d40c37d94-part2' /usr/lib/udev/rules.d/60-persistent-storage.rules:93
Jun 08 14:36:20 breadbox.penurio.us systemd-udevd[329]: PROGRAM '/bin/sh -c 'for i in /sys//devices/pci0000:00/0000:00:1f.2/ata6/host5/target5:0:0/5:0:0:0/block/sda/sda2/holders/dm-[0-9]*; do [ -e $i ] && exit 0; done; exit 1;' ' /etc/udev/rules.d/64-lvm.rules:15
Jun 08 14:36:20 breadbox.penurio.us systemd-udevd[413]: starting '/bin/sh -c 'for i in /sys//devices/pci0000:00/0000:00:1f.2/ata6/host5/target5:0:0/5:0:0:0/block/sda/sda2/holders/dm-[0-9]*; do [ -e $i ] && exit 0; done; exit 1;' '
Jun 08 14:36:20 breadbox.penurio.us systemd-udevd[409]: GROUP 998 /usr/lib/udev/rules.d/50-udev-default.rules:26
Jun 08 14:36:20 breadbox.penurio.us systemd-udevd[409]: handling device node '/dev/input/event2', devnum=c13:66, mode=0660, uid=0, gid=998
Jun 08 14:36:20 breadbox.penurio.us systemd-udevd[409]: set permissions /dev/input/event2, 020660, uid=0, gid=998
Jun 08 14:36:20 breadbox.penurio.us systemd-udevd[409]: creating symlink '/dev/char/13:66' to '../input/event2'
Jun 08 14:36:20 breadbox.penurio.us systemd-udevd[409]: created db file '/run/udev/data/c13:66' for '/devices/pci0000:00/0000:00:14.0/usb3/3-4/3-4.1/3-4.1:1.0/input/input2/event2'
Jun 08 14:36:20 breadbox.penurio.us systemd-udevd[409]: passed unknown number of bytes to netlink monitor 0x7fa12ccc8a50
Jun 08 14:36:20 breadbox.penurio.us systemd-udevd[409]: seq 4242 processed with 0
Jun 08 14:36:20 breadbox.penurio.us systemd-udevd[329]: '/bin/sh -c 'for i in /sys//devices/pci0000:00/0000:00:1f.2/ata6/host5/target5:0:0/5:0:0:0/block/sda/sda2/holders/dm-[0-9]*; do [ -e $i ] && exit 0; done; exit 1;' ' [413] exit with return code 1
Jun 08 14:36:20 breadbox.penurio.us systemd-udevd[329]: RUN '/sbin/initqueue --settled --onetime --unique /sbin/lvm_scan' /etc/udev/rules.d/64-lvm.rules:17
Jun 08 14:36:20 breadbox.penurio.us systemd-udevd[329]: RUN '/sbin/initqueue --timeout --name 51-lvm_scan --onetime --unique /sbin/lvm_scan --partial' /etc/udev/rules.d/64-lvm.rules:18
Jun 08 14:36:20 breadbox.penurio.us systemd-udevd[329]: RUN '/bin/sh -c '>/tmp/.lvm_scan-%k;'' /etc/udev/rules.d/64-lvm.rules:19
Jun 08 14:36:20 breadbox.penurio.us systemd-udevd[329]: LINK 'disk/by-id/lvm-pv-uuid-ecMo0V-LOc5-bM03-3p2A-N3On-OHIt-eeCA7p' /usr/lib/udev/rules.d/69-dm-lvm-metad.rules:38
Jun 08 14:36:20 breadbox.penurio.us systemd-udevd[329]: handling device node '/dev/sda2', devnum=b8:2, mode=0660, uid=0, gid=6
Jun 08 14:36:20 breadbox.penurio.us systemd-udevd[329]: set permissions /dev/sda2, 060660, uid=0, gid=6
Jun 08 14:36:20 breadbox.penurio.us systemd-udevd[329]: creating symlink '/dev/block/8:2' to '../sda2'
Jun 08 14:36:20 breadbox.penurio.us systemd-udevd[329]: creating link '/dev/disk/by-id/ata-Samsung_SSD_850_EVO_1TB_S2RENXAH316500T-part2' to '/dev/sda2'
Jun 08 14:36:20 breadbox.penurio.us systemd-udevd[329]: creating symlink '/dev/disk/by-id/ata-Samsung_SSD_850_EVO_1TB_S2RENXAH316500T-part2' to '../../sda2'
Jun 08 14:36:20 breadbox.penurio.us systemd-udevd[329]: creating link '/dev/disk/by-id/lvm-pv-uuid-ecMo0V-LOc5-bM03-3p2A-N3On-OHIt-eeCA7p' to '/dev/sda2'
Jun 08 14:36:20 breadbox.penurio.us systemd-udevd[329]: creating symlink '/dev/disk/by-id/lvm-pv-uuid-ecMo0V-LOc5-bM03-3p2A-N3On-OHIt-eeCA7p' to '../../sda2'
Jun 08 14:36:20 breadbox.penurio.us systemd-udevd[329]: creating link '/dev/disk/by-id/wwn-0x5002538d40c37d94-part2' to '/dev/sda2'
