Jun 08 14:36:19 breadbox.penurio.us systemd-udevd[330]: no db file to read /run/udev/data/+pci_bus:0000:01: No such file or directory
Jun 08 14:36:19 breadbox.penurio.us systemd-udevd[329]: seq 2740 processed with 0
Jun 08 14:36:19 breadbox.penurio.us systemd-udevd[327]: seq 2747 queued, 'add' 'pci'
Jun 08 14:36:19 breadbox.penurio.us systemd-udevd[331]: no db file to read /run/udev/data/+pci:0000:00:02.2: No such file or directory
Jun 08 14:36:19 breadbox.penurio.us systemd-udevd[330]: no db file to read /run/udev/data/+pci:0000:00:01.0: No such file or directory
Jun 08 14:36:19 breadbox.penurio.us systemd-udevd[327]: passed 303 bytes to netlink monitor 0x7fa12cca02f0
Jun 08 14:36:19 breadbox.penurio.us systemd-udevd[329]: seq 2741 running
Jun 08 14:36:19 breadbox.penurio.us kernel: libata version 3.00 loaded.
Jun 08 14:36:19 breadbox.penurio.us systemd-udevd[331]: IMPORT builtin 'hwdb' /usr/lib/udev/rules.d/50-udev-default.rules:11
Jun 08 14:36:19 breadbox.penurio.us systemd-udevd[330]: passed unknown number of bytes to netlink monitor 0x7fa12ccb51c0
Jun 08 14:36:19 breadbox.penurio.us systemd-udevd[327]: passed 303 bytes to netlink monitor 0x7fa12cca02f0
Jun 08 14:36:19 breadbox.penurio.us systemd-udevd[333]: seq 2742 running
Jun 08 14:36:19 breadbox.penurio.us systemd-udevd[329]: no db file to read /run/udev/data/+pci:0000:02:00.0: No such file or directory
Jun 08 14:36:19 breadbox.penurio.us systemd-udevd[331]: IMPORT builtin 'hwdb' returned non-zero
Jun 08 14:36:19 breadbox.penurio.us systemd-udevd[330]: seq 2739 processed with 0
Jun 08 14:36:19 breadbox.penurio.us systemd-udevd[327]: passed 303 bytes to netlink monitor 0x7fa12cca02f0
Jun 08 14:36:19 breadbox.penurio.us systemd-udevd[334]: seq 2743 running
Jun 08 14:36:19 breadbox.penurio.us systemd-udevd[333]: no db file to read /run/udev/data/+pci:0000:02:00.1: No such file or directory
Jun 08 14:36:19 breadbox.penurio.us systemd-udevd[329]: IMPORT builtin 'hwdb' /usr/lib/udev/rules.d/50-udev-default.rules:11
Jun 08 14:36:19 breadbox.penurio.us systemd-udevd[331]: RUN 'kmod load $env{MODALIAS}' /usr/lib/udev/rules.d/80-drivers.rules:5
Jun 08 14:36:19 breadbox.penurio.us systemd-udevd[327]: passed 303 bytes to netlink monitor 0x7fa12cca02f0
Jun 08 14:36:19 breadbox.penurio.us systemd-udevd[335]: seq 2744 running
Jun 08 14:36:19 breadbox.penurio.us systemd-udevd[334]: no db file to read /run/udev/data/+pci:0000:02:00.2: No such file or directory
Jun 08 14:36:19 breadbox.penurio.us systemd-udevd[333]: IMPORT builtin 'hwdb' /usr/lib/udev/rules.d/50-udev-default.rules:11
Jun 08 14:36:19 breadbox.penurio.us systemd-udevd[329]: IMPORT builtin 'hwdb' returned non-zero
Jun 08 14:36:19 breadbox.penurio.us systemd-udevd[331]: Execute 'load' 'pci:v00008086d00006F06sv000015D9sd0000086Dbc06sc04i00'
Jun 08 14:36:19 breadbox.penurio.us systemd-udevd[327]: passed 163 bytes to netlink monitor 0x7fa12cca02f0
Jun 08 14:36:19 breadbox.penurio.us systemd-udevd[336]: seq 2745 running
Jun 08 14:36:19 breadbox.penurio.us systemd-udevd[335]: no db file to read /run/udev/data/+pci:0000:02:00.3: No such file or directory
Jun 08 14:36:19 breadbox.penurio.us systemd-udevd[334]: IMPORT builtin 'hwdb' /usr/lib/udev/rules.d/50-udev-default.rules:11
Jun 08 14:36:19 breadbox.penurio.us kernel: ahci 0000:00:1f.2: version 3.0
Jun 08 14:36:19 breadbox.penurio.us kernel: ahci 0000:00:1f.2: irq 37 for MSI/MSI-X
Jun 08 14:36:19 breadbox.penurio.us kernel: ahci 0000:00:1f.2: AHCI 0001.0300 32 slots 6 ports 6 Gbps 0x3f impl SATA mode
Jun 08 14:36:19 breadbox.penurio.us kernel: ahci 0000:00:1f.2: flags: 64bit ncq pm led clo pio slum part ems apst
Jun 08 14:36:19 breadbox.penurio.us systemd-udevd[333]: IMPORT builtin 'hwdb' returned non-zero
Jun 08 14:36:19 breadbox.penurio.us systemd-udevd[329]: no db file to read /run/udev/data/+pci:0000:00:02.0: No such file or directory
Jun 08 14:36:19 breadbox.penurio.us systemd-udevd[331]: No module matches 'pci:v00008086d00006F06sv000015D9sd0000086Dbc06sc04i00'
Jun 08 14:36:19 breadbox.penurio.us systemd-udevd[327]: seq 2748 queued, 'add' 'pci'
Jun 08 14:36:19 breadbox.penurio.us systemd-udevd[336]: no db file to read /run/udev/data/+pci_bus:0000:02: No such file or directory
Jun 08 14:36:19 breadbox.penurio.us systemd-udevd[335]: IMPORT builtin 'hwdb' /usr/lib/udev/rules.d/50-udev-default.rules:11
Jun 08 14:36:19 breadbox.penurio.us systemd-udevd[334]: IMPORT builtin 'hwdb' returned non-zero
Jun 08 14:36:19 breadbox.penurio.us systemd-udevd[333]: no db file to read /run/udev/data/+pci:0000:00:02.0: No such file or directory
Jun 08 14:36:19 breadbox.penurio.us systemd-udevd[329]: RUN 'kmod load $env{MODALIAS}' /usr/lib/udev/rules.d/80-drivers.rules:5
Jun 08 14:36:19 breadbox.penurio.us systemd-udevd[331]: passed unknown number of bytes to netlink monitor 0x7fa12ccb57b0
Jun 08 14:36:19 breadbox.penurio.us systemd-udevd[327]: seq 2749 queued, 'add' 'pci_bus'
Jun 08 14:36:19 breadbox.penurio.us systemd-udevd[336]: no db file to read /run/udev/data/+pci:0000:00:02.0: No such file or directory
Jun 08 14:36:19 breadbox.penurio.us systemd-udevd[335]: IMPORT builtin 'hwdb' returned non-zero
Jun 08 14:36:19 breadbox.penurio.us systemd-udevd[334]: no db file to read /run/udev/data/+pci:0000:00:02.0: No such file or directory
Jun 08 14:36:19 breadbox.penurio.us systemd-udevd[333]: RUN 'kmod load $env{MODALIAS}' /usr/lib/udev/rules.d/80-drivers.rules:5
Jun 08 14:36:19 breadbox.penurio.us systemd-udevd[329]: Execute 'load' 'pci:v00008086d00006F50sv000015D9sd0000086Dbc08sc80i00'
Jun 08 14:36:19 breadbox.penurio.us systemd-udevd[331]: seq 2746 processed with 0
Jun 08 14:36:19 breadbox.penurio.us systemd-udevd[327]: seq 2750 queued, 'add' 'pci'
Jun 08 14:36:19 breadbox.penurio.us systemd-udevd[336]: passed unknown number of bytes to netlink monitor 0x7fa12ccaee60
Jun 08 14:36:19 breadbox.penurio.us systemd-udevd[335]: no db file to read /run/udev/data/+pci:0000:00:02.0: No such file or directory
Jun 08 14:36:19 breadbox.penurio.us systemd-udevd[334]: RUN 'kmod load $env{MODALIAS}' /usr/lib/udev/rules.d/80-drivers.rules:5
Jun 08 14:36:19 breadbox.penurio.us systemd-udevd[333]: Execute 'load' 'pci:v00008086d00006F51sv000015D9sd0000086Dbc08sc80i00'
Jun 08 14:36:19 breadbox.penurio.us systemd-udevd[329]: No module matches 'pci:v00008086d00006F50sv000015D9sd0000086Dbc08sc80i00'
Jun 08 14:36:19 breadbox.penurio.us systemd-udevd[327]: passed 303 bytes to netlink monitor 0x7fa12cca02f0
Jun 08 14:36:19 breadbox.penurio.us systemd-udevd[330]: seq 2747 running
Jun 08 14:36:19 breadbox.penurio.us systemd-udevd[336]: seq 2745 processed with 0
Jun 08 14:36:19 breadbox.penurio.us systemd-udevd[335]: RUN 'kmod load $env{MODALIAS}' /usr/lib/udev/rules.d/80-drivers.rules:5
Jun 08 14:36:19 breadbox.penurio.us systemd-udevd[334]: Execute 'load' 'pci:v00008086d00006F52sv000015D9sd0000086Dbc08sc80i00'
Jun 08 14:36:19 breadbox.penurio.us systemd-udevd[333]: No module matches 'pci:v00008086d00006F51sv000015D9sd0000086Dbc08sc80i00'
Jun 08 14:36:19 breadbox.penurio.us systemd-udevd[329]: passed unknown number of bytes to netlink monitor 0x7fa12ccb2a70
Jun 08 14:36:19 breadbox.penurio.us systemd-udevd[327]: passed 303 bytes to netlink monitor 0x7fa12cca02f0
Jun 08 14:36:19 breadbox.penurio.us systemd-udevd[331]: seq 2748 running
Jun 08 14:36:19 breadbox.penurio.us systemd-udevd[330]: no db file to read /run/udev/data/+pci:0000:03:00.0: No such file or directory
Jun 08 14:36:19 breadbox.penurio.us systemd-udevd[335]: Execute 'load' 'pci:v00008086d00006F53sv000015D9sd0000086Dbc08sc80i00'
Jun 08 14:36:19 breadbox.penurio.us systemd-udevd[334]: No module matches 'pci:v00008086d00006F52sv000015D9sd0000086Dbc08sc80i00'
Jun 08 14:36:19 breadbox.penurio.us systemd-udevd[333]: passed unknown number of bytes to netlink monitor 0x7fa12cca4550
Jun 08 14:36:19 breadbox.penurio.us systemd-udevd[329]: seq 2741 processed with 0
Jun 08 14:36:19 breadbox.penurio.us systemd-udevd[327]: passed 163 bytes to netlink monitor 0x7fa12cca02f0
Jun 08 14:36:19 breadbox.penurio.us systemd-udevd[339]: seq 2749 running
Jun 08 14:36:19 breadbox.penurio.us systemd-udevd[331]: no db file to read /run/udev/data/+pci:0000:03:00.1: No such file or directory
Jun 08 14:36:19 breadbox.penurio.us systemd-udevd[330]: IMPORT builtin 'hwdb' /usr/lib/udev/rules.d/50-udev-default.rules:11
Jun 08 14:36:19 breadbox.penurio.us systemd-udevd[335]: No module matches 'pci:v00008086d00006F53sv000015D9sd0000086Dbc08sc80i00'
Jun 08 14:36:19 breadbox.penurio.us systemd-udevd[334]: passed unknown number of bytes to netlink monitor 0x7fa12cca7a60
Jun 08 14:36:19 breadbox.penurio.us systemd-udevd[333]: seq 2742 processed with 0
Jun 08 14:36:19 breadbox.penurio.us systemd-udevd[327]: passed 306 bytes to netlink monitor 0x7fa12cca02f0
Jun 08 14:36:19 breadbox.penurio.us systemd-udevd[355]: seq 2750 running
Jun 08 14:36:19 breadbox.penurio.us systemd-udevd[339]: no db file to read /run/udev/data/+pci_bus:0000:03: No such file or directory
Jun 08 14:36:19 breadbox.penurio.us systemd-udevd[331]: IMPORT builtin 'hwdb' /usr/lib/udev/rules.d/50-udev-default.rules:11
Jun 08 14:36:19 breadbox.penurio.us systemd-udevd[330]: IMPORT builtin 'hwdb' returned non-zero
Jun 08 14:36:19 breadbox.penurio.us systemd-udevd[335]: passed unknown number of bytes to netlink monitor 0x7fa12ccb06b0
Jun 08 14:36:19 breadbox.penurio.us systemd-udevd[334]: seq 2743 processed with 0
Jun 08 14:36:19 breadbox.penurio.us systemd-udevd[327]: seq 2751 queued, 'add' 'pci_bus'
Jun 08 14:36:19 breadbox.penurio.us systemd-udevd[355]: no db file to read /run/udev/data/+pci:0000:00:03.0: No such file or directory
Jun 08 14:36:19 breadbox.penurio.us systemd-udevd[339]: no db file to read /run/udev/data/+pci:0000:00:02.2: No such file or directory
Jun 08 14:36:19 breadbox.penurio.us systemd-udevd[331]: IMPORT builtin 'hwdb' returned non-zero
Jun 08 14:36:19 breadbox.penurio.us systemd-udevd[330]: no db file to read /run/udev/data/+pci:0000:00:02.2: No such file or directory
Jun 08 14:36:19 breadbox.penurio.us systemd-udevd[335]: seq 2744 processed with 0
Jun 08 14:36:19 breadbox.penurio.us systemd-udevd[327]: seq 2752 queued, 'add' 'pci'
Jun 08 14:36:19 breadbox.penurio.us systemd-udevd[355]: IMPORT builtin 'hwdb' /usr/lib/udev/rules.d/50-udev-default.rules:11
Jun 08 14:36:19 breadbox.penurio.us systemd-udevd[339]: passed unknown number of bytes to netlink monitor 0x7fa12cca53a0
Jun 08 14:36:19 breadbox.penurio.us systemd-udevd[331]: no db file to read /run/udev/data/+pci:0000:00:02.2: No such file or directory
Jun 08 14:36:19 breadbox.penurio.us systemd-udevd[330]: RUN 'kmod load $env{MODALIAS}' /usr/lib/udev/rules.d/80-drivers.rules:5
Jun 08 14:36:19 breadbox.penurio.us systemd-udevd[327]: passed 290 bytes to netlink monitor 0x7fa12cca02f0
Jun 08 14:36:19 breadbox.penurio.us systemd-udevd[329]: seq 2752 running
Jun 08 14:36:19 breadbox.penurio.us systemd-udevd[355]: IMPORT builtin 'hwdb' returned non-zero
Jun 08 14:36:19 breadbox.penurio.us systemd-udevd[339]: seq 2749 processed with 0
Jun 08 14:36:19 breadbox.penurio.us systemd-udevd[331]: RUN 'kmod load $env{MODALIAS}' /usr/lib/udev/rules.d/80-drivers.rules:5
Jun 08 14:36:19 breadbox.penurio.us systemd-udevd[330]: Execute 'load' 'pci:v00008086d000015ADsv000015D9sd000015ADbc02sc00i00'
Jun 08 14:36:19 breadbox.penurio.us systemd-udevd[327]: seq 2753 queued, 'add' 'pci'
Jun 08 14:36:19 breadbox.penurio.us systemd-udevd[329]: no db file to read /run/udev/data/+pci:0000:00:05.0: No such file or directory
Jun 08 14:36:19 breadbox.penurio.us systemd-udevd[355]: RUN 'kmod load $env{MODALIAS}' /usr/lib/udev/rules.d/80-drivers.rules:5
Jun 08 14:36:19 breadbox.penurio.us kernel: [drm] AST 2400 detected
Jun 08 14:36:19 breadbox.penurio.us kernel: [drm] Analog VGA only
Jun 08 14:36:19 breadbox.penurio.us kernel: [drm] dram 1632000000 1 16 01000000
Jun 08 14:36:19 breadbox.penurio.us systemd-udevd[331]: Execute 'load' 'pci:v00008086d000015ADsv000015D9sd000015ADbc02sc00i00'
Jun 08 14:36:19 breadbox.penurio.us systemd-udevd[327]: passed 290 bytes to netlink monitor 0x7fa12cca02f0
Jun 08 14:36:19 breadbox.penurio.us systemd-udevd[333]: seq 2753 running
Jun 08 14:36:19 breadbox.penurio.us systemd-udevd[329]: IMPORT builtin 'hwdb' /usr/lib/udev/rules.d/50-udev-default.rules:11
Jun 08 14:36:19 breadbox.penurio.us systemd-udevd[355]: Execute 'load' 'pci:v00008086d00006F08sv000015D9sd0000086Dbc06sc04i00'
Jun 08 14:36:19 breadbox.penurio.us systemd-udevd[327]: seq 2754 queued, 'add' 'pci'
Jun 08 14:36:19 breadbox.penurio.us systemd-udevd[333]: no db file to read /run/udev/data/+pci:0000:00:05.1: No such file or directory
Jun 08 14:36:19 breadbox.penurio.us systemd-udevd[329]: IMPORT builtin 'hwdb' returned non-zero
Jun 08 14:36:19 breadbox.penurio.us systemd-udevd[355]: No module matches 'pci:v00008086d00006F08sv000015D9sd0000086Dbc06sc04i00'
Jun 08 14:36:19 breadbox.penurio.us systemd-udevd[327]: passed 290 bytes to netlink monitor 0x7fa12cca02f0
Jun 08 14:36:19 breadbox.penurio.us systemd-udevd[334]: seq 2754 running
Jun 08 14:36:19 breadbox.penurio.us systemd-udevd[333]: IMPORT builtin 'hwdb' /usr/lib/udev/rules.d/50-udev-default.rules:11
Jun 08 14:36:19 breadbox.penurio.us systemd-udevd[329]: RUN 'kmod load $env{MODALIAS}' /usr/lib/udev/rules.d/80-drivers.rules:5
Jun 08 14:36:19 breadbox.penurio.us kernel: [TTM] Zone kernel: Available graphics memory: 65966148 kiB
Jun 08 14:36:19 breadbox.penurio.us systemd-udevd[355]: passed unknown number of bytes to netlink monitor 0x7fa12ccb6ae0
Jun 08 14:36:19 breadbox.penurio.us systemd-udevd[327]: seq 2755 queued, 'add' 'pci'
Jun 08 14:36:19 breadbox.penurio.us systemd-udevd[334]: no db file to read /run/udev/data/+pci:0000:00:05.2: No such file or directory
Jun 08 14:36:19 breadbox.penurio.us systemd-udevd[333]: IMPORT builtin 'hwdb' returned non-zero
Jun 08 14:36:19 breadbox.penurio.us systemd-udevd[329]: Execute 'load' 'pci:v00008086d00006F28sv000015D9sd0000086Dbc08sc80i00'
Jun 08 14:36:19 breadbox.penurio.us systemd-udevd[355]: seq 2750 processed with 0
Jun 08 14:36:19 breadbox.penurio.us systemd-udevd[327]: passed 290 bytes to netlink monitor 0x7fa12cca02f0
Jun 08 14:36:19 breadbox.penurio.us systemd-udevd[335]: seq 2755 running
Jun 08 14:36:19 breadbox.penurio.us systemd-udevd[334]: IMPORT builtin 'hwdb' /usr/lib/udev/rules.d/50-udev-default.rules:11
Jun 08 14:36:19 breadbox.penurio.us systemd-udevd[333]: RUN 'kmod load $env{MODALIAS}' /usr/lib/udev/rules.d/80-drivers.rules:5
Jun 08 14:36:19 breadbox.penurio.us systemd-udevd[329]: No module matches 'pci:v00008086d00006F28sv000015D9sd0000086Dbc08sc80i00'
Jun 08 14:36:19 breadbox.penurio.us systemd-udevd[327]: seq 2756 queued, 'add' 'pci'
Jun 08 14:36:19 breadbox.penurio.us systemd-udevd[335]: no db file to read /run/udev/data/+pci:0000:00:05.4: No such file or directory
Jun 08 14:36:19 breadbox.penurio.us kernel: [TTM] Zone dma32: Available graphics memory: 2097152 kiB
Jun 08 14:36:19 breadbox.penurio.us systemd-udevd[334]: IMPORT builtin 'hwdb' returned non-zero
Jun 08 14:36:19 breadbox.penurio.us systemd-udevd[333]: Execute 'load' 'pci:v00008086d00006F29sv000015D9sd0000086Dbc08sc80i00'
Jun 08 14:36:19 breadbox.penurio.us systemd-udevd[329]: passed unknown number of bytes to netlink monitor 0x7fa12ccb2a70
Jun 08 14:36:19 breadbox.penurio.us systemd-udevd[327]: passed 163 bytes to netlink monitor 0x7fa12cca02f0
Jun 08 14:36:19 breadbox.penurio.us systemd-udevd[336]: seq 2751 running
Jun 08 14:36:19 breadbox.penurio.us systemd-udevd[335]: IMPORT builtin 'hwdb' /usr/lib/udev/rules.d/50-udev-default.rules:11
Jun 08 14:36:19 breadbox.penurio.us systemd-udevd[334]: RUN 'kmod load $env{MODALIAS}' /usr/lib/udev/rules.d/80-drivers.rules:5
Jun 08 14:36:19 breadbox.penurio.us systemd-udevd[333]: No module matches 'pci:v00008086d00006F29sv000015D9sd0000086Dbc08sc80i00'
Jun 08 14:36:19 breadbox.penurio.us systemd-udevd[329]: seq 2752 processed with 0
Jun 08 14:36:19 breadbox.penurio.us systemd-udevd[327]: passed 306 bytes to netlink monitor 0x7fa12cca02f0
Jun 08 14:36:19 breadbox.penurio.us systemd-udevd[339]: seq 2756 running
Jun 08 14:36:19 breadbox.penurio.us systemd-udevd[336]: no db file to read /run/udev/data/+pci_bus:0000:05: No such file or directory
Jun 08 14:36:19 breadbox.penurio.us kernel: scsi host0: ahci
Jun 08 14:36:19 breadbox.penurio.us kernel: scsi host1: ahci
Jun 08 14:36:19 breadbox.penurio.us kernel: scsi host2: ahci
Jun 08 14:36:19 breadbox.penurio.us kernel: scsi host3: ahci
Jun 08 14:36:19 breadbox.penurio.us kernel: scsi host4: ahci
Jun 08 14:36:19 breadbox.penurio.us kernel: scsi host5: ahci
Jun 08 14:36:19 breadbox.penurio.us kernel: ata1: SATA max UDMA/133 abar m2048@0xfb812000 port 0xfb812100 irq 37
Jun 08 14:36:19 breadbox.penurio.us kernel: ata2: SATA max UDMA/133 abar m2048@0xfb812000 port 0xfb812180 irq 37
Jun 08 14:36:19 breadbox.penurio.us kernel: ata3: SATA max UDMA/133 abar m2048@0xfb812000 port 0xfb812200 irq 37
Jun 08 14:36:19 breadbox.penurio.us kernel: ata4: SATA max UDMA/133 abar m2048@0xfb812000 port 0xfb812280 irq 37
Jun 08 14:36:19 breadbox.penurio.us kernel: ata5: SATA max UDMA/133 abar m2048@0xfb812000 port 0xfb812300 irq 37
Jun 08 14:36:19 breadbox.penurio.us kernel: ata6: SATA max UDMA/133 abar m2048@0xfb812000 port 0xfb812380 irq 37
Jun 08 14:36:19 breadbox.penurio.us systemd-udevd[335]: IMPORT builtin 'hwdb' returned non-zero
Jun 08 14:36:19 breadbox.penurio.us systemd-udevd[334]: Execute 'load' 'pci:v00008086d00006F2Asv000015D9sd0000086Dbc08sc80i00'
Jun 08 14:36:19 breadbox.penurio.us systemd-udevd[333]: passed unknown number of bytes to netlink monitor 0x7fa12cca4550
Jun 08 14:36:19 breadbox.penurio.us systemd-udevd[327]: seq 2757 queued, 'add' 'usb'
Jun 08 14:36:19 breadbox.penurio.us systemd-udevd[339]: no db file to read /run/udev/data/+pci:0000:00:14.0: No such file or directory
Jun 08 14:36:19 breadbox.penurio.us systemd-udevd[336]: no db file to read /run/udev/data/+pci:0000:00:03.0: No such file or directory
Jun 08 14:36:19 breadbox.penurio.us systemd-udevd[335]: RUN 'kmod load $env{MODALIAS}' /usr/lib/udev/rules.d/80-drivers.rules:5
Jun 08 14:36:19 breadbox.penurio.us systemd-udevd[334]: No module matches 'pci:v00008086d00006F2Asv000015D9sd0000086Dbc08sc80i00'
Jun 08 14:36:19 breadbox.penurio.us systemd-udevd[333]: seq 2753 processed with 0
Jun 08 14:36:19 breadbox.penurio.us systemd-udevd[327]: seq 2758 queued, 'add' 'usb'
Jun 08 14:36:19 breadbox.penurio.us systemd-udevd[339]: IMPORT builtin 'hwdb' /usr/lib/udev/rules.d/50-udev-default.rules:11
Jun 08 14:36:19 breadbox.penurio.us systemd-udevd[336]: passed unknown number of bytes to netlink monitor 0x7fa12ccaee60
Jun 08 14:36:19 breadbox.penurio.us systemd-udevd[335]: Execute 'load' 'pci:v00008086d00006F2Csv000015D9sd0000086Dbc08sc00i20'
Jun 08 14:36:19 breadbox.penurio.us systemd-udevd[334]: passed unknown number of bytes to netlink monitor 0x7fa12cca7a60
Jun 08 14:36:19 breadbox.penurio.us systemd-udevd[328]: GROUP 998 /usr/lib/udev/rules.d/50-udev-default.rules:26
Jun 08 14:36:19 breadbox.penurio.us systemd-udevd[327]: seq 2759 queued, 'add' 'usb'
Jun 08 14:36:19 breadbox.penurio.us systemd-udevd[339]: IMPORT builtin 'hwdb' returned non-zero
Jun 08 14:36:19 breadbox.penurio.us systemd-udevd[336]: seq 2751 processed with 0
Jun 08 14:36:19 breadbox.penurio.us systemd-udevd[335]: No module matches 'pci:v00008086d00006F2Csv000015D9sd0000086Dbc08sc00i20'
Jun 08 14:36:19 breadbox.penurio.us systemd-udevd[334]: seq 2754 processed with 0
Jun 08 14:36:19 breadbox.penurio.us systemd-udevd[328]: handling device node '/dev/input/event0', devnum=c13:64, mode=0660, uid=0, gid=998
Jun 08 14:36:19 breadbox.penurio.us systemd-udevd[327]: seq 2760 queued, 'add' 'usb'
Jun 08 14:36:19 breadbox.penurio.us systemd-udevd[339]: RUN 'kmod load $env{MODALIAS}' /usr/lib/udev/rules.d/80-drivers.rules:5
Jun 08 14:36:19 breadbox.penurio.us systemd-udevd[335]: passed unknown number of bytes to netlink monitor 0x7fa12ccb06b0
Jun 08 14:36:19 breadbox.penurio.us systemd-udevd[328]: set permissions /dev/input/event0, 020660, uid=0, gid=998
Jun 08 14:36:19 breadbox.penurio.us systemd-udevd[327]: seq 2761 queued, 'add' 'usbmon'
Jun 08 14:36:19 breadbox.penurio.us systemd-udevd[339]: Execute 'load' 'pci:v00008086d00008C31sv000015D9sd0000086Dbc0Csc03i30'
Jun 08 14:36:19 breadbox.penurio.us systemd-udevd[335]: seq 2755 processed with 0
Jun 08 14:36:19 breadbox.penurio.us systemd-udevd[328]: creating symlink '/dev/char/13:64' to '../input/event0'
Jun 08 14:36:19 breadbox.penurio.us systemd-udevd[327]: seq 2762 queued, 'add' 'usbmon'
Jun 08 14:36:19 breadbox.penurio.us systemd-udevd[339]: No module matches 'pci:v00008086d00008C31sv000015D9sd0000086Dbc0Csc03i30'
Jun 08 14:36:19 breadbox.penurio.us systemd-udevd[328]: created db file '/run/udev/data/c13:64' for '/devices/LNXSYSTM:00/device:00/PNP0C0C:00/input/input0/event0'
Jun 08 14:36:19 breadbox.penurio.us systemd-udevd[327]: seq 2763 queued, 'add' 'pci'
Jun 08 14:36:19 breadbox.penurio.us systemd-udevd[339]: passed unknown number of bytes to netlink monitor 0x7fa12cca53a0
Jun 08 14:36:19 breadbox.penurio.us systemd-udevd[328]: passed unknown number of bytes to netlink monitor 0x7fa12ccb0ff0
Jun 08 14:36:19 breadbox.penurio.us systemd-udevd[327]: passed 290 bytes to netlink monitor 0x7fa12cca02f0
Jun 08 14:36:19 breadbox.penurio.us systemd-udevd[329]: seq 2763 running
Jun 08 14:36:19 breadbox.penurio.us systemd-udevd[339]: seq 2756 processed with 0
Jun 08 14:36:19 breadbox.penurio.us systemd-udevd[328]: seq 2719 processed with 0
Jun 08 14:36:19 breadbox.penurio.us systemd-udevd[327]: seq 2764 queued, 'add' 'pci'
Jun 08 14:36:19 breadbox.penurio.us systemd-udevd[329]: no db file to read /run/udev/data/+pci:0000:00:16.0: No such file or directory
Jun 08 14:36:19 breadbox.penurio.us systemd-udevd[327]: passed 279 bytes to netlink monitor 0x7fa12cca02f0
Jun 08 14:36:19 breadbox.penurio.us systemd-udevd[328]: seq 2757 running
Jun 08 14:36:19 breadbox.penurio.us systemd-udevd[329]: IMPORT builtin 'hwdb' /usr/lib/udev/rules.d/50-udev-default.rules:11
Jun 08 14:36:19 breadbox.penurio.us systemd-udevd[327]: passed 279 bytes to netlink monitor 0x7fa12cca02f0
Jun 08 14:36:19 breadbox.penurio.us systemd-udevd[333]: seq 2759 running
Jun 08 14:36:19 breadbox.penurio.us systemd-udevd[328]: no db file to read /run/udev/data/c189:256: No such file or directory
Jun 08 14:36:19 breadbox.penurio.us systemd-udevd[329]: IMPORT builtin 'hwdb' returned non-zero
Jun 08 14:36:19 breadbox.penurio.us systemd-udevd[327]: passed 200 bytes to netlink monitor 0x7fa12cca02f0
Jun 08 14:36:19 breadbox.penurio.us systemd-udevd[334]: seq 2761 running
Jun 08 14:36:19 breadbox.penurio.us systemd-udevd[333]: no db file to read /run/udev/data/c189:384: No such file or directory
Jun 08 14:36:19 breadbox.penurio.us systemd-udevd[328]: IMPORT builtin 'usb_id' /usr/lib/udev/rules.d/50-udev-default.rules:9
Jun 08 14:36:19 breadbox.penurio.us systemd-udevd[329]: RUN 'kmod load $env{MODALIAS}' /usr/lib/udev/rules.d/80-drivers.rules:5
Jun 08 14:36:19 breadbox.penurio.us systemd-udevd[327]: passed 200 bytes to netlink monitor 0x7fa12cca02f0
Jun 08 14:36:19 breadbox.penurio.us systemd-udevd[335]: seq 2762 running
Jun 08 14:36:19 breadbox.penurio.us systemd-udevd[334]: no db file to read /run/udev/data/c250:3: No such file or directory
Jun 08 14:36:19 breadbox.penurio.us systemd-udevd[333]: IMPORT builtin 'usb_id' /usr/lib/udev/rules.d/50-udev-default.rules:9
Jun 08 14:36:19 breadbox.penurio.us systemd-udevd[333]: IMPORT builtin 'hwdb' /usr/lib/udev/rules.d/50-udev-default.rules:9
Jun 08 14:36:19 breadbox.penurio.us systemd-udevd[327]: passed 290 bytes to netlink monitor 0x7fa12cca02f0
Jun 08 14:36:19 breadbox.penurio.us systemd-udevd[336]: seq 2764 running
Jun 08 14:36:19 breadbox.penurio.us systemd-udevd[335]: no db file to read /run/udev/data/c250:4: No such file or directory
Jun 08 14:36:19 breadbox.penurio.us systemd-udevd[334]: no db file to read /run/udev/data/+pci:0000:00:14.0: No such file or directory
Jun 08 14:36:19 breadbox.penurio.us systemd-udevd[333]: IMPORT builtin 'hwdb' returned non-zero
Jun 08 14:36:19 breadbox.penurio.us systemd-udevd[329]: Execute 'load' 'pci:v00008086d00008C3Asv000015D9sd0000086Dbc07sc80i00'
Jun 08 14:36:19 breadbox.penurio.us systemd-udevd[327]: seq 2765 queued, 'add' 'pci'
Jun 08 14:36:19 breadbox.penurio.us systemd-udevd[336]: no db file to read /run/udev/data/+pci:0000:00:16.1: No such file or directory
Jun 08 14:36:19 breadbox.penurio.us systemd-udevd[335]: no db file to read /run/udev/data/+pci:0000:00:14.0: No such file or directory
Jun 08 14:36:19 breadbox.penurio.us systemd-udevd[334]: handling device node '/dev/usbmon3', devnum=c250:3, mode=0600, uid=0, gid=0
Jun 08 14:36:19 breadbox.penurio.us systemd-udevd[333]: MODE 0664 /usr/lib/udev/rules.d/50-udev-default.rules:38
Jun 08 14:36:19 breadbox.penurio.us systemd-udevd[329]: No module matches 'pci:v00008086d00008C3Asv000015D9sd0000086Dbc07sc80i00'
Jun 08 14:36:19 breadbox.penurio.us systemd-udevd[327]: passed 306 bytes to netlink monitor 0x7fa12cca02f0
Jun 08 14:36:19 breadbox.penurio.us systemd-udevd[339]: seq 2765 running
Jun 08 14:36:19 breadbox.penurio.us systemd-udevd[336]: IMPORT builtin 'hwdb' /usr/lib/udev/rules.d/50-udev-default.rules:11
Jun 08 14:36:19 breadbox.penurio.us systemd-udevd[335]: handling device node '/dev/usbmon4', devnum=c250:4, mode=0600, uid=0, gid=0
Jun 08 14:36:19 breadbox.penurio.us systemd-udevd[334]: preserve permissions /dev/usbmon3, 020600, uid=0, gid=0
Jun 08 14:36:19 breadbox.penurio.us systemd-udevd[333]: IMPORT builtin 'path_id' /usr/lib/udev/rules.d/71-seat.rules:43
Jun 08 14:36:19 breadbox.penurio.us systemd-udevd[329]: passed unknown number of bytes to netlink monitor 0x7fa12ccb2a70
Jun 08 14:36:19 breadbox.penurio.us systemd-udevd[327]: seq 2766 queued, 'add' 'usb'
Jun 08 14:36:19 breadbox.penurio.us systemd-udevd[339]: no db file to read /run/udev/data/+pci:0000:00:1a.0: No such file or directory
Jun 08 14:36:19 breadbox.penurio.us systemd-udevd[336]: IMPORT builtin 'hwdb' returned non-zero
Jun 08 14:36:19 breadbox.penurio.us systemd-udevd[335]: preserve permissions /dev/usbmon4, 020600, uid=0, gid=0
Jun 08 14:36:19 breadbox.penurio.us systemd-udevd[334]: creating symlink '/dev/char/250:3' to '../usbmon3'
Jun 08 14:36:19 breadbox.penurio.us systemd-udevd[333]: no db file to read /run/udev/data/+pci:0000:00:14.0: No such file or directory
Jun 08 14:36:19 breadbox.penurio.us systemd-udevd[329]: seq 2763 processed with 0
Jun 08 14:36:19 breadbox.penurio.us systemd-udevd[327]: seq 2767 queued, 'add' 'usb'
Jun 08 14:36:19 breadbox.penurio.us systemd-udevd[339]: IMPORT builtin 'hwdb' /usr/lib/udev/rules.d/50-udev-default.rules:11
Jun 08 14:36:19 breadbox.penurio.us systemd-udevd[336]: RUN 'kmod load $env{MODALIAS}' /usr/lib/udev/rules.d/80-drivers.rules:5
Jun 08 14:36:19 breadbox.penurio.us systemd-udevd[335]: creating symlink '/dev/char/250:4' to '../usbmon4'
Jun 08 14:36:19 breadbox.penurio.us systemd-udevd[334]: created empty file '/run/udev/data/c250:3' for '/devices/pci0000:00/0000:00:14.0/usbmon/usbmon3'
Jun 08 14:36:19 breadbox.penurio.us systemd-udevd[333]: handling device node '/dev/bus/usb/004/001', devnum=c189:384, mode=0664, uid=0, gid=0
Jun 08 14:36:19 breadbox.penurio.us systemd-udevd[327]: seq 2768 queued, 'add' 'usb'
Jun 08 14:36:19 breadbox.penurio.us systemd-udevd[339]: IMPORT builtin 'hwdb' returned non-zero
Jun 08 14:36:19 breadbox.penurio.us systemd-udevd[336]: Execute 'load' 'pci:v00008086d00008C3Bsv000015D9sd0000086Dbc07sc80i00'
Jun 08 14:36:19 breadbox.penurio.us systemd-udevd[335]: created empty file '/run/udev/data/c250:4' for '/devices/pci0000:00/0000:00:14.0/usbmon/usbmon4'
Jun 08 14:36:19 breadbox.penurio.us systemd-udevd[334]: passed unknown number of bytes to netlink monitor 0x7fa12cca7a60
Jun 08 14:36:19 breadbox.penurio.us systemd-udevd[333]: set permissions /dev/bus/usb/004/001, 020664, uid=0, gid=0
Jun 08 14:36:19 breadbox.penurio.us systemd-udevd[327]: seq 2769 queued, 'add' 'usb'
Jun 08 14:36:19 breadbox.penurio.us systemd-udevd[339]: RUN 'kmod load $env{MODALIAS}' /usr/lib/udev/rules.d/80-drivers.rules:5
Jun 08 14:36:19 breadbox.penurio.us systemd-udevd[336]: No module matches 'pci:v00008086d00008C3Bsv000015D9sd0000086Dbc07sc80i00'
Jun 08 14:36:19 breadbox.penurio.us systemd-udevd[335]: passed unknown number of bytes to netlink monitor 0x7fa12ccb06b0
Jun 08 14:36:19 breadbox.penurio.us systemd-udevd[334]: seq 2761 processed with 0
Jun 08 14:36:19 breadbox.penurio.us systemd-udevd[333]: creating symlink '/dev/char/189:384' to '../bus/usb/004/001'
Jun 08 14:36:19 breadbox.penurio.us systemd-udevd[327]: seq 2770 queued, 'add' 'usbmon'
Jun 08 14:36:19 breadbox.penurio.us systemd-udevd[339]: Execute 'load' 'pci:v00008086d00008C2Dsv000015D9sd0000086Dbc0Csc03i20'
Jun 08 14:36:19 breadbox.penurio.us systemd-udevd[336]: passed unknown number of bytes to netlink monitor 0x7fa12ccaee60
Jun 08 14:36:19 breadbox.penurio.us systemd-udevd[335]: seq 2762 processed with 0
Jun 08 14:36:19 breadbox.penurio.us systemd-udevd[333]: created db file '/run/udev/data/c189:384' for '/devices/pci0000:00/0000:00:14.0/usb4'
Jun 08 14:36:19 breadbox.penurio.us systemd-udevd[327]: seq 2771 queued, 'add' 'pci'
Jun 08 14:36:19 breadbox.penurio.us systemd-udevd[339]: No module matches 'pci:v00008086d00008C2Dsv000015D9sd0000086Dbc0Csc03i20'
Jun 08 14:36:19 breadbox.penurio.us systemd-udevd[336]: seq 2764 processed with 0
Jun 08 14:36:19 breadbox.penurio.us systemd-udevd[333]: passed unknown number of bytes to netlink monitor 0x7fa12cca4550
Jun 08 14:36:19 breadbox.penurio.us systemd-udevd[327]: passed 306 bytes to netlink monitor 0x7fa12cca02f0
Jun 08 14:36:19 breadbox.penurio.us systemd-udevd[329]: seq 2771 running
Jun 08 14:36:19 breadbox.penurio.us systemd-udevd[339]: passed unknown number of bytes to netlink monitor 0x7fa12cca53a0
Jun 08 14:36:19 breadbox.penurio.us systemd-udevd[333]: seq 2759 processed with 0
Jun 08 14:36:19 breadbox.penurio.us systemd-udevd[327]: seq 2772 queued, 'add' 'pci'
Jun 08 14:36:19 breadbox.penurio.us systemd-udevd[329]: no db file to read /run/udev/data/+pci:0000:00:1c.0: No such file or directory
Jun 08 14:36:19 breadbox.penurio.us systemd-udevd[339]: seq 2765 processed with 0
Jun 08 14:36:19 breadbox.penurio.us systemd-udevd[327]: passed 294 bytes to netlink monitor 0x7fa12cca02f0
Jun 08 14:36:19 breadbox.penurio.us systemd-udevd[333]: seq 2760 running
Jun 08 14:36:19 breadbox.penurio.us systemd-udevd[329]: IMPORT builtin 'hwdb' /usr/lib/udev/rules.d/50-udev-default.rules:11
Jun 08 14:36:19 breadbox.penurio.us systemd-udevd[327]: seq 2773 queued, 'add' 'pci'
Jun 08 14:36:19 breadbox.penurio.us systemd-udevd[333]: no db file to read /run/udev/data/+usb:4-0:1.0: No such file or directory
Jun 08 14:36:19 breadbox.penurio.us systemd-udevd[329]: IMPORT builtin 'hwdb' returned non-zero
Jun 08 14:36:19 breadbox.penurio.us systemd-udevd[327]: passed 277 bytes to netlink monitor 0x7fa12cca02f0
Jun 08 14:36:19 breadbox.penurio.us systemd-udevd[334]: seq 2766 running
Jun 08 14:36:19 breadbox.penurio.us systemd-udevd[333]: IMPORT builtin 'hwdb' /usr/lib/udev/rules.d/50-udev-default.rules:11
Jun 08 14:36:19 breadbox.penurio.us systemd-udevd[329]: RUN 'kmod load $env{MODALIAS}' /usr/lib/udev/rules.d/80-drivers.rules:5
Jun 08 14:36:19 breadbox.penurio.us systemd-udevd[327]: passed 200 bytes to netlink monitor 0x7fa12cca02f0
Jun 08 14:36:19 breadbox.penurio.us systemd-udevd[335]: seq 2770 running
Jun 08 14:36:19 breadbox.penurio.us systemd-udevd[334]: no db file to read /run/udev/data/c189:0: No such file or directory
Jun 08 14:36:19 breadbox.penurio.us systemd-udevd[333]: IMPORT builtin 'hwdb' returned non-zero
Jun 08 14:36:19 breadbox.penurio.us systemd-udevd[329]: Execute 'load' 'pci:v00008086d00008C10sv000015D9sd0000086Dbc06sc04i00'
Jun 08 14:36:19 breadbox.penurio.us systemd-udevd[327]: seq 2774 queued, 'add' 'pci_bus'
Jun 08 14:36:19 breadbox.penurio.us systemd-udevd[335]: no db file to read /run/udev/data/c250:1: No such file or directory
Jun 08 14:36:19 breadbox.penurio.us systemd-udevd[334]: IMPORT builtin 'usb_id' /usr/lib/udev/rules.d/50-udev-default.rules:9
Jun 08 14:36:19 breadbox.penurio.us systemd-udevd[333]: RUN 'kmod load $env{MODALIAS}' /usr/lib/udev/rules.d/80-drivers.rules:5
Jun 08 14:36:19 breadbox.penurio.us systemd-udevd[329]: No module matches 'pci:v00008086d00008C10sv000015D9sd0000086Dbc06sc04i00'
Jun 08 14:36:19 breadbox.penurio.us systemd-udevd[327]: seq 2775 queued, 'add' 'pci'
Jun 08 14:36:19 breadbox.penurio.us systemd-udevd[335]: no db file to read /run/udev/data/+pci:0000:00:1a.0: No such file or directory
Jun 08 14:36:19 breadbox.penurio.us systemd-udevd[334]: IMPORT builtin 'hwdb' /usr/lib/udev/rules.d/50-udev-default.rules:9
Jun 08 14:36:19 breadbox.penurio.us systemd-udevd[333]: Execute 'load' 'usb:v1D6Bp0003d0310dc09dsc00dp03ic09isc00ip00in00'
Jun 08 14:36:19 breadbox.penurio.us systemd-udevd[329]: passed unknown number of bytes to netlink monitor 0x7fa12ccb2a70
Jun 08 14:36:19 breadbox.penurio.us systemd-udevd[327]: passed 306 bytes to netlink monitor 0x7fa12cca02f0
Jun 08 14:36:19 breadbox.penurio.us systemd-udevd[336]: seq 2775 running
Jun 08 14:36:19 breadbox.penurio.us systemd-udevd[335]: handling device node '/dev/usbmon1', devnum=c250:1, mode=0600, uid=0, gid=0
Jun 08 14:36:19 breadbox.penurio.us systemd-udevd[334]: IMPORT builtin 'hwdb' returned non-zero
Jun 08 14:36:19 breadbox.penurio.us systemd-udevd[333]: No module matches 'usb:v1D6Bp0003d0310dc09dsc00dp03ic09isc00ip00in00'
Jun 08 14:36:19 breadbox.penurio.us systemd-udevd[329]: seq 2771 processed with 0
Jun 08 14:36:19 breadbox.penurio.us systemd-udevd[327]: seq 2776 queued, 'add' 'pci'
Jun 08 14:36:19 breadbox.penurio.us systemd-udevd[336]: no db file to read /run/udev/data/+pci:0000:00:1c.4: No such file or directory
Jun 08 14:36:19 breadbox.penurio.us systemd-udevd[335]: preserve permissions /dev/usbmon1, 020600, uid=0, gid=0
Jun 08 14:36:19 breadbox.penurio.us systemd-udevd[334]: MODE 0664 /usr/lib/udev/rules.d/50-udev-default.rules:38
Jun 08 14:36:19 breadbox.penurio.us systemd-udevd[333]: passed unknown number of bytes to netlink monitor 0x7fa12cca4550
Jun 08 14:36:19 breadbox.penurio.us systemd-udevd[327]: passed 303 bytes to netlink monitor 0x7fa12cca02f0
Jun 08 14:36:19 breadbox.penurio.us systemd-udevd[329]: seq 2772 running
Jun 08 14:36:19 breadbox.penurio.us systemd-udevd[336]: IMPORT builtin 'hwdb' /usr/lib/udev/rules.d/50-udev-default.rules:11
Jun 08 14:36:19 breadbox.penurio.us systemd-udevd[335]: creating symlink '/dev/char/250:1' to '../usbmon1'
Jun 08 14:36:19 breadbox.penurio.us systemd-udevd[334]: IMPORT builtin 'path_id' /usr/lib/udev/rules.d/71-seat.rules:43
Jun 08 14:36:19 breadbox.penurio.us systemd-udevd[333]: seq 2760 processed with 0
Jun 08 14:36:19 breadbox.penurio.us systemd-udevd[327]: passed 303 bytes to netlink monitor 0x7fa12cca02f0
Jun 08 14:36:19 breadbox.penurio.us systemd-udevd[339]: seq 2773 running
Jun 08 14:36:19 breadbox.penurio.us systemd-udevd[329]: no db file to read /run/udev/data/+pci:0000:06:00.0: No such file or directory
Jun 08 14:36:19 breadbox.penurio.us systemd-udevd[336]: IMPORT builtin 'hwdb' returned non-zero
Jun 08 14:36:19 breadbox.penurio.us systemd-udevd[335]: created empty file '/run/udev/data/c250:1' for '/devices/pci0000:00/0000:00:1a.0/usbmon/usbmon1'
Jun 08 14:36:19 breadbox.penurio.us systemd-udevd[334]: no db file to read /run/udev/data/+pci:0000:00:1a.0: No such file or directory
Jun 08 14:36:19 breadbox.penurio.us systemd-udevd[327]: passed 163 bytes to netlink monitor 0x7fa12cca02f0
Jun 08 14:36:19 breadbox.penurio.us systemd-udevd[355]: seq 2774 running
Jun 08 14:36:19 breadbox.penurio.us systemd-udevd[339]: no db file to read /run/udev/data/+pci:0000:06:00.1: No such file or directory
Jun 08 14:36:19 breadbox.penurio.us systemd-udevd[329]: IMPORT builtin 'hwdb' /usr/lib/udev/rules.d/50-udev-default.rules:11
Jun 08 14:36:19 breadbox.penurio.us systemd-udevd[336]: RUN 'kmod load $env{MODALIAS}' /usr/lib/udev/rules.d/80-drivers.rules:5
Jun 08 14:36:19 breadbox.penurio.us systemd-udevd[335]: passed unknown number of bytes to netlink monitor 0x7fa12ccb06b0
Jun 08 14:36:19 breadbox.penurio.us kernel: [TTM] Initializing pool allocator
Jun 08 14:36:19 breadbox.penurio.us kernel: [TTM] Initializing DMA pool allocator
Jun 08 14:36:19 breadbox.penurio.us systemd-udevd[334]: handling device node '/dev/bus/usb/001/001', devnum=c189:0, mode=0664, uid=0, gid=0
Jun 08 14:36:19 breadbox.penurio.us systemd-udevd[327]: seq 2777 queued, 'add' 'pci'
Jun 08 14:36:19 breadbox.penurio.us systemd-udevd[355]: no db file to read /run/udev/data/+pci_bus:0000:06: No such file or directory
Jun 08 14:36:19 breadbox.penurio.us systemd-udevd[339]: IMPORT builtin 'hwdb' /usr/lib/udev/rules.d/50-udev-default.rules:11
Jun 08 14:36:19 breadbox.penurio.us systemd-udevd[329]: IMPORT builtin 'hwdb' returned non-zero
Jun 08 14:36:19 breadbox.penurio.us systemd-udevd[336]: Execute 'load' 'pci:v00008086d00008C18sv000015D9sd0000086Dbc06sc04i00'
Jun 08 14:36:19 breadbox.penurio.us systemd-udevd[335]: seq 2770 processed with 0
Jun 08 14:36:19 breadbox.penurio.us systemd-udevd[334]: set permissions /dev/bus/usb/001/001, 020664, uid=0, gid=0
Jun 08 14:36:19 breadbox.penurio.us systemd-udevd[327]: seq 2778 queued, 'add' 'pci_bus'
Jun 08 14:36:19 breadbox.penurio.us systemd-udevd[355]: no db file to read /run/udev/data/+pci:0000:00:1c.0: No such file or directory
Jun 08 14:36:19 breadbox.penurio.us systemd-udevd[339]: IMPORT builtin 'hwdb' returned non-zero
Jun 08 14:36:19 breadbox.penurio.us systemd-udevd[329]: no db file to read /run/udev/data/+pci:0000:00:1c.0: No such file or directory
Jun 08 14:36:19 breadbox.penurio.us systemd-udevd[336]: No module matches 'pci:v00008086d00008C18sv000015D9sd0000086Dbc06sc04i00'
Jun 08 14:36:19 breadbox.penurio.us systemd-udevd[334]: creating symlink '/dev/char/189:0' to '../bus/usb/001/001'
Jun 08 14:36:19 breadbox.penurio.us systemd-udevd[327]: seq 2779 queued, 'add' 'pci_bus'
Jun 08 14:36:19 breadbox.penurio.us systemd-udevd[355]: passed unknown number of bytes to netlink monitor 0x7fa12ccb6ae0
Jun 08 14:36:19 breadbox.penurio.us systemd-udevd[339]: no db file to read /run/udev/data/+pci:0000:00:1c.0: No such file or directory
Jun 08 14:36:19 breadbox.penurio.us systemd-udevd[329]: RUN 'kmod load $env{MODALIAS}' /usr/lib/udev/rules.d/80-drivers.rules:5
Jun 08 14:36:19 breadbox.penurio.us systemd-udevd[336]: passed unknown number of bytes to netlink monitor 0x7fa12ccaee60
Jun 08 14:36:19 breadbox.penurio.us systemd-udevd[334]: created db file '/run/udev/data/c189:0' for '/devices/pci0000:00/0000:00:1a.0/usb1'
Jun 08 14:36:19 breadbox.penurio.us systemd-udevd[327]: seq 2780 queued, 'add' 'pci'
Jun 08 14:36:19 breadbox.penurio.us systemd-udevd[355]: seq 2774 processed with 0
Jun 08 14:36:19 breadbox.penurio.us systemd-udevd[339]: RUN 'kmod load $env{MODALIAS}' /usr/lib/udev/rules.d/80-drivers.rules:5
Jun 08 14:36:19 breadbox.penurio.us systemd-udevd[329]: Execute 'load' 'pci:v00008086d00001521sv000015D9sd00001521bc02sc00i00'
Jun 08 14:36:19 breadbox.penurio.us systemd-udevd[336]: seq 2775 processed with 0
Jun 08 14:36:19 breadbox.penurio.us systemd-udevd[334]: passed unknown number of bytes to netlink monitor 0x7fa12cca7a60
Jun 08 14:36:19 breadbox.penurio.us systemd-udevd[327]: passed 306 bytes to netlink monitor 0x7fa12cca02f0
Jun 08 14:36:19 breadbox.penurio.us systemd-udevd[333]: seq 2780 running
Jun 08 14:36:19 breadbox.penurio.us systemd-udevd[339]: Execute 'load' 'pci:v00008086d00001521sv000015D9sd00001521bc02sc00i00'
Jun 08 14:36:19 breadbox.penurio.us systemd-udevd[334]: seq 2766 processed with 0
Jun 08 14:36:19 breadbox.penurio.us systemd-udevd[327]: seq 2781 queued, 'add' 'usb'
Jun 08 14:36:19 breadbox.penurio.us systemd-udevd[333]: no db file to read /run/udev/data/+pci:0000:00:1d.0: No such file or directory
Jun 08 14:36:19 breadbox.penurio.us systemd-udevd[327]: passed 294 bytes to netlink monitor 0x7fa12cca02f0
Jun 08 14:36:19 breadbox.penurio.us systemd-udevd[334]: seq 2767 running
Jun 08 14:36:19 breadbox.penurio.us systemd-udevd[333]: IMPORT builtin 'hwdb' /usr/lib/udev/rules.d/50-udev-default.rules:11
Jun 08 14:36:19 breadbox.penurio.us systemd-udevd[327]: passed 282 bytes to netlink monitor 0x7fa12cca02f0
Jun 08 14:36:19 breadbox.penurio.us systemd-udevd[335]: seq 2768 running
Jun 08 14:36:19 breadbox.penurio.us systemd-udevd[334]: no db file to read /run/udev/data/+usb:1-0:1.0: No such file or directory
Jun 08 14:36:19 breadbox.penurio.us systemd-udevd[333]: IMPORT builtin 'hwdb' returned non-zero
Jun 08 14:36:19 breadbox.penurio.us systemd-udevd[327]: passed 303 bytes to netlink monitor 0x7fa12cca02f0
Jun 08 14:36:19 breadbox.penurio.us systemd-udevd[336]: seq 2776 running
Jun 08 14:36:19 breadbox.penurio.us systemd-udevd[335]: IMPORT builtin 'usb_id' /usr/lib/udev/rules.d/50-udev-default.rules:9
Jun 08 14:36:19 breadbox.penurio.us systemd-udevd[334]: IMPORT builtin 'hwdb' /usr/lib/udev/rules.d/50-udev-default.rules:11
Jun 08 14:36:19 breadbox.penurio.us systemd-udevd[333]: RUN 'kmod load $env{MODALIAS}' /usr/lib/udev/rules.d/80-drivers.rules:5
Jun 08 14:36:19 breadbox.penurio.us systemd-udevd[327]: passed 163 bytes to netlink monitor 0x7fa12cca02f0
Jun 08 14:36:19 breadbox.penurio.us systemd-udevd[355]: seq 2779 running
Jun 08 14:36:19 breadbox.penurio.us systemd-udevd[336]: no db file to read /run/udev/data/+pci:0000:08:00.0: No such file or directory
Jun 08 14:36:19 breadbox.penurio.us systemd-udevd[335]: IMPORT builtin 'hwdb' /usr/lib/udev/rules.d/50-udev-default.rules:9
Jun 08 14:36:19 breadbox.penurio.us systemd-udevd[334]: IMPORT builtin 'hwdb' returned non-zero
Jun 08 14:36:19 breadbox.penurio.us systemd-udevd[333]: Execute 'load' 'pci:v00008086d00008C26sv000015D9sd0000086Dbc0Csc03i20'
Jun 08 14:36:19 breadbox.penurio.us systemd-udevd[327]: seq 2782 queued, 'add' 'usb'
Jun 08 14:36:19 breadbox.penurio.us systemd-udevd[355]: no db file to read /run/udev/data/+pci_bus:0000:08: No such file or directory
Jun 08 14:36:19 breadbox.penurio.us systemd-udevd[336]: IMPORT builtin 'hwdb' /usr/lib/udev/rules.d/50-udev-default.rules:11
Jun 08 14:36:19 breadbox.penurio.us systemd-udevd[335]: IMPORT builtin 'hwdb' returned non-zero
Jun 08 14:36:19 breadbox.penurio.us systemd-udevd[334]: RUN 'kmod load $env{MODALIAS}' /usr/lib/udev/rules.d/80-drivers.rules:5
Jun 08 14:36:19 breadbox.penurio.us systemd-udevd[333]: No module matches 'pci:v00008086d00008C26sv000015D9sd0000086Dbc0Csc03i20'
Jun 08 14:36:19 breadbox.penurio.us systemd-udevd[327]: seq 2783 queued, 'add' 'usb'
Jun 08 14:36:19 breadbox.penurio.us systemd-udevd[355]: no db file to read /run/udev/data/+pci:0000:00:1c.4: No such file or directory
Jun 08 14:36:19 breadbox.penurio.us systemd-udevd[336]: IMPORT builtin 'hwdb' returned non-zero
Jun 08 14:36:19 breadbox.penurio.us systemd-udevd[335]: MODE 0664 /usr/lib/udev/rules.d/50-udev-default.rules:38
Jun 08 14:36:19 breadbox.penurio.us systemd-udevd[334]: Execute 'load' 'usb:v1D6Bp0002d0310dc09dsc00dp00ic09isc00ip00in00'
Jun 08 14:36:19 breadbox.penurio.us systemd-udevd[333]: passed unknown number of bytes to netlink monitor 0x7fa12cca4550
Jun 08 14:36:19 breadbox.penurio.us systemd-udevd[327]: seq 2784 queued, 'add' 'usb'
Jun 08 14:36:19 breadbox.penurio.us systemd-udevd[355]: passed unknown number of bytes to netlink monitor 0x7fa12ccb6ae0
Jun 08 14:36:19 breadbox.penurio.us systemd-udevd[336]: no db file to read /run/udev/data/+pci:0000:00:1c.4: No such file or directory
Jun 08 14:36:19 breadbox.penurio.us systemd-udevd[335]: IMPORT builtin 'path_id' /usr/lib/udev/rules.d/71-seat.rules:43
Jun 08 14:36:19 breadbox.penurio.us systemd-udevd[334]: No module matches 'usb:v1D6Bp0002d0310dc09dsc00dp00ic09isc00ip00in00'
Jun 08 14:36:19 breadbox.penurio.us systemd-udevd[333]: seq 2780 processed with 0
Jun 08 14:36:19 breadbox.penurio.us systemd-udevd[327]: seq 2785 queued, 'add' 'usbmon'
Jun 08 14:36:19 breadbox.penurio.us systemd-udevd[355]: seq 2779 processed with 0
Jun 08 14:36:19 breadbox.penurio.us systemd-udevd[336]: RUN 'kmod load $env{MODALIAS}' /usr/lib/udev/rules.d/80-drivers.rules:5
Jun 08 14:36:19 breadbox.penurio.us systemd-udevd[335]: handling device node '/dev/bus/usb/001/002', devnum=c189:1, mode=0664, uid=0, gid=0
Jun 08 14:36:19 breadbox.penurio.us systemd-udevd[334]: passed unknown number of bytes to netlink monitor 0x7fa12cca7a60
Jun 08 14:36:19 breadbox.penurio.us systemd-udevd[327]: passed 279 bytes to netlink monitor 0x7fa12cca02f0
Jun 08 14:36:19 breadbox.penurio.us systemd-udevd[333]: seq 2781 running
Jun 08 14:36:19 breadbox.penurio.us systemd-udevd[336]: Execute 'load' 'pci:v00001A03d00001150sv000015D9sd0000086Dbc06sc04i00'
Jun 08 14:36:19 breadbox.penurio.us systemd-udevd[335]: preserve permissions /dev/bus/usb/001/002, 020664, uid=0, gid=0
Jun 08 14:36:19 breadbox.penurio.us systemd-udevd[334]: seq 2767 processed with 0
Jun 08 14:36:19 breadbox.penurio.us systemd-udevd[327]: passed 200 bytes to netlink monitor 0x7fa12cca02f0
Jun 08 14:36:19 breadbox.penurio.us systemd-udevd[356]: seq 2785 running
Jun 08 14:36:19 breadbox.penurio.us systemd-udevd[333]: no db file to read /run/udev/data/c189:128: No such file or directory
Jun 08 14:36:19 breadbox.penurio.us systemd-udevd[336]: No module matches 'pci:v00001A03d00001150sv000015D9sd0000086Dbc06sc04i00'
Jun 08 14:36:19 breadbox.penurio.us systemd-udevd[335]: preserve already existing symlink '/dev/char/189:1' to '../bus/usb/001/002'
Jun 08 14:36:19 breadbox.penurio.us systemd-udevd[327]: seq 2786 queued, 'add' 'pci'
Jun 08 14:36:19 breadbox.penurio.us systemd-udevd[356]: no db file to read /run/udev/data/c250:2: No such file or directory
Jun 08 14:36:19 breadbox.penurio.us systemd-udevd[333]: IMPORT builtin 'usb_id' /usr/lib/udev/rules.d/50-udev-default.rules:9
Jun 08 14:36:19 breadbox.penurio.us systemd-udevd[336]: passed unknown number of bytes to netlink monitor 0x7fa12ccaee60
Jun 08 14:36:19 breadbox.penurio.us systemd-udevd[335]: created db file '/run/udev/data/c189:1' for '/devices/pci0000:00/0000:00:1a.0/usb1/1-1'
Jun 08 14:36:19 breadbox.penurio.us systemd-udevd[327]: passed 290 bytes to netlink monitor 0x7fa12cca02f0
Jun 08 14:36:19 breadbox.penurio.us systemd-udevd[334]: seq 2786 running
Jun 08 14:36:19 breadbox.penurio.us systemd-udevd[356]: no db file to read /run/udev/data/+pci:0000:00:1d.0: No such file or directory
Jun 08 14:36:19 breadbox.penurio.us systemd-udevd[333]: IMPORT builtin 'hwdb' /usr/lib/udev/rules.d/50-udev-default.rules:9
Jun 08 14:36:19 breadbox.penurio.us systemd-udevd[336]: seq 2776 processed with 0
Jun 08 14:36:19 breadbox.penurio.us systemd-udevd[335]: passed unknown number of bytes to netlink monitor 0x7fa12ccb06b0
Jun 08 14:36:19 breadbox.penurio.us systemd-udevd[327]: seq 2787 queued, 'add' 'platform'
Jun 08 14:36:19 breadbox.penurio.us systemd-udevd[334]: no db file to read /run/udev/data/+pci:0000:00:1f.0: No such file or directory
Jun 08 14:36:19 breadbox.penurio.us systemd-udevd[356]: handling device node '/dev/usbmon2', devnum=c250:2, mode=0600, uid=0, gid=0
Jun 08 14:36:19 breadbox.penurio.us systemd-udevd[333]: IMPORT builtin 'hwdb' returned non-zero
Jun 08 14:36:19 breadbox.penurio.us systemd-udevd[335]: seq 2768 processed with 0
Jun 08 14:36:19 breadbox.penurio.us systemd-udevd[327]: passed 316 bytes to netlink monitor 0x7fa12cca02f0
Jun 08 14:36:19 breadbox.penurio.us systemd-udevd[336]: seq 2777 running
Jun 08 14:36:19 breadbox.penurio.us systemd-udevd[334]: IMPORT builtin 'hwdb' /usr/lib/udev/rules.d/50-udev-default.rules:11
Jun 08 14:36:19 breadbox.penurio.us systemd-udevd[356]: preserve permissions /dev/usbmon2, 020600, uid=0, gid=0
Jun 08 14:36:19 breadbox.penurio.us systemd-udevd[333]: MODE 0664 /usr/lib/udev/rules.d/50-udev-default.rules:38
Jun 08 14:36:19 breadbox.penurio.us systemd-udevd[327]: passed 176 bytes to netlink monitor 0x7fa12cca02f0
Jun 08 14:36:19 breadbox.penurio.us systemd-udevd[355]: seq 2778 running
Jun 08 14:36:19 breadbox.penurio.us systemd-udevd[336]: no db file to read /run/udev/data/+pci:0000:09:00.0: No such file or directory
Jun 08 14:36:19 breadbox.penurio.us systemd-udevd[334]: IMPORT builtin 'hwdb' returned non-zero
Jun 08 14:36:19 breadbox.penurio.us systemd-udevd[356]: creating symlink '/dev/char/250:2' to '../usbmon2'
Jun 08 14:36:19 breadbox.penurio.us systemd-udevd[333]: IMPORT builtin 'path_id' /usr/lib/udev/rules.d/71-seat.rules:43
Jun 08 14:36:19 breadbox.penurio.us systemd-udevd[327]: seq 2788 queued, 'add' 'platform'
Jun 08 14:36:19 breadbox.penurio.us systemd-udevd[355]: no db file to read /run/udev/data/+pci_bus:0000:09: No such file or directory
Jun 08 14:36:19 breadbox.penurio.us systemd-udevd[336]: IMPORT builtin 'hwdb' /usr/lib/udev/rules.d/50-udev-default.rules:11
Jun 08 14:36:19 breadbox.penurio.us systemd-udevd[334]: RUN 'kmod load $env{MODALIAS}' /usr/lib/udev/rules.d/80-drivers.rules:5
Jun 08 14:36:19 breadbox.penurio.us systemd-udevd[356]: created empty file '/run/udev/data/c250:2' for '/devices/pci0000:00/0000:00:1d.0/usbmon/usbmon2'
Jun 08 14:36:19 breadbox.penurio.us systemd-udevd[333]: no db file to read /run/udev/data/+pci:0000:00:1d.0: No such file or directory
Jun 08 14:36:19 breadbox.penurio.us systemd-udevd[327]: passed 299 bytes to netlink monitor 0x7fa12cca02f0
Jun 08 14:36:19 breadbox.penurio.us systemd-udevd[335]: seq 2769 running
Jun 08 14:36:19 breadbox.penurio.us systemd-udevd[355]: no db file to read /run/udev/data/+pci:0000:08:00.0: No such file or directory
Jun 08 14:36:19 breadbox.penurio.us systemd-udevd[336]: IMPORT builtin 'hwdb' returned non-zero
Jun 08 14:36:19 breadbox.penurio.us systemd-udevd[334]: Execute 'load' 'pci:v00008086d00008C54sv000015D9sd0000086Dbc06sc01i00'
Jun 08 14:36:19 breadbox.penurio.us systemd-udevd[356]: passed unknown number of bytes to netlink monitor 0x7fa12ccc34c0
