Jun 08 14:36:20 breadbox.penurio.us systemd-udevd[328]: seq 3968 processed with 0
Jun 08 14:36:20 breadbox.penurio.us systemd-udevd[327]: passed 186 bytes to netlink monitor 0x7fa12cca02f0
Jun 08 14:36:20 breadbox.penurio.us systemd-udevd[329]: seq 3972 running
Jun 08 14:36:20 breadbox.penurio.us systemd-udevd[334]: preserve permissions /dev/cpu/11/cpuid, 020600, uid=0, gid=0
Jun 08 14:36:20 breadbox.penurio.us systemd-udevd[335]: preserve permissions /dev/cpu/12/cpuid, 020600, uid=0, gid=0
Jun 08 14:36:20 breadbox.penurio.us systemd-udevd[333]: passed unknown number of bytes to netlink monitor 0x7fa12cca4550
Jun 08 14:36:20 breadbox.penurio.us systemd-udevd[327]: seq 3973 queued, 'add' 'cpuid'
Jun 08 14:36:20 breadbox.penurio.us systemd-udevd[329]: no db file to read /run/udev/data/c203:13: No such file or directory
Jun 08 14:36:20 breadbox.penurio.us systemd-udevd[334]: creating symlink '/dev/char/203:11' to '../cpu/11/cpuid'
Jun 08 14:36:20 breadbox.penurio.us systemd-udevd[335]: creating symlink '/dev/char/203:12' to '../cpu/12/cpuid'
Jun 08 14:36:20 breadbox.penurio.us systemd-udevd[333]: seq 3969 processed with 0
Jun 08 14:36:20 breadbox.penurio.us systemd-udevd[327]: passed 186 bytes to netlink monitor 0x7fa12cca02f0
Jun 08 14:36:20 breadbox.penurio.us systemd-udevd[328]: seq 3973 running
Jun 08 14:36:20 breadbox.penurio.us systemd-udevd[329]: handling device node '/dev/cpu/13/cpuid', devnum=c203:13, mode=0600, uid=0, gid=0
Jun 08 14:36:20 breadbox.penurio.us systemd-udevd[334]: created empty file '/run/udev/data/c203:11' for '/devices/virtual/cpuid/cpu11'
Jun 08 14:36:20 breadbox.penurio.us systemd-udevd[335]: created empty file '/run/udev/data/c203:12' for '/devices/virtual/cpuid/cpu12'
Jun 08 14:36:20 breadbox.penurio.us systemd-udevd[327]: seq 3974 queued, 'add' 'cpuid'
Jun 08 14:36:20 breadbox.penurio.us systemd-udevd[328]: no db file to read /run/udev/data/c203:14: No such file or directory
Jun 08 14:36:20 breadbox.penurio.us systemd-udevd[329]: preserve permissions /dev/cpu/13/cpuid, 020600, uid=0, gid=0
Jun 08 14:36:20 breadbox.penurio.us systemd-udevd[334]: passed unknown number of bytes to netlink monitor 0x7fa12cca7a60
Jun 08 14:36:20 breadbox.penurio.us systemd-udevd[335]: passed unknown number of bytes to netlink monitor 0x7fa12ccb06b0
Jun 08 14:36:20 breadbox.penurio.us systemd-udevd[327]: passed 186 bytes to netlink monitor 0x7fa12cca02f0
Jun 08 14:36:20 breadbox.penurio.us systemd-udevd[333]: seq 3974 running
Jun 08 14:36:20 breadbox.penurio.us systemd-udevd[328]: handling device node '/dev/cpu/14/cpuid', devnum=c203:14, mode=0600, uid=0, gid=0
Jun 08 14:36:20 breadbox.penurio.us systemd-udevd[329]: creating symlink '/dev/char/203:13' to '../cpu/13/cpuid'
Jun 08 14:36:20 breadbox.penurio.us systemd-udevd[334]: seq 3970 processed with 0
Jun 08 14:36:20 breadbox.penurio.us systemd-udevd[335]: seq 3971 processed with 0
Jun 08 14:36:20 breadbox.penurio.us systemd-udevd[327]: seq 3975 queued, 'add' 'cpuid'
Jun 08 14:36:20 breadbox.penurio.us systemd-udevd[333]: no db file to read /run/udev/data/c203:15: No such file or directory
Jun 08 14:36:20 breadbox.penurio.us systemd-udevd[328]: preserve permissions /dev/cpu/14/cpuid, 020600, uid=0, gid=0
Jun 08 14:36:20 breadbox.penurio.us systemd-udevd[329]: created empty file '/run/udev/data/c203:13' for '/devices/virtual/cpuid/cpu13'
Jun 08 14:36:20 breadbox.penurio.us systemd-udevd[327]: passed 183 bytes to netlink monitor 0x7fa12cca02f0
Jun 08 14:36:20 breadbox.penurio.us systemd-udevd[334]: seq 3975 running
Jun 08 14:36:20 breadbox.penurio.us systemd-udevd[333]: handling device node '/dev/cpu/15/cpuid', devnum=c203:15, mode=0600, uid=0, gid=0
Jun 08 14:36:20 breadbox.penurio.us systemd-udevd[328]: creating symlink '/dev/char/203:14' to '../cpu/14/cpuid'
Jun 08 14:36:20 breadbox.penurio.us systemd-udevd[329]: passed unknown number of bytes to netlink monitor 0x7fa12ccb2a70
Jun 08 14:36:20 breadbox.penurio.us systemd-udevd[327]: seq 3976 queued, 'add' 'cpuid'
Jun 08 14:36:20 breadbox.penurio.us systemd-udevd[333]: preserve permissions /dev/cpu/15/cpuid, 020600, uid=0, gid=0
Jun 08 14:36:20 breadbox.penurio.us systemd-udevd[334]: no db file to read /run/udev/data/c203:2: No such file or directory
Jun 08 14:36:20 breadbox.penurio.us systemd-udevd[328]: created empty file '/run/udev/data/c203:14' for '/devices/virtual/cpuid/cpu14'
Jun 08 14:36:20 breadbox.penurio.us systemd-udevd[329]: seq 3972 processed with 0
Jun 08 14:36:20 breadbox.penurio.us systemd-udevd[327]: passed 183 bytes to netlink monitor 0x7fa12cca02f0
Jun 08 14:36:20 breadbox.penurio.us systemd-udevd[335]: seq 3976 running
Jun 08 14:36:20 breadbox.penurio.us systemd-udevd[333]: creating symlink '/dev/char/203:15' to '../cpu/15/cpuid'
Jun 08 14:36:20 breadbox.penurio.us kernel: usb 3-4.1: new low-speed USB device number 3 using xhci_hcd
Jun 08 14:36:20 breadbox.penurio.us systemd-udevd[328]: passed unknown number of bytes to netlink monitor 0x7fa12ccb0ff0
Jun 08 14:36:20 breadbox.penurio.us systemd-udevd[334]: handling device node '/dev/cpu/2/cpuid', devnum=c203:2, mode=0600, uid=0, gid=0
Jun 08 14:36:20 breadbox.penurio.us systemd-udevd[327]: seq 3977 queued, 'add' 'cpuid'
Jun 08 14:36:20 breadbox.penurio.us systemd-udevd[329]: seq 3977 running
Jun 08 14:36:20 breadbox.penurio.us systemd-udevd[333]: created empty file '/run/udev/data/c203:15' for '/devices/virtual/cpuid/cpu15'
Jun 08 14:36:20 breadbox.penurio.us systemd-udevd[328]: seq 3973 processed with 0
Jun 08 14:36:20 breadbox.penurio.us systemd-udevd[334]: preserve permissions /dev/cpu/2/cpuid, 020600, uid=0, gid=0
Jun 08 14:36:20 breadbox.penurio.us systemd-udevd[327]: passed 183 bytes to netlink monitor 0x7fa12cca02f0
Jun 08 14:36:20 breadbox.penurio.us systemd-udevd[335]: no db file to read /run/udev/data/c203:3: No such file or directory
Jun 08 14:36:20 breadbox.penurio.us systemd-udevd[329]: no db file to read /run/udev/data/c203:4: No such file or directory
Jun 08 14:36:20 breadbox.penurio.us systemd-udevd[333]: passed unknown number of bytes to netlink monitor 0x7fa12cca4550
Jun 08 14:36:20 breadbox.penurio.us systemd-udevd[334]: creating symlink '/dev/char/203:2' to '../cpu/2/cpuid'
Jun 08 14:36:20 breadbox.penurio.us systemd-udevd[327]: seq 3978 queued, 'add' 'cpuid'
Jun 08 14:36:20 breadbox.penurio.us systemd-udevd[328]: seq 3978 running
Jun 08 14:36:20 breadbox.penurio.us systemd-udevd[329]: handling device node '/dev/cpu/4/cpuid', devnum=c203:4, mode=0600, uid=0, gid=0
Jun 08 14:36:20 breadbox.penurio.us systemd-udevd[333]: seq 3974 processed with 0
Jun 08 14:36:20 breadbox.penurio.us systemd-udevd[334]: created empty file '/run/udev/data/c203:2' for '/devices/virtual/cpuid/cpu2'
Jun 08 14:36:20 breadbox.penurio.us systemd-udevd[327]: passed 183 bytes to netlink monitor 0x7fa12cca02f0
Jun 08 14:36:20 breadbox.penurio.us systemd-udevd[335]: handling device node '/dev/cpu/3/cpuid', devnum=c203:3, mode=0600, uid=0, gid=0
Jun 08 14:36:20 breadbox.penurio.us systemd-udevd[328]: no db file to read /run/udev/data/c203:5: No such file or directory
Jun 08 14:36:20 breadbox.penurio.us systemd-udevd[329]: preserve permissions /dev/cpu/4/cpuid, 020600, uid=0, gid=0
Jun 08 14:36:20 breadbox.penurio.us systemd-udevd[334]: passed unknown number of bytes to netlink monitor 0x7fa12cca7a60
Jun 08 14:36:20 breadbox.penurio.us systemd-udevd[327]: seq 3979 queued, 'add' 'cpuid'
Jun 08 14:36:20 breadbox.penurio.us systemd-udevd[333]: seq 3979 running
Jun 08 14:36:20 breadbox.penurio.us systemd-udevd[328]: handling device node '/dev/cpu/5/cpuid', devnum=c203:5, mode=0600, uid=0, gid=0
Jun 08 14:36:20 breadbox.penurio.us systemd-udevd[329]: creating symlink '/dev/char/203:4' to '../cpu/4/cpuid'
Jun 08 14:36:20 breadbox.penurio.us systemd-udevd[334]: seq 3975 processed with 0
Jun 08 14:36:20 breadbox.penurio.us systemd-udevd[327]: passed 183 bytes to netlink monitor 0x7fa12cca02f0
Jun 08 14:36:20 breadbox.penurio.us systemd-udevd[335]: preserve permissions /dev/cpu/3/cpuid, 020600, uid=0, gid=0
Jun 08 14:36:20 breadbox.penurio.us systemd-udevd[333]: no db file to read /run/udev/data/c203:6: No such file or directory
Jun 08 14:36:20 breadbox.penurio.us systemd-udevd[328]: preserve permissions /dev/cpu/5/cpuid, 020600, uid=0, gid=0
Jun 08 14:36:20 breadbox.penurio.us systemd-udevd[329]: created empty file '/run/udev/data/c203:4' for '/devices/virtual/cpuid/cpu4'
Jun 08 14:36:20 breadbox.penurio.us systemd-udevd[327]: seq 3980 queued, 'add' 'cpuid'
Jun 08 14:36:20 breadbox.penurio.us systemd-udevd[334]: seq 3980 running
Jun 08 14:36:20 breadbox.penurio.us systemd-udevd[333]: handling device node '/dev/cpu/6/cpuid', devnum=c203:6, mode=0600, uid=0, gid=0
Jun 08 14:36:20 breadbox.penurio.us systemd-udevd[328]: creating symlink '/dev/char/203:5' to '../cpu/5/cpuid'
Jun 08 14:36:20 breadbox.penurio.us systemd-udevd[329]: passed unknown number of bytes to netlink monitor 0x7fa12ccb2a70
Jun 08 14:36:20 breadbox.penurio.us systemd-udevd[327]: passed 183 bytes to netlink monitor 0x7fa12cca02f0
Jun 08 14:36:20 breadbox.penurio.us systemd-udevd[335]: creating symlink '/dev/char/203:3' to '../cpu/3/cpuid'
Jun 08 14:36:20 breadbox.penurio.us systemd-udevd[334]: no db file to read /run/udev/data/c203:7: No such file or directory
Jun 08 14:36:20 breadbox.penurio.us systemd-udevd[333]: preserve permissions /dev/cpu/6/cpuid, 020600, uid=0, gid=0
Jun 08 14:36:20 breadbox.penurio.us systemd-udevd[328]: created empty file '/run/udev/data/c203:5' for '/devices/virtual/cpuid/cpu5'
Jun 08 14:36:20 breadbox.penurio.us systemd-udevd[329]: seq 3977 processed with 0
Jun 08 14:36:20 breadbox.penurio.us systemd-udevd[327]: seq 3981 queued, 'add' 'cpuid'
Jun 08 14:36:20 breadbox.penurio.us systemd-udevd[335]: created empty file '/run/udev/data/c203:3' for '/devices/virtual/cpuid/cpu3'
Jun 08 14:36:20 breadbox.penurio.us systemd-udevd[334]: handling device node '/dev/cpu/7/cpuid', devnum=c203:7, mode=0600, uid=0, gid=0
Jun 08 14:36:20 breadbox.penurio.us systemd-udevd[333]: creating symlink '/dev/char/203:6' to '../cpu/6/cpuid'
Jun 08 14:36:20 breadbox.penurio.us systemd-udevd[328]: passed unknown number of bytes to netlink monitor 0x7fa12ccb0ff0
Jun 08 14:36:20 breadbox.penurio.us systemd-udevd[327]: passed 183 bytes to netlink monitor 0x7fa12cca02f0
Jun 08 14:36:20 breadbox.penurio.us systemd-udevd[329]: seq 3981 running
Jun 08 14:36:20 breadbox.penurio.us systemd-udevd[335]: passed unknown number of bytes to netlink monitor 0x7fa12ccb06b0
Jun 08 14:36:20 breadbox.penurio.us systemd-udevd[334]: preserve permissions /dev/cpu/7/cpuid, 020600, uid=0, gid=0
Jun 08 14:36:20 breadbox.penurio.us systemd-udevd[333]: created empty file '/run/udev/data/c203:6' for '/devices/virtual/cpuid/cpu6'
Jun 08 14:36:20 breadbox.penurio.us systemd-udevd[328]: seq 3978 processed with 0
Jun 08 14:36:20 breadbox.penurio.us systemd-udevd[327]: seq 3982 queued, 'add' 'cpuid'
Jun 08 14:36:20 breadbox.penurio.us systemd-udevd[329]: no db file to read /run/udev/data/c203:8: No such file or directory
Jun 08 14:36:20 breadbox.penurio.us systemd-udevd[335]: seq 3976 processed with 0
Jun 08 14:36:20 breadbox.penurio.us systemd-udevd[334]: creating symlink '/dev/char/203:7' to '../cpu/7/cpuid'
Jun 08 14:36:20 breadbox.penurio.us systemd-udevd[333]: passed unknown number of bytes to netlink monitor 0x7fa12cca4550
Jun 08 14:36:20 breadbox.penurio.us systemd-udevd[327]: passed 183 bytes to netlink monitor 0x7fa12cca02f0
Jun 08 14:36:20 breadbox.penurio.us systemd-udevd[328]: seq 3982 running
Jun 08 14:36:20 breadbox.penurio.us systemd-udevd[329]: handling device node '/dev/cpu/8/cpuid', devnum=c203:8, mode=0600, uid=0, gid=0
Jun 08 14:36:20 breadbox.penurio.us systemd-udevd[334]: created empty file '/run/udev/data/c203:7' for '/devices/virtual/cpuid/cpu7'
Jun 08 14:36:20 breadbox.penurio.us systemd-udevd[333]: seq 3979 processed with 0
Jun 08 14:36:20 breadbox.penurio.us systemd-udevd[327]: seq 3983 queued, 'add' 'dmi'
Jun 08 14:36:20 breadbox.penurio.us systemd-udevd[328]: no db file to read /run/udev/data/c203:9: No such file or directory
Jun 08 14:36:20 breadbox.penurio.us systemd-udevd[329]: preserve permissions /dev/cpu/8/cpuid, 020600, uid=0, gid=0
Jun 08 14:36:20 breadbox.penurio.us systemd-udevd[334]: passed unknown number of bytes to netlink monitor 0x7fa12cca7a60
Jun 08 14:36:20 breadbox.penurio.us systemd-udevd[327]: passed 308 bytes to netlink monitor 0x7fa12cca02f0
Jun 08 14:36:20 breadbox.penurio.us systemd-udevd[333]: seq 3983 running
Jun 08 14:36:20 breadbox.penurio.us systemd-udevd[328]: handling device node '/dev/cpu/9/cpuid', devnum=c203:9, mode=0600, uid=0, gid=0
Jun 08 14:36:20 breadbox.penurio.us systemd-udevd[329]: creating symlink '/dev/char/203:8' to '../cpu/8/cpuid'
Jun 08 14:36:20 breadbox.penurio.us systemd-udevd[334]: seq 3980 processed with 0
Jun 08 14:36:20 breadbox.penurio.us systemd-udevd[327]: seq 3984 queued, 'add' 'graphics'
Jun 08 14:36:20 breadbox.penurio.us systemd-udevd[333]: no db file to read /run/udev/data/+dmi:id: No such file or directory
Jun 08 14:36:20 breadbox.penurio.us systemd-udevd[328]: preserve permissions /dev/cpu/9/cpuid, 020600, uid=0, gid=0
Jun 08 14:36:20 breadbox.penurio.us systemd-udevd[329]: created empty file '/run/udev/data/c203:8' for '/devices/virtual/cpuid/cpu8'
Jun 08 14:36:20 breadbox.penurio.us systemd-udevd[327]: passed 147 bytes to netlink monitor 0x7fa12cca02f0
Jun 08 14:36:20 breadbox.penurio.us systemd-udevd[334]: seq 3984 running
Jun 08 14:36:20 breadbox.penurio.us systemd-udevd[333]: IMPORT builtin 'hwdb' /usr/lib/udev/rules.d/50-udev-default.rules:11
Jun 08 14:36:20 breadbox.penurio.us systemd-udevd[328]: creating symlink '/dev/char/203:9' to '../cpu/9/cpuid'
Jun 08 14:36:20 breadbox.penurio.us systemd-udevd[329]: passed unknown number of bytes to netlink monitor 0x7fa12ccb2a70
Jun 08 14:36:20 breadbox.penurio.us systemd-udevd[327]: seq 3985 queued, 'add' 'input'
Jun 08 14:36:20 breadbox.penurio.us systemd-udevd[334]: no db file to read /run/udev/data/+graphics:fbcon: No such file or directory
Jun 08 14:36:20 breadbox.penurio.us systemd-udevd[333]: IMPORT builtin 'hwdb' returned non-zero
Jun 08 14:36:20 breadbox.penurio.us systemd-udevd[328]: created empty file '/run/udev/data/c203:9' for '/devices/virtual/cpuid/cpu9'
Jun 08 14:36:20 breadbox.penurio.us systemd-udevd[329]: seq 3981 processed with 0
Jun 08 14:36:20 breadbox.penurio.us systemd-udevd[327]: passed 182 bytes to netlink monitor 0x7fa12cca02f0
Jun 08 14:36:20 breadbox.penurio.us systemd-udevd[335]: seq 3985 running
Jun 08 14:36:20 breadbox.penurio.us systemd-udevd[334]: passed unknown number of bytes to netlink monitor 0x7fa12cca7a60
Jun 08 14:36:20 breadbox.penurio.us systemd-udevd[333]: RUN 'kmod load $env{MODALIAS}' /usr/lib/udev/rules.d/80-drivers.rules:5
Jun 08 14:36:20 breadbox.penurio.us systemd-udevd[328]: passed unknown number of bytes to netlink monitor 0x7fa12ccb0ff0
Jun 08 14:36:20 breadbox.penurio.us systemd-udevd[327]: seq 3986 queued, 'add' 'mem'
Jun 08 14:36:20 breadbox.penurio.us systemd-udevd[335]: no db file to read /run/udev/data/c13:63: No such file or directory
Jun 08 14:36:20 breadbox.penurio.us systemd-udevd[334]: seq 3984 processed with 0
Jun 08 14:36:20 breadbox.penurio.us systemd-udevd[333]: Execute 'load' 'dmi:bvnAmericanMegatrendsInc.:bvr1.1:bd03/02/2016:svnSupermicro:pnSYS-5028D-TN4T:pvr0123456789:rvnSupermicro:rnX10SDV-TLN4F:rvr2.00:cvnSupermicro:ct1:cvr0123456789:'
Jun 08 14:36:20 breadbox.penurio.us systemd-udevd[328]: seq 3982 processed with 0
Jun 08 14:36:20 breadbox.penurio.us systemd-udevd[327]: passed 183 bytes to netlink monitor 0x7fa12cca02f0
Jun 08 14:36:20 breadbox.penurio.us systemd-udevd[329]: seq 3986 running
Jun 08 14:36:20 breadbox.penurio.us systemd-udevd[335]: IMPORT builtin 'input_id' /usr/lib/udev/rules.d/50-udev-default.rules:10
Jun 08 14:36:20 breadbox.penurio.us systemd-udevd[333]: No module matches 'dmi:bvnAmericanMegatrendsInc.:bvr1.1:bd03/02/2016:svnSupermicro:pnSYS-5028D-TN4T:pvr0123456789:rvnSupermicro:rnX10SDV-TLN4F:rvr2.00:cvnSupermicro:ct1:cvr0123456789:'
Jun 08 14:36:20 breadbox.penurio.us systemd-udevd[327]: seq 3987 queued, 'add' 'mem'
Jun 08 14:36:20 breadbox.penurio.us systemd-udevd[329]: no db file to read /run/udev/data/c1:7: No such file or directory
Jun 08 14:36:20 breadbox.penurio.us systemd-udevd[335]: GROUP 998 /usr/lib/udev/rules.d/50-udev-default.rules:26
Jun 08 14:36:20 breadbox.penurio.us systemd-udevd[333]: passed unknown number of bytes to netlink monitor 0x7fa12cca4550
Jun 08 14:36:20 breadbox.penurio.us systemd-udevd[327]: passed 184 bytes to netlink monitor 0x7fa12cca02f0
Jun 08 14:36:20 breadbox.penurio.us systemd-udevd[328]: seq 3987 running
Jun 08 14:36:20 breadbox.penurio.us systemd-udevd[329]: handling device node '/dev/full', devnum=c1:7, mode=0666, uid=0, gid=0
Jun 08 14:36:20 breadbox.penurio.us systemd-udevd[335]: handling device node '/dev/input/mice', devnum=c13:63, mode=0660, uid=0, gid=998
Jun 08 14:36:20 breadbox.penurio.us systemd-udevd[333]: seq 3983 processed with 0
Jun 08 14:36:20 breadbox.penurio.us systemd-udevd[327]: seq 3988 queued, 'add' 'mem'
Jun 08 14:36:20 breadbox.penurio.us systemd-udevd[328]: no db file to read /run/udev/data/c1:11: No such file or directory
Jun 08 14:36:20 breadbox.penurio.us systemd-udevd[329]: preserve permissions /dev/full, 020666, uid=0, gid=0
Jun 08 14:36:20 breadbox.penurio.us systemd-udevd[335]: set permissions /dev/input/mice, 020660, uid=0, gid=998
Jun 08 14:36:20 breadbox.penurio.us systemd-udevd[327]: passed 168 bytes to netlink monitor 0x7fa12cca02f0
Jun 08 14:36:20 breadbox.penurio.us systemd-udevd[333]: seq 3988 running
Jun 08 14:36:20 breadbox.penurio.us systemd-udevd[328]: handling device node '/dev/kmsg', devnum=c1:11, mode=0644, uid=0, gid=0
Jun 08 14:36:20 breadbox.penurio.us systemd-udevd[329]: creating symlink '/dev/char/1:7' to '../full'
Jun 08 14:36:20 breadbox.penurio.us systemd-udevd[335]: creating symlink '/dev/char/13:63' to '../input/mice'
Jun 08 14:36:20 breadbox.penurio.us systemd-udevd[327]: seq 3989 queued, 'add' 'mem'
Jun 08 14:36:20 breadbox.penurio.us systemd-udevd[333]: no db file to read /run/udev/data/c1:1: No such file or directory
Jun 08 14:36:20 breadbox.penurio.us systemd-udevd[328]: preserve permissions /dev/kmsg, 020644, uid=0, gid=0
Jun 08 14:36:20 breadbox.penurio.us systemd-udevd[329]: created empty file '/run/udev/data/c1:7' for '/devices/virtual/mem/full'
Jun 08 14:36:20 breadbox.penurio.us systemd-udevd[335]: created empty file '/run/udev/data/c13:63' for '/devices/virtual/input/mice'
Jun 08 14:36:20 breadbox.penurio.us systemd-udevd[327]: passed 183 bytes to netlink monitor 0x7fa12cca02f0
Jun 08 14:36:20 breadbox.penurio.us systemd-udevd[334]: seq 3989 running
Jun 08 14:36:20 breadbox.penurio.us systemd-udevd[333]: GROUP 9 /usr/lib/udev/rules.d/50-udev-default.rules:24
Jun 08 14:36:20 breadbox.penurio.us systemd-udevd[328]: creating symlink '/dev/char/1:11' to '../kmsg'
Jun 08 14:36:20 breadbox.penurio.us systemd-udevd[329]: passed unknown number of bytes to netlink monitor 0x7fa12ccb2a70
Jun 08 14:36:20 breadbox.penurio.us systemd-udevd[335]: passed unknown number of bytes to netlink monitor 0x7fa12ccb06b0
Jun 08 14:36:20 breadbox.penurio.us systemd-udevd[327]: seq 3990 queued, 'add' 'mem'
Jun 08 14:36:20 breadbox.penurio.us systemd-udevd[334]: no db file to read /run/udev/data/c1:3: No such file or directory
Jun 08 14:36:20 breadbox.penurio.us systemd-udevd[333]: MODE 0640 /usr/lib/udev/rules.d/50-udev-default.rules:24
Jun 08 14:36:20 breadbox.penurio.us systemd-udevd[328]: created empty file '/run/udev/data/c1:11' for '/devices/virtual/mem/kmsg'
Jun 08 14:36:20 breadbox.penurio.us systemd-udevd[329]: seq 3986 processed with 0
Jun 08 14:36:20 breadbox.penurio.us systemd-udevd[335]: seq 3985 processed with 0
Jun 08 14:36:20 breadbox.penurio.us systemd-udevd[327]: passed 175 bytes to netlink monitor 0x7fa12cca02f0
Jun 08 14:36:20 breadbox.penurio.us systemd-udevd[336]: seq 3990 running
Jun 08 14:36:20 breadbox.penurio.us systemd-udevd[334]: handling device node '/dev/null', devnum=c1:3, mode=0666, uid=0, gid=0
Jun 08 14:36:20 breadbox.penurio.us systemd-udevd[333]: handling device node '/dev/mem', devnum=c1:1, mode=0640, uid=0, gid=9
Jun 08 14:36:20 breadbox.penurio.us systemd-udevd[328]: passed unknown number of bytes to netlink monitor 0x7fa12ccb0ff0
Jun 08 14:36:20 breadbox.penurio.us systemd-udevd[327]: seq 3991 queued, 'add' 'mem'
Jun 08 14:36:20 breadbox.penurio.us systemd-udevd[336]: no db file to read /run/udev/data/c1:12: No such file or directory
Jun 08 14:36:20 breadbox.penurio.us systemd-udevd[334]: preserve permissions /dev/null, 020666, uid=0, gid=0
Jun 08 14:36:20 breadbox.penurio.us systemd-udevd[333]: set permissions /dev/mem, 020640, uid=0, gid=9
Jun 08 14:36:20 breadbox.penurio.us systemd-udevd[328]: seq 3987 processed with 0
Jun 08 14:36:20 breadbox.penurio.us systemd-udevd[327]: passed 170 bytes to netlink monitor 0x7fa12cca02f0
Jun 08 14:36:20 breadbox.penurio.us systemd-udevd[329]: seq 3991 running
Jun 08 14:36:20 breadbox.penurio.us systemd-udevd[336]: handling device node '/dev/oldmem', devnum=c1:12, mode=0600, uid=0, gid=0
Jun 08 14:36:20 breadbox.penurio.us systemd-udevd[334]: creating symlink '/dev/char/1:3' to '../null'
Jun 08 14:36:20 breadbox.penurio.us systemd-udevd[333]: creating symlink '/dev/char/1:1' to '../mem'
Jun 08 14:36:20 breadbox.penurio.us systemd-udevd[327]: seq 3992 queued, 'add' 'mem'
Jun 08 14:36:20 breadbox.penurio.us systemd-udevd[328]: seq 3992 running
Jun 08 14:36:20 breadbox.penurio.us systemd-udevd[336]: preserve permissions /dev/oldmem, 020600, uid=0, gid=0
Jun 08 14:36:20 breadbox.penurio.us systemd-udevd[334]: created empty file '/run/udev/data/c1:3' for '/devices/virtual/mem/null'
Jun 08 14:36:20 breadbox.penurio.us systemd-udevd[333]: created empty file '/run/udev/data/c1:1' for '/devices/virtual/mem/mem'
Jun 08 14:36:20 breadbox.penurio.us systemd-udevd[327]: passed 187 bytes to netlink monitor 0x7fa12cca02f0
Jun 08 14:36:20 breadbox.penurio.us systemd-udevd[329]: no db file to read /run/udev/data/c1:4: No such file or directory
Jun 08 14:36:20 breadbox.penurio.us systemd-udevd[328]: no db file to read /run/udev/data/c1:8: No such file or directory
Jun 08 14:36:20 breadbox.penurio.us systemd-udevd[336]: creating symlink '/dev/char/1:12' to '../oldmem'
Jun 08 14:36:20 breadbox.penurio.us systemd-udevd[334]: passed unknown number of bytes to netlink monitor 0x7fa12cca7a60
Jun 08 14:36:20 breadbox.penurio.us systemd-udevd[333]: passed unknown number of bytes to netlink monitor 0x7fa12cca4550
Jun 08 14:36:20 breadbox.penurio.us systemd-udevd[327]: seq 3993 queued, 'add' 'mem'
Jun 08 14:36:20 breadbox.penurio.us systemd-udevd[329]: GROUP 9 /usr/lib/udev/rules.d/50-udev-default.rules:24
Jun 08 14:36:20 breadbox.penurio.us systemd-udevd[328]: handling device node '/dev/random', devnum=c1:8, mode=0666, uid=0, gid=0
Jun 08 14:36:20 breadbox.penurio.us systemd-udevd[336]: created empty file '/run/udev/data/c1:12' for '/devices/virtual/mem/oldmem'
Jun 08 14:36:20 breadbox.penurio.us systemd-udevd[334]: seq 3989 processed with 0
Jun 08 14:36:20 breadbox.penurio.us systemd-udevd[333]: seq 3988 processed with 0
Jun 08 14:36:20 breadbox.penurio.us systemd-udevd[327]: passed 189 bytes to netlink monitor 0x7fa12cca02f0
Jun 08 14:36:20 breadbox.penurio.us systemd-udevd[335]: seq 3993 running
Jun 08 14:36:20 breadbox.penurio.us systemd-udevd[329]: MODE 0640 /usr/lib/udev/rules.d/50-udev-default.rules:24
Jun 08 14:36:20 breadbox.penurio.us systemd-udevd[328]: preserve permissions /dev/random, 020666, uid=0, gid=0
Jun 08 14:36:20 breadbox.penurio.us systemd-udevd[336]: passed unknown number of bytes to netlink monitor 0x7fa12ccaee60
Jun 08 14:36:20 breadbox.penurio.us systemd-udevd[327]: seq 3994 queued, 'add' 'mem'
Jun 08 14:36:20 breadbox.penurio.us systemd-udevd[335]: no db file to read /run/udev/data/c1:9: No such file or directory
Jun 08 14:36:20 breadbox.penurio.us systemd-udevd[329]: handling device node '/dev/port', devnum=c1:4, mode=0640, uid=0, gid=9
Jun 08 14:36:20 breadbox.penurio.us systemd-udevd[328]: creating symlink '/dev/char/1:8' to '../random'
Jun 08 14:36:20 breadbox.penurio.us systemd-udevd[336]: seq 3990 processed with 0
Jun 08 14:36:20 breadbox.penurio.us systemd-udevd[327]: passed 183 bytes to netlink monitor 0x7fa12cca02f0
Jun 08 14:36:20 breadbox.penurio.us systemd-udevd[333]: seq 3994 running
Jun 08 14:36:20 breadbox.penurio.us systemd-udevd[335]: handling device node '/dev/urandom', devnum=c1:9, mode=0666, uid=0, gid=0
Jun 08 14:36:20 breadbox.penurio.us systemd-udevd[329]: set permissions /dev/port, 020640, uid=0, gid=9
Jun 08 14:36:20 breadbox.penurio.us systemd-udevd[328]: created empty file '/run/udev/data/c1:8' for '/devices/virtual/mem/random'
Jun 08 14:36:20 breadbox.penurio.us systemd-udevd[327]: seq 3995 queued, 'add' 'misc'
Jun 08 14:36:20 breadbox.penurio.us systemd-udevd[333]: no db file to read /run/udev/data/c1:5: No such file or directory
Jun 08 14:36:20 breadbox.penurio.us systemd-udevd[335]: preserve permissions /dev/urandom, 020666, uid=0, gid=0
Jun 08 14:36:20 breadbox.penurio.us systemd-udevd[329]: creating symlink '/dev/char/1:4' to '../port'
Jun 08 14:36:20 breadbox.penurio.us systemd-udevd[328]: passed unknown number of bytes to netlink monitor 0x7fa12ccb0ff0
Jun 08 14:36:20 breadbox.penurio.us systemd-udevd[327]: passed 179 bytes to netlink monitor 0x7fa12cca02f0
Jun 08 14:36:20 breadbox.penurio.us systemd-udevd[334]: seq 3995 running
Jun 08 14:36:20 breadbox.penurio.us systemd-udevd[333]: handling device node '/dev/zero', devnum=c1:5, mode=0666, uid=0, gid=0
Jun 08 14:36:20 breadbox.penurio.us systemd-udevd[335]: creating symlink '/dev/char/1:9' to '../urandom'
Jun 08 14:36:20 breadbox.penurio.us systemd-udevd[329]: created empty file '/run/udev/data/c1:4' for '/devices/virtual/mem/port'
Jun 08 14:36:20 breadbox.penurio.us systemd-udevd[328]: seq 3992 processed with 0
Jun 08 14:36:20 breadbox.penurio.us systemd-udevd[327]: seq 3996 queued, 'add' 'misc'
Jun 08 14:36:20 breadbox.penurio.us systemd-udevd[334]: no db file to read /run/udev/data/c10:235: No such file or directory
Jun 08 14:36:20 breadbox.penurio.us systemd-udevd[333]: preserve permissions /dev/zero, 020666, uid=0, gid=0
Jun 08 14:36:20 breadbox.penurio.us systemd-udevd[335]: created empty file '/run/udev/data/c1:9' for '/devices/virtual/mem/urandom'
Jun 08 14:36:20 breadbox.penurio.us systemd-udevd[329]: passed unknown number of bytes to netlink monitor 0x7fa12ccb2a70
Jun 08 14:36:20 breadbox.penurio.us systemd-udevd[327]: passed 196 bytes to netlink monitor 0x7fa12cca02f0
Jun 08 14:36:20 breadbox.penurio.us systemd-udevd[328]: seq 3996 running
Jun 08 14:36:20 breadbox.penurio.us systemd-udevd[334]: handling device node '/dev/autofs', devnum=c10:235, mode=0600, uid=0, gid=0
Jun 08 14:36:20 breadbox.penurio.us systemd-udevd[333]: creating symlink '/dev/char/1:5' to '../zero'
Jun 08 14:36:20 breadbox.penurio.us systemd-udevd[335]: passed unknown number of bytes to netlink monitor 0x7fa12ccb06b0
Jun 08 14:36:20 breadbox.penurio.us systemd-udevd[329]: seq 3991 processed with 0
Jun 08 14:36:20 breadbox.penurio.us systemd-udevd[327]: seq 3997 queued, 'add' 'misc'
Jun 08 14:36:20 breadbox.penurio.us systemd-udevd[328]: no db file to read /run/udev/data/c10:61: No such file or directory
Jun 08 14:36:20 breadbox.penurio.us systemd-udevd[334]: preserve permissions /dev/autofs, 020600, uid=0, gid=0
Jun 08 14:36:20 breadbox.penurio.us systemd-udevd[333]: created empty file '/run/udev/data/c1:5' for '/devices/virtual/mem/zero'
Jun 08 14:36:20 breadbox.penurio.us systemd-udevd[335]: seq 3993 processed with 0
Jun 08 14:36:20 breadbox.penurio.us systemd-udevd[327]: passed 176 bytes to netlink monitor 0x7fa12cca02f0
Jun 08 14:36:20 breadbox.penurio.us systemd-udevd[329]: seq 3997 running
Jun 08 14:36:20 breadbox.penurio.us systemd-udevd[328]: handling device node '/dev/cpu_dma_latency', devnum=c10:61, mode=0600, uid=0, gid=0
Jun 08 14:36:20 breadbox.penurio.us systemd-udevd[334]: creating symlink '/dev/char/10:235' to '../autofs'
Jun 08 14:36:20 breadbox.penurio.us systemd-udevd[333]: passed unknown number of bytes to netlink monitor 0x7fa12cca4550
Jun 08 14:36:20 breadbox.penurio.us systemd-udevd[327]: seq 3998 queued, 'add' 'misc'
Jun 08 14:36:20 breadbox.penurio.us systemd-udevd[335]: seq 3998 running
Jun 08 14:36:20 breadbox.penurio.us systemd-udevd[328]: preserve permissions /dev/cpu_dma_latency, 020600, uid=0, gid=0
Jun 08 14:36:20 breadbox.penurio.us systemd-udevd[334]: created empty file '/run/udev/data/c10:235' for '/devices/virtual/misc/autofs'
Jun 08 14:36:20 breadbox.penurio.us systemd-udevd[333]: seq 3994 processed with 0
Jun 08 14:36:20 breadbox.penurio.us systemd-udevd[327]: passed 194 bytes to netlink monitor 0x7fa12cca02f0
Jun 08 14:36:20 breadbox.penurio.us systemd-udevd[329]: no db file to read /run/udev/data/c10:62: No such file or directory
Jun 08 14:36:20 breadbox.penurio.us systemd-udevd[335]: NAME 'mapper/control' /usr/lib/udev/rules.d/10-dm.rules:31
Jun 08 14:36:20 breadbox.penurio.us systemd-udevd[328]: creating symlink '/dev/char/10:61' to '../cpu_dma_latency'
Jun 08 14:36:20 breadbox.penurio.us systemd-udevd[334]: passed unknown number of bytes to netlink monitor 0x7fa12cca7a60
Jun 08 14:36:20 breadbox.penurio.us systemd-udevd[327]: seq 3999 queued, 'add' 'misc'
Jun 08 14:36:20 breadbox.penurio.us systemd-udevd[329]: handling device node '/dev/crash', devnum=c10:62, mode=0600, uid=0, gid=0
Jun 08 14:36:20 breadbox.penurio.us systemd-udevd[335]: handling device node '/dev/mapper/control', devnum=c10:236, mode=0600, uid=0, gid=0
Jun 08 14:36:20 breadbox.penurio.us systemd-udevd[328]: created empty file '/run/udev/data/c10:61' for '/devices/virtual/misc/cpu_dma_latency'
Jun 08 14:36:20 breadbox.penurio.us systemd-udevd[334]: seq 3995 processed with 0
Jun 08 14:36:20 breadbox.penurio.us systemd-udevd[327]: passed 175 bytes to netlink monitor 0x7fa12cca02f0
Jun 08 14:36:20 breadbox.penurio.us systemd-udevd[333]: seq 3999 running
Jun 08 14:36:20 breadbox.penurio.us systemd-udevd[329]: preserve permissions /dev/crash, 020600, uid=0, gid=0
Jun 08 14:36:20 breadbox.penurio.us systemd-udevd[335]: preserve permissions /dev/mapper/control, 020600, uid=0, gid=0
Jun 08 14:36:20 breadbox.penurio.us systemd-udevd[328]: passed unknown number of bytes to netlink monitor 0x7fa12ccb0ff0
Jun 08 14:36:20 breadbox.penurio.us systemd-udevd[327]: seq 4000 queued, 'add' 'misc'
Jun 08 14:36:20 breadbox.penurio.us systemd-udevd[333]: no db file to read /run/udev/data/c10:228: No such file or directory
Jun 08 14:36:20 breadbox.penurio.us systemd-udevd[329]: creating symlink '/dev/char/10:62' to '../crash'
Jun 08 14:36:20 breadbox.penurio.us systemd-udevd[335]: preserve already existing symlink '/dev/char/10:236' to '../mapper/control'
Jun 08 14:36:20 breadbox.penurio.us systemd-udevd[328]: seq 3996 processed with 0
Jun 08 14:36:20 breadbox.penurio.us systemd-udevd[327]: passed 181 bytes to netlink monitor 0x7fa12cca02f0
Jun 08 14:36:20 breadbox.penurio.us systemd-udevd[334]: seq 4000 running
Jun 08 14:36:20 breadbox.penurio.us systemd-udevd[333]: handling device node '/dev/hpet', devnum=c10:228, mode=0600, uid=0, gid=0
Jun 08 14:36:20 breadbox.penurio.us systemd-udevd[329]: created empty file '/run/udev/data/c10:62' for '/devices/virtual/misc/crash'
Jun 08 14:36:20 breadbox.penurio.us systemd-udevd[335]: created empty file '/run/udev/data/c10:236' for '/devices/virtual/misc/device-mapper'
Jun 08 14:36:20 breadbox.penurio.us systemd-udevd[327]: seq 4001 queued, 'add' 'misc'
Jun 08 14:36:20 breadbox.penurio.us systemd-udevd[334]: no db file to read /run/udev/data/c10:183: No such file or directory
Jun 08 14:36:20 breadbox.penurio.us systemd-udevd[333]: preserve permissions /dev/hpet, 020600, uid=0, gid=0
Jun 08 14:36:20 breadbox.penurio.us systemd-udevd[329]: passed unknown number of bytes to netlink monitor 0x7fa12ccb2a70
Jun 08 14:36:20 breadbox.penurio.us systemd-udevd[335]: passed unknown number of bytes to netlink monitor 0x7fa12ccb06b0
Jun 08 14:36:20 breadbox.penurio.us systemd-udevd[327]: passed 179 bytes to netlink monitor 0x7fa12cca02f0
Jun 08 14:36:20 breadbox.penurio.us systemd-udevd[328]: seq 4001 running
Jun 08 14:36:20 breadbox.penurio.us systemd-udevd[334]: handling device node '/dev/hwrng', devnum=c10:183, mode=0600, uid=0, gid=0
Jun 08 14:36:20 breadbox.penurio.us systemd-udevd[333]: creating symlink '/dev/char/10:228' to '../hpet'
Jun 08 14:36:20 breadbox.penurio.us systemd-udevd[329]: seq 3997 processed with 0
Jun 08 14:36:20 breadbox.penurio.us systemd-udevd[335]: seq 3998 processed with 0
Jun 08 14:36:20 breadbox.penurio.us systemd-udevd[327]: seq 4002 queued, 'add' 'misc'
Jun 08 14:36:20 breadbox.penurio.us systemd-udevd[328]: no db file to read /run/udev/data/c10:227: No such file or directory
Jun 08 14:36:20 breadbox.penurio.us systemd-udevd[334]: preserve permissions /dev/hwrng, 020600, uid=0, gid=0
Jun 08 14:36:20 breadbox.penurio.us systemd-udevd[333]: created empty file '/run/udev/data/c10:228' for '/devices/virtual/misc/hpet'
Jun 08 14:36:20 breadbox.penurio.us systemd-udevd[327]: passed 189 bytes to netlink monitor 0x7fa12cca02f0
Jun 08 14:36:20 breadbox.penurio.us systemd-udevd[329]: seq 4002 running
Jun 08 14:36:20 breadbox.penurio.us systemd-udevd[328]: handling device node '/dev/mcelog', devnum=c10:227, mode=0600, uid=0, gid=0
Jun 08 14:36:20 breadbox.penurio.us systemd-udevd[334]: creating symlink '/dev/char/10:183' to '../hwrng'
Jun 08 14:36:20 breadbox.penurio.us systemd-udevd[333]: passed unknown number of bytes to netlink monitor 0x7fa12cca4550
Jun 08 14:36:20 breadbox.penurio.us systemd-udevd[327]: seq 4003 queued, 'add' 'misc'
Jun 08 14:36:20 breadbox.penurio.us systemd-udevd[329]: no db file to read /run/udev/data/c10:184: No such file or directory
Jun 08 14:36:20 breadbox.penurio.us systemd-udevd[328]: preserve permissions /dev/mcelog, 020600, uid=0, gid=0
Jun 08 14:36:20 breadbox.penurio.us systemd-udevd[334]: created empty file '/run/udev/data/c10:183' for '/devices/virtual/misc/hw_random'
Jun 08 14:36:20 breadbox.penurio.us systemd-udevd[333]: seq 3999 processed with 0
Jun 08 14:36:20 breadbox.penurio.us systemd-udevd[327]: passed 196 bytes to netlink monitor 0x7fa12cca02f0
Jun 08 14:36:20 breadbox.penurio.us systemd-udevd[335]: seq 4003 running
Jun 08 14:36:20 breadbox.penurio.us systemd-udevd[329]: handling device node '/dev/cpu/microcode', devnum=c10:184, mode=0600, uid=0, gid=0
Jun 08 14:36:20 breadbox.penurio.us systemd-udevd[328]: creating symlink '/dev/char/10:227' to '../mcelog'
Jun 08 14:36:20 breadbox.penurio.us systemd-udevd[334]: passed unknown number of bytes to netlink monitor 0x7fa12cca7a60
Jun 08 14:36:20 breadbox.penurio.us systemd-udevd[327]: seq 4004 queued, 'add' 'misc'
Jun 08 14:36:20 breadbox.penurio.us systemd-udevd[335]: no db file to read /run/udev/data/c10:60: No such file or directory
Jun 08 14:36:20 breadbox.penurio.us systemd-udevd[329]: preserve permissions /dev/cpu/microcode, 020600, uid=0, gid=0
Jun 08 14:36:20 breadbox.penurio.us systemd-udevd[328]: created empty file '/run/udev/data/c10:227' for '/devices/virtual/misc/mcelog'
Jun 08 14:36:20 breadbox.penurio.us systemd-udevd[334]: seq 4000 processed with 0
Jun 08 14:36:20 breadbox.penurio.us systemd-udevd[327]: passed 202 bytes to netlink monitor 0x7fa12cca02f0
Jun 08 14:36:20 breadbox.penurio.us systemd-udevd[333]: seq 4004 running
Jun 08 14:36:20 breadbox.penurio.us systemd-udevd[335]: handling device node '/dev/network_latency', devnum=c10:60, mode=0600, uid=0, gid=0
Jun 08 14:36:20 breadbox.penurio.us systemd-udevd[329]: creating symlink '/dev/char/10:184' to '../cpu/microcode'
Jun 08 14:36:20 breadbox.penurio.us systemd-udevd[328]: passed unknown number of bytes to netlink monitor 0x7fa12ccb0ff0
Jun 08 14:36:20 breadbox.penurio.us systemd-udevd[327]: seq 4005 queued, 'add' 'misc'
Jun 08 14:36:20 breadbox.penurio.us systemd-udevd[333]: no db file to read /run/udev/data/c10:59: No such file or directory
Jun 08 14:36:20 breadbox.penurio.us systemd-udevd[335]: preserve permissions /dev/network_latency, 020600, uid=0, gid=0
Jun 08 14:36:20 breadbox.penurio.us systemd-udevd[329]: created empty file '/run/udev/data/c10:184' for '/devices/virtual/misc/microcode'
Jun 08 14:36:20 breadbox.penurio.us systemd-udevd[328]: seq 4001 processed with 0
Jun 08 14:36:20 breadbox.penurio.us systemd-udevd[327]: passed 177 bytes to netlink monitor 0x7fa12cca02f0
Jun 08 14:36:20 breadbox.penurio.us systemd-udevd[334]: seq 4005 running
Jun 08 14:36:20 breadbox.penurio.us systemd-udevd[333]: handling device node '/dev/network_throughput', devnum=c10:59, mode=0600, uid=0, gid=0
Jun 08 14:36:20 breadbox.penurio.us systemd-udevd[335]: creating symlink '/dev/char/10:60' to '../network_latency'
Jun 08 14:36:20 breadbox.penurio.us systemd-udevd[329]: passed unknown number of bytes to netlink monitor 0x7fa12ccb2a70
Jun 08 14:36:20 breadbox.penurio.us systemd-udevd[327]: seq 4006 queued, 'add' 'misc'
Jun 08 14:36:20 breadbox.penurio.us systemd-udevd[334]: no db file to read /run/udev/data/c10:144: No such file or directory
Jun 08 14:36:20 breadbox.penurio.us systemd-udevd[333]: preserve permissions /dev/network_throughput, 020600, uid=0, gid=0
Jun 08 14:36:20 breadbox.penurio.us systemd-udevd[335]: created empty file '/run/udev/data/c10:60' for '/devices/virtual/misc/network_latency'
Jun 08 14:36:20 breadbox.penurio.us systemd-udevd[329]: seq 4002 processed with 0
Jun 08 14:36:20 breadbox.penurio.us systemd-udevd[327]: passed 183 bytes to netlink monitor 0x7fa12cca02f0
Jun 08 14:36:20 breadbox.penurio.us systemd-udevd[328]: seq 4006 running
Jun 08 14:36:20 breadbox.penurio.us systemd-udevd[334]: handling device node '/dev/nvram', devnum=c10:144, mode=0600, uid=0, gid=0
Jun 08 14:36:20 breadbox.penurio.us systemd-udevd[333]: creating symlink '/dev/char/10:59' to '../network_throughput'
Jun 08 14:36:20 breadbox.penurio.us systemd-udevd[335]: passed unknown number of bytes to netlink monitor 0x7fa12ccb06b0
Jun 08 14:36:20 breadbox.penurio.us systemd-udevd[327]: seq 4007 queued, 'add' 'misc'
Jun 08 14:36:20 breadbox.penurio.us systemd-udevd[328]: no db file to read /run/udev/data/c10:231: No such file or directory
Jun 08 14:36:20 breadbox.penurio.us systemd-udevd[334]: preserve permissions /dev/nvram, 020600, uid=0, gid=0
Jun 08 14:36:20 breadbox.penurio.us systemd-udevd[333]: created empty file '/run/udev/data/c10:59' for '/devices/virtual/misc/network_throughput'
Jun 08 14:36:20 breadbox.penurio.us systemd-udevd[335]: seq 4003 processed with 0
Jun 08 14:36:20 breadbox.penurio.us systemd-udevd[327]: passed 188 bytes to netlink monitor 0x7fa12cca02f0
Jun 08 14:36:20 breadbox.penurio.us systemd-udevd[329]: seq 4007 running
Jun 08 14:36:20 breadbox.penurio.us systemd-udevd[328]: handling device node '/dev/snapshot', devnum=c10:231, mode=0600, uid=0, gid=0
Jun 08 14:36:20 breadbox.penurio.us systemd-udevd[334]: creating symlink '/dev/char/10:144' to '../nvram'
Jun 08 14:36:20 breadbox.penurio.us systemd-udevd[333]: passed unknown number of bytes to netlink monitor 0x7fa12cca4550
Jun 08 14:36:20 breadbox.penurio.us systemd-udevd[327]: seq 4008 queued, 'add' 'msr'
Jun 08 14:36:20 breadbox.penurio.us systemd-udevd[335]: seq 4008 running
Jun 08 14:36:20 breadbox.penurio.us systemd-udevd[328]: preserve permissions /dev/snapshot, 020600, uid=0, gid=0
Jun 08 14:36:20 breadbox.penurio.us systemd-udevd[334]: created empty file '/run/udev/data/c10:144' for '/devices/virtual/misc/nvram'
Jun 08 14:36:20 breadbox.penurio.us systemd-udevd[333]: seq 4004 processed with 0
Jun 08 14:36:20 breadbox.penurio.us systemd-udevd[327]: passed 177 bytes to netlink monitor 0x7fa12cca02f0
Jun 08 14:36:20 breadbox.penurio.us systemd-udevd[329]: no db file to read /run/udev/data/c10:63: No such file or directory
Jun 08 14:36:20 breadbox.penurio.us systemd-udevd[335]: no db file to read /run/udev/data/c202:0: No such file or directory
Jun 08 14:36:20 breadbox.penurio.us systemd-udevd[328]: creating symlink '/dev/char/10:231' to '../snapshot'
Jun 08 14:36:20 breadbox.penurio.us systemd-udevd[334]: passed unknown number of bytes to netlink monitor 0x7fa12cca7a60
Jun 08 14:36:20 breadbox.penurio.us systemd-udevd[327]: seq 4009 queued, 'add' 'msr'
Jun 08 14:36:20 breadbox.penurio.us systemd-udevd[329]: handling device node '/dev/vga_arbiter', devnum=c10:63, mode=0600, uid=0, gid=0
Jun 08 14:36:20 breadbox.penurio.us systemd-udevd[335]: handling device node '/dev/cpu/0/msr', devnum=c202:0, mode=0600, uid=0, gid=0
Jun 08 14:36:20 breadbox.penurio.us systemd-udevd[328]: created empty file '/run/udev/data/c10:231' for '/devices/virtual/misc/snapshot'
Jun 08 14:36:20 breadbox.penurio.us systemd-udevd[334]: seq 4005 processed with 0
Jun 08 14:36:20 breadbox.penurio.us systemd-udevd[327]: passed 177 bytes to netlink monitor 0x7fa12cca02f0
Jun 08 14:36:20 breadbox.penurio.us systemd-udevd[333]: seq 4009 running
Jun 08 14:36:20 breadbox.penurio.us systemd-udevd[329]: preserve permissions /dev/vga_arbiter, 020600, uid=0, gid=0
Jun 08 14:36:20 breadbox.penurio.us systemd-udevd[335]: preserve permissions /dev/cpu/0/msr, 020600, uid=0, gid=0
Jun 08 14:36:20 breadbox.penurio.us systemd-udevd[328]: passed unknown number of bytes to netlink monitor 0x7fa12ccb0ff0
Jun 08 14:36:20 breadbox.penurio.us systemd-udevd[327]: seq 4010 queued, 'add' 'msr'
Jun 08 14:36:20 breadbox.penurio.us systemd-udevd[333]: no db file to read /run/udev/data/c202:1: No such file or directory
Jun 08 14:36:20 breadbox.penurio.us systemd-udevd[329]: creating symlink '/dev/char/10:63' to '../vga_arbiter'
Jun 08 14:36:20 breadbox.penurio.us systemd-udevd[335]: creating symlink '/dev/char/202:0' to '../cpu/0/msr'
Jun 08 14:36:20 breadbox.penurio.us systemd-udevd[328]: seq 4006 processed with 0
Jun 08 14:36:20 breadbox.penurio.us systemd-udevd[327]: passed 180 bytes to netlink monitor 0x7fa12cca02f0
Jun 08 14:36:20 breadbox.penurio.us systemd-udevd[334]: seq 4010 running
Jun 08 14:36:20 breadbox.penurio.us systemd-udevd[333]: handling device node '/dev/cpu/1/msr', devnum=c202:1, mode=0600, uid=0, gid=0
Jun 08 14:36:20 breadbox.penurio.us systemd-udevd[329]: created empty file '/run/udev/data/c10:63' for '/devices/virtual/misc/vga_arbiter'
Jun 08 14:36:20 breadbox.penurio.us systemd-udevd[335]: created empty file '/run/udev/data/c202:0' for '/devices/virtual/msr/msr0'
Jun 08 14:36:20 breadbox.penurio.us systemd-udevd[327]: seq 4011 queued, 'add' 'msr'
Jun 08 14:36:20 breadbox.penurio.us systemd-udevd[334]: no db file to read /run/udev/data/c202:10: No such file or directory
Jun 08 14:36:20 breadbox.penurio.us systemd-udevd[333]: preserve permissions /dev/cpu/1/msr, 020600, uid=0, gid=0
Jun 08 14:36:20 breadbox.penurio.us systemd-udevd[329]: passed unknown number of bytes to netlink monitor 0x7fa12ccb2a70
Jun 08 14:36:20 breadbox.penurio.us systemd-udevd[335]: passed unknown number of bytes to netlink monitor 0x7fa12ccb06b0
Jun 08 14:36:20 breadbox.penurio.us systemd-udevd[327]: passed 180 bytes to netlink monitor 0x7fa12cca02f0
Jun 08 14:36:20 breadbox.penurio.us systemd-udevd[328]: seq 4011 running
Jun 08 14:36:20 breadbox.penurio.us systemd-udevd[334]: handling device node '/dev/cpu/10/msr', devnum=c202:10, mode=0600, uid=0, gid=0
Jun 08 14:36:20 breadbox.penurio.us systemd-udevd[333]: creating symlink '/dev/char/202:1' to '../cpu/1/msr'
Jun 08 14:36:20 breadbox.penurio.us systemd-udevd[329]: seq 4007 processed with 0
Jun 08 14:36:20 breadbox.penurio.us systemd-udevd[335]: seq 4008 processed with 0
Jun 08 14:36:20 breadbox.penurio.us systemd-udevd[327]: seq 4012 queued, 'add' 'msr'
Jun 08 14:36:20 breadbox.penurio.us systemd-udevd[328]: no db file to read /run/udev/data/c202:11: No such file or directory
Jun 08 14:36:20 breadbox.penurio.us systemd-udevd[334]: preserve permissions /dev/cpu/10/msr, 020600, uid=0, gid=0
Jun 08 14:36:20 breadbox.penurio.us systemd-udevd[333]: created empty file '/run/udev/data/c202:1' for '/devices/virtual/msr/msr1'
Jun 08 14:36:20 breadbox.penurio.us systemd-udevd[327]: passed 180 bytes to netlink monitor 0x7fa12cca02f0
Jun 08 14:36:20 breadbox.penurio.us systemd-udevd[329]: seq 4012 running
Jun 08 14:36:20 breadbox.penurio.us systemd-udevd[328]: handling device node '/dev/cpu/11/msr', devnum=c202:11, mode=0600, uid=0, gid=0
Jun 08 14:36:20 breadbox.penurio.us systemd-udevd[334]: creating symlink '/dev/char/202:10' to '../cpu/10/msr'
Jun 08 14:36:20 breadbox.penurio.us systemd-udevd[333]: passed unknown number of bytes to netlink monitor 0x7fa12cca4550
Jun 08 14:36:20 breadbox.penurio.us systemd-udevd[327]: seq 4013 queued, 'add' 'msr'
Jun 08 14:36:20 breadbox.penurio.us systemd-udevd[329]: no db file to read /run/udev/data/c202:12: No such file or directory
Jun 08 14:36:20 breadbox.penurio.us systemd-udevd[328]: preserve permissions /dev/cpu/11/msr, 020600, uid=0, gid=0
Jun 08 14:36:20 breadbox.penurio.us systemd-udevd[334]: created empty file '/run/udev/data/c202:10' for '/devices/virtual/msr/msr10'
Jun 08 14:36:20 breadbox.penurio.us systemd-udevd[333]: seq 4009 processed with 0
Jun 08 14:36:20 breadbox.penurio.us systemd-udevd[327]: passed 180 bytes to netlink monitor 0x7fa12cca02f0
Jun 08 14:36:20 breadbox.penurio.us systemd-udevd[335]: seq 4013 running
Jun 08 14:36:20 breadbox.penurio.us systemd-udevd[329]: handling device node '/dev/cpu/12/msr', devnum=c202:12, mode=0600, uid=0, gid=0
Jun 08 14:36:20 breadbox.penurio.us systemd-udevd[328]: creating symlink '/dev/char/202:11' to '../cpu/11/msr'
Jun 08 14:36:20 breadbox.penurio.us systemd-udevd[334]: passed unknown number of bytes to netlink monitor 0x7fa12cca7a60
Jun 08 14:36:20 breadbox.penurio.us systemd-udevd[327]: seq 4014 queued, 'add' 'msr'
Jun 08 14:36:20 breadbox.penurio.us systemd-udevd[335]: no db file to read /run/udev/data/c202:13: No such file or directory
Jun 08 14:36:20 breadbox.penurio.us systemd-udevd[329]: preserve permissions /dev/cpu/12/msr, 020600, uid=0, gid=0
Jun 08 14:36:20 breadbox.penurio.us systemd-udevd[328]: created empty file '/run/udev/data/c202:11' for '/devices/virtual/msr/msr11'
Jun 08 14:36:20 breadbox.penurio.us systemd-udevd[334]: seq 4010 processed with 0
Jun 08 14:36:20 breadbox.penurio.us systemd-udevd[327]: passed 180 bytes to netlink monitor 0x7fa12cca02f0
Jun 08 14:36:20 breadbox.penurio.us systemd-udevd[333]: seq 4014 running
Jun 08 14:36:20 breadbox.penurio.us systemd-udevd[335]: handling device node '/dev/cpu/13/msr', devnum=c202:13, mode=0600, uid=0, gid=0
Jun 08 14:36:20 breadbox.penurio.us systemd-udevd[329]: creating symlink '/dev/char/202:12' to '../cpu/12/msr'
Jun 08 14:36:20 breadbox.penurio.us systemd-udevd[328]: passed unknown number of bytes to netlink monitor 0x7fa12ccb0ff0
Jun 08 14:36:20 breadbox.penurio.us systemd-udevd[327]: seq 4015 queued, 'add' 'msr'
Jun 08 14:36:20 breadbox.penurio.us systemd-udevd[333]: no db file to read /run/udev/data/c202:14: No such file or directory
Jun 08 14:36:20 breadbox.penurio.us systemd-udevd[335]: preserve permissions /dev/cpu/13/msr, 020600, uid=0, gid=0
Jun 08 14:36:20 breadbox.penurio.us systemd-udevd[329]: created empty file '/run/udev/data/c202:12' for '/devices/virtual/msr/msr12'
Jun 08 14:36:20 breadbox.penurio.us systemd-udevd[328]: seq 4011 processed with 0
Jun 08 14:36:20 breadbox.penurio.us systemd-udevd[327]: passed 180 bytes to netlink monitor 0x7fa12cca02f0
Jun 08 14:36:20 breadbox.penurio.us systemd-udevd[334]: seq 4015 running
Jun 08 14:36:20 breadbox.penurio.us systemd-udevd[333]: handling device node '/dev/cpu/14/msr', devnum=c202:14, mode=0600, uid=0, gid=0
Jun 08 14:36:20 breadbox.penurio.us systemd-udevd[335]: creating symlink '/dev/char/202:13' to '../cpu/13/msr'
Jun 08 14:36:20 breadbox.penurio.us systemd-udevd[329]: passed unknown number of bytes to netlink monitor 0x7fa12ccb2a70
Jun 08 14:36:20 breadbox.penurio.us systemd-udevd[327]: seq 4016 queued, 'add' 'msr'
Jun 08 14:36:20 breadbox.penurio.us systemd-udevd[334]: no db file to read /run/udev/data/c202:15: No such file or directory
Jun 08 14:36:20 breadbox.penurio.us systemd-udevd[333]: preserve permissions /dev/cpu/14/msr, 020600, uid=0, gid=0
Jun 08 14:36:20 breadbox.penurio.us systemd-udevd[335]: created empty file '/run/udev/data/c202:13' for '/devices/virtual/msr/msr13'
Jun 08 14:36:20 breadbox.penurio.us systemd-udevd[329]: seq 4012 processed with 0
Jun 08 14:36:20 breadbox.penurio.us systemd-udevd[327]: passed 177 bytes to netlink monitor 0x7fa12cca02f0
Jun 08 14:36:20 breadbox.penurio.us systemd-udevd[328]: seq 4016 running
Jun 08 14:36:20 breadbox.penurio.us systemd-udevd[334]: handling device node '/dev/cpu/15/msr', devnum=c202:15, mode=0600, uid=0, gid=0
Jun 08 14:36:20 breadbox.penurio.us systemd-udevd[333]: creating symlink '/dev/char/202:14' to '../cpu/14/msr'
Jun 08 14:36:20 breadbox.penurio.us systemd-udevd[335]: passed unknown number of bytes to netlink monitor 0x7fa12ccb06b0
Jun 08 14:36:20 breadbox.penurio.us systemd-udevd[327]: seq 4017 queued, 'add' 'msr'
Jun 08 14:36:20 breadbox.penurio.us systemd-udevd[329]: seq 4017 running
Jun 08 14:36:20 breadbox.penurio.us systemd-udevd[334]: preserve permissions /dev/cpu/15/msr, 020600, uid=0, gid=0
Jun 08 14:36:20 breadbox.penurio.us systemd-udevd[333]: created empty file '/run/udev/data/c202:14' for '/devices/virtual/msr/msr14'
Jun 08 14:36:20 breadbox.penurio.us systemd-udevd[335]: seq 4013 processed with 0
Jun 08 14:36:20 breadbox.penurio.us systemd-udevd[327]: passed 177 bytes to netlink monitor 0x7fa12cca02f0
Jun 08 14:36:20 breadbox.penurio.us systemd-udevd[328]: no db file to read /run/udev/data/c202:2: No such file or directory
Jun 08 14:36:20 breadbox.penurio.us systemd-udevd[329]: no db file to read /run/udev/data/c202:3: No such file or directory
Jun 08 14:36:20 breadbox.penurio.us systemd-udevd[334]: creating symlink '/dev/char/202:15' to '../cpu/15/msr'
