Jun 08 14:36:19 breadbox.penurio.us systemd-udevd[333]: No module matches 'acpi:LNXCPU:'
Jun 08 14:36:19 breadbox.penurio.us systemd-udevd[331]: seq 2516 processed with 0
Jun 08 14:36:19 breadbox.penurio.us systemd-udevd[327]: passed 186 bytes to netlink monitor 0x7fa12cca02f0
Jun 08 14:36:19 breadbox.penurio.us systemd-udevd[330]: seq 2521 running
Jun 08 14:36:19 breadbox.penurio.us systemd-udevd[329]: IMPORT builtin 'hwdb' /usr/lib/udev/rules.d/50-udev-default.rules:11
Jun 08 14:36:19 breadbox.penurio.us systemd-udevd[328]: no db file to read /run/udev/data/+acpi:ACPI0004:03: No such file or directory
Jun 08 14:36:19 breadbox.penurio.us systemd-udevd[334]: Execute 'load' 'acpi:LNXCPU:'
Jun 08 14:36:19 breadbox.penurio.us systemd-udevd[333]: passed unknown number of bytes to netlink monitor 0x7fa12cca4550
Jun 08 14:36:19 breadbox.penurio.us systemd-udevd[327]: seq 2522 queued, 'add' 'acpi'
Jun 08 14:36:19 breadbox.penurio.us systemd-udevd[330]: no db file to read /run/udev/data/+acpi:LNXCPU:a8: No such file or directory
Jun 08 14:36:19 breadbox.penurio.us systemd-udevd[329]: IMPORT builtin 'hwdb' returned non-zero
Jun 08 14:36:19 breadbox.penurio.us systemd-udevd[328]: RUN 'kmod load $env{MODALIAS}' /usr/lib/udev/rules.d/80-drivers.rules:5
Jun 08 14:36:19 breadbox.penurio.us systemd-udevd[334]: No module matches 'acpi:LNXCPU:'
Jun 08 14:36:19 breadbox.penurio.us systemd-udevd[333]: seq 2517 processed with 0
Jun 08 14:36:19 breadbox.penurio.us systemd-udevd[327]: passed 186 bytes to netlink monitor 0x7fa12cca02f0
Jun 08 14:36:19 breadbox.penurio.us systemd-udevd[331]: seq 2522 running
Jun 08 14:36:19 breadbox.penurio.us systemd-udevd[330]: IMPORT builtin 'hwdb' /usr/lib/udev/rules.d/50-udev-default.rules:11
Jun 08 14:36:19 breadbox.penurio.us systemd-udevd[329]: no db file to read /run/udev/data/+acpi:ACPI0004:03: No such file or directory
Jun 08 14:36:19 breadbox.penurio.us systemd-udevd[328]: Execute 'load' 'acpi:LNXCPU:'
Jun 08 14:36:19 breadbox.penurio.us systemd-udevd[334]: passed unknown number of bytes to netlink monitor 0x7fa12cca7a60
Jun 08 14:36:19 breadbox.penurio.us systemd-udevd[327]: seq 2523 queued, 'add' 'acpi'
Jun 08 14:36:19 breadbox.penurio.us systemd-udevd[331]: no db file to read /run/udev/data/+acpi:LNXCPU:a9: No such file or directory
Jun 08 14:36:19 breadbox.penurio.us systemd-udevd[330]: IMPORT builtin 'hwdb' returned non-zero
Jun 08 14:36:19 breadbox.penurio.us systemd-udevd[329]: RUN 'kmod load $env{MODALIAS}' /usr/lib/udev/rules.d/80-drivers.rules:5
Jun 08 14:36:19 breadbox.penurio.us systemd-udevd[328]: No module matches 'acpi:LNXCPU:'
Jun 08 14:36:19 breadbox.penurio.us systemd-udevd[334]: seq 2518 processed with 0
Jun 08 14:36:19 breadbox.penurio.us systemd-udevd[327]: passed 186 bytes to netlink monitor 0x7fa12cca02f0
Jun 08 14:36:19 breadbox.penurio.us systemd-udevd[333]: seq 2523 running
Jun 08 14:36:19 breadbox.penurio.us systemd-udevd[331]: IMPORT builtin 'hwdb' /usr/lib/udev/rules.d/50-udev-default.rules:11
Jun 08 14:36:19 breadbox.penurio.us systemd-udevd[330]: no db file to read /run/udev/data/+acpi:ACPI0004:03: No such file or directory
Jun 08 14:36:19 breadbox.penurio.us systemd-udevd[329]: Execute 'load' 'acpi:LNXCPU:'
Jun 08 14:36:19 breadbox.penurio.us systemd-udevd[328]: passed unknown number of bytes to netlink monitor 0x7fa12ccb0ff0
Jun 08 14:36:19 breadbox.penurio.us systemd-udevd[327]: seq 2524 queued, 'add' 'acpi'
Jun 08 14:36:19 breadbox.penurio.us systemd-udevd[333]: no db file to read /run/udev/data/+acpi:LNXCPU:aa: No such file or directory
Jun 08 14:36:19 breadbox.penurio.us systemd-udevd[331]: IMPORT builtin 'hwdb' returned non-zero
Jun 08 14:36:19 breadbox.penurio.us systemd-udevd[330]: RUN 'kmod load $env{MODALIAS}' /usr/lib/udev/rules.d/80-drivers.rules:5
Jun 08 14:36:19 breadbox.penurio.us systemd-udevd[329]: No module matches 'acpi:LNXCPU:'
Jun 08 14:36:19 breadbox.penurio.us systemd-udevd[328]: seq 2519 processed with 0
Jun 08 14:36:19 breadbox.penurio.us systemd-udevd[327]: passed 186 bytes to netlink monitor 0x7fa12cca02f0
Jun 08 14:36:19 breadbox.penurio.us systemd-udevd[334]: seq 2524 running
Jun 08 14:36:19 breadbox.penurio.us systemd-udevd[333]: IMPORT builtin 'hwdb' /usr/lib/udev/rules.d/50-udev-default.rules:11
Jun 08 14:36:19 breadbox.penurio.us systemd-udevd[331]: no db file to read /run/udev/data/+acpi:ACPI0004:03: No such file or directory
Jun 08 14:36:19 breadbox.penurio.us systemd-udevd[330]: Execute 'load' 'acpi:LNXCPU:'
Jun 08 14:36:19 breadbox.penurio.us systemd-udevd[329]: passed unknown number of bytes to netlink monitor 0x7fa12ccb2a70
Jun 08 14:36:19 breadbox.penurio.us systemd-udevd[327]: seq 2525 queued, 'add' 'acpi'
Jun 08 14:36:19 breadbox.penurio.us systemd-udevd[334]: no db file to read /run/udev/data/+acpi:LNXCPU:ab: No such file or directory
Jun 08 14:36:19 breadbox.penurio.us systemd-udevd[333]: IMPORT builtin 'hwdb' returned non-zero
Jun 08 14:36:19 breadbox.penurio.us systemd-udevd[331]: RUN 'kmod load $env{MODALIAS}' /usr/lib/udev/rules.d/80-drivers.rules:5
Jun 08 14:36:19 breadbox.penurio.us systemd-udevd[330]: No module matches 'acpi:LNXCPU:'
Jun 08 14:36:19 breadbox.penurio.us systemd-udevd[329]: seq 2520 processed with 0
Jun 08 14:36:19 breadbox.penurio.us systemd-udevd[327]: passed 186 bytes to netlink monitor 0x7fa12cca02f0
Jun 08 14:36:19 breadbox.penurio.us systemd-udevd[328]: seq 2525 running
Jun 08 14:36:19 breadbox.penurio.us systemd-udevd[334]: IMPORT builtin 'hwdb' /usr/lib/udev/rules.d/50-udev-default.rules:11
Jun 08 14:36:19 breadbox.penurio.us systemd-udevd[333]: no db file to read /run/udev/data/+acpi:ACPI0004:03: No such file or directory
Jun 08 14:36:19 breadbox.penurio.us systemd-udevd[331]: Execute 'load' 'acpi:LNXCPU:'
Jun 08 14:36:19 breadbox.penurio.us systemd-udevd[330]: passed unknown number of bytes to netlink monitor 0x7fa12ccb51c0
Jun 08 14:36:19 breadbox.penurio.us systemd-udevd[327]: seq 2526 queued, 'add' 'acpi'
Jun 08 14:36:19 breadbox.penurio.us systemd-udevd[327]: passed 186 bytes to netlink monitor 0x7fa12cca02f0
Jun 08 14:36:19 breadbox.penurio.us systemd-udevd[334]: IMPORT builtin 'hwdb' returned non-zero
Jun 08 14:36:19 breadbox.penurio.us systemd-udevd[333]: RUN 'kmod load $env{MODALIAS}' /usr/lib/udev/rules.d/80-drivers.rules:5
Jun 08 14:36:19 breadbox.penurio.us systemd-udevd[331]: No module matches 'acpi:LNXCPU:'
Jun 08 14:36:19 breadbox.penurio.us systemd-udevd[330]: seq 2521 processed with 0
Jun 08 14:36:19 breadbox.penurio.us systemd-udevd[328]: no db file to read /run/udev/data/+acpi:LNXCPU:ac: No such file or directory
Jun 08 14:36:19 breadbox.penurio.us systemd-udevd[327]: seq 2527 queued, 'add' 'acpi'
Jun 08 14:36:19 breadbox.penurio.us systemd-udevd[329]: seq 2526 running
Jun 08 14:36:19 breadbox.penurio.us systemd-udevd[334]: no db file to read /run/udev/data/+acpi:ACPI0004:03: No such file or directory
Jun 08 14:36:19 breadbox.penurio.us systemd-udevd[333]: Execute 'load' 'acpi:LNXCPU:'
Jun 08 14:36:19 breadbox.penurio.us systemd-udevd[331]: passed unknown number of bytes to netlink monitor 0x7fa12ccb57b0
Jun 08 14:36:19 breadbox.penurio.us systemd-udevd[328]: IMPORT builtin 'hwdb' /usr/lib/udev/rules.d/50-udev-default.rules:11
Jun 08 14:36:19 breadbox.penurio.us systemd-udevd[327]: passed 186 bytes to netlink monitor 0x7fa12cca02f0
Jun 08 14:36:19 breadbox.penurio.us systemd-udevd[330]: seq 2527 running
Jun 08 14:36:19 breadbox.penurio.us systemd-udevd[329]: no db file to read /run/udev/data/+acpi:LNXCPU:ad: No such file or directory
Jun 08 14:36:19 breadbox.penurio.us kernel: FUJITSU Extended Socket Network Device Driver - version 1.1 - Copyright (c) 2015 FUJITSU LIMITED
Jun 08 14:36:19 breadbox.penurio.us systemd-udevd[334]: RUN 'kmod load $env{MODALIAS}' /usr/lib/udev/rules.d/80-drivers.rules:5
Jun 08 14:36:19 breadbox.penurio.us systemd-udevd[333]: No module matches 'acpi:LNXCPU:'
Jun 08 14:36:19 breadbox.penurio.us systemd-udevd[331]: seq 2522 processed with 0
Jun 08 14:36:19 breadbox.penurio.us systemd-udevd[328]: IMPORT builtin 'hwdb' returned non-zero
Jun 08 14:36:19 breadbox.penurio.us systemd-udevd[327]: seq 2528 queued, 'add' 'acpi'
Jun 08 14:36:19 breadbox.penurio.us systemd-udevd[331]: seq 2528 running
Jun 08 14:36:19 breadbox.penurio.us systemd-udevd[329]: IMPORT builtin 'hwdb' /usr/lib/udev/rules.d/50-udev-default.rules:11
Jun 08 14:36:19 breadbox.penurio.us systemd-udevd[334]: Execute 'load' 'acpi:LNXCPU:'
Jun 08 14:36:19 breadbox.penurio.us systemd-udevd[333]: passed unknown number of bytes to netlink monitor 0x7fa12cca4550
Jun 08 14:36:19 breadbox.penurio.us systemd-udevd[328]: no db file to read /run/udev/data/+acpi:ACPI0004:03: No such file or directory
Jun 08 14:36:19 breadbox.penurio.us systemd-udevd[327]: passed 186 bytes to netlink monitor 0x7fa12cca02f0
Jun 08 14:36:19 breadbox.penurio.us systemd-udevd[330]: no db file to read /run/udev/data/+acpi:LNXCPU:ae: No such file or directory
Jun 08 14:36:19 breadbox.penurio.us systemd-udevd[331]: no db file to read /run/udev/data/+acpi:LNXCPU:af: No such file or directory
Jun 08 14:36:19 breadbox.penurio.us systemd-udevd[329]: IMPORT builtin 'hwdb' returned non-zero
Jun 08 14:36:19 breadbox.penurio.us systemd-udevd[334]: No module matches 'acpi:LNXCPU:'
Jun 08 14:36:19 breadbox.penurio.us systemd-udevd[333]: seq 2523 processed with 0
Jun 08 14:36:19 breadbox.penurio.us systemd-udevd[328]: RUN 'kmod load $env{MODALIAS}' /usr/lib/udev/rules.d/80-drivers.rules:5
Jun 08 14:36:19 breadbox.penurio.us systemd-udevd[327]: seq 2529 queued, 'add' 'acpi'
Jun 08 14:36:19 breadbox.penurio.us systemd-udevd[333]: seq 2529 running
Jun 08 14:36:19 breadbox.penurio.us systemd-udevd[331]: IMPORT builtin 'hwdb' /usr/lib/udev/rules.d/50-udev-default.rules:11
Jun 08 14:36:19 breadbox.penurio.us systemd-udevd[329]: no db file to read /run/udev/data/+acpi:ACPI0004:03: No such file or directory
Jun 08 14:36:19 breadbox.penurio.us systemd-udevd[334]: passed unknown number of bytes to netlink monitor 0x7fa12cca7a60
Jun 08 14:36:19 breadbox.penurio.us systemd-udevd[328]: Execute 'load' 'acpi:LNXCPU:'
Jun 08 14:36:19 breadbox.penurio.us systemd-udevd[327]: passed 186 bytes to netlink monitor 0x7fa12cca02f0
Jun 08 14:36:19 breadbox.penurio.us systemd-udevd[330]: IMPORT builtin 'hwdb' /usr/lib/udev/rules.d/50-udev-default.rules:11
Jun 08 14:36:19 breadbox.penurio.us systemd-udevd[333]: no db file to read /run/udev/data/+acpi:LNXCPU:b0: No such file or directory
Jun 08 14:36:19 breadbox.penurio.us systemd-udevd[331]: IMPORT builtin 'hwdb' returned non-zero
Jun 08 14:36:19 breadbox.penurio.us systemd-udevd[329]: RUN 'kmod load $env{MODALIAS}' /usr/lib/udev/rules.d/80-drivers.rules:5
Jun 08 14:36:19 breadbox.penurio.us systemd-udevd[334]: seq 2524 processed with 0
Jun 08 14:36:19 breadbox.penurio.us systemd-udevd[328]: No module matches 'acpi:LNXCPU:'
Jun 08 14:36:19 breadbox.penurio.us systemd-udevd[327]: seq 2530 queued, 'add' 'acpi'
Jun 08 14:36:19 breadbox.penurio.us systemd-udevd[330]: IMPORT builtin 'hwdb' returned non-zero
Jun 08 14:36:19 breadbox.penurio.us systemd-udevd[333]: IMPORT builtin 'hwdb' /usr/lib/udev/rules.d/50-udev-default.rules:11
Jun 08 14:36:19 breadbox.penurio.us systemd-udevd[331]: no db file to read /run/udev/data/+acpi:ACPI0004:03: No such file or directory
Jun 08 14:36:19 breadbox.penurio.us systemd-udevd[329]: Execute 'load' 'acpi:LNXCPU:'
Jun 08 14:36:19 breadbox.penurio.us systemd-udevd[328]: passed unknown number of bytes to netlink monitor 0x7fa12ccb0ff0
Jun 08 14:36:19 breadbox.penurio.us systemd-udevd[327]: passed 186 bytes to netlink monitor 0x7fa12cca02f0
Jun 08 14:36:19 breadbox.penurio.us systemd-udevd[334]: seq 2530 running
Jun 08 14:36:19 breadbox.penurio.us systemd-udevd[330]: no db file to read /run/udev/data/+acpi:ACPI0004:03: No such file or directory
Jun 08 14:36:19 breadbox.penurio.us systemd-udevd[333]: IMPORT builtin 'hwdb' returned non-zero
Jun 08 14:36:19 breadbox.penurio.us systemd-udevd[331]: RUN 'kmod load $env{MODALIAS}' /usr/lib/udev/rules.d/80-drivers.rules:5
Jun 08 14:36:19 breadbox.penurio.us systemd-udevd[329]: No module matches 'acpi:LNXCPU:'
Jun 08 14:36:19 breadbox.penurio.us systemd-udevd[328]: seq 2525 processed with 0
Jun 08 14:36:19 breadbox.penurio.us systemd-udevd[327]: seq 2531 queued, 'add' 'acpi'
Jun 08 14:36:19 breadbox.penurio.us systemd-udevd[334]: no db file to read /run/udev/data/+acpi:LNXCPU:b1: No such file or directory
Jun 08 14:36:19 breadbox.penurio.us systemd-udevd[330]: RUN 'kmod load $env{MODALIAS}' /usr/lib/udev/rules.d/80-drivers.rules:5
Jun 08 14:36:19 breadbox.penurio.us systemd-udevd[333]: no db file to read /run/udev/data/+acpi:ACPI0004:03: No such file or directory
Jun 08 14:36:19 breadbox.penurio.us systemd-udevd[331]: Execute 'load' 'acpi:LNXCPU:'
Jun 08 14:36:19 breadbox.penurio.us systemd-udevd[329]: passed unknown number of bytes to netlink monitor 0x7fa12ccb2a70
Jun 08 14:36:19 breadbox.penurio.us systemd-udevd[327]: passed 186 bytes to netlink monitor 0x7fa12cca02f0
Jun 08 14:36:19 breadbox.penurio.us systemd-udevd[328]: seq 2531 running
Jun 08 14:36:19 breadbox.penurio.us systemd-udevd[334]: IMPORT builtin 'hwdb' /usr/lib/udev/rules.d/50-udev-default.rules:11
Jun 08 14:36:19 breadbox.penurio.us systemd-udevd[330]: Execute 'load' 'acpi:LNXCPU:'
Jun 08 14:36:19 breadbox.penurio.us systemd-udevd[333]: RUN 'kmod load $env{MODALIAS}' /usr/lib/udev/rules.d/80-drivers.rules:5
Jun 08 14:36:19 breadbox.penurio.us systemd-udevd[331]: No module matches 'acpi:LNXCPU:'
Jun 08 14:36:19 breadbox.penurio.us systemd-udevd[329]: seq 2526 processed with 0
Jun 08 14:36:19 breadbox.penurio.us systemd-udevd[327]: seq 2532 queued, 'add' 'acpi'
Jun 08 14:36:19 breadbox.penurio.us systemd-udevd[328]: no db file to read /run/udev/data/+acpi:LNXCPU:b2: No such file or directory
Jun 08 14:36:19 breadbox.penurio.us systemd-udevd[334]: IMPORT builtin 'hwdb' returned non-zero
Jun 08 14:36:19 breadbox.penurio.us systemd-udevd[330]: No module matches 'acpi:LNXCPU:'
Jun 08 14:36:19 breadbox.penurio.us systemd-udevd[333]: Execute 'load' 'acpi:LNXCPU:'
Jun 08 14:36:19 breadbox.penurio.us systemd-udevd[331]: passed unknown number of bytes to netlink monitor 0x7fa12ccb57b0
Jun 08 14:36:19 breadbox.penurio.us systemd-udevd[327]: passed 186 bytes to netlink monitor 0x7fa12cca02f0
Jun 08 14:36:19 breadbox.penurio.us systemd-udevd[329]: seq 2532 running
Jun 08 14:36:19 breadbox.penurio.us systemd-udevd[328]: IMPORT builtin 'hwdb' /usr/lib/udev/rules.d/50-udev-default.rules:11
Jun 08 14:36:19 breadbox.penurio.us systemd-udevd[334]: no db file to read /run/udev/data/+acpi:ACPI0004:03: No such file or directory
Jun 08 14:36:19 breadbox.penurio.us systemd-udevd[330]: passed unknown number of bytes to netlink monitor 0x7fa12ccb51c0
Jun 08 14:36:19 breadbox.penurio.us systemd-udevd[333]: No module matches 'acpi:LNXCPU:'
Jun 08 14:36:19 breadbox.penurio.us systemd-udevd[331]: seq 2528 processed with 0
Jun 08 14:36:19 breadbox.penurio.us systemd-udevd[327]: seq 2533 queued, 'add' 'acpi'
Jun 08 14:36:19 breadbox.penurio.us systemd-udevd[329]: no db file to read /run/udev/data/+acpi:LNXCPU:b3: No such file or directory
Jun 08 14:36:19 breadbox.penurio.us systemd-udevd[328]: IMPORT builtin 'hwdb' returned non-zero
Jun 08 14:36:19 breadbox.penurio.us systemd-udevd[334]: RUN 'kmod load $env{MODALIAS}' /usr/lib/udev/rules.d/80-drivers.rules:5
Jun 08 14:36:19 breadbox.penurio.us systemd-udevd[330]: seq 2527 processed with 0
Jun 08 14:36:19 breadbox.penurio.us systemd-udevd[333]: passed unknown number of bytes to netlink monitor 0x7fa12cca4550
Jun 08 14:36:19 breadbox.penurio.us systemd-udevd[327]: passed 186 bytes to netlink monitor 0x7fa12cca02f0
Jun 08 14:36:19 breadbox.penurio.us systemd-udevd[331]: seq 2533 running
Jun 08 14:36:19 breadbox.penurio.us systemd-udevd[329]: IMPORT builtin 'hwdb' /usr/lib/udev/rules.d/50-udev-default.rules:11
Jun 08 14:36:19 breadbox.penurio.us systemd-udevd[328]: no db file to read /run/udev/data/+acpi:ACPI0004:03: No such file or directory
Jun 08 14:36:19 breadbox.penurio.us systemd-udevd[334]: Execute 'load' 'acpi:LNXCPU:'
Jun 08 14:36:19 breadbox.penurio.us systemd-udevd[333]: seq 2529 processed with 0
Jun 08 14:36:19 breadbox.penurio.us systemd-udevd[327]: seq 2534 queued, 'add' 'acpi'
Jun 08 14:36:19 breadbox.penurio.us systemd-udevd[331]: no db file to read /run/udev/data/+acpi:LNXCPU:b4: No such file or directory
Jun 08 14:36:19 breadbox.penurio.us systemd-udevd[329]: IMPORT builtin 'hwdb' returned non-zero
Jun 08 14:36:19 breadbox.penurio.us systemd-udevd[328]: RUN 'kmod load $env{MODALIAS}' /usr/lib/udev/rules.d/80-drivers.rules:5
Jun 08 14:36:19 breadbox.penurio.us systemd-udevd[334]: No module matches 'acpi:LNXCPU:'
Jun 08 14:36:19 breadbox.penurio.us systemd-udevd[327]: passed 186 bytes to netlink monitor 0x7fa12cca02f0
Jun 08 14:36:19 breadbox.penurio.us systemd-udevd[330]: seq 2534 running
Jun 08 14:36:19 breadbox.penurio.us systemd-udevd[331]: IMPORT builtin 'hwdb' /usr/lib/udev/rules.d/50-udev-default.rules:11
Jun 08 14:36:19 breadbox.penurio.us systemd-udevd[329]: no db file to read /run/udev/data/+acpi:ACPI0004:03: No such file or directory
Jun 08 14:36:19 breadbox.penurio.us systemd-udevd[328]: Execute 'load' 'acpi:LNXCPU:'
Jun 08 14:36:19 breadbox.penurio.us systemd-udevd[334]: passed unknown number of bytes to netlink monitor 0x7fa12cca7a60
Jun 08 14:36:19 breadbox.penurio.us systemd-udevd[327]: seq 2535 queued, 'add' 'acpi'
Jun 08 14:36:19 breadbox.penurio.us systemd-udevd[333]: seq 2535 running
Jun 08 14:36:19 breadbox.penurio.us systemd-udevd[331]: IMPORT builtin 'hwdb' returned non-zero
Jun 08 14:36:19 breadbox.penurio.us systemd-udevd[329]: RUN 'kmod load $env{MODALIAS}' /usr/lib/udev/rules.d/80-drivers.rules:5
Jun 08 14:36:19 breadbox.penurio.us systemd-udevd[328]: No module matches 'acpi:LNXCPU:'
Jun 08 14:36:19 breadbox.penurio.us systemd-udevd[334]: seq 2530 processed with 0
Jun 08 14:36:19 breadbox.penurio.us systemd-udevd[327]: passed 186 bytes to netlink monitor 0x7fa12cca02f0
Jun 08 14:36:19 breadbox.penurio.us systemd-udevd[330]: no db file to read /run/udev/data/+acpi:LNXCPU:b5: No such file or directory
Jun 08 14:36:19 breadbox.penurio.us systemd-udevd[333]: no db file to read /run/udev/data/+acpi:LNXCPU:b6: No such file or directory
Jun 08 14:36:19 breadbox.penurio.us kernel: usb 2-1.3: New USB device found, idVendor=05e3, idProduct=0610
Jun 08 14:36:19 breadbox.penurio.us kernel: usb 2-1.3: New USB device strings: Mfr=0, Product=1, SerialNumber=0
Jun 08 14:36:19 breadbox.penurio.us kernel: usb 2-1.3: Product: USB2.0 Hub
Jun 08 14:36:19 breadbox.penurio.us systemd-udevd[331]: no db file to read /run/udev/data/+acpi:ACPI0004:03: No such file or directory
Jun 08 14:36:19 breadbox.penurio.us systemd-udevd[329]: Execute 'load' 'acpi:LNXCPU:'
Jun 08 14:36:19 breadbox.penurio.us systemd-udevd[328]: passed unknown number of bytes to netlink monitor 0x7fa12ccb0ff0
Jun 08 14:36:19 breadbox.penurio.us systemd-udevd[327]: seq 2536 queued, 'add' 'acpi'
Jun 08 14:36:19 breadbox.penurio.us systemd-udevd[334]: seq 2536 running
Jun 08 14:36:19 breadbox.penurio.us systemd-udevd[333]: IMPORT builtin 'hwdb' /usr/lib/udev/rules.d/50-udev-default.rules:11
Jun 08 14:36:19 breadbox.penurio.us systemd-udevd[331]: RUN 'kmod load $env{MODALIAS}' /usr/lib/udev/rules.d/80-drivers.rules:5
Jun 08 14:36:19 breadbox.penurio.us kernel: hub 2-1.3:1.0: USB hub found
Jun 08 14:36:19 breadbox.penurio.us systemd-udevd[329]: No module matches 'acpi:LNXCPU:'
Jun 08 14:36:19 breadbox.penurio.us systemd-udevd[328]: seq 2531 processed with 0
Jun 08 14:36:19 breadbox.penurio.us systemd-udevd[327]: passed 186 bytes to netlink monitor 0x7fa12cca02f0
Jun 08 14:36:19 breadbox.penurio.us systemd-udevd[330]: IMPORT builtin 'hwdb' /usr/lib/udev/rules.d/50-udev-default.rules:11
Jun 08 14:36:19 breadbox.penurio.us systemd-udevd[334]: no db file to read /run/udev/data/+acpi:LNXCPU:b7: No such file or directory
Jun 08 14:36:19 breadbox.penurio.us systemd-udevd[333]: IMPORT builtin 'hwdb' returned non-zero
Jun 08 14:36:19 breadbox.penurio.us systemd-udevd[331]: Execute 'load' 'acpi:LNXCPU:'
Jun 08 14:36:19 breadbox.penurio.us systemd-udevd[329]: passed unknown number of bytes to netlink monitor 0x7fa12ccb2a70
Jun 08 14:36:19 breadbox.penurio.us kernel: hub 2-1.3:1.0: 4 ports detected
Jun 08 14:36:19 breadbox.penurio.us systemd-udevd[327]: seq 2537 queued, 'add' 'acpi'
Jun 08 14:36:19 breadbox.penurio.us systemd-udevd[330]: IMPORT builtin 'hwdb' returned non-zero
Jun 08 14:36:19 breadbox.penurio.us systemd-udevd[334]: IMPORT builtin 'hwdb' /usr/lib/udev/rules.d/50-udev-default.rules:11
Jun 08 14:36:19 breadbox.penurio.us systemd-udevd[333]: no db file to read /run/udev/data/+acpi:ACPI0004:03: No such file or directory
Jun 08 14:36:19 breadbox.penurio.us systemd-udevd[331]: No module matches 'acpi:LNXCPU:'
Jun 08 14:36:19 breadbox.penurio.us systemd-udevd[329]: seq 2532 processed with 0
Jun 08 14:36:19 breadbox.penurio.us systemd-udevd[327]: passed 186 bytes to netlink monitor 0x7fa12cca02f0
Jun 08 14:36:19 breadbox.penurio.us systemd-udevd[328]: seq 2537 running
Jun 08 14:36:19 breadbox.penurio.us systemd-udevd[330]: no db file to read /run/udev/data/+acpi:ACPI0004:03: No such file or directory
Jun 08 14:36:19 breadbox.penurio.us systemd-udevd[334]: IMPORT builtin 'hwdb' returned non-zero
Jun 08 14:36:19 breadbox.penurio.us systemd-udevd[333]: RUN 'kmod load $env{MODALIAS}' /usr/lib/udev/rules.d/80-drivers.rules:5
Jun 08 14:36:19 breadbox.penurio.us systemd-udevd[331]: passed unknown number of bytes to netlink monitor 0x7fa12ccb57b0
Jun 08 14:36:19 breadbox.penurio.us systemd-udevd[327]: seq 2538 queued, 'add' 'acpi'
Jun 08 14:36:19 breadbox.penurio.us systemd-udevd[328]: no db file to read /run/udev/data/+acpi:LNXCPU:b8: No such file or directory
Jun 08 14:36:19 breadbox.penurio.us systemd-udevd[330]: RUN 'kmod load $env{MODALIAS}' /usr/lib/udev/rules.d/80-drivers.rules:5
Jun 08 14:36:19 breadbox.penurio.us systemd-udevd[334]: no db file to read /run/udev/data/+acpi:ACPI0004:03: No such file or directory
Jun 08 14:36:19 breadbox.penurio.us systemd-udevd[333]: Execute 'load' 'acpi:LNXCPU:'
Jun 08 14:36:19 breadbox.penurio.us systemd-udevd[331]: seq 2533 processed with 0
Jun 08 14:36:19 breadbox.penurio.us systemd-udevd[327]: passed 186 bytes to netlink monitor 0x7fa12cca02f0
Jun 08 14:36:19 breadbox.penurio.us systemd-udevd[329]: seq 2538 running
Jun 08 14:36:19 breadbox.penurio.us systemd-udevd[328]: IMPORT builtin 'hwdb' /usr/lib/udev/rules.d/50-udev-default.rules:11
Jun 08 14:36:19 breadbox.penurio.us systemd-udevd[330]: Execute 'load' 'acpi:LNXCPU:'
Jun 08 14:36:19 breadbox.penurio.us systemd-udevd[334]: RUN 'kmod load $env{MODALIAS}' /usr/lib/udev/rules.d/80-drivers.rules:5
Jun 08 14:36:19 breadbox.penurio.us systemd-udevd[333]: No module matches 'acpi:LNXCPU:'
Jun 08 14:36:19 breadbox.penurio.us systemd-udevd[327]: seq 2539 queued, 'add' 'acpi'
Jun 08 14:36:19 breadbox.penurio.us systemd-udevd[329]: no db file to read /run/udev/data/+acpi:LNXCPU:b9: No such file or directory
Jun 08 14:36:19 breadbox.penurio.us systemd-udevd[328]: IMPORT builtin 'hwdb' returned non-zero
Jun 08 14:36:19 breadbox.penurio.us systemd-udevd[330]: No module matches 'acpi:LNXCPU:'
Jun 08 14:36:19 breadbox.penurio.us systemd-udevd[334]: Execute 'load' 'acpi:LNXCPU:'
Jun 08 14:36:19 breadbox.penurio.us systemd-udevd[333]: passed unknown number of bytes to netlink monitor 0x7fa12cca4550
Jun 08 14:36:19 breadbox.penurio.us systemd-udevd[327]: passed 186 bytes to netlink monitor 0x7fa12cca02f0
Jun 08 14:36:19 breadbox.penurio.us systemd-udevd[331]: seq 2539 running
Jun 08 14:36:19 breadbox.penurio.us systemd-udevd[329]: IMPORT builtin 'hwdb' /usr/lib/udev/rules.d/50-udev-default.rules:11
Jun 08 14:36:19 breadbox.penurio.us systemd-udevd[328]: no db file to read /run/udev/data/+acpi:ACPI0004:03: No such file or directory
Jun 08 14:36:19 breadbox.penurio.us systemd-udevd[330]: passed unknown number of bytes to netlink monitor 0x7fa12ccb51c0
Jun 08 14:36:19 breadbox.penurio.us systemd-udevd[334]: No module matches 'acpi:LNXCPU:'
Jun 08 14:36:19 breadbox.penurio.us systemd-udevd[333]: seq 2535 processed with 0
Jun 08 14:36:19 breadbox.penurio.us systemd-udevd[327]: seq 2540 queued, 'add' 'acpi'
Jun 08 14:36:19 breadbox.penurio.us systemd-udevd[333]: seq 2540 running
Jun 08 14:36:19 breadbox.penurio.us systemd-udevd[329]: IMPORT builtin 'hwdb' returned non-zero
Jun 08 14:36:19 breadbox.penurio.us systemd-udevd[328]: RUN 'kmod load $env{MODALIAS}' /usr/lib/udev/rules.d/80-drivers.rules:5
Jun 08 14:36:19 breadbox.penurio.us systemd-udevd[330]: seq 2534 processed with 0
Jun 08 14:36:19 breadbox.penurio.us systemd-udevd[334]: passed unknown number of bytes to netlink monitor 0x7fa12cca7a60
Jun 08 14:36:19 breadbox.penurio.us systemd-udevd[327]: passed 186 bytes to netlink monitor 0x7fa12cca02f0
Jun 08 14:36:19 breadbox.penurio.us systemd-udevd[331]: no db file to read /run/udev/data/+acpi:LNXCPU:ba: No such file or directory
Jun 08 14:36:19 breadbox.penurio.us systemd-udevd[333]: no db file to read /run/udev/data/+acpi:LNXCPU:bb: No such file or directory
Jun 08 14:36:19 breadbox.penurio.us systemd-udevd[329]: no db file to read /run/udev/data/+acpi:ACPI0004:03: No such file or directory
Jun 08 14:36:19 breadbox.penurio.us systemd-udevd[328]: Execute 'load' 'acpi:LNXCPU:'
Jun 08 14:36:19 breadbox.penurio.us systemd-udevd[334]: seq 2536 processed with 0
Jun 08 14:36:19 breadbox.penurio.us systemd-udevd[327]: seq 2541 queued, 'add' 'acpi'
Jun 08 14:36:19 breadbox.penurio.us systemd-udevd[331]: IMPORT builtin 'hwdb' /usr/lib/udev/rules.d/50-udev-default.rules:11
Jun 08 14:36:19 breadbox.penurio.us systemd-udevd[333]: IMPORT builtin 'hwdb' /usr/lib/udev/rules.d/50-udev-default.rules:11
Jun 08 14:36:19 breadbox.penurio.us systemd-udevd[329]: RUN 'kmod load $env{MODALIAS}' /usr/lib/udev/rules.d/80-drivers.rules:5
Jun 08 14:36:19 breadbox.penurio.us systemd-udevd[328]: No module matches 'acpi:LNXCPU:'
Jun 08 14:36:19 breadbox.penurio.us systemd-udevd[327]: passed 186 bytes to netlink monitor 0x7fa12cca02f0
Jun 08 14:36:19 breadbox.penurio.us systemd-udevd[330]: seq 2541 running
Jun 08 14:36:19 breadbox.penurio.us systemd-udevd[331]: IMPORT builtin 'hwdb' returned non-zero
Jun 08 14:36:19 breadbox.penurio.us systemd-udevd[333]: IMPORT builtin 'hwdb' returned non-zero
Jun 08 14:36:19 breadbox.penurio.us systemd-udevd[329]: Execute 'load' 'acpi:LNXCPU:'
Jun 08 14:36:19 breadbox.penurio.us systemd-udevd[328]: passed unknown number of bytes to netlink monitor 0x7fa12ccb0ff0
Jun 08 14:36:19 breadbox.penurio.us systemd-udevd[327]: seq 2542 queued, 'add' 'acpi'
Jun 08 14:36:19 breadbox.penurio.us systemd-udevd[334]: seq 2542 running
Jun 08 14:36:19 breadbox.penurio.us systemd-udevd[331]: no db file to read /run/udev/data/+acpi:ACPI0004:03: No such file or directory
Jun 08 14:36:19 breadbox.penurio.us systemd-udevd[333]: no db file to read /run/udev/data/+acpi:ACPI0004:03: No such file or directory
Jun 08 14:36:19 breadbox.penurio.us systemd-udevd[329]: No module matches 'acpi:LNXCPU:'
Jun 08 14:36:19 breadbox.penurio.us systemd-udevd[328]: seq 2537 processed with 0
Jun 08 14:36:19 breadbox.penurio.us systemd-udevd[327]: passed 186 bytes to netlink monitor 0x7fa12cca02f0
Jun 08 14:36:19 breadbox.penurio.us systemd-udevd[330]: no db file to read /run/udev/data/+acpi:LNXCPU:bc: No such file or directory
Jun 08 14:36:19 breadbox.penurio.us systemd-udevd[334]: no db file to read /run/udev/data/+acpi:LNXCPU:bd: No such file or directory
Jun 08 14:36:19 breadbox.penurio.us systemd-udevd[331]: RUN 'kmod load $env{MODALIAS}' /usr/lib/udev/rules.d/80-drivers.rules:5
Jun 08 14:36:19 breadbox.penurio.us systemd-udevd[333]: RUN 'kmod load $env{MODALIAS}' /usr/lib/udev/rules.d/80-drivers.rules:5
Jun 08 14:36:19 breadbox.penurio.us systemd-udevd[329]: passed unknown number of bytes to netlink monitor 0x7fa12ccb2a70
Jun 08 14:36:19 breadbox.penurio.us systemd-udevd[327]: seq 2543 queued, 'add' 'acpi'
Jun 08 14:36:19 breadbox.penurio.us systemd-udevd[330]: IMPORT builtin 'hwdb' /usr/lib/udev/rules.d/50-udev-default.rules:11
Jun 08 14:36:19 breadbox.penurio.us systemd-udevd[334]: IMPORT builtin 'hwdb' /usr/lib/udev/rules.d/50-udev-default.rules:11
Jun 08 14:36:19 breadbox.penurio.us systemd-udevd[331]: Execute 'load' 'acpi:LNXCPU:'
Jun 08 14:36:19 breadbox.penurio.us systemd-udevd[333]: Execute 'load' 'acpi:LNXCPU:'
Jun 08 14:36:19 breadbox.penurio.us systemd-udevd[329]: seq 2538 processed with 0
Jun 08 14:36:19 breadbox.penurio.us systemd-udevd[327]: passed 186 bytes to netlink monitor 0x7fa12cca02f0
Jun 08 14:36:19 breadbox.penurio.us systemd-udevd[328]: seq 2543 running
Jun 08 14:36:19 breadbox.penurio.us systemd-udevd[330]: IMPORT builtin 'hwdb' returned non-zero
Jun 08 14:36:19 breadbox.penurio.us systemd-udevd[334]: IMPORT builtin 'hwdb' returned non-zero
Jun 08 14:36:19 breadbox.penurio.us systemd-udevd[331]: No module matches 'acpi:LNXCPU:'
Jun 08 14:36:19 breadbox.penurio.us systemd-udevd[333]: No module matches 'acpi:LNXCPU:'
Jun 08 14:36:19 breadbox.penurio.us systemd-udevd[327]: seq 2544 queued, 'add' 'acpi'
Jun 08 14:36:19 breadbox.penurio.us systemd-udevd[328]: no db file to read /run/udev/data/+acpi:LNXCPU:be: No such file or directory
Jun 08 14:36:19 breadbox.penurio.us systemd-udevd[330]: no db file to read /run/udev/data/+acpi:ACPI0004:03: No such file or directory
Jun 08 14:36:19 breadbox.penurio.us systemd-udevd[334]: no db file to read /run/udev/data/+acpi:ACPI0004:03: No such file or directory
Jun 08 14:36:19 breadbox.penurio.us systemd-udevd[331]: passed unknown number of bytes to netlink monitor 0x7fa12ccb57b0
Jun 08 14:36:19 breadbox.penurio.us systemd-udevd[333]: passed unknown number of bytes to netlink monitor 0x7fa12cca4550
Jun 08 14:36:19 breadbox.penurio.us systemd-udevd[327]: passed 186 bytes to netlink monitor 0x7fa12cca02f0
Jun 08 14:36:19 breadbox.penurio.us systemd-udevd[329]: seq 2544 running
Jun 08 14:36:19 breadbox.penurio.us systemd-udevd[328]: IMPORT builtin 'hwdb' /usr/lib/udev/rules.d/50-udev-default.rules:11
Jun 08 14:36:19 breadbox.penurio.us systemd-udevd[330]: RUN 'kmod load $env{MODALIAS}' /usr/lib/udev/rules.d/80-drivers.rules:5
Jun 08 14:36:19 breadbox.penurio.us systemd-udevd[334]: RUN 'kmod load $env{MODALIAS}' /usr/lib/udev/rules.d/80-drivers.rules:5
Jun 08 14:36:19 breadbox.penurio.us systemd-udevd[331]: seq 2539 processed with 0
Jun 08 14:36:19 breadbox.penurio.us systemd-udevd[333]: seq 2540 processed with 0
Jun 08 14:36:19 breadbox.penurio.us systemd-udevd[327]: seq 2545 queued, 'add' 'acpi'
Jun 08 14:36:19 breadbox.penurio.us systemd-udevd[329]: no db file to read /run/udev/data/+acpi:LNXCPU:bf: No such file or directory
Jun 08 14:36:19 breadbox.penurio.us systemd-udevd[328]: IMPORT builtin 'hwdb' returned non-zero
Jun 08 14:36:19 breadbox.penurio.us systemd-udevd[330]: Execute 'load' 'acpi:LNXCPU:'
Jun 08 14:36:19 breadbox.penurio.us systemd-udevd[334]: Execute 'load' 'acpi:LNXCPU:'
Jun 08 14:36:19 breadbox.penurio.us systemd-udevd[327]: passed 178 bytes to netlink monitor 0x7fa12cca02f0
Jun 08 14:36:19 breadbox.penurio.us systemd-udevd[331]: seq 2545 running
Jun 08 14:36:19 breadbox.penurio.us systemd-udevd[329]: IMPORT builtin 'hwdb' /usr/lib/udev/rules.d/50-udev-default.rules:11
Jun 08 14:36:19 breadbox.penurio.us systemd-udevd[328]: no db file to read /run/udev/data/+acpi:ACPI0004:03: No such file or directory
Jun 08 14:36:19 breadbox.penurio.us systemd-udevd[330]: No module matches 'acpi:LNXCPU:'
Jun 08 14:36:19 breadbox.penurio.us systemd-udevd[334]: No module matches 'acpi:LNXCPU:'
Jun 08 14:36:19 breadbox.penurio.us systemd-udevd[327]: seq 2546 queued, 'add' 'acpi'
Jun 08 14:36:19 breadbox.penurio.us systemd-udevd[333]: seq 2546 running
Jun 08 14:36:19 breadbox.penurio.us systemd-udevd[329]: IMPORT builtin 'hwdb' returned non-zero
Jun 08 14:36:19 breadbox.penurio.us systemd-udevd[328]: RUN 'kmod load $env{MODALIAS}' /usr/lib/udev/rules.d/80-drivers.rules:5
Jun 08 14:36:19 breadbox.penurio.us systemd-udevd[330]: passed unknown number of bytes to netlink monitor 0x7fa12ccb51c0
Jun 08 14:36:19 breadbox.penurio.us systemd-udevd[334]: passed unknown number of bytes to netlink monitor 0x7fa12cca7a60
Jun 08 14:36:19 breadbox.penurio.us systemd-udevd[327]: passed 176 bytes to netlink monitor 0x7fa12cca02f0
Jun 08 14:36:19 breadbox.penurio.us systemd-udevd[331]: no db file to read /run/udev/data/+acpi:ACPI000C:00: No such file or directory
Jun 08 14:36:19 breadbox.penurio.us systemd-udevd[333]: no db file to read /run/udev/data/+acpi:PNP0A03:00: No such file or directory
Jun 08 14:36:19 breadbox.penurio.us systemd-udevd[329]: no db file to read /run/udev/data/+acpi:ACPI0004:03: No such file or directory
Jun 08 14:36:19 breadbox.penurio.us systemd-udevd[328]: Execute 'load' 'acpi:LNXCPU:'
Jun 08 14:36:19 breadbox.penurio.us systemd-udevd[330]: seq 2541 processed with 0
Jun 08 14:36:19 breadbox.penurio.us systemd-udevd[334]: seq 2542 processed with 0
Jun 08 14:36:19 breadbox.penurio.us systemd-udevd[327]: seq 2547 queued, 'add' 'acpi'
Jun 08 14:36:19 breadbox.penurio.us systemd-udevd[331]: IMPORT builtin 'hwdb' /usr/lib/udev/rules.d/50-udev-default.rules:11
Jun 08 14:36:19 breadbox.penurio.us systemd-udevd[333]: IMPORT builtin 'hwdb' /usr/lib/udev/rules.d/50-udev-default.rules:11
Jun 08 14:36:19 breadbox.penurio.us systemd-udevd[329]: RUN 'kmod load $env{MODALIAS}' /usr/lib/udev/rules.d/80-drivers.rules:5
Jun 08 14:36:19 breadbox.penurio.us systemd-udevd[328]: No module matches 'acpi:LNXCPU:'
Jun 08 14:36:19 breadbox.penurio.us systemd-udevd[327]: passed 176 bytes to netlink monitor 0x7fa12cca02f0
Jun 08 14:36:19 breadbox.penurio.us systemd-udevd[330]: seq 2547 running
Jun 08 14:36:19 breadbox.penurio.us systemd-udevd[331]: IMPORT builtin 'hwdb' returned non-zero
Jun 08 14:36:19 breadbox.penurio.us systemd-udevd[333]: IMPORT builtin 'hwdb' returned non-zero
Jun 08 14:36:19 breadbox.penurio.us systemd-udevd[329]: Execute 'load' 'acpi:LNXCPU:'
Jun 08 14:36:19 breadbox.penurio.us systemd-udevd[328]: passed unknown number of bytes to netlink monitor 0x7fa12ccb0ff0
Jun 08 14:36:19 breadbox.penurio.us systemd-udevd[327]: seq 2548 queued, 'add' 'acpi'
Jun 08 14:36:19 breadbox.penurio.us systemd-udevd[334]: seq 2548 running
Jun 08 14:36:19 breadbox.penurio.us systemd-udevd[331]: no db file to read /run/udev/data/+acpi:device:00: No such file or directory
Jun 08 14:36:19 breadbox.penurio.us systemd-udevd[333]: no db file to read /run/udev/data/+acpi:device:00: No such file or directory
Jun 08 14:36:19 breadbox.penurio.us systemd-udevd[329]: No module matches 'acpi:LNXCPU:'
Jun 08 14:36:19 breadbox.penurio.us systemd-udevd[328]: seq 2543 processed with 0
Jun 08 14:36:19 breadbox.penurio.us systemd-udevd[327]: passed 176 bytes to netlink monitor 0x7fa12cca02f0
Jun 08 14:36:19 breadbox.penurio.us systemd-udevd[330]: no db file to read /run/udev/data/+acpi:PNP0A03:01: No such file or directory
Jun 08 14:36:19 breadbox.penurio.us systemd-udevd[334]: no db file to read /run/udev/data/+acpi:PNP0A03:02: No such file or directory
Jun 08 14:36:19 breadbox.penurio.us systemd-udevd[331]: RUN 'kmod load $env{MODALIAS}' /usr/lib/udev/rules.d/80-drivers.rules:5
Jun 08 14:36:19 breadbox.penurio.us systemd-udevd[333]: RUN 'kmod load $env{MODALIAS}' /usr/lib/udev/rules.d/80-drivers.rules:5
Jun 08 14:36:19 breadbox.penurio.us systemd-udevd[329]: passed unknown number of bytes to netlink monitor 0x7fa12ccb2a70
Jun 08 14:36:19 breadbox.penurio.us systemd-udevd[327]: seq 2549 queued, 'add' 'acpi'
Jun 08 14:36:19 breadbox.penurio.us systemd-udevd[330]: IMPORT builtin 'hwdb' /usr/lib/udev/rules.d/50-udev-default.rules:11
Jun 08 14:36:19 breadbox.penurio.us systemd-udevd[334]: IMPORT builtin 'hwdb' /usr/lib/udev/rules.d/50-udev-default.rules:11
Jun 08 14:36:19 breadbox.penurio.us systemd-udevd[331]: Execute 'load' 'acpi:ACPI000C:'
Jun 08 14:36:19 breadbox.penurio.us systemd-udevd[333]: Execute 'load' 'acpi:PNP0A03:'
Jun 08 14:36:19 breadbox.penurio.us systemd-udevd[329]: seq 2544 processed with 0
Jun 08 14:36:19 breadbox.penurio.us systemd-udevd[327]: passed 176 bytes to netlink monitor 0x7fa12cca02f0
Jun 08 14:36:19 breadbox.penurio.us systemd-udevd[328]: seq 2549 running
Jun 08 14:36:19 breadbox.penurio.us systemd-udevd[330]: IMPORT builtin 'hwdb' returned non-zero
Jun 08 14:36:19 breadbox.penurio.us systemd-udevd[334]: IMPORT builtin 'hwdb' returned non-zero
Jun 08 14:36:19 breadbox.penurio.us systemd-udevd[331]: No module matches 'acpi:ACPI000C:'
Jun 08 14:36:19 breadbox.penurio.us systemd-udevd[333]: No module matches 'acpi:PNP0A03:'
Jun 08 14:36:19 breadbox.penurio.us systemd-udevd[327]: seq 2550 queued, 'add' 'acpi'
Jun 08 14:36:19 breadbox.penurio.us systemd-udevd[328]: no db file to read /run/udev/data/+acpi:PNP0A03:03: No such file or directory
Jun 08 14:36:19 breadbox.penurio.us systemd-udevd[330]: no db file to read /run/udev/data/+acpi:device:00: No such file or directory
Jun 08 14:36:19 breadbox.penurio.us systemd-udevd[334]: no db file to read /run/udev/data/+acpi:device:00: No such file or directory
Jun 08 14:36:19 breadbox.penurio.us systemd-udevd[331]: passed unknown number of bytes to netlink monitor 0x7fa12ccb57b0
Jun 08 14:36:19 breadbox.penurio.us systemd-udevd[333]: passed unknown number of bytes to netlink monitor 0x7fa12cca4550
Jun 08 14:36:19 breadbox.penurio.us systemd-udevd[327]: passed 184 bytes to netlink monitor 0x7fa12cca02f0
Jun 08 14:36:19 breadbox.penurio.us systemd-udevd[329]: seq 2550 running
Jun 08 14:36:19 breadbox.penurio.us systemd-udevd[328]: IMPORT builtin 'hwdb' /usr/lib/udev/rules.d/50-udev-default.rules:11
Jun 08 14:36:19 breadbox.penurio.us systemd-udevd[330]: RUN 'kmod load $env{MODALIAS}' /usr/lib/udev/rules.d/80-drivers.rules:5
Jun 08 14:36:19 breadbox.penurio.us systemd-udevd[334]: RUN 'kmod load $env{MODALIAS}' /usr/lib/udev/rules.d/80-drivers.rules:5
Jun 08 14:36:19 breadbox.penurio.us systemd-udevd[331]: seq 2545 processed with 0
Jun 08 14:36:19 breadbox.penurio.us systemd-udevd[333]: seq 2546 processed with 0
Jun 08 14:36:19 breadbox.penurio.us systemd-udevd[327]: seq 2551 queued, 'add' 'acpi'
Jun 08 14:36:19 breadbox.penurio.us systemd-udevd[329]: no db file to read /run/udev/data/+acpi:PNP0A08:00: No such file or directory
Jun 08 14:36:19 breadbox.penurio.us systemd-udevd[328]: IMPORT builtin 'hwdb' returned non-zero
Jun 08 14:36:19 breadbox.penurio.us systemd-udevd[330]: Execute 'load' 'acpi:PNP0A03:'
Jun 08 14:36:19 breadbox.penurio.us systemd-udevd[334]: Execute 'load' 'acpi:PNP0A03:'
Jun 08 14:36:19 breadbox.penurio.us systemd-udevd[327]: seq 2552 queued, 'add' 'acpi'
Jun 08 14:36:19 breadbox.penurio.us systemd-udevd[329]: IMPORT builtin 'hwdb' /usr/lib/udev/rules.d/50-udev-default.rules:11
Jun 08 14:36:19 breadbox.penurio.us systemd-udevd[328]: no db file to read /run/udev/data/+acpi:device:00: No such file or directory
Jun 08 14:36:19 breadbox.penurio.us systemd-udevd[330]: No module matches 'acpi:PNP0A03:'
Jun 08 14:36:19 breadbox.penurio.us systemd-udevd[334]: No module matches 'acpi:PNP0A03:'
Jun 08 14:36:19 breadbox.penurio.us systemd-udevd[327]: seq 2553 queued, 'add' 'acpi'
Jun 08 14:36:19 breadbox.penurio.us systemd-udevd[329]: IMPORT builtin 'hwdb' returned non-zero
Jun 08 14:36:19 breadbox.penurio.us systemd-udevd[328]: RUN 'kmod load $env{MODALIAS}' /usr/lib/udev/rules.d/80-drivers.rules:5
Jun 08 14:36:19 breadbox.penurio.us systemd-udevd[330]: passed unknown number of bytes to netlink monitor 0x7fa12ccb51c0
Jun 08 14:36:19 breadbox.penurio.us systemd-udevd[334]: passed unknown number of bytes to netlink monitor 0x7fa12cca7a60
Jun 08 14:36:19 breadbox.penurio.us systemd-udevd[327]: seq 2554 queued, 'add' 'acpi'
Jun 08 14:36:19 breadbox.penurio.us systemd-udevd[329]: no db file to read /run/udev/data/+acpi:device:00: No such file or directory
Jun 08 14:36:19 breadbox.penurio.us systemd-udevd[328]: Execute 'load' 'acpi:PNP0A03:'
Jun 08 14:36:19 breadbox.penurio.us systemd-udevd[330]: seq 2547 processed with 0
Jun 08 14:36:19 breadbox.penurio.us systemd-udevd[334]: seq 2548 processed with 0
Jun 08 14:36:19 breadbox.penurio.us systemd-udevd[327]: seq 2555 queued, 'add' 'acpi'
Jun 08 14:36:19 breadbox.penurio.us systemd-udevd[329]: RUN 'kmod load $env{MODALIAS}' /usr/lib/udev/rules.d/80-drivers.rules:5
Jun 08 14:36:19 breadbox.penurio.us systemd-udevd[328]: No module matches 'acpi:PNP0A03:'
Jun 08 14:36:19 breadbox.penurio.us systemd-udevd[327]: seq 2556 queued, 'add' 'acpi'
Jun 08 14:36:19 breadbox.penurio.us systemd-udevd[329]: Execute 'load' 'acpi:PNP0A08:PNP0A03:'
Jun 08 14:36:19 breadbox.penurio.us systemd-udevd[328]: passed unknown number of bytes to netlink monitor 0x7fa12ccb0ff0
Jun 08 14:36:19 breadbox.penurio.us systemd-udevd[327]: seq 2557 queued, 'add' 'acpi'
Jun 08 14:36:19 breadbox.penurio.us systemd-udevd[329]: No module matches 'acpi:PNP0A08:PNP0A03:'
Jun 08 14:36:19 breadbox.penurio.us systemd-udevd[328]: seq 2549 processed with 0
Jun 08 14:36:19 breadbox.penurio.us systemd-udevd[327]: seq 2558 queued, 'add' 'acpi'
Jun 08 14:36:19 breadbox.penurio.us systemd-udevd[329]: passed unknown number of bytes to netlink monitor 0x7fa12ccb2a70
Jun 08 14:36:19 breadbox.penurio.us systemd-udevd[327]: seq 2559 queued, 'add' 'acpi'
Jun 08 14:36:19 breadbox.penurio.us systemd-udevd[329]: seq 2550 processed with 0
Jun 08 14:36:19 breadbox.penurio.us systemd-udevd[327]: seq 2560 queued, 'add' 'acpi'
Jun 08 14:36:19 breadbox.penurio.us systemd-udevd[327]: passed 187 bytes to netlink monitor 0x7fa12cca02f0
Jun 08 14:36:19 breadbox.penurio.us systemd-udevd[328]: seq 2551 running
Jun 08 14:36:19 breadbox.penurio.us systemd-udevd[327]: passed 187 bytes to netlink monitor 0x7fa12cca02f0
Jun 08 14:36:19 breadbox.penurio.us systemd-udevd[329]: seq 2552 running
Jun 08 14:36:19 breadbox.penurio.us systemd-udevd[328]: no db file to read /run/udev/data/+acpi:PNP0003:00: No such file or directory
Jun 08 14:36:19 breadbox.penurio.us systemd-udevd[327]: passed 163 bytes to netlink monitor 0x7fa12cca02f0
Jun 08 14:36:19 breadbox.penurio.us systemd-udevd[330]: seq 2553 running
Jun 08 14:36:19 breadbox.penurio.us systemd-udevd[329]: no db file to read /run/udev/data/+acpi:PNP0C14:01: No such file or directory
Jun 08 14:36:19 breadbox.penurio.us systemd-udevd[328]: IMPORT builtin 'hwdb' /usr/lib/udev/rules.d/50-udev-default.rules:11
Jun 08 14:36:19 breadbox.penurio.us systemd-udevd[327]: passed 163 bytes to netlink monitor 0x7fa12cca02f0
Jun 08 14:36:19 breadbox.penurio.us systemd-udevd[331]: seq 2554 running
Jun 08 14:36:19 breadbox.penurio.us systemd-udevd[330]: no db file to read /run/udev/data/+acpi:device:01: No such file or directory
Jun 08 14:36:19 breadbox.penurio.us systemd-udevd[329]: IMPORT builtin 'hwdb' /usr/lib/udev/rules.d/50-udev-default.rules:11
Jun 08 14:36:19 breadbox.penurio.us systemd-udevd[328]: IMPORT builtin 'hwdb' returned non-zero
Jun 08 14:36:19 breadbox.penurio.us systemd-udevd[327]: passed 163 bytes to netlink monitor 0x7fa12cca02f0
Jun 08 14:36:19 breadbox.penurio.us systemd-udevd[333]: seq 2555 running
Jun 08 14:36:19 breadbox.penurio.us systemd-udevd[331]: no db file to read /run/udev/data/+acpi:device:02: No such file or directory
Jun 08 14:36:19 breadbox.penurio.us systemd-udevd[330]: no db file to read /run/udev/data/+acpi:PNP0A08:00: No such file or directory
Jun 08 14:36:19 breadbox.penurio.us systemd-udevd[329]: IMPORT builtin 'hwdb' returned non-zero
Jun 08 14:36:19 breadbox.penurio.us systemd-udevd[328]: no db file to read /run/udev/data/+acpi:PNP0A08:00: No such file or directory
Jun 08 14:36:19 breadbox.penurio.us systemd-udevd[327]: passed 163 bytes to netlink monitor 0x7fa12cca02f0
Jun 08 14:36:19 breadbox.penurio.us systemd-udevd[334]: seq 2556 running
Jun 08 14:36:19 breadbox.penurio.us systemd-udevd[333]: no db file to read /run/udev/data/+acpi:device:03: No such file or directory
Jun 08 14:36:19 breadbox.penurio.us systemd-udevd[331]: no db file to read /run/udev/data/+acpi:PNP0A08:00: No such file or directory
Jun 08 14:36:19 breadbox.penurio.us systemd-udevd[330]: passed unknown number of bytes to netlink monitor 0x7fa12ccb51c0
Jun 08 14:36:19 breadbox.penurio.us systemd-udevd[329]: no db file to read /run/udev/data/+acpi:PNP0A08:00: No such file or directory
Jun 08 14:36:19 breadbox.penurio.us systemd-udevd[328]: RUN 'kmod load $env{MODALIAS}' /usr/lib/udev/rules.d/80-drivers.rules:5
Jun 08 14:36:19 breadbox.penurio.us systemd-udevd[327]: seq 2561 queued, 'add' 'acpi'
Jun 08 14:36:19 breadbox.penurio.us systemd-udevd[334]: no db file to read /run/udev/data/+acpi:device:04: No such file or directory
Jun 08 14:36:19 breadbox.penurio.us systemd-udevd[333]: no db file to read /run/udev/data/+acpi:PNP0A08:00: No such file or directory
Jun 08 14:36:19 breadbox.penurio.us systemd-udevd[331]: passed unknown number of bytes to netlink monitor 0x7fa12ccb57b0
Jun 08 14:36:19 breadbox.penurio.us systemd-udevd[330]: seq 2553 processed with 0
Jun 08 14:36:19 breadbox.penurio.us systemd-udevd[329]: RUN 'kmod load $env{MODALIAS}' /usr/lib/udev/rules.d/80-drivers.rules:5
Jun 08 14:36:19 breadbox.penurio.us systemd-udevd[328]: Execute 'load' 'acpi:PNP0003:'
Jun 08 14:36:19 breadbox.penurio.us systemd-udevd[327]: seq 2562 queued, 'add' 'acpi'
Jun 08 14:36:19 breadbox.penurio.us systemd-udevd[334]: no db file to read /run/udev/data/+acpi:PNP0A08:00: No such file or directory
Jun 08 14:36:19 breadbox.penurio.us systemd-udevd[333]: passed unknown number of bytes to netlink monitor 0x7fa12cca4550
Jun 08 14:36:19 breadbox.penurio.us systemd-udevd[331]: seq 2554 processed with 0
Jun 08 14:36:19 breadbox.penurio.us systemd-udevd[329]: Execute 'load' 'acpi:PNP0C14:'
Jun 08 14:36:19 breadbox.penurio.us systemd-udevd[328]: No module matches 'acpi:PNP0003:'
Jun 08 14:36:19 breadbox.penurio.us systemd-udevd[327]: seq 2563 queued, 'add' 'acpi'
Jun 08 14:36:19 breadbox.penurio.us systemd-udevd[334]: passed unknown number of bytes to netlink monitor 0x7fa12cca7a60
Jun 08 14:36:19 breadbox.penurio.us systemd-udevd[333]: seq 2555 processed with 0
Jun 08 14:36:19 breadbox.penurio.us systemd-udevd[329]: No module matches 'acpi:PNP0C14:'
Jun 08 14:36:19 breadbox.penurio.us systemd-udevd[328]: passed unknown number of bytes to netlink monitor 0x7fa12ccb0ff0
Jun 08 14:36:19 breadbox.penurio.us systemd-udevd[327]: seq 2564 queued, 'add' 'acpi'
Jun 08 14:36:19 breadbox.penurio.us systemd-udevd[334]: seq 2556 processed with 0
Jun 08 14:36:19 breadbox.penurio.us systemd-udevd[329]: passed unknown number of bytes to netlink monitor 0x7fa12ccb2a70
Jun 08 14:36:19 breadbox.penurio.us systemd-udevd[328]: seq 2551 processed with 0
Jun 08 14:36:19 breadbox.penurio.us systemd-udevd[327]: seq 2565 queued, 'add' 'acpi'
Jun 08 14:36:19 breadbox.penurio.us systemd-udevd[329]: seq 2552 processed with 0
Jun 08 14:36:19 breadbox.penurio.us systemd-udevd[327]: passed 197 bytes to netlink monitor 0x7fa12cca02f0
Jun 08 14:36:19 breadbox.penurio.us systemd-udevd[328]: seq 2557 running
Jun 08 14:36:19 breadbox.penurio.us systemd-udevd[327]: passed 197 bytes to netlink monitor 0x7fa12cca02f0
Jun 08 14:36:19 breadbox.penurio.us systemd-udevd[330]: seq 2558 running
Jun 08 14:36:19 breadbox.penurio.us systemd-udevd[328]: no db file to read /run/udev/data/+acpi:IPI0001:00: No such file or directory
Jun 08 14:36:19 breadbox.penurio.us systemd-udevd[327]: passed 197 bytes to netlink monitor 0x7fa12cca02f0
Jun 08 14:36:19 breadbox.penurio.us systemd-udevd[331]: seq 2559 running
Jun 08 14:36:19 breadbox.penurio.us systemd-udevd[330]: no db file to read /run/udev/data/+acpi:PNP0000:00: No such file or directory
Jun 08 14:36:19 breadbox.penurio.us systemd-udevd[328]: IMPORT builtin 'hwdb' /usr/lib/udev/rules.d/50-udev-default.rules:11
Jun 08 14:36:19 breadbox.penurio.us systemd-udevd[327]: passed 197 bytes to netlink monitor 0x7fa12cca02f0
Jun 08 14:36:19 breadbox.penurio.us systemd-udevd[334]: seq 2561 running
Jun 08 14:36:19 breadbox.penurio.us systemd-udevd[331]: no db file to read /run/udev/data/+acpi:PNP0100:00: No such file or directory
Jun 08 14:36:19 breadbox.penurio.us systemd-udevd[330]: IMPORT builtin 'hwdb' /usr/lib/udev/rules.d/50-udev-default.rules:11
Jun 08 14:36:19 breadbox.penurio.us systemd-udevd[328]: IMPORT builtin 'hwdb' returned non-zero
Jun 08 14:36:19 breadbox.penurio.us systemd-udevd[327]: passed 197 bytes to netlink monitor 0x7fa12cca02f0
Jun 08 14:36:19 breadbox.penurio.us systemd-udevd[333]: seq 2560 running
Jun 08 14:36:19 breadbox.penurio.us systemd-udevd[334]: no db file to read /run/udev/data/+acpi:PNP0200:00: No such file or directory
Jun 08 14:36:19 breadbox.penurio.us systemd-udevd[331]: IMPORT builtin 'hwdb' /usr/lib/udev/rules.d/50-udev-default.rules:11
Jun 08 14:36:19 breadbox.penurio.us systemd-udevd[330]: IMPORT builtin 'hwdb' returned non-zero
Jun 08 14:36:19 breadbox.penurio.us systemd-udevd[328]: no db file to read /run/udev/data/+acpi:device:04: No such file or directory
Jun 08 14:36:19 breadbox.penurio.us systemd-udevd[327]: passed 197 bytes to netlink monitor 0x7fa12cca02f0
Jun 08 14:36:19 breadbox.penurio.us systemd-udevd[335]: seq 2562 running
Jun 08 14:36:19 breadbox.penurio.us systemd-udevd[333]: no db file to read /run/udev/data/+acpi:PNP0103:00: No such file or directory
Jun 08 14:36:19 breadbox.penurio.us systemd-udevd[334]: IMPORT builtin 'hwdb' /usr/lib/udev/rules.d/50-udev-default.rules:11
Jun 08 14:36:19 breadbox.penurio.us systemd-udevd[331]: IMPORT builtin 'hwdb' returned non-zero
Jun 08 14:36:19 breadbox.penurio.us systemd-udevd[330]: no db file to read /run/udev/data/+acpi:device:04: No such file or directory
Jun 08 14:36:19 breadbox.penurio.us systemd-udevd[328]: RUN 'kmod load $env{MODALIAS}' /usr/lib/udev/rules.d/80-drivers.rules:5
Jun 08 14:36:19 breadbox.penurio.us systemd-udevd[327]: passed 197 bytes to netlink monitor 0x7fa12cca02f0
Jun 08 14:36:19 breadbox.penurio.us systemd-udevd[336]: seq 2563 running
