Jun 08 14:36:20 breadbox.penurio.us systemd-udevd[327]: passed 146 bytes to netlink monitor 0x7fa12cca02f0
Jun 08 14:36:20 breadbox.penurio.us systemd-udevd[329]: seq 3892 running
Jun 08 14:36:20 breadbox.penurio.us systemd-udevd[333]: passed unknown number of bytes to netlink monitor 0x7fa12cca4550
Jun 08 14:36:20 breadbox.penurio.us systemd-udevd[327]: seq 3893 queued, 'add' 'memory'
Jun 08 14:36:20 breadbox.penurio.us systemd-udevd[329]: no db file to read /run/udev/data/+memory:memory950: No such file or directory
Jun 08 14:36:20 breadbox.penurio.us systemd-udevd[333]: seq 3891 processed with 0
Jun 08 14:36:20 breadbox.penurio.us systemd-udevd[327]: passed 146 bytes to netlink monitor 0x7fa12cca02f0
Jun 08 14:36:20 breadbox.penurio.us systemd-udevd[328]: seq 3893 running
Jun 08 14:36:20 breadbox.penurio.us systemd-udevd[329]: passed unknown number of bytes to netlink monitor 0x7fa12ccb2a70
Jun 08 14:36:20 breadbox.penurio.us systemd-udevd[327]: seq 3894 queued, 'add' 'memory'
Jun 08 14:36:20 breadbox.penurio.us systemd-udevd[328]: no db file to read /run/udev/data/+memory:memory951: No such file or directory
Jun 08 14:36:20 breadbox.penurio.us systemd-udevd[329]: seq 3892 processed with 0
Jun 08 14:36:20 breadbox.penurio.us systemd-udevd[327]: passed 146 bytes to netlink monitor 0x7fa12cca02f0
Jun 08 14:36:20 breadbox.penurio.us systemd-udevd[333]: seq 3894 running
Jun 08 14:36:20 breadbox.penurio.us systemd-udevd[328]: passed unknown number of bytes to netlink monitor 0x7fa12ccb0ff0
Jun 08 14:36:20 breadbox.penurio.us systemd-udevd[327]: seq 3895 queued, 'add' 'memory'
Jun 08 14:36:20 breadbox.penurio.us systemd-udevd[333]: no db file to read /run/udev/data/+memory:memory952: No such file or directory
Jun 08 14:36:20 breadbox.penurio.us systemd-udevd[328]: seq 3893 processed with 0
Jun 08 14:36:20 breadbox.penurio.us systemd-udevd[327]: passed 146 bytes to netlink monitor 0x7fa12cca02f0
Jun 08 14:36:20 breadbox.penurio.us systemd-udevd[329]: seq 3895 running
Jun 08 14:36:20 breadbox.penurio.us systemd-udevd[333]: passed unknown number of bytes to netlink monitor 0x7fa12cca4550
Jun 08 14:36:20 breadbox.penurio.us systemd-udevd[327]: seq 3896 queued, 'add' 'memory'
Jun 08 14:36:20 breadbox.penurio.us systemd-udevd[329]: no db file to read /run/udev/data/+memory:memory953: No such file or directory
Jun 08 14:36:20 breadbox.penurio.us systemd-udevd[333]: seq 3894 processed with 0
Jun 08 14:36:20 breadbox.penurio.us systemd-udevd[327]: passed 146 bytes to netlink monitor 0x7fa12cca02f0
Jun 08 14:36:20 breadbox.penurio.us systemd-udevd[328]: seq 3896 running
Jun 08 14:36:20 breadbox.penurio.us systemd-udevd[329]: passed unknown number of bytes to netlink monitor 0x7fa12ccb2a70
Jun 08 14:36:20 breadbox.penurio.us systemd-udevd[327]: seq 3897 queued, 'add' 'memory'
Jun 08 14:36:20 breadbox.penurio.us systemd-udevd[328]: no db file to read /run/udev/data/+memory:memory954: No such file or directory
Jun 08 14:36:20 breadbox.penurio.us systemd-udevd[329]: seq 3895 processed with 0
Jun 08 14:36:20 breadbox.penurio.us systemd-udevd[327]: passed 146 bytes to netlink monitor 0x7fa12cca02f0
Jun 08 14:36:20 breadbox.penurio.us systemd-udevd[333]: seq 3897 running
Jun 08 14:36:20 breadbox.penurio.us systemd-udevd[328]: passed unknown number of bytes to netlink monitor 0x7fa12ccb0ff0
Jun 08 14:36:20 breadbox.penurio.us systemd-udevd[327]: seq 3898 queued, 'add' 'memory'
Jun 08 14:36:20 breadbox.penurio.us systemd-udevd[333]: no db file to read /run/udev/data/+memory:memory955: No such file or directory
Jun 08 14:36:20 breadbox.penurio.us systemd-udevd[328]: seq 3896 processed with 0
Jun 08 14:36:20 breadbox.penurio.us systemd-udevd[327]: passed 146 bytes to netlink monitor 0x7fa12cca02f0
Jun 08 14:36:20 breadbox.penurio.us systemd-udevd[329]: seq 3898 running
Jun 08 14:36:20 breadbox.penurio.us systemd-udevd[333]: passed unknown number of bytes to netlink monitor 0x7fa12cca4550
Jun 08 14:36:20 breadbox.penurio.us systemd-udevd[327]: seq 3899 queued, 'add' 'memory'
Jun 08 14:36:20 breadbox.penurio.us systemd-udevd[329]: no db file to read /run/udev/data/+memory:memory956: No such file or directory
Jun 08 14:36:20 breadbox.penurio.us systemd-udevd[333]: seq 3897 processed with 0
Jun 08 14:36:20 breadbox.penurio.us systemd-udevd[327]: passed 146 bytes to netlink monitor 0x7fa12cca02f0
Jun 08 14:36:20 breadbox.penurio.us systemd-udevd[328]: seq 3899 running
Jun 08 14:36:20 breadbox.penurio.us systemd-udevd[329]: passed unknown number of bytes to netlink monitor 0x7fa12ccb2a70
Jun 08 14:36:20 breadbox.penurio.us systemd-udevd[327]: seq 3900 queued, 'add' 'memory'
Jun 08 14:36:20 breadbox.penurio.us systemd-udevd[328]: no db file to read /run/udev/data/+memory:memory957: No such file or directory
Jun 08 14:36:20 breadbox.penurio.us systemd-udevd[329]: seq 3898 processed with 0
Jun 08 14:36:20 breadbox.penurio.us systemd-udevd[327]: passed 146 bytes to netlink monitor 0x7fa12cca02f0
Jun 08 14:36:20 breadbox.penurio.us systemd-udevd[333]: seq 3900 running
Jun 08 14:36:20 breadbox.penurio.us systemd-udevd[328]: passed unknown number of bytes to netlink monitor 0x7fa12ccb0ff0
Jun 08 14:36:20 breadbox.penurio.us systemd-udevd[327]: seq 3901 queued, 'add' 'memory'
Jun 08 14:36:20 breadbox.penurio.us systemd-udevd[333]: no db file to read /run/udev/data/+memory:memory958: No such file or directory
Jun 08 14:36:20 breadbox.penurio.us systemd-udevd[328]: seq 3899 processed with 0
Jun 08 14:36:20 breadbox.penurio.us systemd-udevd[327]: passed 146 bytes to netlink monitor 0x7fa12cca02f0
Jun 08 14:36:20 breadbox.penurio.us systemd-udevd[329]: seq 3901 running
Jun 08 14:36:20 breadbox.penurio.us systemd-udevd[333]: passed unknown number of bytes to netlink monitor 0x7fa12cca4550
Jun 08 14:36:20 breadbox.penurio.us systemd-udevd[327]: seq 3902 queued, 'add' 'memory'
Jun 08 14:36:20 breadbox.penurio.us systemd-udevd[329]: no db file to read /run/udev/data/+memory:memory959: No such file or directory
Jun 08 14:36:20 breadbox.penurio.us systemd-udevd[333]: seq 3900 processed with 0
Jun 08 14:36:20 breadbox.penurio.us systemd-udevd[327]: passed 145 bytes to netlink monitor 0x7fa12cca02f0
Jun 08 14:36:20 breadbox.penurio.us systemd-udevd[328]: seq 3902 running
Jun 08 14:36:20 breadbox.penurio.us systemd-udevd[329]: passed unknown number of bytes to netlink monitor 0x7fa12ccb2a70
Jun 08 14:36:20 breadbox.penurio.us systemd-udevd[327]: seq 3903 queued, 'add' 'memory'
Jun 08 14:36:20 breadbox.penurio.us systemd-udevd[328]: no db file to read /run/udev/data/+memory:memory96: No such file or directory
Jun 08 14:36:20 breadbox.penurio.us systemd-udevd[329]: seq 3901 processed with 0
Jun 08 14:36:20 breadbox.penurio.us systemd-udevd[327]: passed 146 bytes to netlink monitor 0x7fa12cca02f0
Jun 08 14:36:20 breadbox.penurio.us systemd-udevd[333]: seq 3903 running
Jun 08 14:36:20 breadbox.penurio.us systemd-udevd[328]: passed unknown number of bytes to netlink monitor 0x7fa12ccb0ff0
Jun 08 14:36:20 breadbox.penurio.us systemd-udevd[327]: seq 3904 queued, 'add' 'memory'
Jun 08 14:36:20 breadbox.penurio.us systemd-udevd[333]: no db file to read /run/udev/data/+memory:memory960: No such file or directory
Jun 08 14:36:20 breadbox.penurio.us systemd-udevd[328]: seq 3902 processed with 0
Jun 08 14:36:20 breadbox.penurio.us systemd-udevd[327]: passed 146 bytes to netlink monitor 0x7fa12cca02f0
Jun 08 14:36:20 breadbox.penurio.us systemd-udevd[329]: seq 3904 running
Jun 08 14:36:20 breadbox.penurio.us systemd-udevd[333]: passed unknown number of bytes to netlink monitor 0x7fa12cca4550
Jun 08 14:36:20 breadbox.penurio.us systemd-udevd[327]: seq 3905 queued, 'add' 'memory'
Jun 08 14:36:20 breadbox.penurio.us systemd-udevd[329]: no db file to read /run/udev/data/+memory:memory961: No such file or directory
Jun 08 14:36:20 breadbox.penurio.us systemd-udevd[333]: seq 3903 processed with 0
Jun 08 14:36:20 breadbox.penurio.us systemd-udevd[327]: passed 146 bytes to netlink monitor 0x7fa12cca02f0
Jun 08 14:36:20 breadbox.penurio.us systemd-udevd[328]: seq 3905 running
Jun 08 14:36:20 breadbox.penurio.us systemd-udevd[329]: passed unknown number of bytes to netlink monitor 0x7fa12ccb2a70
Jun 08 14:36:20 breadbox.penurio.us systemd-udevd[327]: seq 3906 queued, 'add' 'memory'
Jun 08 14:36:20 breadbox.penurio.us systemd-udevd[328]: no db file to read /run/udev/data/+memory:memory962: No such file or directory
Jun 08 14:36:20 breadbox.penurio.us systemd-udevd[329]: seq 3904 processed with 0
Jun 08 14:36:20 breadbox.penurio.us systemd-udevd[327]: passed 146 bytes to netlink monitor 0x7fa12cca02f0
Jun 08 14:36:20 breadbox.penurio.us systemd-udevd[333]: seq 3906 running
Jun 08 14:36:20 breadbox.penurio.us systemd-udevd[328]: passed unknown number of bytes to netlink monitor 0x7fa12ccb0ff0
Jun 08 14:36:20 breadbox.penurio.us systemd-udevd[327]: seq 3907 queued, 'add' 'memory'
Jun 08 14:36:20 breadbox.penurio.us systemd-udevd[333]: no db file to read /run/udev/data/+memory:memory963: No such file or directory
Jun 08 14:36:20 breadbox.penurio.us systemd-udevd[328]: seq 3905 processed with 0
Jun 08 14:36:20 breadbox.penurio.us systemd-udevd[327]: passed 146 bytes to netlink monitor 0x7fa12cca02f0
Jun 08 14:36:20 breadbox.penurio.us systemd-udevd[329]: seq 3907 running
Jun 08 14:36:20 breadbox.penurio.us systemd-udevd[333]: passed unknown number of bytes to netlink monitor 0x7fa12cca4550
Jun 08 14:36:20 breadbox.penurio.us systemd-udevd[327]: seq 3908 queued, 'add' 'memory'
Jun 08 14:36:20 breadbox.penurio.us systemd-udevd[329]: no db file to read /run/udev/data/+memory:memory964: No such file or directory
Jun 08 14:36:20 breadbox.penurio.us systemd-udevd[333]: seq 3906 processed with 0
Jun 08 14:36:20 breadbox.penurio.us systemd-udevd[327]: passed 146 bytes to netlink monitor 0x7fa12cca02f0
Jun 08 14:36:20 breadbox.penurio.us systemd-udevd[328]: seq 3908 running
Jun 08 14:36:20 breadbox.penurio.us systemd-udevd[329]: passed unknown number of bytes to netlink monitor 0x7fa12ccb2a70
Jun 08 14:36:20 breadbox.penurio.us systemd-udevd[327]: seq 3909 queued, 'add' 'memory'
Jun 08 14:36:20 breadbox.penurio.us systemd-udevd[328]: no db file to read /run/udev/data/+memory:memory965: No such file or directory
Jun 08 14:36:20 breadbox.penurio.us systemd-udevd[329]: seq 3907 processed with 0
Jun 08 14:36:20 breadbox.penurio.us systemd-udevd[327]: passed 146 bytes to netlink monitor 0x7fa12cca02f0
Jun 08 14:36:20 breadbox.penurio.us systemd-udevd[333]: seq 3909 running
Jun 08 14:36:20 breadbox.penurio.us systemd-udevd[328]: passed unknown number of bytes to netlink monitor 0x7fa12ccb0ff0
Jun 08 14:36:20 breadbox.penurio.us systemd-udevd[327]: seq 3910 queued, 'add' 'memory'
Jun 08 14:36:20 breadbox.penurio.us systemd-udevd[333]: no db file to read /run/udev/data/+memory:memory966: No such file or directory
Jun 08 14:36:20 breadbox.penurio.us systemd-udevd[328]: seq 3908 processed with 0
Jun 08 14:36:20 breadbox.penurio.us systemd-udevd[327]: passed 146 bytes to netlink monitor 0x7fa12cca02f0
Jun 08 14:36:20 breadbox.penurio.us systemd-udevd[329]: seq 3910 running
Jun 08 14:36:20 breadbox.penurio.us systemd-udevd[333]: passed unknown number of bytes to netlink monitor 0x7fa12cca4550
Jun 08 14:36:20 breadbox.penurio.us systemd-udevd[327]: seq 3911 queued, 'add' 'memory'
Jun 08 14:36:20 breadbox.penurio.us systemd-udevd[329]: no db file to read /run/udev/data/+memory:memory967: No such file or directory
Jun 08 14:36:20 breadbox.penurio.us systemd-udevd[333]: seq 3909 processed with 0
Jun 08 14:36:20 breadbox.penurio.us systemd-udevd[327]: passed 146 bytes to netlink monitor 0x7fa12cca02f0
Jun 08 14:36:20 breadbox.penurio.us systemd-udevd[328]: seq 3911 running
Jun 08 14:36:20 breadbox.penurio.us systemd-udevd[329]: passed unknown number of bytes to netlink monitor 0x7fa12ccb2a70
Jun 08 14:36:20 breadbox.penurio.us systemd-udevd[327]: seq 3912 queued, 'add' 'memory'
Jun 08 14:36:20 breadbox.penurio.us systemd-udevd[328]: no db file to read /run/udev/data/+memory:memory968: No such file or directory
Jun 08 14:36:20 breadbox.penurio.us systemd-udevd[329]: seq 3910 processed with 0
Jun 08 14:36:20 breadbox.penurio.us systemd-udevd[327]: passed 146 bytes to netlink monitor 0x7fa12cca02f0
Jun 08 14:36:20 breadbox.penurio.us systemd-udevd[333]: seq 3912 running
Jun 08 14:36:20 breadbox.penurio.us systemd-udevd[328]: passed unknown number of bytes to netlink monitor 0x7fa12ccb0ff0
Jun 08 14:36:20 breadbox.penurio.us systemd-udevd[327]: seq 3913 queued, 'add' 'memory'
Jun 08 14:36:20 breadbox.penurio.us systemd-udevd[333]: no db file to read /run/udev/data/+memory:memory969: No such file or directory
Jun 08 14:36:20 breadbox.penurio.us systemd-udevd[328]: seq 3911 processed with 0
Jun 08 14:36:20 breadbox.penurio.us systemd-udevd[327]: passed 145 bytes to netlink monitor 0x7fa12cca02f0
Jun 08 14:36:20 breadbox.penurio.us systemd-udevd[329]: seq 3913 running
Jun 08 14:36:20 breadbox.penurio.us systemd-udevd[333]: passed unknown number of bytes to netlink monitor 0x7fa12cca4550
Jun 08 14:36:20 breadbox.penurio.us systemd-udevd[327]: seq 3914 queued, 'add' 'memory'
Jun 08 14:36:20 breadbox.penurio.us systemd-udevd[329]: no db file to read /run/udev/data/+memory:memory97: No such file or directory
Jun 08 14:36:20 breadbox.penurio.us systemd-udevd[333]: seq 3912 processed with 0
Jun 08 14:36:20 breadbox.penurio.us systemd-udevd[327]: passed 146 bytes to netlink monitor 0x7fa12cca02f0
Jun 08 14:36:20 breadbox.penurio.us systemd-udevd[328]: seq 3914 running
Jun 08 14:36:20 breadbox.penurio.us systemd-udevd[329]: passed unknown number of bytes to netlink monitor 0x7fa12ccb2a70
Jun 08 14:36:20 breadbox.penurio.us systemd-udevd[327]: seq 3915 queued, 'add' 'memory'
Jun 08 14:36:20 breadbox.penurio.us systemd-udevd[328]: no db file to read /run/udev/data/+memory:memory970: No such file or directory
Jun 08 14:36:20 breadbox.penurio.us systemd-udevd[329]: seq 3913 processed with 0
Jun 08 14:36:20 breadbox.penurio.us systemd-udevd[327]: passed 146 bytes to netlink monitor 0x7fa12cca02f0
Jun 08 14:36:20 breadbox.penurio.us systemd-udevd[333]: seq 3915 running
Jun 08 14:36:20 breadbox.penurio.us systemd-udevd[328]: passed unknown number of bytes to netlink monitor 0x7fa12ccb0ff0
Jun 08 14:36:20 breadbox.penurio.us systemd-udevd[327]: seq 3916 queued, 'add' 'memory'
Jun 08 14:36:20 breadbox.penurio.us systemd-udevd[333]: no db file to read /run/udev/data/+memory:memory971: No such file or directory
Jun 08 14:36:20 breadbox.penurio.us systemd-udevd[328]: seq 3914 processed with 0
Jun 08 14:36:20 breadbox.penurio.us systemd-udevd[327]: passed 146 bytes to netlink monitor 0x7fa12cca02f0
Jun 08 14:36:20 breadbox.penurio.us systemd-udevd[329]: seq 3916 running
Jun 08 14:36:20 breadbox.penurio.us systemd-udevd[333]: passed unknown number of bytes to netlink monitor 0x7fa12cca4550
Jun 08 14:36:20 breadbox.penurio.us systemd-udevd[327]: seq 3917 queued, 'add' 'memory'
Jun 08 14:36:20 breadbox.penurio.us systemd-udevd[329]: no db file to read /run/udev/data/+memory:memory972: No such file or directory
Jun 08 14:36:20 breadbox.penurio.us systemd-udevd[333]: seq 3915 processed with 0
Jun 08 14:36:20 breadbox.penurio.us systemd-udevd[327]: passed 146 bytes to netlink monitor 0x7fa12cca02f0
Jun 08 14:36:20 breadbox.penurio.us systemd-udevd[328]: seq 3917 running
Jun 08 14:36:20 breadbox.penurio.us systemd-udevd[329]: passed unknown number of bytes to netlink monitor 0x7fa12ccb2a70
Jun 08 14:36:20 breadbox.penurio.us systemd-udevd[327]: seq 3918 queued, 'add' 'memory'
Jun 08 14:36:20 breadbox.penurio.us systemd-udevd[328]: no db file to read /run/udev/data/+memory:memory973: No such file or directory
Jun 08 14:36:20 breadbox.penurio.us systemd-udevd[329]: seq 3916 processed with 0
Jun 08 14:36:20 breadbox.penurio.us systemd-udevd[327]: passed 146 bytes to netlink monitor 0x7fa12cca02f0
Jun 08 14:36:20 breadbox.penurio.us systemd-udevd[333]: seq 3918 running
Jun 08 14:36:20 breadbox.penurio.us systemd-udevd[328]: passed unknown number of bytes to netlink monitor 0x7fa12ccb0ff0
Jun 08 14:36:20 breadbox.penurio.us systemd-udevd[327]: seq 3919 queued, 'add' 'memory'
Jun 08 14:36:20 breadbox.penurio.us systemd-udevd[333]: no db file to read /run/udev/data/+memory:memory974: No such file or directory
Jun 08 14:36:20 breadbox.penurio.us systemd-udevd[328]: seq 3917 processed with 0
Jun 08 14:36:20 breadbox.penurio.us systemd-udevd[327]: passed 146 bytes to netlink monitor 0x7fa12cca02f0
Jun 08 14:36:20 breadbox.penurio.us systemd-udevd[329]: seq 3919 running
Jun 08 14:36:20 breadbox.penurio.us systemd-udevd[333]: passed unknown number of bytes to netlink monitor 0x7fa12cca4550
Jun 08 14:36:20 breadbox.penurio.us systemd-udevd[327]: seq 3920 queued, 'add' 'memory'
Jun 08 14:36:20 breadbox.penurio.us systemd-udevd[329]: no db file to read /run/udev/data/+memory:memory975: No such file or directory
Jun 08 14:36:20 breadbox.penurio.us systemd-udevd[333]: seq 3918 processed with 0
Jun 08 14:36:20 breadbox.penurio.us systemd-udevd[327]: passed 146 bytes to netlink monitor 0x7fa12cca02f0
Jun 08 14:36:20 breadbox.penurio.us systemd-udevd[328]: seq 3920 running
Jun 08 14:36:20 breadbox.penurio.us systemd-udevd[329]: passed unknown number of bytes to netlink monitor 0x7fa12ccb2a70
Jun 08 14:36:20 breadbox.penurio.us systemd-udevd[327]: seq 3921 queued, 'add' 'memory'
Jun 08 14:36:20 breadbox.penurio.us systemd-udevd[328]: no db file to read /run/udev/data/+memory:memory976: No such file or directory
Jun 08 14:36:20 breadbox.penurio.us systemd-udevd[329]: seq 3919 processed with 0
Jun 08 14:36:20 breadbox.penurio.us systemd-udevd[327]: passed 146 bytes to netlink monitor 0x7fa12cca02f0
Jun 08 14:36:20 breadbox.penurio.us systemd-udevd[333]: seq 3921 running
Jun 08 14:36:20 breadbox.penurio.us systemd-udevd[328]: passed unknown number of bytes to netlink monitor 0x7fa12ccb0ff0
Jun 08 14:36:20 breadbox.penurio.us systemd-udevd[327]: seq 3922 queued, 'add' 'memory'
Jun 08 14:36:20 breadbox.penurio.us systemd-udevd[333]: no db file to read /run/udev/data/+memory:memory977: No such file or directory
Jun 08 14:36:20 breadbox.penurio.us systemd-udevd[328]: seq 3920 processed with 0
Jun 08 14:36:20 breadbox.penurio.us systemd-udevd[327]: passed 146 bytes to netlink monitor 0x7fa12cca02f0
Jun 08 14:36:20 breadbox.penurio.us systemd-udevd[329]: seq 3922 running
Jun 08 14:36:20 breadbox.penurio.us systemd-udevd[333]: passed unknown number of bytes to netlink monitor 0x7fa12cca4550
Jun 08 14:36:20 breadbox.penurio.us systemd-udevd[327]: seq 3923 queued, 'add' 'memory'
Jun 08 14:36:20 breadbox.penurio.us systemd-udevd[329]: no db file to read /run/udev/data/+memory:memory978: No such file or directory
Jun 08 14:36:20 breadbox.penurio.us systemd-udevd[333]: seq 3921 processed with 0
Jun 08 14:36:20 breadbox.penurio.us systemd-udevd[327]: passed 146 bytes to netlink monitor 0x7fa12cca02f0
Jun 08 14:36:20 breadbox.penurio.us systemd-udevd[328]: seq 3923 running
Jun 08 14:36:20 breadbox.penurio.us systemd-udevd[329]: passed unknown number of bytes to netlink monitor 0x7fa12ccb2a70
Jun 08 14:36:20 breadbox.penurio.us systemd-udevd[327]: seq 3924 queued, 'add' 'memory'
Jun 08 14:36:20 breadbox.penurio.us systemd-udevd[328]: no db file to read /run/udev/data/+memory:memory979: No such file or directory
Jun 08 14:36:20 breadbox.penurio.us systemd-udevd[329]: seq 3922 processed with 0
Jun 08 14:36:20 breadbox.penurio.us systemd-udevd[327]: passed 145 bytes to netlink monitor 0x7fa12cca02f0
Jun 08 14:36:20 breadbox.penurio.us systemd-udevd[333]: seq 3924 running
Jun 08 14:36:20 breadbox.penurio.us systemd-udevd[328]: passed unknown number of bytes to netlink monitor 0x7fa12ccb0ff0
Jun 08 14:36:20 breadbox.penurio.us systemd-udevd[327]: seq 3925 queued, 'add' 'memory'
Jun 08 14:36:20 breadbox.penurio.us systemd-udevd[333]: no db file to read /run/udev/data/+memory:memory98: No such file or directory
Jun 08 14:36:20 breadbox.penurio.us systemd-udevd[328]: seq 3923 processed with 0
Jun 08 14:36:20 breadbox.penurio.us systemd-udevd[327]: passed 146 bytes to netlink monitor 0x7fa12cca02f0
Jun 08 14:36:20 breadbox.penurio.us systemd-udevd[329]: seq 3925 running
Jun 08 14:36:20 breadbox.penurio.us systemd-udevd[333]: passed unknown number of bytes to netlink monitor 0x7fa12cca4550
Jun 08 14:36:20 breadbox.penurio.us systemd-udevd[327]: seq 3926 queued, 'add' 'memory'
Jun 08 14:36:20 breadbox.penurio.us systemd-udevd[329]: no db file to read /run/udev/data/+memory:memory980: No such file or directory
Jun 08 14:36:20 breadbox.penurio.us systemd-udevd[333]: seq 3924 processed with 0
Jun 08 14:36:20 breadbox.penurio.us systemd-udevd[327]: passed 146 bytes to netlink monitor 0x7fa12cca02f0
Jun 08 14:36:20 breadbox.penurio.us systemd-udevd[328]: seq 3926 running
Jun 08 14:36:20 breadbox.penurio.us systemd-udevd[329]: passed unknown number of bytes to netlink monitor 0x7fa12ccb2a70
Jun 08 14:36:20 breadbox.penurio.us systemd-udevd[327]: seq 3927 queued, 'add' 'memory'
Jun 08 14:36:20 breadbox.penurio.us systemd-udevd[328]: no db file to read /run/udev/data/+memory:memory981: No such file or directory
Jun 08 14:36:20 breadbox.penurio.us systemd-udevd[329]: seq 3925 processed with 0
Jun 08 14:36:20 breadbox.penurio.us systemd-udevd[327]: passed 146 bytes to netlink monitor 0x7fa12cca02f0
Jun 08 14:36:20 breadbox.penurio.us systemd-udevd[333]: seq 3927 running
Jun 08 14:36:20 breadbox.penurio.us systemd-udevd[328]: passed unknown number of bytes to netlink monitor 0x7fa12ccb0ff0
Jun 08 14:36:20 breadbox.penurio.us systemd-udevd[327]: seq 3928 queued, 'add' 'memory'
Jun 08 14:36:20 breadbox.penurio.us systemd-udevd[333]: no db file to read /run/udev/data/+memory:memory982: No such file or directory
Jun 08 14:36:20 breadbox.penurio.us systemd-udevd[333]: passed unknown number of bytes to netlink monitor 0x7fa12cca4550
Jun 08 14:36:20 breadbox.penurio.us systemd-udevd[327]: passed 146 bytes to netlink monitor 0x7fa12cca02f0
Jun 08 14:36:20 breadbox.penurio.us systemd-udevd[329]: seq 3928 running
Jun 08 14:36:20 breadbox.penurio.us systemd-udevd[328]: seq 3926 processed with 0
Jun 08 14:36:20 breadbox.penurio.us systemd-udevd[333]: seq 3927 processed with 0
Jun 08 14:36:20 breadbox.penurio.us systemd-udevd[327]: seq 3929 queued, 'add' 'memory'
Jun 08 14:36:20 breadbox.penurio.us systemd-udevd[329]: no db file to read /run/udev/data/+memory:memory983: No such file or directory
Jun 08 14:36:20 breadbox.penurio.us systemd-udevd[327]: passed 146 bytes to netlink monitor 0x7fa12cca02f0
Jun 08 14:36:20 breadbox.penurio.us systemd-udevd[328]: seq 3929 running
Jun 08 14:36:20 breadbox.penurio.us systemd-udevd[329]: passed unknown number of bytes to netlink monitor 0x7fa12ccb2a70
Jun 08 14:36:20 breadbox.penurio.us systemd-udevd[327]: seq 3930 queued, 'add' 'memory'
Jun 08 14:36:20 breadbox.penurio.us systemd-udevd[328]: no db file to read /run/udev/data/+memory:memory984: No such file or directory
Jun 08 14:36:20 breadbox.penurio.us systemd-udevd[329]: seq 3928 processed with 0
Jun 08 14:36:20 breadbox.penurio.us systemd-udevd[327]: passed 146 bytes to netlink monitor 0x7fa12cca02f0
Jun 08 14:36:20 breadbox.penurio.us systemd-udevd[333]: seq 3930 running
Jun 08 14:36:20 breadbox.penurio.us systemd-udevd[328]: passed unknown number of bytes to netlink monitor 0x7fa12ccb0ff0
Jun 08 14:36:20 breadbox.penurio.us systemd-udevd[327]: seq 3931 queued, 'add' 'memory'
Jun 08 14:36:20 breadbox.penurio.us systemd-udevd[333]: no db file to read /run/udev/data/+memory:memory985: No such file or directory
Jun 08 14:36:20 breadbox.penurio.us systemd-udevd[328]: seq 3929 processed with 0
Jun 08 14:36:20 breadbox.penurio.us systemd-udevd[327]: passed 146 bytes to netlink monitor 0x7fa12cca02f0
Jun 08 14:36:20 breadbox.penurio.us systemd-udevd[329]: seq 3931 running
Jun 08 14:36:20 breadbox.penurio.us systemd-udevd[333]: passed unknown number of bytes to netlink monitor 0x7fa12cca4550
Jun 08 14:36:20 breadbox.penurio.us systemd-udevd[327]: seq 3932 queued, 'add' 'memory'
Jun 08 14:36:20 breadbox.penurio.us systemd-udevd[329]: no db file to read /run/udev/data/+memory:memory986: No such file or directory
Jun 08 14:36:20 breadbox.penurio.us systemd-udevd[333]: seq 3930 processed with 0
Jun 08 14:36:20 breadbox.penurio.us systemd-udevd[327]: passed 146 bytes to netlink monitor 0x7fa12cca02f0
Jun 08 14:36:20 breadbox.penurio.us systemd-udevd[328]: seq 3932 running
Jun 08 14:36:20 breadbox.penurio.us systemd-udevd[329]: passed unknown number of bytes to netlink monitor 0x7fa12ccb2a70
Jun 08 14:36:20 breadbox.penurio.us systemd-udevd[327]: seq 3933 queued, 'add' 'memory'
Jun 08 14:36:20 breadbox.penurio.us systemd-udevd[328]: no db file to read /run/udev/data/+memory:memory987: No such file or directory
Jun 08 14:36:20 breadbox.penurio.us systemd-udevd[329]: seq 3931 processed with 0
Jun 08 14:36:20 breadbox.penurio.us systemd-udevd[327]: passed 146 bytes to netlink monitor 0x7fa12cca02f0
Jun 08 14:36:20 breadbox.penurio.us systemd-udevd[333]: seq 3933 running
Jun 08 14:36:20 breadbox.penurio.us systemd-udevd[328]: passed unknown number of bytes to netlink monitor 0x7fa12ccb0ff0
Jun 08 14:36:20 breadbox.penurio.us systemd-udevd[327]: seq 3934 queued, 'add' 'memory'
Jun 08 14:36:20 breadbox.penurio.us systemd-udevd[333]: no db file to read /run/udev/data/+memory:memory988: No such file or directory
Jun 08 14:36:20 breadbox.penurio.us systemd-udevd[328]: seq 3932 processed with 0
Jun 08 14:36:20 breadbox.penurio.us systemd-udevd[327]: passed 146 bytes to netlink monitor 0x7fa12cca02f0
Jun 08 14:36:20 breadbox.penurio.us systemd-udevd[329]: seq 3934 running
Jun 08 14:36:20 breadbox.penurio.us systemd-udevd[333]: passed unknown number of bytes to netlink monitor 0x7fa12cca4550
Jun 08 14:36:20 breadbox.penurio.us systemd-udevd[327]: seq 3935 queued, 'add' 'memory'
Jun 08 14:36:20 breadbox.penurio.us systemd-udevd[329]: no db file to read /run/udev/data/+memory:memory989: No such file or directory
Jun 08 14:36:20 breadbox.penurio.us systemd-udevd[333]: seq 3933 processed with 0
Jun 08 14:36:20 breadbox.penurio.us systemd-udevd[327]: passed 145 bytes to netlink monitor 0x7fa12cca02f0
Jun 08 14:36:20 breadbox.penurio.us systemd-udevd[328]: seq 3935 running
Jun 08 14:36:20 breadbox.penurio.us systemd-udevd[329]: passed unknown number of bytes to netlink monitor 0x7fa12ccb2a70
Jun 08 14:36:20 breadbox.penurio.us systemd-udevd[327]: seq 3936 queued, 'add' 'memory'
Jun 08 14:36:20 breadbox.penurio.us systemd-udevd[328]: no db file to read /run/udev/data/+memory:memory99: No such file or directory
Jun 08 14:36:20 breadbox.penurio.us systemd-udevd[329]: seq 3934 processed with 0
Jun 08 14:36:20 breadbox.penurio.us systemd-udevd[327]: passed 146 bytes to netlink monitor 0x7fa12cca02f0
Jun 08 14:36:20 breadbox.penurio.us systemd-udevd[333]: seq 3936 running
Jun 08 14:36:20 breadbox.penurio.us systemd-udevd[328]: passed unknown number of bytes to netlink monitor 0x7fa12ccb0ff0
Jun 08 14:36:20 breadbox.penurio.us systemd-udevd[327]: seq 3937 queued, 'add' 'memory'
Jun 08 14:36:20 breadbox.penurio.us systemd-udevd[333]: no db file to read /run/udev/data/+memory:memory990: No such file or directory
Jun 08 14:36:20 breadbox.penurio.us systemd-udevd[328]: seq 3935 processed with 0
Jun 08 14:36:20 breadbox.penurio.us systemd-udevd[327]: passed 146 bytes to netlink monitor 0x7fa12cca02f0
Jun 08 14:36:20 breadbox.penurio.us systemd-udevd[329]: seq 3937 running
Jun 08 14:36:20 breadbox.penurio.us systemd-udevd[333]: passed unknown number of bytes to netlink monitor 0x7fa12cca4550
Jun 08 14:36:20 breadbox.penurio.us systemd-udevd[327]: seq 3938 queued, 'add' 'memory'
Jun 08 14:36:20 breadbox.penurio.us systemd-udevd[329]: no db file to read /run/udev/data/+memory:memory991: No such file or directory
Jun 08 14:36:20 breadbox.penurio.us systemd-udevd[333]: seq 3936 processed with 0
Jun 08 14:36:20 breadbox.penurio.us systemd-udevd[327]: passed 146 bytes to netlink monitor 0x7fa12cca02f0
Jun 08 14:36:20 breadbox.penurio.us systemd-udevd[328]: seq 3938 running
Jun 08 14:36:20 breadbox.penurio.us systemd-udevd[329]: passed unknown number of bytes to netlink monitor 0x7fa12ccb2a70
Jun 08 14:36:20 breadbox.penurio.us systemd-udevd[327]: seq 3939 queued, 'add' 'memory'
Jun 08 14:36:20 breadbox.penurio.us systemd-udevd[328]: no db file to read /run/udev/data/+memory:memory992: No such file or directory
Jun 08 14:36:20 breadbox.penurio.us systemd-udevd[329]: seq 3937 processed with 0
Jun 08 14:36:20 breadbox.penurio.us systemd-udevd[327]: passed 146 bytes to netlink monitor 0x7fa12cca02f0
Jun 08 14:36:20 breadbox.penurio.us systemd-udevd[333]: seq 3939 running
Jun 08 14:36:20 breadbox.penurio.us systemd-udevd[328]: passed unknown number of bytes to netlink monitor 0x7fa12ccb0ff0
Jun 08 14:36:20 breadbox.penurio.us systemd-udevd[327]: seq 3940 queued, 'add' 'memory'
Jun 08 14:36:20 breadbox.penurio.us systemd-udevd[333]: no db file to read /run/udev/data/+memory:memory993: No such file or directory
Jun 08 14:36:20 breadbox.penurio.us systemd-udevd[328]: seq 3938 processed with 0
Jun 08 14:36:20 breadbox.penurio.us systemd-udevd[327]: passed 146 bytes to netlink monitor 0x7fa12cca02f0
Jun 08 14:36:20 breadbox.penurio.us systemd-udevd[329]: seq 3940 running
Jun 08 14:36:20 breadbox.penurio.us systemd-udevd[333]: passed unknown number of bytes to netlink monitor 0x7fa12cca4550
Jun 08 14:36:20 breadbox.penurio.us systemd-udevd[327]: seq 3941 queued, 'add' 'memory'
Jun 08 14:36:20 breadbox.penurio.us systemd-udevd[329]: no db file to read /run/udev/data/+memory:memory994: No such file or directory
Jun 08 14:36:20 breadbox.penurio.us systemd-udevd[333]: seq 3939 processed with 0
Jun 08 14:36:20 breadbox.penurio.us systemd-udevd[327]: passed 146 bytes to netlink monitor 0x7fa12cca02f0
Jun 08 14:36:20 breadbox.penurio.us systemd-udevd[328]: seq 3941 running
Jun 08 14:36:20 breadbox.penurio.us systemd-udevd[329]: passed unknown number of bytes to netlink monitor 0x7fa12ccb2a70
Jun 08 14:36:20 breadbox.penurio.us systemd-udevd[327]: seq 3942 queued, 'add' 'memory'
Jun 08 14:36:20 breadbox.penurio.us systemd-udevd[328]: no db file to read /run/udev/data/+memory:memory995: No such file or directory
Jun 08 14:36:20 breadbox.penurio.us systemd-udevd[329]: seq 3940 processed with 0
Jun 08 14:36:20 breadbox.penurio.us systemd-udevd[327]: passed 146 bytes to netlink monitor 0x7fa12cca02f0
Jun 08 14:36:20 breadbox.penurio.us systemd-udevd[333]: seq 3942 running
Jun 08 14:36:20 breadbox.penurio.us systemd-udevd[328]: passed unknown number of bytes to netlink monitor 0x7fa12ccb0ff0
Jun 08 14:36:20 breadbox.penurio.us systemd-udevd[327]: seq 3943 queued, 'add' 'memory'
Jun 08 14:36:20 breadbox.penurio.us systemd-udevd[333]: no db file to read /run/udev/data/+memory:memory996: No such file or directory
Jun 08 14:36:20 breadbox.penurio.us systemd-udevd[328]: seq 3941 processed with 0
Jun 08 14:36:20 breadbox.penurio.us systemd-udevd[327]: passed 146 bytes to netlink monitor 0x7fa12cca02f0
Jun 08 14:36:20 breadbox.penurio.us systemd-udevd[329]: seq 3943 running
Jun 08 14:36:20 breadbox.penurio.us systemd-udevd[333]: passed unknown number of bytes to netlink monitor 0x7fa12cca4550
Jun 08 14:36:20 breadbox.penurio.us systemd-udevd[327]: seq 3944 queued, 'add' 'memory'
Jun 08 14:36:20 breadbox.penurio.us systemd-udevd[329]: no db file to read /run/udev/data/+memory:memory997: No such file or directory
Jun 08 14:36:20 breadbox.penurio.us systemd-udevd[333]: seq 3942 processed with 0
Jun 08 14:36:20 breadbox.penurio.us systemd-udevd[327]: passed 146 bytes to netlink monitor 0x7fa12cca02f0
Jun 08 14:36:20 breadbox.penurio.us systemd-udevd[328]: seq 3944 running
Jun 08 14:36:20 breadbox.penurio.us systemd-udevd[329]: passed unknown number of bytes to netlink monitor 0x7fa12ccb2a70
Jun 08 14:36:20 breadbox.penurio.us systemd-udevd[327]: seq 3945 queued, 'add' 'memory'
Jun 08 14:36:20 breadbox.penurio.us systemd-udevd[328]: no db file to read /run/udev/data/+memory:memory998: No such file or directory
Jun 08 14:36:20 breadbox.penurio.us systemd-udevd[329]: seq 3943 processed with 0
Jun 08 14:36:20 breadbox.penurio.us systemd-udevd[327]: passed 146 bytes to netlink monitor 0x7fa12cca02f0
Jun 08 14:36:20 breadbox.penurio.us systemd-udevd[333]: seq 3945 running
Jun 08 14:36:20 breadbox.penurio.us systemd-udevd[328]: passed unknown number of bytes to netlink monitor 0x7fa12ccb0ff0
Jun 08 14:36:20 breadbox.penurio.us systemd-udevd[327]: seq 3946 queued, 'add' 'node'
Jun 08 14:36:20 breadbox.penurio.us systemd-udevd[333]: no db file to read /run/udev/data/+memory:memory999: No such file or directory
Jun 08 14:36:20 breadbox.penurio.us systemd-udevd[328]: seq 3944 processed with 0
Jun 08 14:36:20 breadbox.penurio.us systemd-udevd[327]: passed 138 bytes to netlink monitor 0x7fa12cca02f0
Jun 08 14:36:20 breadbox.penurio.us systemd-udevd[329]: seq 3946 running
Jun 08 14:36:20 breadbox.penurio.us systemd-udevd[333]: passed unknown number of bytes to netlink monitor 0x7fa12cca4550
Jun 08 14:36:20 breadbox.penurio.us systemd-udevd[327]: seq 3947 queued, 'add' 'event_source'
Jun 08 14:36:20 breadbox.penurio.us systemd-udevd[329]: no db file to read /run/udev/data/+node:node0: No such file or directory
Jun 08 14:36:20 breadbox.penurio.us systemd-udevd[333]: seq 3945 processed with 0
Jun 08 14:36:20 breadbox.penurio.us systemd-udevd[327]: passed 139 bytes to netlink monitor 0x7fa12cca02f0
Jun 08 14:36:20 breadbox.penurio.us systemd-udevd[328]: seq 3947 running
Jun 08 14:36:20 breadbox.penurio.us systemd-udevd[329]: passed unknown number of bytes to netlink monitor 0x7fa12ccb2a70
Jun 08 14:36:20 breadbox.penurio.us systemd-udevd[327]: seq 3948 queued, 'add' 'event_source'
Jun 08 14:36:20 breadbox.penurio.us systemd-udevd[328]: no db file to read /run/udev/data/+event_source:tracepoint: No such file or directory
Jun 08 14:36:20 breadbox.penurio.us systemd-udevd[329]: seq 3946 processed with 0
Jun 08 14:36:20 breadbox.penurio.us systemd-udevd[327]: passed 142 bytes to netlink monitor 0x7fa12cca02f0
Jun 08 14:36:20 breadbox.penurio.us systemd-udevd[333]: seq 3948 running
Jun 08 14:36:20 breadbox.penurio.us systemd-udevd[328]: passed unknown number of bytes to netlink monitor 0x7fa12ccb0ff0
Jun 08 14:36:20 breadbox.penurio.us systemd-udevd[327]: seq 3949 queued, 'add' 'event_source'
Jun 08 14:36:20 breadbox.penurio.us systemd-udevd[333]: no db file to read /run/udev/data/+event_source:uncore_cbox_0: No such file or directory
Jun 08 14:36:20 breadbox.penurio.us systemd-udevd[328]: seq 3947 processed with 0
Jun 08 14:36:20 breadbox.penurio.us systemd-udevd[327]: passed 142 bytes to netlink monitor 0x7fa12cca02f0
Jun 08 14:36:20 breadbox.penurio.us systemd-udevd[329]: seq 3949 running
Jun 08 14:36:20 breadbox.penurio.us systemd-udevd[333]: passed unknown number of bytes to netlink monitor 0x7fa12cca4550
Jun 08 14:36:20 breadbox.penurio.us systemd-udevd[327]: seq 3950 queued, 'add' 'event_source'
Jun 08 14:36:20 breadbox.penurio.us systemd-udevd[329]: no db file to read /run/udev/data/+event_source:uncore_cbox_1: No such file or directory
Jun 08 14:36:20 breadbox.penurio.us systemd-udevd[333]: seq 3948 processed with 0
Jun 08 14:36:20 breadbox.penurio.us systemd-udevd[327]: passed 142 bytes to netlink monitor 0x7fa12cca02f0
Jun 08 14:36:20 breadbox.penurio.us systemd-udevd[328]: seq 3950 running
Jun 08 14:36:20 breadbox.penurio.us systemd-udevd[329]: passed unknown number of bytes to netlink monitor 0x7fa12ccb2a70
Jun 08 14:36:20 breadbox.penurio.us systemd-udevd[327]: seq 3951 queued, 'add' 'event_source'
Jun 08 14:36:20 breadbox.penurio.us systemd-udevd[328]: no db file to read /run/udev/data/+event_source:uncore_cbox_2: No such file or directory
Jun 08 14:36:20 breadbox.penurio.us systemd-udevd[329]: seq 3949 processed with 0
Jun 08 14:36:20 breadbox.penurio.us systemd-udevd[327]: passed 142 bytes to netlink monitor 0x7fa12cca02f0
Jun 08 14:36:20 breadbox.penurio.us systemd-udevd[333]: seq 3951 running
Jun 08 14:36:20 breadbox.penurio.us systemd-udevd[328]: passed unknown number of bytes to netlink monitor 0x7fa12ccb0ff0
Jun 08 14:36:20 breadbox.penurio.us systemd-udevd[327]: seq 3952 queued, 'add' 'event_source'
Jun 08 14:36:20 breadbox.penurio.us systemd-udevd[333]: no db file to read /run/udev/data/+event_source:uncore_cbox_3: No such file or directory
Jun 08 14:36:20 breadbox.penurio.us systemd-udevd[328]: seq 3950 processed with 0
Jun 08 14:36:20 breadbox.penurio.us systemd-udevd[327]: passed 142 bytes to netlink monitor 0x7fa12cca02f0
Jun 08 14:36:20 breadbox.penurio.us systemd-udevd[329]: seq 3952 running
Jun 08 14:36:20 breadbox.penurio.us systemd-udevd[333]: passed unknown number of bytes to netlink monitor 0x7fa12cca4550
Jun 08 14:36:20 breadbox.penurio.us systemd-udevd[327]: seq 3953 queued, 'add' 'event_source'
Jun 08 14:36:20 breadbox.penurio.us systemd-udevd[329]: no db file to read /run/udev/data/+event_source:uncore_cbox_4: No such file or directory
Jun 08 14:36:20 breadbox.penurio.us systemd-udevd[333]: seq 3951 processed with 0
Jun 08 14:36:20 breadbox.penurio.us systemd-udevd[327]: passed 142 bytes to netlink monitor 0x7fa12cca02f0
Jun 08 14:36:20 breadbox.penurio.us systemd-udevd[328]: seq 3953 running
Jun 08 14:36:20 breadbox.penurio.us systemd-udevd[329]: passed unknown number of bytes to netlink monitor 0x7fa12ccb2a70
Jun 08 14:36:20 breadbox.penurio.us systemd-udevd[327]: seq 3954 queued, 'add' 'event_source'
Jun 08 14:36:20 breadbox.penurio.us systemd-udevd[328]: no db file to read /run/udev/data/+event_source:uncore_cbox_5: No such file or directory
Jun 08 14:36:20 breadbox.penurio.us systemd-udevd[329]: seq 3952 processed with 0
Jun 08 14:36:20 breadbox.penurio.us systemd-udevd[327]: passed 142 bytes to netlink monitor 0x7fa12cca02f0
Jun 08 14:36:20 breadbox.penurio.us systemd-udevd[333]: seq 3954 running
Jun 08 14:36:20 breadbox.penurio.us systemd-udevd[328]: passed unknown number of bytes to netlink monitor 0x7fa12ccb0ff0
Jun 08 14:36:20 breadbox.penurio.us systemd-udevd[327]: seq 3955 queued, 'add' 'event_source'
Jun 08 14:36:20 breadbox.penurio.us systemd-udevd[333]: no db file to read /run/udev/data/+event_source:uncore_cbox_6: No such file or directory
Jun 08 14:36:20 breadbox.penurio.us systemd-udevd[328]: seq 3953 processed with 0
Jun 08 14:36:20 breadbox.penurio.us systemd-udevd[327]: passed 142 bytes to netlink monitor 0x7fa12cca02f0
Jun 08 14:36:20 breadbox.penurio.us systemd-udevd[329]: seq 3955 running
Jun 08 14:36:20 breadbox.penurio.us systemd-udevd[333]: passed unknown number of bytes to netlink monitor 0x7fa12cca4550
Jun 08 14:36:20 breadbox.penurio.us systemd-udevd[327]: seq 3956 queued, 'add' 'event_source'
Jun 08 14:36:20 breadbox.penurio.us systemd-udevd[329]: no db file to read /run/udev/data/+event_source:uncore_cbox_7: No such file or directory
Jun 08 14:36:20 breadbox.penurio.us systemd-udevd[333]: seq 3954 processed with 0
Jun 08 14:36:20 breadbox.penurio.us systemd-udevd[327]: passed 140 bytes to netlink monitor 0x7fa12cca02f0
Jun 08 14:36:20 breadbox.penurio.us systemd-udevd[328]: seq 3956 running
Jun 08 14:36:20 breadbox.penurio.us systemd-udevd[329]: passed unknown number of bytes to netlink monitor 0x7fa12ccb2a70
Jun 08 14:36:20 breadbox.penurio.us systemd-udevd[327]: seq 3957 queued, 'add' 'event_source'
Jun 08 14:36:20 breadbox.penurio.us systemd-udevd[328]: no db file to read /run/udev/data/+event_source:uncore_ha_0: No such file or directory
Jun 08 14:36:20 breadbox.penurio.us systemd-udevd[329]: seq 3955 processed with 0
Jun 08 14:36:20 breadbox.penurio.us systemd-udevd[327]: passed 141 bytes to netlink monitor 0x7fa12cca02f0
Jun 08 14:36:20 breadbox.penurio.us systemd-udevd[333]: seq 3957 running
Jun 08 14:36:20 breadbox.penurio.us systemd-udevd[328]: passed unknown number of bytes to netlink monitor 0x7fa12ccb0ff0
Jun 08 14:36:20 breadbox.penurio.us systemd-udevd[327]: seq 3958 queued, 'add' 'event_source'
Jun 08 14:36:20 breadbox.penurio.us systemd-udevd[333]: no db file to read /run/udev/data/+event_source:uncore_imc_0: No such file or directory
Jun 08 14:36:20 breadbox.penurio.us systemd-udevd[328]: seq 3956 processed with 0
Jun 08 14:36:20 breadbox.penurio.us systemd-udevd[327]: passed 141 bytes to netlink monitor 0x7fa12cca02f0
Jun 08 14:36:20 breadbox.penurio.us systemd-udevd[329]: seq 3958 running
Jun 08 14:36:20 breadbox.penurio.us systemd-udevd[333]: passed unknown number of bytes to netlink monitor 0x7fa12cca4550
Jun 08 14:36:20 breadbox.penurio.us systemd-udevd[327]: seq 3959 queued, 'add' 'event_source'
Jun 08 14:36:20 breadbox.penurio.us systemd-udevd[329]: no db file to read /run/udev/data/+event_source:uncore_imc_1: No such file or directory
Jun 08 14:36:20 breadbox.penurio.us systemd-udevd[333]: seq 3957 processed with 0
Jun 08 14:36:20 breadbox.penurio.us systemd-udevd[327]: passed 141 bytes to netlink monitor 0x7fa12cca02f0
Jun 08 14:36:20 breadbox.penurio.us systemd-udevd[328]: seq 3959 running
Jun 08 14:36:20 breadbox.penurio.us systemd-udevd[329]: passed unknown number of bytes to netlink monitor 0x7fa12ccb2a70
Jun 08 14:36:20 breadbox.penurio.us systemd-udevd[327]: seq 3960 queued, 'add' 'event_source'
Jun 08 14:36:20 breadbox.penurio.us systemd-udevd[328]: no db file to read /run/udev/data/+event_source:uncore_imc_2: No such file or directory
Jun 08 14:36:20 breadbox.penurio.us systemd-udevd[329]: seq 3958 processed with 0
Jun 08 14:36:20 breadbox.penurio.us systemd-udevd[327]: passed 141 bytes to netlink monitor 0x7fa12cca02f0
Jun 08 14:36:20 breadbox.penurio.us systemd-udevd[333]: seq 3960 running
Jun 08 14:36:20 breadbox.penurio.us systemd-udevd[328]: passed unknown number of bytes to netlink monitor 0x7fa12ccb0ff0
Jun 08 14:36:20 breadbox.penurio.us systemd-udevd[327]: seq 3961 queued, 'add' 'event_source'
Jun 08 14:36:20 breadbox.penurio.us systemd-udevd[333]: no db file to read /run/udev/data/+event_source:uncore_imc_3: No such file or directory
Jun 08 14:36:20 breadbox.penurio.us systemd-udevd[328]: seq 3959 processed with 0
Jun 08 14:36:20 breadbox.penurio.us systemd-udevd[327]: passed 139 bytes to netlink monitor 0x7fa12cca02f0
Jun 08 14:36:20 breadbox.penurio.us systemd-udevd[329]: seq 3961 running
Jun 08 14:36:20 breadbox.penurio.us systemd-udevd[333]: passed unknown number of bytes to netlink monitor 0x7fa12cca4550
Jun 08 14:36:20 breadbox.penurio.us systemd-udevd[327]: seq 3962 queued, 'add' 'event_source'
Jun 08 14:36:20 breadbox.penurio.us systemd-udevd[329]: no db file to read /run/udev/data/+event_source:uncore_pcu: No such file or directory
Jun 08 14:36:20 breadbox.penurio.us systemd-udevd[333]: seq 3960 processed with 0
Jun 08 14:36:20 breadbox.penurio.us systemd-udevd[327]: passed 142 bytes to netlink monitor 0x7fa12cca02f0
Jun 08 14:36:20 breadbox.penurio.us systemd-udevd[328]: seq 3962 running
Jun 08 14:36:20 breadbox.penurio.us systemd-udevd[329]: passed unknown number of bytes to netlink monitor 0x7fa12ccb2a70
Jun 08 14:36:20 breadbox.penurio.us systemd-udevd[327]: seq 3963 queued, 'add' 'event_source'
Jun 08 14:36:20 breadbox.penurio.us systemd-udevd[328]: no db file to read /run/udev/data/+event_source:uncore_r2pcie: No such file or directory
Jun 08 14:36:20 breadbox.penurio.us systemd-udevd[329]: seq 3961 processed with 0
Jun 08 14:36:20 breadbox.penurio.us systemd-udevd[327]: passed 143 bytes to netlink monitor 0x7fa12cca02f0
Jun 08 14:36:20 breadbox.penurio.us systemd-udevd[333]: seq 3963 running
Jun 08 14:36:20 breadbox.penurio.us systemd-udevd[328]: passed unknown number of bytes to netlink monitor 0x7fa12ccb0ff0
Jun 08 14:36:20 breadbox.penurio.us systemd-udevd[327]: seq 3964 queued, 'add' 'event_source'
Jun 08 14:36:20 breadbox.penurio.us systemd-udevd[333]: no db file to read /run/udev/data/+event_source:uncore_r3qpi_0: No such file or directory
Jun 08 14:36:20 breadbox.penurio.us systemd-udevd[328]: seq 3962 processed with 0
Jun 08 14:36:20 breadbox.penurio.us systemd-udevd[327]: passed 143 bytes to netlink monitor 0x7fa12cca02f0
Jun 08 14:36:20 breadbox.penurio.us systemd-udevd[329]: seq 3964 running
Jun 08 14:36:20 breadbox.penurio.us systemd-udevd[333]: passed unknown number of bytes to netlink monitor 0x7fa12cca4550
Jun 08 14:36:20 breadbox.penurio.us systemd-udevd[327]: seq 3965 queued, 'add' 'event_source'
Jun 08 14:36:20 breadbox.penurio.us systemd-udevd[329]: no db file to read /run/udev/data/+event_source:uncore_r3qpi_1: No such file or directory
Jun 08 14:36:20 breadbox.penurio.us systemd-udevd[333]: seq 3963 processed with 0
Jun 08 14:36:20 breadbox.penurio.us systemd-udevd[327]: passed 140 bytes to netlink monitor 0x7fa12cca02f0
Jun 08 14:36:20 breadbox.penurio.us systemd-udevd[328]: seq 3965 running
Jun 08 14:36:20 breadbox.penurio.us systemd-udevd[329]: passed unknown number of bytes to netlink monitor 0x7fa12ccb2a70
Jun 08 14:36:20 breadbox.penurio.us systemd-udevd[327]: seq 3966 queued, 'add' 'bdi'
Jun 08 14:36:20 breadbox.penurio.us systemd-udevd[328]: no db file to read /run/udev/data/+event_source:uncore_ubox: No such file or directory
Jun 08 14:36:20 breadbox.penurio.us systemd-udevd[329]: seq 3964 processed with 0
Jun 08 14:36:20 breadbox.penurio.us systemd-udevd[327]: passed 139 bytes to netlink monitor 0x7fa12cca02f0
Jun 08 14:36:20 breadbox.penurio.us systemd-udevd[333]: seq 3966 running
Jun 08 14:36:20 breadbox.penurio.us systemd-udevd[328]: passed unknown number of bytes to netlink monitor 0x7fa12ccb0ff0
Jun 08 14:36:20 breadbox.penurio.us systemd-udevd[327]: seq 3967 queued, 'add' 'cpuid'
Jun 08 14:36:20 breadbox.penurio.us systemd-udevd[333]: no db file to read /run/udev/data/+bdi:default: No such file or directory
Jun 08 14:36:20 breadbox.penurio.us systemd-udevd[328]: seq 3965 processed with 0
Jun 08 14:36:20 breadbox.penurio.us systemd-udevd[327]: passed 183 bytes to netlink monitor 0x7fa12cca02f0
Jun 08 14:36:20 breadbox.penurio.us systemd-udevd[329]: seq 3967 running
Jun 08 14:36:20 breadbox.penurio.us systemd-udevd[333]: passed unknown number of bytes to netlink monitor 0x7fa12cca4550
Jun 08 14:36:20 breadbox.penurio.us systemd-udevd[327]: seq 3968 queued, 'add' 'cpuid'
Jun 08 14:36:20 breadbox.penurio.us systemd-udevd[329]: no db file to read /run/udev/data/c203:0: No such file or directory
Jun 08 14:36:20 breadbox.penurio.us systemd-udevd[333]: seq 3966 processed with 0
Jun 08 14:36:20 breadbox.penurio.us systemd-udevd[327]: passed 183 bytes to netlink monitor 0x7fa12cca02f0
Jun 08 14:36:20 breadbox.penurio.us systemd-udevd[328]: seq 3968 running
Jun 08 14:36:20 breadbox.penurio.us systemd-udevd[329]: handling device node '/dev/cpu/0/cpuid', devnum=c203:0, mode=0600, uid=0, gid=0
Jun 08 14:36:20 breadbox.penurio.us systemd-udevd[327]: seq 3969 queued, 'add' 'cpuid'
Jun 08 14:36:20 breadbox.penurio.us systemd-udevd[328]: no db file to read /run/udev/data/c203:1: No such file or directory
Jun 08 14:36:20 breadbox.penurio.us systemd-udevd[329]: preserve permissions /dev/cpu/0/cpuid, 020600, uid=0, gid=0
Jun 08 14:36:20 breadbox.penurio.us systemd-udevd[327]: passed 186 bytes to netlink monitor 0x7fa12cca02f0
Jun 08 14:36:20 breadbox.penurio.us systemd-udevd[333]: seq 3969 running
Jun 08 14:36:20 breadbox.penurio.us systemd-udevd[328]: handling device node '/dev/cpu/1/cpuid', devnum=c203:1, mode=0600, uid=0, gid=0
Jun 08 14:36:20 breadbox.penurio.us systemd-udevd[329]: creating symlink '/dev/char/203:0' to '../cpu/0/cpuid'
Jun 08 14:36:20 breadbox.penurio.us systemd-udevd[327]: seq 3970 queued, 'add' 'cpuid'
Jun 08 14:36:20 breadbox.penurio.us systemd-udevd[333]: no db file to read /run/udev/data/c203:10: No such file or directory
Jun 08 14:36:20 breadbox.penurio.us systemd-udevd[328]: preserve permissions /dev/cpu/1/cpuid, 020600, uid=0, gid=0
Jun 08 14:36:20 breadbox.penurio.us systemd-udevd[329]: created empty file '/run/udev/data/c203:0' for '/devices/virtual/cpuid/cpu0'
Jun 08 14:36:20 breadbox.penurio.us systemd-udevd[327]: passed 186 bytes to netlink monitor 0x7fa12cca02f0
Jun 08 14:36:20 breadbox.penurio.us systemd-udevd[334]: seq 3970 running
Jun 08 14:36:20 breadbox.penurio.us systemd-udevd[333]: handling device node '/dev/cpu/10/cpuid', devnum=c203:10, mode=0600, uid=0, gid=0
Jun 08 14:36:20 breadbox.penurio.us systemd-udevd[328]: creating symlink '/dev/char/203:1' to '../cpu/1/cpuid'
Jun 08 14:36:20 breadbox.penurio.us systemd-udevd[329]: passed unknown number of bytes to netlink monitor 0x7fa12ccb2a70
Jun 08 14:36:20 breadbox.penurio.us systemd-udevd[327]: seq 3971 queued, 'add' 'cpuid'
Jun 08 14:36:20 breadbox.penurio.us systemd-udevd[335]: seq 3971 running
Jun 08 14:36:20 breadbox.penurio.us systemd-udevd[333]: preserve permissions /dev/cpu/10/cpuid, 020600, uid=0, gid=0
Jun 08 14:36:20 breadbox.penurio.us systemd-udevd[328]: created empty file '/run/udev/data/c203:1' for '/devices/virtual/cpuid/cpu1'
Jun 08 14:36:20 breadbox.penurio.us systemd-udevd[329]: seq 3967 processed with 0
Jun 08 14:36:20 breadbox.penurio.us systemd-udevd[327]: passed 186 bytes to netlink monitor 0x7fa12cca02f0
Jun 08 14:36:20 breadbox.penurio.us systemd-udevd[334]: no db file to read /run/udev/data/c203:11: No such file or directory
Jun 08 14:36:20 breadbox.penurio.us systemd-udevd[335]: no db file to read /run/udev/data/c203:12: No such file or directory
Jun 08 14:36:20 breadbox.penurio.us systemd-udevd[333]: creating symlink '/dev/char/203:10' to '../cpu/10/cpuid'
Jun 08 14:36:20 breadbox.penurio.us systemd-udevd[328]: passed unknown number of bytes to netlink monitor 0x7fa12ccb0ff0
Jun 08 14:36:20 breadbox.penurio.us systemd-udevd[327]: seq 3972 queued, 'add' 'cpuid'
Jun 08 14:36:20 breadbox.penurio.us systemd-udevd[334]: handling device node '/dev/cpu/11/cpuid', devnum=c203:11, mode=0600, uid=0, gid=0
Jun 08 14:36:20 breadbox.penurio.us systemd-udevd[335]: handling device node '/dev/cpu/12/cpuid', devnum=c203:12, mode=0600, uid=0, gid=0
Jun 08 14:36:20 breadbox.penurio.us systemd-udevd[333]: created empty file '/run/udev/data/c203:10' for '/devices/virtual/cpuid/cpu10'
