Jun 08 14:36:18 breadbox.penurio.us systemd-udevd[330]: IMPORT builtin 'hwdb' returned non-zero
Jun 08 14:36:18 breadbox.penurio.us systemd-udevd[329]: RUN 'kmod load $env{MODALIAS}' /usr/lib/udev/rules.d/80-drivers.rules:5
Jun 08 14:36:18 breadbox.penurio.us systemd-udevd[328]: No module matches 'acpi:LNXCPU:'
Jun 08 14:36:18 breadbox.penurio.us systemd-udevd[327]: passed 186 bytes to netlink monitor 0x7fa12cca02f0
Jun 08 14:36:18 breadbox.penurio.us systemd-udevd[333]: seq 2442 running
Jun 08 14:36:18 breadbox.penurio.us systemd-udevd[331]: IMPORT builtin 'hwdb' /usr/lib/udev/rules.d/50-udev-default.rules:11
Jun 08 14:36:18 breadbox.penurio.us systemd-udevd[330]: no db file to read /run/udev/data/+acpi:ACPI0004:01: No such file or directory
Jun 08 14:36:18 breadbox.penurio.us systemd-udevd[329]: Execute 'load' 'acpi:LNXCPU:'
Jun 08 14:36:18 breadbox.penurio.us systemd-udevd[328]: passed unknown number of bytes to netlink monitor 0x7fa12ccb0ff0
Jun 08 14:36:18 breadbox.penurio.us systemd-udevd[327]: seq 2443 queued, 'add' 'acpi'
Jun 08 14:36:18 breadbox.penurio.us systemd-udevd[333]: no db file to read /run/udev/data/+acpi:LNXCPU:5b: No such file or directory
Jun 08 14:36:18 breadbox.penurio.us systemd-udevd[331]: IMPORT builtin 'hwdb' returned non-zero
Jun 08 14:36:18 breadbox.penurio.us systemd-udevd[330]: RUN 'kmod load $env{MODALIAS}' /usr/lib/udev/rules.d/80-drivers.rules:5
Jun 08 14:36:18 breadbox.penurio.us systemd-udevd[329]: No module matches 'acpi:LNXCPU:'
Jun 08 14:36:18 breadbox.penurio.us systemd-udevd[328]: seq 2438 processed with 0
Jun 08 14:36:18 breadbox.penurio.us systemd-udevd[327]: passed 186 bytes to netlink monitor 0x7fa12cca02f0
Jun 08 14:36:18 breadbox.penurio.us systemd-udevd[334]: seq 2443 running
Jun 08 14:36:18 breadbox.penurio.us systemd-udevd[333]: IMPORT builtin 'hwdb' /usr/lib/udev/rules.d/50-udev-default.rules:11
Jun 08 14:36:18 breadbox.penurio.us systemd-udevd[331]: no db file to read /run/udev/data/+acpi:ACPI0004:01: No such file or directory
Jun 08 14:36:18 breadbox.penurio.us systemd-udevd[330]: Execute 'load' 'acpi:LNXCPU:'
Jun 08 14:36:18 breadbox.penurio.us systemd-udevd[329]: passed unknown number of bytes to netlink monitor 0x7fa12ccb2a70
Jun 08 14:36:18 breadbox.penurio.us systemd-udevd[327]: seq 2444 queued, 'add' 'acpi'
Jun 08 14:36:18 breadbox.penurio.us systemd-udevd[328]: seq 2444 running
Jun 08 14:36:18 breadbox.penurio.us systemd-udevd[333]: IMPORT builtin 'hwdb' returned non-zero
Jun 08 14:36:18 breadbox.penurio.us systemd-udevd[331]: RUN 'kmod load $env{MODALIAS}' /usr/lib/udev/rules.d/80-drivers.rules:5
Jun 08 14:36:18 breadbox.penurio.us systemd-udevd[330]: No module matches 'acpi:LNXCPU:'
Jun 08 14:36:18 breadbox.penurio.us systemd-udevd[329]: seq 2439 processed with 0
Jun 08 14:36:18 breadbox.penurio.us systemd-udevd[327]: passed 186 bytes to netlink monitor 0x7fa12cca02f0
Jun 08 14:36:18 breadbox.penurio.us systemd-udevd[334]: no db file to read /run/udev/data/+acpi:LNXCPU:5c: No such file or directory
Jun 08 14:36:18 breadbox.penurio.us systemd-udevd[328]: no db file to read /run/udev/data/+acpi:LNXCPU:5d: No such file or directory
Jun 08 14:36:18 breadbox.penurio.us systemd-udevd[333]: no db file to read /run/udev/data/+acpi:ACPI0004:01: No such file or directory
Jun 08 14:36:18 breadbox.penurio.us systemd-udevd[331]: Execute 'load' 'acpi:LNXCPU:'
Jun 08 14:36:18 breadbox.penurio.us systemd-udevd[330]: passed unknown number of bytes to netlink monitor 0x7fa12ccb51c0
Jun 08 14:36:18 breadbox.penurio.us systemd-udevd[327]: seq 2445 queued, 'add' 'acpi'
Jun 08 14:36:18 breadbox.penurio.us systemd-udevd[334]: IMPORT builtin 'hwdb' /usr/lib/udev/rules.d/50-udev-default.rules:11
Jun 08 14:36:18 breadbox.penurio.us systemd-udevd[328]: IMPORT builtin 'hwdb' /usr/lib/udev/rules.d/50-udev-default.rules:11
Jun 08 14:36:18 breadbox.penurio.us systemd-udevd[333]: RUN 'kmod load $env{MODALIAS}' /usr/lib/udev/rules.d/80-drivers.rules:5
Jun 08 14:36:18 breadbox.penurio.us systemd-udevd[331]: No module matches 'acpi:LNXCPU:'
Jun 08 14:36:18 breadbox.penurio.us systemd-udevd[330]: seq 2440 processed with 0
Jun 08 14:36:18 breadbox.penurio.us systemd-udevd[327]: passed 186 bytes to netlink monitor 0x7fa12cca02f0
Jun 08 14:36:18 breadbox.penurio.us systemd-udevd[329]: seq 2445 running
Jun 08 14:36:18 breadbox.penurio.us systemd-udevd[334]: IMPORT builtin 'hwdb' returned non-zero
Jun 08 14:36:18 breadbox.penurio.us systemd-udevd[328]: IMPORT builtin 'hwdb' returned non-zero
Jun 08 14:36:18 breadbox.penurio.us systemd-udevd[333]: Execute 'load' 'acpi:LNXCPU:'
Jun 08 14:36:18 breadbox.penurio.us systemd-udevd[331]: passed unknown number of bytes to netlink monitor 0x7fa12ccb57b0
Jun 08 14:36:18 breadbox.penurio.us systemd-udevd[327]: seq 2446 queued, 'add' 'acpi'
Jun 08 14:36:18 breadbox.penurio.us systemd-udevd[329]: no db file to read /run/udev/data/+acpi:LNXCPU:5e: No such file or directory
Jun 08 14:36:18 breadbox.penurio.us systemd-udevd[334]: no db file to read /run/udev/data/+acpi:ACPI0004:01: No such file or directory
Jun 08 14:36:18 breadbox.penurio.us systemd-udevd[328]: no db file to read /run/udev/data/+acpi:ACPI0004:01: No such file or directory
Jun 08 14:36:18 breadbox.penurio.us systemd-udevd[333]: No module matches 'acpi:LNXCPU:'
Jun 08 14:36:18 breadbox.penurio.us systemd-udevd[331]: seq 2441 processed with 0
Jun 08 14:36:18 breadbox.penurio.us systemd-udevd[327]: passed 186 bytes to netlink monitor 0x7fa12cca02f0
Jun 08 14:36:18 breadbox.penurio.us systemd-udevd[330]: seq 2446 running
Jun 08 14:36:18 breadbox.penurio.us systemd-udevd[329]: IMPORT builtin 'hwdb' /usr/lib/udev/rules.d/50-udev-default.rules:11
Jun 08 14:36:18 breadbox.penurio.us systemd-udevd[334]: RUN 'kmod load $env{MODALIAS}' /usr/lib/udev/rules.d/80-drivers.rules:5
Jun 08 14:36:18 breadbox.penurio.us systemd-udevd[328]: RUN 'kmod load $env{MODALIAS}' /usr/lib/udev/rules.d/80-drivers.rules:5
Jun 08 14:36:18 breadbox.penurio.us systemd-udevd[333]: passed unknown number of bytes to netlink monitor 0x7fa12cca4550
Jun 08 14:36:18 breadbox.penurio.us systemd-udevd[327]: seq 2447 queued, 'add' 'acpi'
Jun 08 14:36:18 breadbox.penurio.us systemd-udevd[331]: seq 2447 running
Jun 08 14:36:18 breadbox.penurio.us systemd-udevd[329]: IMPORT builtin 'hwdb' returned non-zero
Jun 08 14:36:18 breadbox.penurio.us systemd-udevd[334]: Execute 'load' 'acpi:LNXCPU:'
Jun 08 14:36:18 breadbox.penurio.us systemd-udevd[328]: Execute 'load' 'acpi:LNXCPU:'
Jun 08 14:36:18 breadbox.penurio.us systemd-udevd[333]: seq 2442 processed with 0
Jun 08 14:36:18 breadbox.penurio.us systemd-udevd[327]: passed 178 bytes to netlink monitor 0x7fa12cca02f0
Jun 08 14:36:18 breadbox.penurio.us systemd-udevd[330]: no db file to read /run/udev/data/+acpi:LNXCPU:5f: No such file or directory
Jun 08 14:36:18 breadbox.penurio.us systemd-udevd[331]: no db file to read /run/udev/data/+acpi:ACPI0004:02: No such file or directory
Jun 08 14:36:18 breadbox.penurio.us systemd-udevd[329]: no db file to read /run/udev/data/+acpi:ACPI0004:01: No such file or directory
Jun 08 14:36:18 breadbox.penurio.us systemd-udevd[334]: No module matches 'acpi:LNXCPU:'
Jun 08 14:36:18 breadbox.penurio.us systemd-udevd[328]: No module matches 'acpi:LNXCPU:'
Jun 08 14:36:18 breadbox.penurio.us systemd-udevd[327]: seq 2448 queued, 'add' 'acpi'
Jun 08 14:36:18 breadbox.penurio.us systemd-udevd[330]: IMPORT builtin 'hwdb' /usr/lib/udev/rules.d/50-udev-default.rules:11
Jun 08 14:36:18 breadbox.penurio.us systemd-udevd[331]: IMPORT builtin 'hwdb' /usr/lib/udev/rules.d/50-udev-default.rules:11
Jun 08 14:36:18 breadbox.penurio.us systemd-udevd[329]: RUN 'kmod load $env{MODALIAS}' /usr/lib/udev/rules.d/80-drivers.rules:5
Jun 08 14:36:18 breadbox.penurio.us systemd-udevd[334]: passed unknown number of bytes to netlink monitor 0x7fa12cca7a60
Jun 08 14:36:18 breadbox.penurio.us systemd-udevd[328]: passed unknown number of bytes to netlink monitor 0x7fa12ccb0ff0
Jun 08 14:36:18 breadbox.penurio.us systemd-udevd[327]: seq 2449 queued, 'add' 'acpi'
Jun 08 14:36:18 breadbox.penurio.us systemd-udevd[330]: IMPORT builtin 'hwdb' returned non-zero
Jun 08 14:36:18 breadbox.penurio.us systemd-udevd[330]: no db file to read /run/udev/data/+acpi:ACPI0004:01: No such file or directory
Jun 08 14:36:18 breadbox.penurio.us systemd-udevd[329]: Execute 'load' 'acpi:LNXCPU:'
Jun 08 14:36:18 breadbox.penurio.us systemd-udevd[334]: seq 2443 processed with 0
Jun 08 14:36:18 breadbox.penurio.us systemd-udevd[328]: seq 2444 processed with 0
Jun 08 14:36:18 breadbox.penurio.us systemd-udevd[327]: seq 2450 queued, 'add' 'acpi'
Jun 08 14:36:18 breadbox.penurio.us systemd-udevd[330]: RUN 'kmod load $env{MODALIAS}' /usr/lib/udev/rules.d/80-drivers.rules:5
Jun 08 14:36:18 breadbox.penurio.us systemd-udevd[331]: IMPORT builtin 'hwdb' returned non-zero
Jun 08 14:36:18 breadbox.penurio.us systemd-udevd[329]: No module matches 'acpi:LNXCPU:'
Jun 08 14:36:18 breadbox.penurio.us systemd-udevd[327]: seq 2451 queued, 'add' 'acpi'
Jun 08 14:36:18 breadbox.penurio.us systemd-udevd[330]: Execute 'load' 'acpi:LNXCPU:'
Jun 08 14:36:18 breadbox.penurio.us systemd-udevd[331]: no db file to read /run/udev/data/+acpi:device:00: No such file or directory
Jun 08 14:36:18 breadbox.penurio.us systemd-udevd[329]: passed unknown number of bytes to netlink monitor 0x7fa12ccb2a70
Jun 08 14:36:18 breadbox.penurio.us systemd-udevd[327]: seq 2452 queued, 'add' 'acpi'
Jun 08 14:36:18 breadbox.penurio.us systemd-udevd[330]: No module matches 'acpi:LNXCPU:'
Jun 08 14:36:18 breadbox.penurio.us systemd-udevd[331]: RUN 'kmod load $env{MODALIAS}' /usr/lib/udev/rules.d/80-drivers.rules:5
Jun 08 14:36:18 breadbox.penurio.us systemd-udevd[329]: seq 2445 processed with 0
Jun 08 14:36:18 breadbox.penurio.us systemd-udevd[327]: seq 2453 queued, 'add' 'acpi'
Jun 08 14:36:18 breadbox.penurio.us systemd-udevd[330]: passed unknown number of bytes to netlink monitor 0x7fa12ccb51c0
Jun 08 14:36:18 breadbox.penurio.us systemd-udevd[331]: Execute 'load' 'acpi:ACPI0004:'
Jun 08 14:36:18 breadbox.penurio.us systemd-udevd[327]: seq 2454 queued, 'add' 'acpi'
Jun 08 14:36:18 breadbox.penurio.us systemd-udevd[330]: seq 2446 processed with 0
Jun 08 14:36:18 breadbox.penurio.us systemd-udevd[331]: No module matches 'acpi:ACPI0004:'
Jun 08 14:36:18 breadbox.penurio.us systemd-udevd[327]: seq 2455 queued, 'add' 'acpi'
Jun 08 14:36:18 breadbox.penurio.us systemd-udevd[331]: passed unknown number of bytes to netlink monitor 0x7fa12ccb57b0
Jun 08 14:36:18 breadbox.penurio.us systemd-udevd[327]: seq 2456 queued, 'add' 'acpi'
Jun 08 14:36:18 breadbox.penurio.us systemd-udevd[331]: seq 2447 processed with 0
Jun 08 14:36:18 breadbox.penurio.us systemd-udevd[327]: seq 2457 queued, 'add' 'acpi'
Jun 08 14:36:18 breadbox.penurio.us systemd-udevd[327]: passed 186 bytes to netlink monitor 0x7fa12cca02f0
Jun 08 14:36:18 breadbox.penurio.us systemd-udevd[328]: seq 2448 running
Jun 08 14:36:18 breadbox.penurio.us systemd-udevd[327]: passed 186 bytes to netlink monitor 0x7fa12cca02f0
Jun 08 14:36:18 breadbox.penurio.us systemd-udevd[329]: seq 2449 running
Jun 08 14:36:18 breadbox.penurio.us systemd-udevd[328]: no db file to read /run/udev/data/+acpi:LNXCPU:60: No such file or directory
Jun 08 14:36:18 breadbox.penurio.us systemd-udevd[327]: passed 186 bytes to netlink monitor 0x7fa12cca02f0
Jun 08 14:36:18 breadbox.penurio.us systemd-udevd[330]: seq 2450 running
Jun 08 14:36:18 breadbox.penurio.us systemd-udevd[329]: no db file to read /run/udev/data/+acpi:LNXCPU:61: No such file or directory
Jun 08 14:36:18 breadbox.penurio.us systemd-udevd[328]: IMPORT builtin 'hwdb' /usr/lib/udev/rules.d/50-udev-default.rules:11
Jun 08 14:36:18 breadbox.penurio.us systemd-udevd[327]: passed 186 bytes to netlink monitor 0x7fa12cca02f0
Jun 08 14:36:18 breadbox.penurio.us systemd-udevd[331]: seq 2451 running
Jun 08 14:36:18 breadbox.penurio.us systemd-udevd[330]: no db file to read /run/udev/data/+acpi:LNXCPU:62: No such file or directory
Jun 08 14:36:18 breadbox.penurio.us systemd-udevd[329]: IMPORT builtin 'hwdb' /usr/lib/udev/rules.d/50-udev-default.rules:11
Jun 08 14:36:18 breadbox.penurio.us systemd-udevd[328]: IMPORT builtin 'hwdb' returned non-zero
Jun 08 14:36:18 breadbox.penurio.us systemd-udevd[327]: passed 186 bytes to netlink monitor 0x7fa12cca02f0
Jun 08 14:36:18 breadbox.penurio.us systemd-udevd[333]: seq 2452 running
Jun 08 14:36:18 breadbox.penurio.us systemd-udevd[331]: no db file to read /run/udev/data/+acpi:LNXCPU:63: No such file or directory
Jun 08 14:36:18 breadbox.penurio.us systemd-udevd[330]: IMPORT builtin 'hwdb' /usr/lib/udev/rules.d/50-udev-default.rules:11
Jun 08 14:36:18 breadbox.penurio.us systemd-udevd[329]: IMPORT builtin 'hwdb' returned non-zero
Jun 08 14:36:18 breadbox.penurio.us systemd-udevd[328]: no db file to read /run/udev/data/+acpi:ACPI0004:02: No such file or directory
Jun 08 14:36:18 breadbox.penurio.us systemd-udevd[327]: passed 186 bytes to netlink monitor 0x7fa12cca02f0
Jun 08 14:36:18 breadbox.penurio.us systemd-udevd[335]: seq 2454 running
Jun 08 14:36:18 breadbox.penurio.us systemd-udevd[333]: no db file to read /run/udev/data/+acpi:LNXCPU:64: No such file or directory
Jun 08 14:36:18 breadbox.penurio.us systemd-udevd[331]: IMPORT builtin 'hwdb' /usr/lib/udev/rules.d/50-udev-default.rules:11
Jun 08 14:36:18 breadbox.penurio.us systemd-udevd[330]: IMPORT builtin 'hwdb' returned non-zero
Jun 08 14:36:18 breadbox.penurio.us systemd-udevd[329]: no db file to read /run/udev/data/+acpi:ACPI0004:02: No such file or directory
Jun 08 14:36:18 breadbox.penurio.us systemd-udevd[328]: RUN 'kmod load $env{MODALIAS}' /usr/lib/udev/rules.d/80-drivers.rules:5
Jun 08 14:36:18 breadbox.penurio.us systemd-udevd[327]: passed 186 bytes to netlink monitor 0x7fa12cca02f0
Jun 08 14:36:18 breadbox.penurio.us systemd-udevd[334]: seq 2453 running
Jun 08 14:36:18 breadbox.penurio.us systemd-udevd[335]: no db file to read /run/udev/data/+acpi:LNXCPU:66: No such file or directory
Jun 08 14:36:18 breadbox.penurio.us systemd-udevd[333]: IMPORT builtin 'hwdb' /usr/lib/udev/rules.d/50-udev-default.rules:11
Jun 08 14:36:18 breadbox.penurio.us systemd-udevd[331]: IMPORT builtin 'hwdb' returned non-zero
Jun 08 14:36:18 breadbox.penurio.us systemd-udevd[330]: no db file to read /run/udev/data/+acpi:ACPI0004:02: No such file or directory
Jun 08 14:36:18 breadbox.penurio.us systemd-udevd[329]: RUN 'kmod load $env{MODALIAS}' /usr/lib/udev/rules.d/80-drivers.rules:5
Jun 08 14:36:18 breadbox.penurio.us systemd-udevd[328]: Execute 'load' 'acpi:LNXCPU:'
Jun 08 14:36:18 breadbox.penurio.us systemd-udevd[327]: passed 186 bytes to netlink monitor 0x7fa12cca02f0
Jun 08 14:36:18 breadbox.penurio.us systemd-udevd[336]: seq 2455 running
Jun 08 14:36:18 breadbox.penurio.us systemd-udevd[334]: no db file to read /run/udev/data/+acpi:LNXCPU:65: No such file or directory
Jun 08 14:36:18 breadbox.penurio.us systemd-udevd[335]: IMPORT builtin 'hwdb' /usr/lib/udev/rules.d/50-udev-default.rules:11
Jun 08 14:36:18 breadbox.penurio.us systemd-udevd[333]: IMPORT builtin 'hwdb' returned non-zero
Jun 08 14:36:18 breadbox.penurio.us systemd-udevd[331]: no db file to read /run/udev/data/+acpi:ACPI0004:02: No such file or directory
Jun 08 14:36:18 breadbox.penurio.us systemd-udevd[330]: RUN 'kmod load $env{MODALIAS}' /usr/lib/udev/rules.d/80-drivers.rules:5
Jun 08 14:36:18 breadbox.penurio.us systemd-udevd[329]: Execute 'load' 'acpi:LNXCPU:'
Jun 08 14:36:18 breadbox.penurio.us systemd-udevd[328]: No module matches 'acpi:LNXCPU:'
Jun 08 14:36:18 breadbox.penurio.us systemd-udevd[327]: passed 186 bytes to netlink monitor 0x7fa12cca02f0
Jun 08 14:36:18 breadbox.penurio.us systemd-udevd[355]: seq 2457 running
Jun 08 14:36:18 breadbox.penurio.us systemd-udevd[336]: no db file to read /run/udev/data/+acpi:LNXCPU:67: No such file or directory
Jun 08 14:36:18 breadbox.penurio.us systemd-udevd[334]: IMPORT builtin 'hwdb' /usr/lib/udev/rules.d/50-udev-default.rules:11
Jun 08 14:36:18 breadbox.penurio.us systemd-udevd[335]: IMPORT builtin 'hwdb' returned non-zero
Jun 08 14:36:18 breadbox.penurio.us systemd-udevd[333]: no db file to read /run/udev/data/+acpi:ACPI0004:02: No such file or directory
Jun 08 14:36:18 breadbox.penurio.us systemd-udevd[331]: RUN 'kmod load $env{MODALIAS}' /usr/lib/udev/rules.d/80-drivers.rules:5
Jun 08 14:36:18 breadbox.penurio.us systemd-udevd[330]: Execute 'load' 'acpi:LNXCPU:'
Jun 08 14:36:18 breadbox.penurio.us systemd-udevd[329]: No module matches 'acpi:LNXCPU:'
Jun 08 14:36:18 breadbox.penurio.us systemd-udevd[328]: passed unknown number of bytes to netlink monitor 0x7fa12ccb0ff0
Jun 08 14:36:18 breadbox.penurio.us systemd-udevd[327]: passed 186 bytes to netlink monitor 0x7fa12cca02f0
Jun 08 14:36:18 breadbox.penurio.us systemd-udevd[339]: seq 2456 running
Jun 08 14:36:18 breadbox.penurio.us systemd-udevd[355]: no db file to read /run/udev/data/+acpi:LNXCPU:69: No such file or directory
Jun 08 14:36:18 breadbox.penurio.us systemd-udevd[336]: IMPORT builtin 'hwdb' /usr/lib/udev/rules.d/50-udev-default.rules:11
Jun 08 14:36:18 breadbox.penurio.us systemd-udevd[334]: IMPORT builtin 'hwdb' returned non-zero
Jun 08 14:36:18 breadbox.penurio.us systemd-udevd[335]: no db file to read /run/udev/data/+acpi:ACPI0004:02: No such file or directory
Jun 08 14:36:18 breadbox.penurio.us systemd-udevd[333]: RUN 'kmod load $env{MODALIAS}' /usr/lib/udev/rules.d/80-drivers.rules:5
Jun 08 14:36:18 breadbox.penurio.us systemd-udevd[331]: Execute 'load' 'acpi:LNXCPU:'
Jun 08 14:36:18 breadbox.penurio.us systemd-udevd[330]: No module matches 'acpi:LNXCPU:'
Jun 08 14:36:18 breadbox.penurio.us systemd-udevd[329]: passed unknown number of bytes to netlink monitor 0x7fa12ccb2a70
Jun 08 14:36:18 breadbox.penurio.us systemd-udevd[328]: seq 2448 processed with 0
Jun 08 14:36:18 breadbox.penurio.us systemd-udevd[327]: seq 2458 queued, 'add' 'acpi'
Jun 08 14:36:18 breadbox.penurio.us systemd-udevd[339]: no db file to read /run/udev/data/+acpi:LNXCPU:68: No such file or directory
Jun 08 14:36:18 breadbox.penurio.us systemd-udevd[355]: IMPORT builtin 'hwdb' /usr/lib/udev/rules.d/50-udev-default.rules:11
Jun 08 14:36:18 breadbox.penurio.us systemd-udevd[336]: IMPORT builtin 'hwdb' returned non-zero
Jun 08 14:36:18 breadbox.penurio.us systemd-udevd[334]: no db file to read /run/udev/data/+acpi:ACPI0004:02: No such file or directory
Jun 08 14:36:18 breadbox.penurio.us systemd-udevd[335]: RUN 'kmod load $env{MODALIAS}' /usr/lib/udev/rules.d/80-drivers.rules:5
Jun 08 14:36:18 breadbox.penurio.us systemd-udevd[333]: Execute 'load' 'acpi:LNXCPU:'
Jun 08 14:36:18 breadbox.penurio.us systemd-udevd[331]: No module matches 'acpi:LNXCPU:'
Jun 08 14:36:18 breadbox.penurio.us systemd-udevd[330]: passed unknown number of bytes to netlink monitor 0x7fa12ccb51c0
Jun 08 14:36:18 breadbox.penurio.us systemd-udevd[329]: seq 2449 processed with 0
Jun 08 14:36:18 breadbox.penurio.us systemd-udevd[327]: passed 186 bytes to netlink monitor 0x7fa12cca02f0
Jun 08 14:36:18 breadbox.penurio.us systemd-udevd[328]: seq 2458 running
Jun 08 14:36:18 breadbox.penurio.us systemd-udevd[339]: IMPORT builtin 'hwdb' /usr/lib/udev/rules.d/50-udev-default.rules:11
Jun 08 14:36:18 breadbox.penurio.us systemd-udevd[355]: IMPORT builtin 'hwdb' returned non-zero
Jun 08 14:36:18 breadbox.penurio.us systemd-udevd[336]: no db file to read /run/udev/data/+acpi:ACPI0004:02: No such file or directory
Jun 08 14:36:18 breadbox.penurio.us systemd-udevd[334]: RUN 'kmod load $env{MODALIAS}' /usr/lib/udev/rules.d/80-drivers.rules:5
Jun 08 14:36:18 breadbox.penurio.us systemd-udevd[335]: Execute 'load' 'acpi:LNXCPU:'
Jun 08 14:36:18 breadbox.penurio.us systemd-udevd[333]: No module matches 'acpi:LNXCPU:'
Jun 08 14:36:18 breadbox.penurio.us systemd-udevd[331]: passed unknown number of bytes to netlink monitor 0x7fa12ccb57b0
Jun 08 14:36:18 breadbox.penurio.us systemd-udevd[330]: seq 2450 processed with 0
Jun 08 14:36:18 breadbox.penurio.us systemd-udevd[327]: seq 2459 queued, 'add' 'acpi'
Jun 08 14:36:18 breadbox.penurio.us systemd-udevd[328]: no db file to read /run/udev/data/+acpi:LNXCPU:6a: No such file or directory
Jun 08 14:36:18 breadbox.penurio.us systemd-udevd[339]: IMPORT builtin 'hwdb' returned non-zero
Jun 08 14:36:18 breadbox.penurio.us systemd-udevd[355]: no db file to read /run/udev/data/+acpi:ACPI0004:02: No such file or directory
Jun 08 14:36:18 breadbox.penurio.us systemd-udevd[336]: RUN 'kmod load $env{MODALIAS}' /usr/lib/udev/rules.d/80-drivers.rules:5
Jun 08 14:36:18 breadbox.penurio.us systemd-udevd[334]: Execute 'load' 'acpi:LNXCPU:'
Jun 08 14:36:18 breadbox.penurio.us systemd-udevd[335]: No module matches 'acpi:LNXCPU:'
Jun 08 14:36:18 breadbox.penurio.us systemd-udevd[333]: passed unknown number of bytes to netlink monitor 0x7fa12cca4550
Jun 08 14:36:18 breadbox.penurio.us systemd-udevd[331]: seq 2451 processed with 0
Jun 08 14:36:18 breadbox.penurio.us systemd-udevd[327]: passed 186 bytes to netlink monitor 0x7fa12cca02f0
Jun 08 14:36:18 breadbox.penurio.us systemd-udevd[329]: seq 2459 running
Jun 08 14:36:18 breadbox.penurio.us systemd-udevd[328]: IMPORT builtin 'hwdb' /usr/lib/udev/rules.d/50-udev-default.rules:11
Jun 08 14:36:18 breadbox.penurio.us systemd-udevd[339]: no db file to read /run/udev/data/+acpi:ACPI0004:02: No such file or directory
Jun 08 14:36:18 breadbox.penurio.us systemd-udevd[355]: RUN 'kmod load $env{MODALIAS}' /usr/lib/udev/rules.d/80-drivers.rules:5
Jun 08 14:36:18 breadbox.penurio.us systemd-udevd[336]: Execute 'load' 'acpi:LNXCPU:'
Jun 08 14:36:18 breadbox.penurio.us systemd-udevd[334]: No module matches 'acpi:LNXCPU:'
Jun 08 14:36:18 breadbox.penurio.us systemd-udevd[335]: passed unknown number of bytes to netlink monitor 0x7fa12ccb06b0
Jun 08 14:36:18 breadbox.penurio.us systemd-udevd[333]: seq 2452 processed with 0
Jun 08 14:36:18 breadbox.penurio.us systemd-udevd[327]: seq 2460 queued, 'add' 'acpi'
Jun 08 14:36:19 breadbox.penurio.us systemd-udevd[329]: no db file to read /run/udev/data/+acpi:LNXCPU:6b: No such file or directory
Jun 08 14:36:19 breadbox.penurio.us systemd-udevd[328]: IMPORT builtin 'hwdb' returned non-zero
Jun 08 14:36:19 breadbox.penurio.us systemd-udevd[339]: RUN 'kmod load $env{MODALIAS}' /usr/lib/udev/rules.d/80-drivers.rules:5
Jun 08 14:36:19 breadbox.penurio.us systemd-udevd[355]: Execute 'load' 'acpi:LNXCPU:'
Jun 08 14:36:19 breadbox.penurio.us systemd-udevd[336]: No module matches 'acpi:LNXCPU:'
Jun 08 14:36:19 breadbox.penurio.us systemd-udevd[334]: passed unknown number of bytes to netlink monitor 0x7fa12cca7a60
Jun 08 14:36:19 breadbox.penurio.us systemd-udevd[335]: seq 2454 processed with 0
Jun 08 14:36:19 breadbox.penurio.us systemd-udevd[327]: passed 186 bytes to netlink monitor 0x7fa12cca02f0
Jun 08 14:36:19 breadbox.penurio.us systemd-udevd[330]: seq 2460 running
Jun 08 14:36:19 breadbox.penurio.us systemd-udevd[329]: IMPORT builtin 'hwdb' /usr/lib/udev/rules.d/50-udev-default.rules:11
Jun 08 14:36:19 breadbox.penurio.us systemd-udevd[328]: no db file to read /run/udev/data/+acpi:ACPI0004:02: No such file or directory
Jun 08 14:36:19 breadbox.penurio.us systemd-udevd[339]: Execute 'load' 'acpi:LNXCPU:'
Jun 08 14:36:19 breadbox.penurio.us systemd-udevd[355]: No module matches 'acpi:LNXCPU:'
Jun 08 14:36:19 breadbox.penurio.us systemd-udevd[336]: passed unknown number of bytes to netlink monitor 0x7fa12ccaee60
Jun 08 14:36:19 breadbox.penurio.us systemd-udevd[334]: seq 2453 processed with 0
Jun 08 14:36:19 breadbox.penurio.us systemd-udevd[327]: seq 2461 queued, 'add' 'acpi'
Jun 08 14:36:19 breadbox.penurio.us systemd-udevd[330]: no db file to read /run/udev/data/+acpi:LNXCPU:6c: No such file or directory
Jun 08 14:36:19 breadbox.penurio.us systemd-udevd[329]: IMPORT builtin 'hwdb' returned non-zero
Jun 08 14:36:19 breadbox.penurio.us systemd-udevd[328]: RUN 'kmod load $env{MODALIAS}' /usr/lib/udev/rules.d/80-drivers.rules:5
Jun 08 14:36:19 breadbox.penurio.us systemd-udevd[339]: No module matches 'acpi:LNXCPU:'
Jun 08 14:36:19 breadbox.penurio.us systemd-udevd[355]: passed unknown number of bytes to netlink monitor 0x7fa12ccb6ae0
Jun 08 14:36:19 breadbox.penurio.us systemd-udevd[336]: seq 2455 processed with 0
Jun 08 14:36:19 breadbox.penurio.us systemd-udevd[327]: passed 186 bytes to netlink monitor 0x7fa12cca02f0
Jun 08 14:36:19 breadbox.penurio.us systemd-udevd[331]: seq 2461 running
Jun 08 14:36:19 breadbox.penurio.us systemd-udevd[330]: IMPORT builtin 'hwdb' /usr/lib/udev/rules.d/50-udev-default.rules:11
Jun 08 14:36:19 breadbox.penurio.us systemd-udevd[329]: no db file to read /run/udev/data/+acpi:ACPI0004:02: No such file or directory
Jun 08 14:36:19 breadbox.penurio.us systemd-udevd[328]: Execute 'load' 'acpi:LNXCPU:'
Jun 08 14:36:19 breadbox.penurio.us systemd-udevd[339]: passed unknown number of bytes to netlink monitor 0x7fa12cca53a0
Jun 08 14:36:19 breadbox.penurio.us systemd-udevd[355]: seq 2457 processed with 0
Jun 08 14:36:19 breadbox.penurio.us systemd-udevd[327]: seq 2462 queued, 'add' 'acpi'
Jun 08 14:36:19 breadbox.penurio.us systemd-udevd[331]: no db file to read /run/udev/data/+acpi:LNXCPU:6d: No such file or directory
Jun 08 14:36:19 breadbox.penurio.us systemd-udevd[330]: IMPORT builtin 'hwdb' returned non-zero
Jun 08 14:36:19 breadbox.penurio.us systemd-udevd[329]: RUN 'kmod load $env{MODALIAS}' /usr/lib/udev/rules.d/80-drivers.rules:5
Jun 08 14:36:19 breadbox.penurio.us systemd-udevd[328]: No module matches 'acpi:LNXCPU:'
Jun 08 14:36:19 breadbox.penurio.us systemd-udevd[339]: seq 2456 processed with 0
Jun 08 14:36:19 breadbox.penurio.us systemd-udevd[327]: passed 186 bytes to netlink monitor 0x7fa12cca02f0
Jun 08 14:36:19 breadbox.penurio.us systemd-udevd[333]: seq 2462 running
Jun 08 14:36:19 breadbox.penurio.us systemd-udevd[331]: IMPORT builtin 'hwdb' /usr/lib/udev/rules.d/50-udev-default.rules:11
Jun 08 14:36:19 breadbox.penurio.us systemd-udevd[330]: no db file to read /run/udev/data/+acpi:ACPI0004:02: No such file or directory
Jun 08 14:36:19 breadbox.penurio.us systemd-udevd[329]: Execute 'load' 'acpi:LNXCPU:'
Jun 08 14:36:19 breadbox.penurio.us systemd-udevd[328]: passed unknown number of bytes to netlink monitor 0x7fa12ccb0ff0
Jun 08 14:36:19 breadbox.penurio.us systemd-udevd[327]: seq 2463 queued, 'add' 'acpi'
Jun 08 14:36:19 breadbox.penurio.us systemd-udevd[333]: no db file to read /run/udev/data/+acpi:LNXCPU:6e: No such file or directory
Jun 08 14:36:19 breadbox.penurio.us systemd-udevd[331]: IMPORT builtin 'hwdb' returned non-zero
Jun 08 14:36:19 breadbox.penurio.us systemd-udevd[330]: RUN 'kmod load $env{MODALIAS}' /usr/lib/udev/rules.d/80-drivers.rules:5
Jun 08 14:36:19 breadbox.penurio.us systemd-udevd[329]: No module matches 'acpi:LNXCPU:'
Jun 08 14:36:19 breadbox.penurio.us systemd-udevd[328]: seq 2458 processed with 0
Jun 08 14:36:19 breadbox.penurio.us systemd-udevd[327]: passed 186 bytes to netlink monitor 0x7fa12cca02f0
Jun 08 14:36:19 breadbox.penurio.us systemd-udevd[334]: seq 2463 running
Jun 08 14:36:19 breadbox.penurio.us systemd-udevd[333]: IMPORT builtin 'hwdb' /usr/lib/udev/rules.d/50-udev-default.rules:11
Jun 08 14:36:19 breadbox.penurio.us systemd-udevd[331]: no db file to read /run/udev/data/+acpi:ACPI0004:02: No such file or directory
Jun 08 14:36:19 breadbox.penurio.us systemd-udevd[330]: Execute 'load' 'acpi:LNXCPU:'
Jun 08 14:36:19 breadbox.penurio.us systemd-udevd[329]: passed unknown number of bytes to netlink monitor 0x7fa12ccb2a70
Jun 08 14:36:19 breadbox.penurio.us systemd-udevd[327]: seq 2464 queued, 'add' 'acpi'
Jun 08 14:36:19 breadbox.penurio.us systemd-udevd[334]: no db file to read /run/udev/data/+acpi:LNXCPU:6f: No such file or directory
Jun 08 14:36:19 breadbox.penurio.us systemd-udevd[333]: IMPORT builtin 'hwdb' returned non-zero
Jun 08 14:36:19 breadbox.penurio.us systemd-udevd[331]: RUN 'kmod load $env{MODALIAS}' /usr/lib/udev/rules.d/80-drivers.rules:5
Jun 08 14:36:19 breadbox.penurio.us systemd-udevd[330]: No module matches 'acpi:LNXCPU:'
Jun 08 14:36:19 breadbox.penurio.us systemd-udevd[329]: seq 2459 processed with 0
Jun 08 14:36:19 breadbox.penurio.us systemd-udevd[327]: passed 186 bytes to netlink monitor 0x7fa12cca02f0
Jun 08 14:36:19 breadbox.penurio.us systemd-udevd[328]: seq 2464 running
Jun 08 14:36:19 breadbox.penurio.us systemd-udevd[334]: IMPORT builtin 'hwdb' /usr/lib/udev/rules.d/50-udev-default.rules:11
Jun 08 14:36:19 breadbox.penurio.us systemd-udevd[333]: no db file to read /run/udev/data/+acpi:ACPI0004:02: No such file or directory
Jun 08 14:36:19 breadbox.penurio.us systemd-udevd[331]: Execute 'load' 'acpi:LNXCPU:'
Jun 08 14:36:19 breadbox.penurio.us systemd-udevd[330]: passed unknown number of bytes to netlink monitor 0x7fa12ccb51c0
Jun 08 14:36:19 breadbox.penurio.us systemd-udevd[327]: seq 2465 queued, 'add' 'acpi'
Jun 08 14:36:19 breadbox.penurio.us systemd-udevd[328]: no db file to read /run/udev/data/+acpi:LNXCPU:70: No such file or directory
Jun 08 14:36:19 breadbox.penurio.us systemd-udevd[334]: IMPORT builtin 'hwdb' returned non-zero
Jun 08 14:36:19 breadbox.penurio.us systemd-udevd[333]: RUN 'kmod load $env{MODALIAS}' /usr/lib/udev/rules.d/80-drivers.rules:5
Jun 08 14:36:19 breadbox.penurio.us systemd-udevd[331]: No module matches 'acpi:LNXCPU:'
Jun 08 14:36:19 breadbox.penurio.us systemd-udevd[330]: seq 2460 processed with 0
Jun 08 14:36:19 breadbox.penurio.us systemd-udevd[327]: passed 186 bytes to netlink monitor 0x7fa12cca02f0
Jun 08 14:36:19 breadbox.penurio.us systemd-udevd[329]: seq 2465 running
Jun 08 14:36:19 breadbox.penurio.us systemd-udevd[328]: IMPORT builtin 'hwdb' /usr/lib/udev/rules.d/50-udev-default.rules:11
Jun 08 14:36:19 breadbox.penurio.us systemd-udevd[334]: no db file to read /run/udev/data/+acpi:ACPI0004:02: No such file or directory
Jun 08 14:36:19 breadbox.penurio.us systemd-udevd[333]: Execute 'load' 'acpi:LNXCPU:'
Jun 08 14:36:19 breadbox.penurio.us systemd-udevd[331]: passed unknown number of bytes to netlink monitor 0x7fa12ccb57b0
Jun 08 14:36:19 breadbox.penurio.us systemd-udevd[327]: seq 2466 queued, 'add' 'acpi'
Jun 08 14:36:19 breadbox.penurio.us systemd-udevd[330]: seq 2466 running
Jun 08 14:36:19 breadbox.penurio.us systemd-udevd[328]: IMPORT builtin 'hwdb' returned non-zero
Jun 08 14:36:19 breadbox.penurio.us systemd-udevd[334]: RUN 'kmod load $env{MODALIAS}' /usr/lib/udev/rules.d/80-drivers.rules:5
Jun 08 14:36:19 breadbox.penurio.us systemd-udevd[333]: No module matches 'acpi:LNXCPU:'
Jun 08 14:36:19 breadbox.penurio.us kernel: usb 2-1.3: new high-speed USB device number 3 using ehci-pci
Jun 08 14:36:19 breadbox.penurio.us systemd-udevd[331]: seq 2461 processed with 0
Jun 08 14:36:19 breadbox.penurio.us systemd-udevd[327]: passed 186 bytes to netlink monitor 0x7fa12cca02f0
Jun 08 14:36:19 breadbox.penurio.us systemd-udevd[329]: no db file to read /run/udev/data/+acpi:LNXCPU:71: No such file or directory
Jun 08 14:36:19 breadbox.penurio.us systemd-udevd[330]: no db file to read /run/udev/data/+acpi:LNXCPU:72: No such file or directory
Jun 08 14:36:19 breadbox.penurio.us systemd-udevd[328]: no db file to read /run/udev/data/+acpi:ACPI0004:02: No such file or directory
Jun 08 14:36:19 breadbox.penurio.us systemd-udevd[334]: Execute 'load' 'acpi:LNXCPU:'
Jun 08 14:36:19 breadbox.penurio.us systemd-udevd[333]: passed unknown number of bytes to netlink monitor 0x7fa12cca4550
Jun 08 14:36:19 breadbox.penurio.us systemd-udevd[327]: seq 2467 queued, 'add' 'acpi'
Jun 08 14:36:19 breadbox.penurio.us systemd-udevd[329]: IMPORT builtin 'hwdb' /usr/lib/udev/rules.d/50-udev-default.rules:11
Jun 08 14:36:19 breadbox.penurio.us systemd-udevd[330]: IMPORT builtin 'hwdb' /usr/lib/udev/rules.d/50-udev-default.rules:11
Jun 08 14:36:19 breadbox.penurio.us systemd-udevd[328]: RUN 'kmod load $env{MODALIAS}' /usr/lib/udev/rules.d/80-drivers.rules:5
Jun 08 14:36:19 breadbox.penurio.us systemd-udevd[334]: No module matches 'acpi:LNXCPU:'
Jun 08 14:36:19 breadbox.penurio.us systemd-udevd[333]: seq 2462 processed with 0
Jun 08 14:36:19 breadbox.penurio.us systemd-udevd[327]: passed 186 bytes to netlink monitor 0x7fa12cca02f0
Jun 08 14:36:19 breadbox.penurio.us systemd-udevd[331]: seq 2467 running
Jun 08 14:36:19 breadbox.penurio.us systemd-udevd[329]: IMPORT builtin 'hwdb' returned non-zero
Jun 08 14:36:19 breadbox.penurio.us systemd-udevd[330]: IMPORT builtin 'hwdb' returned non-zero
Jun 08 14:36:19 breadbox.penurio.us systemd-udevd[328]: Execute 'load' 'acpi:LNXCPU:'
Jun 08 14:36:19 breadbox.penurio.us systemd-udevd[334]: passed unknown number of bytes to netlink monitor 0x7fa12cca7a60
Jun 08 14:36:19 breadbox.penurio.us systemd-udevd[327]: seq 2468 queued, 'add' 'acpi'
Jun 08 14:36:19 breadbox.penurio.us systemd-udevd[333]: seq 2468 running
Jun 08 14:36:19 breadbox.penurio.us systemd-udevd[329]: no db file to read /run/udev/data/+acpi:ACPI0004:02: No such file or directory
Jun 08 14:36:19 breadbox.penurio.us systemd-udevd[330]: no db file to read /run/udev/data/+acpi:ACPI0004:02: No such file or directory
Jun 08 14:36:19 breadbox.penurio.us systemd-udevd[328]: No module matches 'acpi:LNXCPU:'
Jun 08 14:36:19 breadbox.penurio.us systemd-udevd[334]: seq 2463 processed with 0
Jun 08 14:36:19 breadbox.penurio.us systemd-udevd[327]: passed 186 bytes to netlink monitor 0x7fa12cca02f0
Jun 08 14:36:19 breadbox.penurio.us systemd-udevd[331]: no db file to read /run/udev/data/+acpi:LNXCPU:73: No such file or directory
Jun 08 14:36:19 breadbox.penurio.us systemd-udevd[333]: no db file to read /run/udev/data/+acpi:LNXCPU:74: No such file or directory
Jun 08 14:36:19 breadbox.penurio.us systemd-udevd[329]: RUN 'kmod load $env{MODALIAS}' /usr/lib/udev/rules.d/80-drivers.rules:5
Jun 08 14:36:19 breadbox.penurio.us systemd-udevd[330]: RUN 'kmod load $env{MODALIAS}' /usr/lib/udev/rules.d/80-drivers.rules:5
Jun 08 14:36:19 breadbox.penurio.us systemd-udevd[328]: passed unknown number of bytes to netlink monitor 0x7fa12ccb0ff0
Jun 08 14:36:19 breadbox.penurio.us systemd-udevd[327]: seq 2469 queued, 'add' 'acpi'
Jun 08 14:36:19 breadbox.penurio.us systemd-udevd[331]: IMPORT builtin 'hwdb' /usr/lib/udev/rules.d/50-udev-default.rules:11
Jun 08 14:36:19 breadbox.penurio.us systemd-udevd[333]: IMPORT builtin 'hwdb' /usr/lib/udev/rules.d/50-udev-default.rules:11
Jun 08 14:36:19 breadbox.penurio.us systemd-udevd[329]: Execute 'load' 'acpi:LNXCPU:'
Jun 08 14:36:19 breadbox.penurio.us systemd-udevd[330]: Execute 'load' 'acpi:LNXCPU:'
Jun 08 14:36:19 breadbox.penurio.us systemd-udevd[328]: seq 2464 processed with 0
Jun 08 14:36:19 breadbox.penurio.us systemd-udevd[327]: passed 186 bytes to netlink monitor 0x7fa12cca02f0
Jun 08 14:36:19 breadbox.penurio.us systemd-udevd[334]: seq 2469 running
Jun 08 14:36:19 breadbox.penurio.us systemd-udevd[331]: IMPORT builtin 'hwdb' returned non-zero
Jun 08 14:36:19 breadbox.penurio.us systemd-udevd[331]: no db file to read /run/udev/data/+acpi:ACPI0004:02: No such file or directory
Jun 08 14:36:19 breadbox.penurio.us systemd-udevd[329]: No module matches 'acpi:LNXCPU:'
Jun 08 14:36:19 breadbox.penurio.us systemd-udevd[330]: No module matches 'acpi:LNXCPU:'
Jun 08 14:36:19 breadbox.penurio.us systemd-udevd[327]: seq 2470 queued, 'add' 'acpi'
Jun 08 14:36:19 breadbox.penurio.us systemd-udevd[334]: no db file to read /run/udev/data/+acpi:LNXCPU:75: No such file or directory
Jun 08 14:36:19 breadbox.penurio.us systemd-udevd[331]: RUN 'kmod load $env{MODALIAS}' /usr/lib/udev/rules.d/80-drivers.rules:5
Jun 08 14:36:19 breadbox.penurio.us systemd-udevd[333]: IMPORT builtin 'hwdb' returned non-zero
Jun 08 14:36:19 breadbox.penurio.us systemd-udevd[329]: passed unknown number of bytes to netlink monitor 0x7fa12ccb2a70
Jun 08 14:36:19 breadbox.penurio.us systemd-udevd[330]: passed unknown number of bytes to netlink monitor 0x7fa12ccb51c0
Jun 08 14:36:19 breadbox.penurio.us systemd-udevd[327]: passed 186 bytes to netlink monitor 0x7fa12cca02f0
Jun 08 14:36:19 breadbox.penurio.us systemd-udevd[328]: seq 2470 running
Jun 08 14:36:19 breadbox.penurio.us systemd-udevd[334]: IMPORT builtin 'hwdb' /usr/lib/udev/rules.d/50-udev-default.rules:11
Jun 08 14:36:19 breadbox.penurio.us systemd-udevd[331]: Execute 'load' 'acpi:LNXCPU:'
Jun 08 14:36:19 breadbox.penurio.us systemd-udevd[333]: no db file to read /run/udev/data/+acpi:ACPI0004:02: No such file or directory
Jun 08 14:36:19 breadbox.penurio.us systemd-udevd[329]: seq 2465 processed with 0
Jun 08 14:36:19 breadbox.penurio.us systemd-udevd[330]: seq 2466 processed with 0
Jun 08 14:36:19 breadbox.penurio.us systemd-udevd[327]: seq 2471 queued, 'add' 'acpi'
Jun 08 14:36:19 breadbox.penurio.us systemd-udevd[328]: no db file to read /run/udev/data/+acpi:LNXCPU:76: No such file or directory
Jun 08 14:36:19 breadbox.penurio.us systemd-udevd[334]: IMPORT builtin 'hwdb' returned non-zero
Jun 08 14:36:19 breadbox.penurio.us systemd-udevd[331]: No module matches 'acpi:LNXCPU:'
Jun 08 14:36:19 breadbox.penurio.us systemd-udevd[333]: RUN 'kmod load $env{MODALIAS}' /usr/lib/udev/rules.d/80-drivers.rules:5
Jun 08 14:36:19 breadbox.penurio.us systemd-udevd[327]: passed 186 bytes to netlink monitor 0x7fa12cca02f0
Jun 08 14:36:19 breadbox.penurio.us systemd-udevd[329]: seq 2471 running
Jun 08 14:36:19 breadbox.penurio.us systemd-udevd[328]: IMPORT builtin 'hwdb' /usr/lib/udev/rules.d/50-udev-default.rules:11
Jun 08 14:36:19 breadbox.penurio.us systemd-udevd[334]: no db file to read /run/udev/data/+acpi:ACPI0004:02: No such file or directory
Jun 08 14:36:19 breadbox.penurio.us systemd-udevd[331]: passed unknown number of bytes to netlink monitor 0x7fa12ccb57b0
Jun 08 14:36:19 breadbox.penurio.us systemd-udevd[333]: Execute 'load' 'acpi:LNXCPU:'
Jun 08 14:36:19 breadbox.penurio.us systemd-udevd[327]: seq 2472 queued, 'add' 'acpi'
Jun 08 14:36:19 breadbox.penurio.us systemd-udevd[330]: seq 2472 running
Jun 08 14:36:19 breadbox.penurio.us systemd-udevd[328]: IMPORT builtin 'hwdb' returned non-zero
Jun 08 14:36:19 breadbox.penurio.us systemd-udevd[334]: RUN 'kmod load $env{MODALIAS}' /usr/lib/udev/rules.d/80-drivers.rules:5
Jun 08 14:36:19 breadbox.penurio.us systemd-udevd[331]: seq 2467 processed with 0
Jun 08 14:36:19 breadbox.penurio.us systemd-udevd[333]: No module matches 'acpi:LNXCPU:'
Jun 08 14:36:19 breadbox.penurio.us systemd-udevd[327]: passed 186 bytes to netlink monitor 0x7fa12cca02f0
Jun 08 14:36:19 breadbox.penurio.us systemd-udevd[329]: no db file to read /run/udev/data/+acpi:LNXCPU:77: No such file or directory
Jun 08 14:36:19 breadbox.penurio.us systemd-udevd[330]: no db file to read /run/udev/data/+acpi:LNXCPU:78: No such file or directory
Jun 08 14:36:19 breadbox.penurio.us systemd-udevd[328]: no db file to read /run/udev/data/+acpi:ACPI0004:02: No such file or directory
Jun 08 14:36:19 breadbox.penurio.us systemd-udevd[334]: Execute 'load' 'acpi:LNXCPU:'
Jun 08 14:36:19 breadbox.penurio.us systemd-udevd[333]: passed unknown number of bytes to netlink monitor 0x7fa12cca4550
Jun 08 14:36:19 breadbox.penurio.us systemd-udevd[327]: seq 2473 queued, 'add' 'acpi'
Jun 08 14:36:19 breadbox.penurio.us systemd-udevd[329]: IMPORT builtin 'hwdb' /usr/lib/udev/rules.d/50-udev-default.rules:11
Jun 08 14:36:19 breadbox.penurio.us systemd-udevd[330]: IMPORT builtin 'hwdb' /usr/lib/udev/rules.d/50-udev-default.rules:11
Jun 08 14:36:19 breadbox.penurio.us systemd-udevd[328]: RUN 'kmod load $env{MODALIAS}' /usr/lib/udev/rules.d/80-drivers.rules:5
Jun 08 14:36:19 breadbox.penurio.us systemd-udevd[334]: No module matches 'acpi:LNXCPU:'
Jun 08 14:36:19 breadbox.penurio.us systemd-udevd[333]: seq 2468 processed with 0
Jun 08 14:36:19 breadbox.penurio.us systemd-udevd[327]: passed 186 bytes to netlink monitor 0x7fa12cca02f0
Jun 08 14:36:19 breadbox.penurio.us systemd-udevd[331]: seq 2473 running
Jun 08 14:36:19 breadbox.penurio.us systemd-udevd[329]: IMPORT builtin 'hwdb' returned non-zero
Jun 08 14:36:19 breadbox.penurio.us systemd-udevd[330]: IMPORT builtin 'hwdb' returned non-zero
Jun 08 14:36:19 breadbox.penurio.us systemd-udevd[328]: Execute 'load' 'acpi:LNXCPU:'
Jun 08 14:36:19 breadbox.penurio.us systemd-udevd[334]: passed unknown number of bytes to netlink monitor 0x7fa12cca7a60
Jun 08 14:36:19 breadbox.penurio.us systemd-udevd[327]: seq 2474 queued, 'add' 'acpi'
Jun 08 14:36:19 breadbox.penurio.us systemd-udevd[331]: no db file to read /run/udev/data/+acpi:LNXCPU:79: No such file or directory
Jun 08 14:36:19 breadbox.penurio.us systemd-udevd[329]: no db file to read /run/udev/data/+acpi:ACPI0004:02: No such file or directory
Jun 08 14:36:19 breadbox.penurio.us systemd-udevd[330]: no db file to read /run/udev/data/+acpi:ACPI0004:02: No such file or directory
Jun 08 14:36:19 breadbox.penurio.us systemd-udevd[328]: No module matches 'acpi:LNXCPU:'
Jun 08 14:36:19 breadbox.penurio.us systemd-udevd[334]: seq 2469 processed with 0
Jun 08 14:36:19 breadbox.penurio.us systemd-udevd[327]: passed 186 bytes to netlink monitor 0x7fa12cca02f0
Jun 08 14:36:19 breadbox.penurio.us systemd-udevd[333]: seq 2474 running
Jun 08 14:36:19 breadbox.penurio.us systemd-udevd[331]: IMPORT builtin 'hwdb' /usr/lib/udev/rules.d/50-udev-default.rules:11
Jun 08 14:36:19 breadbox.penurio.us systemd-udevd[329]: RUN 'kmod load $env{MODALIAS}' /usr/lib/udev/rules.d/80-drivers.rules:5
Jun 08 14:36:19 breadbox.penurio.us systemd-udevd[330]: RUN 'kmod load $env{MODALIAS}' /usr/lib/udev/rules.d/80-drivers.rules:5
Jun 08 14:36:19 breadbox.penurio.us systemd-udevd[328]: passed unknown number of bytes to netlink monitor 0x7fa12ccb0ff0
Jun 08 14:36:19 breadbox.penurio.us systemd-udevd[327]: seq 2475 queued, 'add' 'acpi'
Jun 08 14:36:19 breadbox.penurio.us systemd-udevd[333]: no db file to read /run/udev/data/+acpi:LNXCPU:7a: No such file or directory
Jun 08 14:36:19 breadbox.penurio.us systemd-udevd[331]: IMPORT builtin 'hwdb' returned non-zero
Jun 08 14:36:19 breadbox.penurio.us systemd-udevd[329]: Execute 'load' 'acpi:LNXCPU:'
Jun 08 14:36:19 breadbox.penurio.us systemd-udevd[330]: Execute 'load' 'acpi:LNXCPU:'
Jun 08 14:36:19 breadbox.penurio.us systemd-udevd[328]: seq 2470 processed with 0
Jun 08 14:36:19 breadbox.penurio.us systemd-udevd[327]: passed 186 bytes to netlink monitor 0x7fa12cca02f0
Jun 08 14:36:19 breadbox.penurio.us systemd-udevd[334]: seq 2475 running
Jun 08 14:36:19 breadbox.penurio.us systemd-udevd[333]: IMPORT builtin 'hwdb' /usr/lib/udev/rules.d/50-udev-default.rules:11
Jun 08 14:36:19 breadbox.penurio.us systemd-udevd[331]: no db file to read /run/udev/data/+acpi:ACPI0004:02: No such file or directory
Jun 08 14:36:19 breadbox.penurio.us systemd-udevd[329]: No module matches 'acpi:LNXCPU:'
Jun 08 14:36:19 breadbox.penurio.us systemd-udevd[330]: No module matches 'acpi:LNXCPU:'
Jun 08 14:36:19 breadbox.penurio.us systemd-udevd[327]: seq 2476 queued, 'add' 'acpi'
Jun 08 14:36:19 breadbox.penurio.us systemd-udevd[328]: seq 2476 running
Jun 08 14:36:19 breadbox.penurio.us systemd-udevd[333]: IMPORT builtin 'hwdb' returned non-zero
Jun 08 14:36:19 breadbox.penurio.us systemd-udevd[331]: RUN 'kmod load $env{MODALIAS}' /usr/lib/udev/rules.d/80-drivers.rules:5
Jun 08 14:36:19 breadbox.penurio.us systemd-udevd[329]: passed unknown number of bytes to netlink monitor 0x7fa12ccb2a70
Jun 08 14:36:19 breadbox.penurio.us systemd-udevd[330]: passed unknown number of bytes to netlink monitor 0x7fa12ccb51c0
Jun 08 14:36:19 breadbox.penurio.us systemd-udevd[327]: passed 186 bytes to netlink monitor 0x7fa12cca02f0
Jun 08 14:36:19 breadbox.penurio.us systemd-udevd[334]: no db file to read /run/udev/data/+acpi:LNXCPU:7b: No such file or directory
Jun 08 14:36:19 breadbox.penurio.us systemd-udevd[328]: no db file to read /run/udev/data/+acpi:LNXCPU:7c: No such file or directory
Jun 08 14:36:19 breadbox.penurio.us systemd-udevd[333]: no db file to read /run/udev/data/+acpi:ACPI0004:02: No such file or directory
Jun 08 14:36:19 breadbox.penurio.us systemd-udevd[331]: Execute 'load' 'acpi:LNXCPU:'
Jun 08 14:36:19 breadbox.penurio.us systemd-udevd[329]: seq 2471 processed with 0
Jun 08 14:36:19 breadbox.penurio.us systemd-udevd[330]: seq 2472 processed with 0
Jun 08 14:36:19 breadbox.penurio.us systemd-udevd[327]: seq 2477 queued, 'add' 'acpi'
Jun 08 14:36:19 breadbox.penurio.us systemd-udevd[329]: seq 2477 running
Jun 08 14:36:19 breadbox.penurio.us systemd-udevd[328]: IMPORT builtin 'hwdb' /usr/lib/udev/rules.d/50-udev-default.rules:11
Jun 08 14:36:19 breadbox.penurio.us systemd-udevd[333]: RUN 'kmod load $env{MODALIAS}' /usr/lib/udev/rules.d/80-drivers.rules:5
Jun 08 14:36:19 breadbox.penurio.us systemd-udevd[331]: No module matches 'acpi:LNXCPU:'
Jun 08 14:36:19 breadbox.penurio.us systemd-udevd[327]: passed 186 bytes to netlink monitor 0x7fa12cca02f0
Jun 08 14:36:19 breadbox.penurio.us systemd-udevd[334]: IMPORT builtin 'hwdb' /usr/lib/udev/rules.d/50-udev-default.rules:11
Jun 08 14:36:19 breadbox.penurio.us systemd-udevd[329]: no db file to read /run/udev/data/+acpi:LNXCPU:7d: No such file or directory
Jun 08 14:36:19 breadbox.penurio.us systemd-udevd[328]: IMPORT builtin 'hwdb' returned non-zero
Jun 08 14:36:19 breadbox.penurio.us systemd-udevd[333]: Execute 'load' 'acpi:LNXCPU:'
Jun 08 14:36:19 breadbox.penurio.us systemd-udevd[331]: passed unknown number of bytes to netlink monitor 0x7fa12ccb57b0
Jun 08 14:36:19 breadbox.penurio.us systemd-udevd[327]: seq 2478 queued, 'add' 'acpi'
Jun 08 14:36:19 breadbox.penurio.us systemd-udevd[330]: seq 2478 running
Jun 08 14:36:19 breadbox.penurio.us systemd-udevd[329]: IMPORT builtin 'hwdb' /usr/lib/udev/rules.d/50-udev-default.rules:11
Jun 08 14:36:19 breadbox.penurio.us systemd-udevd[328]: no db file to read /run/udev/data/+acpi:ACPI0004:02: No such file or directory
Jun 08 14:36:19 breadbox.penurio.us systemd-udevd[333]: No module matches 'acpi:LNXCPU:'
Jun 08 14:36:19 breadbox.penurio.us systemd-udevd[331]: seq 2473 processed with 0
Jun 08 14:36:19 breadbox.penurio.us systemd-udevd[327]: passed 186 bytes to netlink monitor 0x7fa12cca02f0
Jun 08 14:36:19 breadbox.penurio.us systemd-udevd[334]: IMPORT builtin 'hwdb' returned non-zero
Jun 08 14:36:19 breadbox.penurio.us systemd-udevd[330]: no db file to read /run/udev/data/+acpi:LNXCPU:7e: No such file or directory
Jun 08 14:36:19 breadbox.penurio.us systemd-udevd[329]: IMPORT builtin 'hwdb' returned non-zero
Jun 08 14:36:19 breadbox.penurio.us systemd-udevd[328]: RUN 'kmod load $env{MODALIAS}' /usr/lib/udev/rules.d/80-drivers.rules:5
Jun 08 14:36:19 breadbox.penurio.us systemd-udevd[333]: passed unknown number of bytes to netlink monitor 0x7fa12cca4550
Jun 08 14:36:19 breadbox.penurio.us systemd-udevd[327]: seq 2479 queued, 'add' 'acpi'
Jun 08 14:36:19 breadbox.penurio.us systemd-udevd[334]: no db file to read /run/udev/data/+acpi:ACPI0004:02: No such file or directory
Jun 08 14:36:19 breadbox.penurio.us systemd-udevd[330]: IMPORT builtin 'hwdb' /usr/lib/udev/rules.d/50-udev-default.rules:11
Jun 08 14:36:19 breadbox.penurio.us systemd-udevd[329]: no db file to read /run/udev/data/+acpi:ACPI0004:02: No such file or directory
Jun 08 14:36:19 breadbox.penurio.us systemd-udevd[328]: Execute 'load' 'acpi:LNXCPU:'
Jun 08 14:36:19 breadbox.penurio.us systemd-udevd[333]: seq 2474 processed with 0
Jun 08 14:36:19 breadbox.penurio.us systemd-udevd[327]: passed 186 bytes to netlink monitor 0x7fa12cca02f0
Jun 08 14:36:19 breadbox.penurio.us systemd-udevd[331]: seq 2479 running
Jun 08 14:36:19 breadbox.penurio.us systemd-udevd[334]: RUN 'kmod load $env{MODALIAS}' /usr/lib/udev/rules.d/80-drivers.rules:5
Jun 08 14:36:19 breadbox.penurio.us systemd-udevd[330]: IMPORT builtin 'hwdb' returned non-zero
Jun 08 14:36:19 breadbox.penurio.us systemd-udevd[329]: RUN 'kmod load $env{MODALIAS}' /usr/lib/udev/rules.d/80-drivers.rules:5
Jun 08 14:36:19 breadbox.penurio.us systemd-udevd[328]: No module matches 'acpi:LNXCPU:'
Jun 08 14:36:19 breadbox.penurio.us systemd-udevd[327]: seq 2480 queued, 'add' 'acpi'
Jun 08 14:36:19 breadbox.penurio.us systemd-udevd[331]: no db file to read /run/udev/data/+acpi:LNXCPU:7f: No such file or directory
Jun 08 14:36:19 breadbox.penurio.us systemd-udevd[334]: Execute 'load' 'acpi:LNXCPU:'
Jun 08 14:36:19 breadbox.penurio.us systemd-udevd[330]: no db file to read /run/udev/data/+acpi:ACPI0004:02: No such file or directory
Jun 08 14:36:19 breadbox.penurio.us systemd-udevd[329]: Execute 'load' 'acpi:LNXCPU:'
Jun 08 14:36:19 breadbox.penurio.us systemd-udevd[328]: passed unknown number of bytes to netlink monitor 0x7fa12ccb0ff0
Jun 08 14:36:19 breadbox.penurio.us systemd-udevd[327]: passed 186 bytes to netlink monitor 0x7fa12cca02f0
Jun 08 14:36:19 breadbox.penurio.us systemd-udevd[333]: seq 2480 running
Jun 08 14:36:19 breadbox.penurio.us systemd-udevd[331]: IMPORT builtin 'hwdb' /usr/lib/udev/rules.d/50-udev-default.rules:11
Jun 08 14:36:19 breadbox.penurio.us systemd-udevd[334]: No module matches 'acpi:LNXCPU:'
Jun 08 14:36:19 breadbox.penurio.us systemd-udevd[330]: RUN 'kmod load $env{MODALIAS}' /usr/lib/udev/rules.d/80-drivers.rules:5
Jun 08 14:36:19 breadbox.penurio.us systemd-udevd[329]: No module matches 'acpi:LNXCPU:'
Jun 08 14:36:19 breadbox.penurio.us systemd-udevd[328]: seq 2476 processed with 0
Jun 08 14:36:19 breadbox.penurio.us systemd-udevd[327]: seq 2481 queued, 'add' 'acpi'
Jun 08 14:36:19 breadbox.penurio.us systemd-udevd[333]: no db file to read /run/udev/data/+acpi:LNXCPU:80: No such file or directory
Jun 08 14:36:19 breadbox.penurio.us systemd-udevd[331]: IMPORT builtin 'hwdb' returned non-zero
Jun 08 14:36:19 breadbox.penurio.us systemd-udevd[334]: passed unknown number of bytes to netlink monitor 0x7fa12cca7a60
Jun 08 14:36:19 breadbox.penurio.us systemd-udevd[330]: Execute 'load' 'acpi:LNXCPU:'
Jun 08 14:36:19 breadbox.penurio.us systemd-udevd[329]: passed unknown number of bytes to netlink monitor 0x7fa12ccb2a70
Jun 08 14:36:19 breadbox.penurio.us systemd-udevd[327]: passed 186 bytes to netlink monitor 0x7fa12cca02f0
Jun 08 14:36:19 breadbox.penurio.us systemd-udevd[328]: seq 2481 running
