Jun 08 14:36:19 breadbox.penurio.us systemd-udevd[328]: seq 2687 processed with 0
Jun 08 14:36:19 breadbox.penurio.us systemd-udevd[327]: seq 2690 queued, 'add' 'acpi'
Jun 08 14:36:19 breadbox.penurio.us systemd-udevd[330]: no db file to read /run/udev/data/+acpi:device:7d: No such file or directory
Jun 08 14:36:19 breadbox.penurio.us systemd-udevd[329]: passed unknown number of bytes to netlink monitor 0x7fa12ccb2a70
Jun 08 14:36:19 breadbox.penurio.us systemd-udevd[327]: passed 163 bytes to netlink monitor 0x7fa12cca02f0
Jun 08 14:36:19 breadbox.penurio.us systemd-udevd[328]: seq 2690 running
Jun 08 14:36:19 breadbox.penurio.us systemd-udevd[330]: no db file to read /run/udev/data/+acpi:device:75: No such file or directory
Jun 08 14:36:19 breadbox.penurio.us systemd-udevd[329]: seq 2688 processed with 0
Jun 08 14:36:19 breadbox.penurio.us systemd-udevd[327]: seq 2691 queued, 'add' 'acpi'
Jun 08 14:36:19 breadbox.penurio.us systemd-udevd[328]: no db file to read /run/udev/data/+acpi:device:7e: No such file or directory
Jun 08 14:36:19 breadbox.penurio.us systemd-udevd[330]: passed unknown number of bytes to netlink monitor 0x7fa12ccb51c0
Jun 08 14:36:19 breadbox.penurio.us systemd-udevd[327]: seq 2692 queued, 'add' 'acpi'
Jun 08 14:36:19 breadbox.penurio.us systemd-udevd[328]: no db file to read /run/udev/data/+acpi:PNP0A08:00: No such file or directory
Jun 08 14:36:19 breadbox.penurio.us systemd-udevd[330]: seq 2689 processed with 0
Jun 08 14:36:19 breadbox.penurio.us systemd-udevd[327]: seq 2693 queued, 'add' 'acpi'
Jun 08 14:36:19 breadbox.penurio.us systemd-udevd[328]: passed unknown number of bytes to netlink monitor 0x7fa12ccb0ff0
Jun 08 14:36:19 breadbox.penurio.us systemd-udevd[327]: seq 2694 queued, 'add' 'acpi'
Jun 08 14:36:19 breadbox.penurio.us systemd-udevd[328]: seq 2690 processed with 0
Jun 08 14:36:19 breadbox.penurio.us systemd-udevd[327]: seq 2695 queued, 'add' 'acpi'
Jun 08 14:36:19 breadbox.penurio.us systemd-udevd[327]: passed 173 bytes to netlink monitor 0x7fa12cca02f0
Jun 08 14:36:19 breadbox.penurio.us systemd-udevd[328]: seq 2691 running
Jun 08 14:36:19 breadbox.penurio.us systemd-udevd[327]: passed 173 bytes to netlink monitor 0x7fa12cca02f0
Jun 08 14:36:19 breadbox.penurio.us systemd-udevd[329]: seq 2692 running
Jun 08 14:36:19 breadbox.penurio.us systemd-udevd[328]: no db file to read /run/udev/data/+acpi:device:7f: No such file or directory
Jun 08 14:36:19 breadbox.penurio.us systemd-udevd[327]: passed 173 bytes to netlink monitor 0x7fa12cca02f0
Jun 08 14:36:19 breadbox.penurio.us systemd-udevd[330]: seq 2693 running
Jun 08 14:36:19 breadbox.penurio.us systemd-udevd[329]: no db file to read /run/udev/data/+acpi:device:80: No such file or directory
Jun 08 14:36:19 breadbox.penurio.us systemd-udevd[329]: no db file to read /run/udev/data/+acpi:device:7e: No such file or directory
Jun 08 14:36:19 breadbox.penurio.us systemd-udevd[327]: passed 173 bytes to netlink monitor 0x7fa12cca02f0
Jun 08 14:36:19 breadbox.penurio.us systemd-udevd[331]: seq 2694 running
Jun 08 14:36:19 breadbox.penurio.us systemd-udevd[330]: no db file to read /run/udev/data/+acpi:device:81: No such file or directory
Jun 08 14:36:19 breadbox.penurio.us systemd-udevd[328]: no db file to read /run/udev/data/+acpi:device:7e: No such file or directory
Jun 08 14:36:19 breadbox.penurio.us systemd-udevd[329]: passed unknown number of bytes to netlink monitor 0x7fa12ccb2a70
Jun 08 14:36:19 breadbox.penurio.us systemd-udevd[327]: passed 173 bytes to netlink monitor 0x7fa12cca02f0
Jun 08 14:36:19 breadbox.penurio.us systemd-udevd[333]: seq 2695 running
Jun 08 14:36:19 breadbox.penurio.us systemd-udevd[331]: no db file to read /run/udev/data/+acpi:device:82: No such file or directory
Jun 08 14:36:19 breadbox.penurio.us systemd-udevd[330]: no db file to read /run/udev/data/+acpi:device:7e: No such file or directory
Jun 08 14:36:19 breadbox.penurio.us systemd-udevd[328]: passed unknown number of bytes to netlink monitor 0x7fa12ccb0ff0
Jun 08 14:36:19 breadbox.penurio.us systemd-udevd[329]: seq 2692 processed with 0
Jun 08 14:36:19 breadbox.penurio.us systemd-udevd[327]: seq 2696 queued, 'add' 'acpi'
Jun 08 14:36:19 breadbox.penurio.us systemd-udevd[333]: no db file to read /run/udev/data/+acpi:device:83: No such file or directory
Jun 08 14:36:19 breadbox.penurio.us systemd-udevd[331]: no db file to read /run/udev/data/+acpi:device:7e: No such file or directory
Jun 08 14:36:19 breadbox.penurio.us systemd-udevd[330]: passed unknown number of bytes to netlink monitor 0x7fa12ccb51c0
Jun 08 14:36:19 breadbox.penurio.us systemd-udevd[328]: seq 2691 processed with 0
Jun 08 14:36:19 breadbox.penurio.us systemd-udevd[327]: passed 173 bytes to netlink monitor 0x7fa12cca02f0
Jun 08 14:36:19 breadbox.penurio.us systemd-udevd[329]: seq 2696 running
Jun 08 14:36:19 breadbox.penurio.us systemd-udevd[333]: no db file to read /run/udev/data/+acpi:device:7e: No such file or directory
Jun 08 14:36:19 breadbox.penurio.us systemd-udevd[331]: passed unknown number of bytes to netlink monitor 0x7fa12ccb57b0
Jun 08 14:36:19 breadbox.penurio.us systemd-udevd[330]: seq 2693 processed with 0
Jun 08 14:36:19 breadbox.penurio.us systemd-udevd[327]: seq 2697 queued, 'add' 'acpi'
Jun 08 14:36:19 breadbox.penurio.us systemd-udevd[329]: no db file to read /run/udev/data/+acpi:device:84: No such file or directory
Jun 08 14:36:19 breadbox.penurio.us systemd-udevd[333]: passed unknown number of bytes to netlink monitor 0x7fa12cca4550
Jun 08 14:36:19 breadbox.penurio.us systemd-udevd[331]: seq 2694 processed with 0
Jun 08 14:36:19 breadbox.penurio.us systemd-udevd[327]: passed 173 bytes to netlink monitor 0x7fa12cca02f0
Jun 08 14:36:19 breadbox.penurio.us systemd-udevd[328]: seq 2697 running
Jun 08 14:36:19 breadbox.penurio.us systemd-udevd[329]: no db file to read /run/udev/data/+acpi:device:7e: No such file or directory
Jun 08 14:36:19 breadbox.penurio.us systemd-udevd[333]: seq 2695 processed with 0
Jun 08 14:36:19 breadbox.penurio.us kernel: dca service started, version 1.12.1
Jun 08 14:36:19 breadbox.penurio.us kernel: pps_core: LinuxPPS API ver. 1 registered
Jun 08 14:36:19 breadbox.penurio.us systemd-udevd[327]: seq 2698 queued, 'add' 'acpi'
Jun 08 14:36:19 breadbox.penurio.us systemd-udevd[328]: no db file to read /run/udev/data/+acpi:device:85: No such file or directory
Jun 08 14:36:19 breadbox.penurio.us systemd-udevd[329]: passed unknown number of bytes to netlink monitor 0x7fa12ccb2a70
Jun 08 14:36:19 breadbox.penurio.us systemd-udevd[327]: passed 173 bytes to netlink monitor 0x7fa12cca02f0
Jun 08 14:36:19 breadbox.penurio.us systemd-udevd[330]: seq 2698 running
Jun 08 14:36:19 breadbox.penurio.us systemd-udevd[328]: no db file to read /run/udev/data/+acpi:device:7e: No such file or directory
Jun 08 14:36:19 breadbox.penurio.us systemd-udevd[329]: seq 2696 processed with 0
Jun 08 14:36:19 breadbox.penurio.us systemd-udevd[327]: seq 2699 queued, 'add' 'acpi'
Jun 08 14:36:19 breadbox.penurio.us systemd-udevd[330]: no db file to read /run/udev/data/+acpi:device:86: No such file or directory
Jun 08 14:36:19 breadbox.penurio.us systemd-udevd[328]: passed unknown number of bytes to netlink monitor 0x7fa12ccb0ff0
Jun 08 14:36:19 breadbox.penurio.us systemd-udevd[327]: passed 163 bytes to netlink monitor 0x7fa12cca02f0
Jun 08 14:36:19 breadbox.penurio.us systemd-udevd[329]: seq 2699 running
Jun 08 14:36:19 breadbox.penurio.us kernel: pps_core: Software ver. 5.3.6 - Copyright 2005-2007 Rodolfo Giometti
Jun 08 14:36:19 breadbox.penurio.us systemd-udevd[330]: no db file to read /run/udev/data/+acpi:device:7e: No such file or directory
Jun 08 14:36:19 breadbox.penurio.us systemd-udevd[328]: seq 2697 processed with 0
Jun 08 14:36:19 breadbox.penurio.us systemd-udevd[327]: seq 2700 queued, 'add' 'acpi'
Jun 08 14:36:19 breadbox.penurio.us systemd-udevd[329]: no db file to read /run/udev/data/+acpi:device:87: No such file or directory
Jun 08 14:36:19 breadbox.penurio.us systemd-udevd[330]: passed unknown number of bytes to netlink monitor 0x7fa12ccb51c0
Jun 08 14:36:19 breadbox.penurio.us systemd-udevd[327]: seq 2701 queued, 'add' 'acpi'
Jun 08 14:36:19 breadbox.penurio.us systemd-udevd[329]: no db file to read /run/udev/data/+acpi:PNP0A08:00: No such file or directory
Jun 08 14:36:19 breadbox.penurio.us systemd-udevd[330]: seq 2698 processed with 0
Jun 08 14:36:19 breadbox.penurio.us systemd-udevd[327]: seq 2702 queued, 'add' 'acpi'
Jun 08 14:36:19 breadbox.penurio.us systemd-udevd[329]: passed unknown number of bytes to netlink monitor 0x7fa12ccb2a70
Jun 08 14:36:19 breadbox.penurio.us kernel: PTP clock support registered
Jun 08 14:36:19 breadbox.penurio.us systemd-udevd[327]: seq 2703 queued, 'add' 'acpi'
Jun 08 14:36:19 breadbox.penurio.us systemd-udevd[329]: seq 2699 processed with 0
Jun 08 14:36:19 breadbox.penurio.us systemd-udevd[327]: seq 2704 queued, 'add' 'acpi'
Jun 08 14:36:19 breadbox.penurio.us systemd-udevd[327]: passed 173 bytes to netlink monitor 0x7fa12cca02f0
Jun 08 14:36:19 breadbox.penurio.us systemd-udevd[328]: seq 2700 running
Jun 08 14:36:19 breadbox.penurio.us systemd-udevd[327]: passed 173 bytes to netlink monitor 0x7fa12cca02f0
Jun 08 14:36:19 breadbox.penurio.us systemd-udevd[329]: seq 2701 running
Jun 08 14:36:19 breadbox.penurio.us systemd-udevd[328]: no db file to read /run/udev/data/+acpi:device:88: No such file or directory
Jun 08 14:36:19 breadbox.penurio.us systemd-udevd[327]: passed 173 bytes to netlink monitor 0x7fa12cca02f0
Jun 08 14:36:19 breadbox.penurio.us systemd-udevd[330]: seq 2702 running
Jun 08 14:36:19 breadbox.penurio.us systemd-udevd[329]: no db file to read /run/udev/data/+acpi:device:89: No such file or directory
Jun 08 14:36:19 breadbox.penurio.us systemd-udevd[328]: no db file to read /run/udev/data/+acpi:device:87: No such file or directory
Jun 08 14:36:19 breadbox.penurio.us systemd-udevd[327]: passed 173 bytes to netlink monitor 0x7fa12cca02f0
Jun 08 14:36:19 breadbox.penurio.us systemd-udevd[331]: seq 2703 running
Jun 08 14:36:19 breadbox.penurio.us systemd-udevd[330]: no db file to read /run/udev/data/+acpi:device:8a: No such file or directory
Jun 08 14:36:19 breadbox.penurio.us systemd-udevd[329]: no db file to read /run/udev/data/+acpi:device:87: No such file or directory
Jun 08 14:36:19 breadbox.penurio.us systemd-udevd[328]: passed unknown number of bytes to netlink monitor 0x7fa12ccb0ff0
Jun 08 14:36:19 breadbox.penurio.us systemd-udevd[327]: passed 173 bytes to netlink monitor 0x7fa12cca02f0
Jun 08 14:36:19 breadbox.penurio.us systemd-udevd[333]: seq 2704 running
Jun 08 14:36:19 breadbox.penurio.us systemd-udevd[331]: no db file to read /run/udev/data/+acpi:device:8b: No such file or directory
Jun 08 14:36:19 breadbox.penurio.us systemd-udevd[330]: no db file to read /run/udev/data/+acpi:device:87: No such file or directory
Jun 08 14:36:19 breadbox.penurio.us systemd-udevd[329]: passed unknown number of bytes to netlink monitor 0x7fa12ccb2a70
Jun 08 14:36:19 breadbox.penurio.us systemd-udevd[328]: seq 2700 processed with 0
Jun 08 14:36:19 breadbox.penurio.us systemd-udevd[327]: seq 2705 queued, 'add' 'acpi'
Jun 08 14:36:19 breadbox.penurio.us systemd-udevd[333]: no db file to read /run/udev/data/+acpi:device:8c: No such file or directory
Jun 08 14:36:19 breadbox.penurio.us systemd-udevd[331]: no db file to read /run/udev/data/+acpi:device:87: No such file or directory
Jun 08 14:36:19 breadbox.penurio.us systemd-udevd[330]: passed unknown number of bytes to netlink monitor 0x7fa12ccb51c0
Jun 08 14:36:19 breadbox.penurio.us systemd-udevd[329]: seq 2701 processed with 0
Jun 08 14:36:19 breadbox.penurio.us systemd-udevd[327]: passed 173 bytes to netlink monitor 0x7fa12cca02f0
Jun 08 14:36:19 breadbox.penurio.us systemd-udevd[328]: seq 2705 running
Jun 08 14:36:19 breadbox.penurio.us systemd-udevd[333]: no db file to read /run/udev/data/+acpi:device:87: No such file or directory
Jun 08 14:36:19 breadbox.penurio.us systemd-udevd[331]: passed unknown number of bytes to netlink monitor 0x7fa12ccb57b0
Jun 08 14:36:19 breadbox.penurio.us systemd-udevd[330]: seq 2702 processed with 0
Jun 08 14:36:19 breadbox.penurio.us systemd-udevd[327]: seq 2706 queued, 'add' 'acpi'
Jun 08 14:36:19 breadbox.penurio.us systemd-udevd[328]: no db file to read /run/udev/data/+acpi:device:8d: No such file or directory
Jun 08 14:36:19 breadbox.penurio.us systemd-udevd[333]: passed unknown number of bytes to netlink monitor 0x7fa12cca4550
Jun 08 14:36:19 breadbox.penurio.us systemd-udevd[331]: seq 2703 processed with 0
Jun 08 14:36:19 breadbox.penurio.us systemd-udevd[327]: passed 173 bytes to netlink monitor 0x7fa12cca02f0
Jun 08 14:36:19 breadbox.penurio.us systemd-udevd[329]: seq 2706 running
Jun 08 14:36:19 breadbox.penurio.us systemd-udevd[328]: no db file to read /run/udev/data/+acpi:device:87: No such file or directory
Jun 08 14:36:19 breadbox.penurio.us kernel: ixgbe: Intel(R) 10 Gigabit PCI Express Network Driver - version 4.4.0-k-rh7.3
Jun 08 14:36:19 breadbox.penurio.us kernel: ixgbe: Copyright (c) 1999-2016 Intel Corporation.
Jun 08 14:36:19 breadbox.penurio.us kernel: ACPI Warning: \_SB_.PCI0.BR2C._PRT: Return Package has no elements (empty) (20130517/nsprepkg-126)
Jun 08 14:36:19 breadbox.penurio.us systemd-udevd[333]: seq 2704 processed with 0
Jun 08 14:36:19 breadbox.penurio.us systemd-udevd[327]: seq 2707 queued, 'add' 'acpi'
Jun 08 14:36:19 breadbox.penurio.us systemd-udevd[329]: no db file to read /run/udev/data/+acpi:device:8e: No such file or directory
Jun 08 14:36:19 breadbox.penurio.us systemd-udevd[328]: passed unknown number of bytes to netlink monitor 0x7fa12ccb0ff0
Jun 08 14:36:19 breadbox.penurio.us systemd-udevd[327]: passed 173 bytes to netlink monitor 0x7fa12cca02f0
Jun 08 14:36:19 breadbox.penurio.us systemd-udevd[330]: seq 2707 running
Jun 08 14:36:19 breadbox.penurio.us systemd-udevd[329]: no db file to read /run/udev/data/+acpi:device:87: No such file or directory
Jun 08 14:36:19 breadbox.penurio.us systemd-udevd[328]: seq 2705 processed with 0
Jun 08 14:36:19 breadbox.penurio.us systemd-udevd[327]: seq 2708 queued, 'add' 'acpi'
Jun 08 14:36:19 breadbox.penurio.us systemd-udevd[330]: no db file to read /run/udev/data/+acpi:device:8f: No such file or directory
Jun 08 14:36:19 breadbox.penurio.us kernel: pmd_set_huge: Cannot satisfy [mem 0xf9a00000-0xf9c00000] with a huge-page mapping due to MTRR override.
Jun 08 14:36:19 breadbox.penurio.us systemd-udevd[329]: passed unknown number of bytes to netlink monitor 0x7fa12ccb2a70
Jun 08 14:36:19 breadbox.penurio.us systemd-udevd[327]: passed 163 bytes to netlink monitor 0x7fa12cca02f0
Jun 08 14:36:19 breadbox.penurio.us systemd-udevd[328]: seq 2708 running
Jun 08 14:36:19 breadbox.penurio.us systemd-udevd[330]: no db file to read /run/udev/data/+acpi:device:87: No such file or directory
Jun 08 14:36:19 breadbox.penurio.us systemd-udevd[329]: seq 2706 processed with 0
Jun 08 14:36:19 breadbox.penurio.us systemd-udevd[327]: seq 2709 queued, 'add' 'acpi'
Jun 08 14:36:19 breadbox.penurio.us systemd-udevd[328]: no db file to read /run/udev/data/+acpi:device:90: No such file or directory
Jun 08 14:36:19 breadbox.penurio.us systemd-udevd[330]: passed unknown number of bytes to netlink monitor 0x7fa12ccb51c0
Jun 08 14:36:19 breadbox.penurio.us systemd-udevd[327]: passed 163 bytes to netlink monitor 0x7fa12cca02f0
Jun 08 14:36:19 breadbox.penurio.us systemd-udevd[329]: seq 2709 running
Jun 08 14:36:19 breadbox.penurio.us systemd-udevd[328]: no db file to read /run/udev/data/+acpi:PNP0A08:00: No such file or directory
Jun 08 14:36:19 breadbox.penurio.us systemd-udevd[330]: seq 2707 processed with 0
Jun 08 14:36:19 breadbox.penurio.us systemd-udevd[327]: seq 2710 queued, 'add' 'acpi'
Jun 08 14:36:19 breadbox.penurio.us systemd-udevd[329]: no db file to read /run/udev/data/+acpi:device:91: No such file or directory
Jun 08 14:36:19 breadbox.penurio.us systemd-udevd[328]: passed unknown number of bytes to netlink monitor 0x7fa12ccb0ff0
Jun 08 14:36:19 breadbox.penurio.us systemd-udevd[327]: passed 163 bytes to netlink monitor 0x7fa12cca02f0
Jun 08 14:36:19 breadbox.penurio.us systemd-udevd[330]: seq 2710 running
Jun 08 14:36:19 breadbox.penurio.us systemd-udevd[329]: no db file to read /run/udev/data/+acpi:PNP0A08:00: No such file or directory
Jun 08 14:36:19 breadbox.penurio.us systemd-udevd[328]: seq 2708 processed with 0
Jun 08 14:36:19 breadbox.penurio.us systemd-udevd[327]: seq 2711 queued, 'add' 'acpi'
Jun 08 14:36:19 breadbox.penurio.us systemd-udevd[330]: no db file to read /run/udev/data/+acpi:device:92: No such file or directory
Jun 08 14:36:19 breadbox.penurio.us systemd-udevd[329]: passed unknown number of bytes to netlink monitor 0x7fa12ccb2a70
Jun 08 14:36:19 breadbox.penurio.us systemd-udevd[327]: passed 163 bytes to netlink monitor 0x7fa12cca02f0
Jun 08 14:36:19 breadbox.penurio.us systemd-udevd[328]: seq 2711 running
Jun 08 14:36:19 breadbox.penurio.us systemd-udevd[330]: no db file to read /run/udev/data/+acpi:PNP0A08:00: No such file or directory
Jun 08 14:36:19 breadbox.penurio.us systemd-udevd[329]: seq 2709 processed with 0
Jun 08 14:36:19 breadbox.penurio.us systemd-udevd[327]: seq 2712 queued, 'add' 'acpi'
Jun 08 14:36:19 breadbox.penurio.us systemd-udevd[328]: no db file to read /run/udev/data/+acpi:device:93: No such file or directory
Jun 08 14:36:19 breadbox.penurio.us systemd-udevd[330]: passed unknown number of bytes to netlink monitor 0x7fa12ccb51c0
Jun 08 14:36:19 breadbox.penurio.us systemd-udevd[327]: passed 163 bytes to netlink monitor 0x7fa12cca02f0
Jun 08 14:36:19 breadbox.penurio.us systemd-udevd[329]: seq 2712 running
Jun 08 14:36:19 breadbox.penurio.us systemd-udevd[328]: no db file to read /run/udev/data/+acpi:PNP0A08:00: No such file or directory
Jun 08 14:36:19 breadbox.penurio.us systemd-udevd[330]: seq 2710 processed with 0
Jun 08 14:36:19 breadbox.penurio.us systemd-udevd[327]: seq 2713 queued, 'add' 'acpi'
Jun 08 14:36:19 breadbox.penurio.us systemd-udevd[329]: no db file to read /run/udev/data/+acpi:device:94: No such file or directory
Jun 08 14:36:19 breadbox.penurio.us systemd-udevd[328]: passed unknown number of bytes to netlink monitor 0x7fa12ccb0ff0
Jun 08 14:36:19 breadbox.penurio.us systemd-udevd[327]: passed 163 bytes to netlink monitor 0x7fa12cca02f0
Jun 08 14:36:19 breadbox.penurio.us systemd-udevd[330]: seq 2713 running
Jun 08 14:36:19 breadbox.penurio.us systemd-udevd[329]: no db file to read /run/udev/data/+acpi:PNP0A08:00: No such file or directory
Jun 08 14:36:19 breadbox.penurio.us systemd-udevd[328]: seq 2711 processed with 0
Jun 08 14:36:19 breadbox.penurio.us systemd-udevd[327]: seq 2714 queued, 'add' 'acpi'
Jun 08 14:36:19 breadbox.penurio.us systemd-udevd[330]: no db file to read /run/udev/data/+acpi:device:95: No such file or directory
Jun 08 14:36:19 breadbox.penurio.us systemd-udevd[329]: passed unknown number of bytes to netlink monitor 0x7fa12ccb2a70
Jun 08 14:36:19 breadbox.penurio.us systemd-udevd[327]: passed 163 bytes to netlink monitor 0x7fa12cca02f0
Jun 08 14:36:19 breadbox.penurio.us systemd-udevd[328]: seq 2714 running
Jun 08 14:36:19 breadbox.penurio.us systemd-udevd[330]: no db file to read /run/udev/data/+acpi:PNP0A08:00: No such file or directory
Jun 08 14:36:19 breadbox.penurio.us systemd-udevd[329]: seq 2712 processed with 0
Jun 08 14:36:19 breadbox.penurio.us systemd-udevd[327]: seq 2715 queued, 'add' 'acpi'
Jun 08 14:36:19 breadbox.penurio.us systemd-udevd[328]: no db file to read /run/udev/data/+acpi:device:96: No such file or directory
Jun 08 14:36:19 breadbox.penurio.us systemd-udevd[330]: passed unknown number of bytes to netlink monitor 0x7fa12ccb51c0
Jun 08 14:36:19 breadbox.penurio.us systemd-udevd[327]: passed 163 bytes to netlink monitor 0x7fa12cca02f0
Jun 08 14:36:19 breadbox.penurio.us systemd-udevd[329]: seq 2715 running
Jun 08 14:36:19 breadbox.penurio.us systemd-udevd[328]: no db file to read /run/udev/data/+acpi:PNP0A08:00: No such file or directory
Jun 08 14:36:19 breadbox.penurio.us systemd-udevd[330]: seq 2713 processed with 0
Jun 08 14:36:19 breadbox.penurio.us systemd-udevd[327]: seq 2716 queued, 'add' 'acpi'
Jun 08 14:36:19 breadbox.penurio.us systemd-udevd[329]: no db file to read /run/udev/data/+acpi:device:97: No such file or directory
Jun 08 14:36:19 breadbox.penurio.us systemd-udevd[328]: passed unknown number of bytes to netlink monitor 0x7fa12ccb0ff0
Jun 08 14:36:19 breadbox.penurio.us systemd-udevd[327]: passed 163 bytes to netlink monitor 0x7fa12cca02f0
Jun 08 14:36:19 breadbox.penurio.us systemd-udevd[330]: seq 2716 running
Jun 08 14:36:19 breadbox.penurio.us systemd-udevd[329]: no db file to read /run/udev/data/+acpi:PNP0A08:00: No such file or directory
Jun 08 14:36:19 breadbox.penurio.us systemd-udevd[328]: seq 2714 processed with 0
Jun 08 14:36:19 breadbox.penurio.us systemd-udevd[327]: seq 2717 queued, 'add' 'acpi'
Jun 08 14:36:19 breadbox.penurio.us systemd-udevd[330]: no db file to read /run/udev/data/+acpi:device:98: No such file or directory
Jun 08 14:36:19 breadbox.penurio.us systemd-udevd[329]: passed unknown number of bytes to netlink monitor 0x7fa12ccb2a70
Jun 08 14:36:19 breadbox.penurio.us systemd-udevd[327]: passed 190 bytes to netlink monitor 0x7fa12cca02f0
Jun 08 14:36:19 breadbox.penurio.us systemd-udevd[328]: seq 2717 running
Jun 08 14:36:19 breadbox.penurio.us systemd-udevd[330]: no db file to read /run/udev/data/+acpi:PNP0A08:00: No such file or directory
Jun 08 14:36:19 breadbox.penurio.us systemd-udevd[329]: seq 2715 processed with 0
Jun 08 14:36:19 breadbox.penurio.us systemd-udevd[327]: seq 2718 queued, 'add' 'input'
Jun 08 14:36:19 breadbox.penurio.us systemd-udevd[328]: no db file to read /run/udev/data/+acpi:PNP0C0C:00: No such file or directory
Jun 08 14:36:19 breadbox.penurio.us systemd-udevd[330]: passed unknown number of bytes to netlink monitor 0x7fa12ccb51c0
Jun 08 14:36:19 breadbox.penurio.us systemd-udevd[327]: seq 2719 queued, 'add' 'input'
Jun 08 14:36:19 breadbox.penurio.us systemd-udevd[328]: IMPORT builtin 'hwdb' /usr/lib/udev/rules.d/50-udev-default.rules:11
Jun 08 14:36:19 breadbox.penurio.us systemd-udevd[330]: seq 2716 processed with 0
Jun 08 14:36:19 breadbox.penurio.us systemd-udevd[327]: seq 2720 queued, 'add' 'acpi'
Jun 08 14:36:19 breadbox.penurio.us systemd-udevd[328]: IMPORT builtin 'hwdb' returned non-zero
Jun 08 14:36:19 breadbox.penurio.us systemd-udevd[327]: passed 176 bytes to netlink monitor 0x7fa12cca02f0
Jun 08 14:36:19 breadbox.penurio.us systemd-udevd[329]: seq 2720 running
Jun 08 14:36:19 breadbox.penurio.us systemd-udevd[328]: no db file to read /run/udev/data/+acpi:device:00: No such file or directory
Jun 08 14:36:19 breadbox.penurio.us systemd-udevd[327]: seq 2721 queued, 'add' 'acpi'
Jun 08 14:36:19 breadbox.penurio.us systemd-udevd[329]: no db file to read /run/udev/data/+acpi:PNP0C0F:00: No such file or directory
Jun 08 14:36:19 breadbox.penurio.us systemd-udevd[328]: RUN 'kmod load $env{MODALIAS}' /usr/lib/udev/rules.d/80-drivers.rules:5
Jun 08 14:36:19 breadbox.penurio.us systemd-udevd[327]: passed 176 bytes to netlink monitor 0x7fa12cca02f0
Jun 08 14:36:19 breadbox.penurio.us systemd-udevd[330]: seq 2721 running
Jun 08 14:36:19 breadbox.penurio.us systemd-udevd[329]: IMPORT builtin 'hwdb' /usr/lib/udev/rules.d/50-udev-default.rules:11
Jun 08 14:36:19 breadbox.penurio.us systemd-udevd[328]: Execute 'load' 'acpi:PNP0C0C:'
Jun 08 14:36:19 breadbox.penurio.us systemd-udevd[327]: seq 2722 queued, 'add' 'acpi'
Jun 08 14:36:19 breadbox.penurio.us systemd-udevd[330]: no db file to read /run/udev/data/+acpi:PNP0C0F:01: No such file or directory
Jun 08 14:36:19 breadbox.penurio.us systemd-udevd[329]: IMPORT builtin 'hwdb' returned non-zero
Jun 08 14:36:19 breadbox.penurio.us systemd-udevd[328]: No module matches 'acpi:PNP0C0C:'
Jun 08 14:36:19 breadbox.penurio.us systemd-udevd[327]: passed 176 bytes to netlink monitor 0x7fa12cca02f0
Jun 08 14:36:19 breadbox.penurio.us systemd-udevd[331]: seq 2722 running
Jun 08 14:36:19 breadbox.penurio.us systemd-udevd[330]: IMPORT builtin 'hwdb' /usr/lib/udev/rules.d/50-udev-default.rules:11
Jun 08 14:36:19 breadbox.penurio.us systemd-udevd[329]: no db file to read /run/udev/data/+acpi:device:00: No such file or directory
Jun 08 14:36:19 breadbox.penurio.us systemd-udevd[328]: passed unknown number of bytes to netlink monitor 0x7fa12ccb0ff0
Jun 08 14:36:19 breadbox.penurio.us systemd-udevd[327]: seq 2723 queued, 'add' 'acpi'
Jun 08 14:36:19 breadbox.penurio.us systemd-udevd[331]: no db file to read /run/udev/data/+acpi:PNP0C0F:02: No such file or directory
Jun 08 14:36:19 breadbox.penurio.us systemd-udevd[330]: IMPORT builtin 'hwdb' returned non-zero
Jun 08 14:36:19 breadbox.penurio.us systemd-udevd[329]: RUN 'kmod load $env{MODALIAS}' /usr/lib/udev/rules.d/80-drivers.rules:5
Jun 08 14:36:19 breadbox.penurio.us systemd-udevd[328]: seq 2717 processed with 0
Jun 08 14:36:19 breadbox.penurio.us systemd-udevd[327]: passed 176 bytes to netlink monitor 0x7fa12cca02f0
Jun 08 14:36:19 breadbox.penurio.us systemd-udevd[333]: seq 2723 running
Jun 08 14:36:19 breadbox.penurio.us systemd-udevd[331]: IMPORT builtin 'hwdb' /usr/lib/udev/rules.d/50-udev-default.rules:11
Jun 08 14:36:19 breadbox.penurio.us systemd-udevd[330]: no db file to read /run/udev/data/+acpi:device:00: No such file or directory
Jun 08 14:36:19 breadbox.penurio.us systemd-udevd[329]: Execute 'load' 'acpi:PNP0C0F:'
Jun 08 14:36:19 breadbox.penurio.us systemd-udevd[327]: seq 2724 queued, 'add' 'acpi'
Jun 08 14:36:19 breadbox.penurio.us systemd-udevd[333]: no db file to read /run/udev/data/+acpi:PNP0C0F:03: No such file or directory
Jun 08 14:36:19 breadbox.penurio.us systemd-udevd[331]: IMPORT builtin 'hwdb' returned non-zero
Jun 08 14:36:19 breadbox.penurio.us systemd-udevd[330]: RUN 'kmod load $env{MODALIAS}' /usr/lib/udev/rules.d/80-drivers.rules:5
Jun 08 14:36:19 breadbox.penurio.us systemd-udevd[329]: No module matches 'acpi:PNP0C0F:'
Jun 08 14:36:19 breadbox.penurio.us systemd-udevd[327]: passed 319 bytes to netlink monitor 0x7fa12cca02f0
Jun 08 14:36:19 breadbox.penurio.us systemd-udevd[328]: seq 2718 running
Jun 08 14:36:19 breadbox.penurio.us systemd-udevd[333]: IMPORT builtin 'hwdb' /usr/lib/udev/rules.d/50-udev-default.rules:11
Jun 08 14:36:19 breadbox.penurio.us systemd-udevd[331]: no db file to read /run/udev/data/+acpi:device:00: No such file or directory
Jun 08 14:36:19 breadbox.penurio.us systemd-udevd[330]: Execute 'load' 'acpi:PNP0C0F:'
Jun 08 14:36:19 breadbox.penurio.us systemd-udevd[329]: passed unknown number of bytes to netlink monitor 0x7fa12ccb2a70
Jun 08 14:36:19 breadbox.penurio.us systemd-udevd[327]: passed 176 bytes to netlink monitor 0x7fa12cca02f0
Jun 08 14:36:19 breadbox.penurio.us systemd-udevd[334]: seq 2724 running
Jun 08 14:36:19 breadbox.penurio.us systemd-udevd[328]: no db file to read /run/udev/data/+input:input0: No such file or directory
Jun 08 14:36:19 breadbox.penurio.us systemd-udevd[333]: IMPORT builtin 'hwdb' returned non-zero
Jun 08 14:36:19 breadbox.penurio.us systemd-udevd[331]: RUN 'kmod load $env{MODALIAS}' /usr/lib/udev/rules.d/80-drivers.rules:5
Jun 08 14:36:19 breadbox.penurio.us systemd-udevd[330]: No module matches 'acpi:PNP0C0F:'
Jun 08 14:36:19 breadbox.penurio.us systemd-udevd[329]: seq 2720 processed with 0
Jun 08 14:36:19 breadbox.penurio.us systemd-udevd[327]: seq 2725 queued, 'add' 'acpi'
Jun 08 14:36:19 breadbox.penurio.us systemd-udevd[334]: no db file to read /run/udev/data/+acpi:PNP0C0F:04: No such file or directory
Jun 08 14:36:19 breadbox.penurio.us systemd-udevd[328]: IMPORT builtin 'input_id' /usr/lib/udev/rules.d/50-udev-default.rules:10
Jun 08 14:36:19 breadbox.penurio.us systemd-udevd[333]: no db file to read /run/udev/data/+acpi:device:00: No such file or directory
Jun 08 14:36:19 breadbox.penurio.us systemd-udevd[331]: Execute 'load' 'acpi:PNP0C0F:'
Jun 08 14:36:19 breadbox.penurio.us systemd-udevd[330]: passed unknown number of bytes to netlink monitor 0x7fa12ccb51c0
Jun 08 14:36:19 breadbox.penurio.us systemd-udevd[327]: passed 176 bytes to netlink monitor 0x7fa12cca02f0
Jun 08 14:36:19 breadbox.penurio.us systemd-udevd[329]: seq 2725 running
Jun 08 14:36:19 breadbox.penurio.us systemd-udevd[334]: IMPORT builtin 'hwdb' /usr/lib/udev/rules.d/50-udev-default.rules:11
Jun 08 14:36:19 breadbox.penurio.us systemd-udevd[328]: capabilities/ev raw kernel attribute: 3
Jun 08 14:36:19 breadbox.penurio.us systemd-udevd[333]: RUN 'kmod load $env{MODALIAS}' /usr/lib/udev/rules.d/80-drivers.rules:5
Jun 08 14:36:19 breadbox.penurio.us systemd-udevd[331]: No module matches 'acpi:PNP0C0F:'
Jun 08 14:36:19 breadbox.penurio.us systemd-udevd[330]: seq 2721 processed with 0
Jun 08 14:36:19 breadbox.penurio.us systemd-udevd[327]: seq 2726 queued, 'add' 'acpi'
Jun 08 14:36:19 breadbox.penurio.us systemd-udevd[329]: no db file to read /run/udev/data/+acpi:PNP0C0F:05: No such file or directory
Jun 08 14:36:19 breadbox.penurio.us systemd-udevd[334]: IMPORT builtin 'hwdb' returned non-zero
Jun 08 14:36:19 breadbox.penurio.us systemd-udevd[328]: capabilities/abs raw kernel attribute: 0
Jun 08 14:36:19 breadbox.penurio.us systemd-udevd[333]: Execute 'load' 'acpi:PNP0C0F:'
Jun 08 14:36:19 breadbox.penurio.us systemd-udevd[331]: passed unknown number of bytes to netlink monitor 0x7fa12ccb57b0
Jun 08 14:36:19 breadbox.penurio.us systemd-udevd[327]: passed 176 bytes to netlink monitor 0x7fa12cca02f0
Jun 08 14:36:19 breadbox.penurio.us systemd-udevd[330]: seq 2726 running
Jun 08 14:36:19 breadbox.penurio.us systemd-udevd[329]: IMPORT builtin 'hwdb' /usr/lib/udev/rules.d/50-udev-default.rules:11
Jun 08 14:36:19 breadbox.penurio.us systemd-udevd[334]: no db file to read /run/udev/data/+acpi:device:00: No such file or directory
Jun 08 14:36:19 breadbox.penurio.us systemd-udevd[328]: capabilities/rel raw kernel attribute: 0
Jun 08 14:36:19 breadbox.penurio.us systemd-udevd[333]: No module matches 'acpi:PNP0C0F:'
Jun 08 14:36:19 breadbox.penurio.us systemd-udevd[331]: seq 2722 processed with 0
Jun 08 14:36:19 breadbox.penurio.us systemd-udevd[327]: seq 2727 queued, 'add' 'acpi'
Jun 08 14:36:19 breadbox.penurio.us systemd-udevd[330]: no db file to read /run/udev/data/+acpi:PNP0C0F:06: No such file or directory
Jun 08 14:36:19 breadbox.penurio.us systemd-udevd[329]: IMPORT builtin 'hwdb' returned non-zero
Jun 08 14:36:19 breadbox.penurio.us systemd-udevd[334]: RUN 'kmod load $env{MODALIAS}' /usr/lib/udev/rules.d/80-drivers.rules:5
Jun 08 14:36:19 breadbox.penurio.us systemd-udevd[328]: capabilities/key raw kernel attribute: 10000000000000 0
Jun 08 14:36:19 breadbox.penurio.us systemd-udevd[333]: passed unknown number of bytes to netlink monitor 0x7fa12cca4550
Jun 08 14:36:19 breadbox.penurio.us systemd-udevd[327]: passed 176 bytes to netlink monitor 0x7fa12cca02f0
Jun 08 14:36:19 breadbox.penurio.us systemd-udevd[331]: seq 2727 running
Jun 08 14:36:19 breadbox.penurio.us systemd-udevd[330]: IMPORT builtin 'hwdb' /usr/lib/udev/rules.d/50-udev-default.rules:11
Jun 08 14:36:19 breadbox.penurio.us systemd-udevd[329]: no db file to read /run/udev/data/+acpi:device:00: No such file or directory
Jun 08 14:36:19 breadbox.penurio.us systemd-udevd[334]: Execute 'load' 'acpi:PNP0C0F:'
Jun 08 14:36:19 breadbox.penurio.us systemd-udevd[328]: test_key: checking bit block 0 for any keys; found=0
Jun 08 14:36:19 breadbox.penurio.us systemd-udevd[333]: seq 2723 processed with 0
Jun 08 14:36:19 breadbox.penurio.us systemd-udevd[327]: seq 2728 queued, 'add' 'acpi'
Jun 08 14:36:19 breadbox.penurio.us systemd-udevd[331]: no db file to read /run/udev/data/+acpi:PNP0C0F:07: No such file or directory
Jun 08 14:36:19 breadbox.penurio.us systemd-udevd[330]: IMPORT builtin 'hwdb' returned non-zero
Jun 08 14:36:19 breadbox.penurio.us systemd-udevd[329]: RUN 'kmod load $env{MODALIAS}' /usr/lib/udev/rules.d/80-drivers.rules:5
Jun 08 14:36:19 breadbox.penurio.us systemd-udevd[334]: No module matches 'acpi:PNP0C0F:'
Jun 08 14:36:19 breadbox.penurio.us systemd-udevd[328]: test_key: checking bit block 64 for any keys; found=1
Jun 08 14:36:19 breadbox.penurio.us systemd-udevd[327]: passed 176 bytes to netlink monitor 0x7fa12cca02f0
Jun 08 14:36:19 breadbox.penurio.us systemd-udevd[333]: seq 2728 running
Jun 08 14:36:19 breadbox.penurio.us systemd-udevd[331]: IMPORT builtin 'hwdb' /usr/lib/udev/rules.d/50-udev-default.rules:11
Jun 08 14:36:19 breadbox.penurio.us systemd-udevd[330]: no db file to read /run/udev/data/+acpi:device:00: No such file or directory
Jun 08 14:36:19 breadbox.penurio.us systemd-udevd[329]: Execute 'load' 'acpi:PNP0C0F:'
Jun 08 14:36:19 breadbox.penurio.us systemd-udevd[334]: passed unknown number of bytes to netlink monitor 0x7fa12cca7a60
Jun 08 14:36:19 breadbox.penurio.us systemd-udevd[328]: test_key: checking bit block 128 for any keys; found=1
Jun 08 14:36:19 breadbox.penurio.us systemd-udevd[327]: seq 2729 queued, 'add' 'acpi'
Jun 08 14:36:19 breadbox.penurio.us systemd-udevd[333]: no db file to read /run/udev/data/+acpi:PNP0C14:00: No such file or directory
Jun 08 14:36:19 breadbox.penurio.us systemd-udevd[331]: IMPORT builtin 'hwdb' returned non-zero
Jun 08 14:36:19 breadbox.penurio.us systemd-udevd[330]: RUN 'kmod load $env{MODALIAS}' /usr/lib/udev/rules.d/80-drivers.rules:5
Jun 08 14:36:19 breadbox.penurio.us systemd-udevd[329]: No module matches 'acpi:PNP0C0F:'
Jun 08 14:36:19 breadbox.penurio.us systemd-udevd[334]: seq 2724 processed with 0
Jun 08 14:36:19 breadbox.penurio.us systemd-udevd[328]: test_key: checking bit block 192 for any keys; found=1
Jun 08 14:36:19 breadbox.penurio.us systemd-udevd[327]: passed 176 bytes to netlink monitor 0x7fa12cca02f0
Jun 08 14:36:19 breadbox.penurio.us systemd-udevd[335]: seq 2729 running
Jun 08 14:36:19 breadbox.penurio.us systemd-udevd[333]: IMPORT builtin 'hwdb' /usr/lib/udev/rules.d/50-udev-default.rules:11
Jun 08 14:36:19 breadbox.penurio.us systemd-udevd[331]: no db file to read /run/udev/data/+acpi:device:00: No such file or directory
Jun 08 14:36:19 breadbox.penurio.us systemd-udevd[330]: Execute 'load' 'acpi:PNP0C0F:'
Jun 08 14:36:19 breadbox.penurio.us systemd-udevd[329]: passed unknown number of bytes to netlink monitor 0x7fa12ccb2a70
Jun 08 14:36:19 breadbox.penurio.us systemd-udevd[328]: IMPORT builtin 'hwdb' /usr/lib/udev/rules.d/50-udev-default.rules:11
Jun 08 14:36:19 breadbox.penurio.us systemd-udevd[327]: seq 2730 queued, 'add' 'acpi'
Jun 08 14:36:19 breadbox.penurio.us systemd-udevd[335]: no db file to read /run/udev/data/+acpi:PNP0C31:00: No such file or directory
Jun 08 14:36:19 breadbox.penurio.us systemd-udevd[333]: IMPORT builtin 'hwdb' returned non-zero
Jun 08 14:36:19 breadbox.penurio.us systemd-udevd[331]: RUN 'kmod load $env{MODALIAS}' /usr/lib/udev/rules.d/80-drivers.rules:5
Jun 08 14:36:19 breadbox.penurio.us systemd-udevd[330]: No module matches 'acpi:PNP0C0F:'
Jun 08 14:36:19 breadbox.penurio.us systemd-udevd[329]: seq 2725 processed with 0
Jun 08 14:36:19 breadbox.penurio.us systemd-udevd[328]: IMPORT builtin 'hwdb' returned non-zero
Jun 08 14:36:19 breadbox.penurio.us systemd-udevd[327]: passed 205 bytes to netlink monitor 0x7fa12cca02f0
Jun 08 14:36:19 breadbox.penurio.us systemd-udevd[334]: seq 2730 running
Jun 08 14:36:19 breadbox.penurio.us systemd-udevd[335]: IMPORT builtin 'hwdb' /usr/lib/udev/rules.d/50-udev-default.rules:11
Jun 08 14:36:19 breadbox.penurio.us systemd-udevd[333]: no db file to read /run/udev/data/+acpi:device:00: No such file or directory
Jun 08 14:36:19 breadbox.penurio.us systemd-udevd[331]: Execute 'load' 'acpi:PNP0C0F:'
Jun 08 14:36:19 breadbox.penurio.us systemd-udevd[330]: passed unknown number of bytes to netlink monitor 0x7fa12ccb51c0
Jun 08 14:36:19 breadbox.penurio.us systemd-udevd[328]: IMPORT builtin 'path_id' /usr/lib/udev/rules.d/71-seat.rules:43
Jun 08 14:36:19 breadbox.penurio.us systemd-udevd[327]: seq 2731 queued, 'add' 'acpi'
Jun 08 14:36:19 breadbox.penurio.us systemd-udevd[334]: no db file to read /run/udev/data/+acpi:PNP0C33:00: No such file or directory
Jun 08 14:36:19 breadbox.penurio.us systemd-udevd[335]: IMPORT builtin 'hwdb' returned non-zero
Jun 08 14:36:19 breadbox.penurio.us systemd-udevd[333]: RUN 'kmod load $env{MODALIAS}' /usr/lib/udev/rules.d/80-drivers.rules:5
Jun 08 14:36:19 breadbox.penurio.us systemd-udevd[331]: No module matches 'acpi:PNP0C0F:'
Jun 08 14:36:19 breadbox.penurio.us systemd-udevd[330]: seq 2726 processed with 0
Jun 08 14:36:19 breadbox.penurio.us systemd-udevd[327]: passed 142 bytes to netlink monitor 0x7fa12cca02f0
Jun 08 14:36:19 breadbox.penurio.us systemd-udevd[328]: no db file to read /run/udev/data/+acpi:PNP0C0C:00: No such file or directory
Jun 08 14:36:19 breadbox.penurio.us systemd-udevd[329]: seq 2731 running
Jun 08 14:36:19 breadbox.penurio.us systemd-udevd[334]: IMPORT builtin 'hwdb' /usr/lib/udev/rules.d/50-udev-default.rules:11
Jun 08 14:36:19 breadbox.penurio.us systemd-udevd[335]: no db file to read /run/udev/data/+acpi:device:00: No such file or directory
Jun 08 14:36:19 breadbox.penurio.us systemd-udevd[333]: Execute 'load' 'acpi:PNP0C14:'
Jun 08 14:36:19 breadbox.penurio.us systemd-udevd[331]: passed unknown number of bytes to netlink monitor 0x7fa12ccb57b0
Jun 08 14:36:19 breadbox.penurio.us systemd-udevd[327]: seq 2732 queued, 'add' 'event_source'
Jun 08 14:36:19 breadbox.penurio.us systemd-udevd[328]: RUN 'kmod load $env{MODALIAS}' /usr/lib/udev/rules.d/80-drivers.rules:5
Jun 08 14:36:19 breadbox.penurio.us systemd-udevd[329]: no db file to read /run/udev/data/+acpi:device:99: No such file or directory
Jun 08 14:36:19 breadbox.penurio.us systemd-udevd[334]: IMPORT builtin 'hwdb' returned non-zero
Jun 08 14:36:19 breadbox.penurio.us systemd-udevd[335]: RUN 'kmod load $env{MODALIAS}' /usr/lib/udev/rules.d/80-drivers.rules:5
Jun 08 14:36:19 breadbox.penurio.us systemd-udevd[333]: No module matches 'acpi:PNP0C14:'
Jun 08 14:36:19 breadbox.penurio.us systemd-udevd[331]: seq 2727 processed with 0
Jun 08 14:36:19 breadbox.penurio.us systemd-udevd[327]: passed 139 bytes to netlink monitor 0x7fa12cca02f0
Jun 08 14:36:19 breadbox.penurio.us systemd-udevd[330]: seq 2732 running
Jun 08 14:36:19 breadbox.penurio.us systemd-udevd[328]: created db file '/run/udev/data/+input:input0' for '/devices/LNXSYSTM:00/device:00/PNP0C0C:00/input/input0'
Jun 08 14:36:19 breadbox.penurio.us systemd-udevd[329]: no db file to read /run/udev/data/+acpi:LNXSYSTM:00: No such file or directory
Jun 08 14:36:19 breadbox.penurio.us kernel: igb: Intel(R) Gigabit Ethernet Network Driver - version 5.3.0-k
Jun 08 14:36:19 breadbox.penurio.us kernel: igb: Copyright (c) 2007-2014 Intel Corporation.
Jun 08 14:36:19 breadbox.penurio.us systemd-udevd[334]: no db file to read /run/udev/data/+acpi:device:00: No such file or directory
Jun 08 14:36:19 breadbox.penurio.us systemd-udevd[335]: Execute 'load' 'acpi:PNP0C31:'
Jun 08 14:36:19 breadbox.penurio.us systemd-udevd[333]: passed unknown number of bytes to netlink monitor 0x7fa12cca4550
Jun 08 14:36:19 breadbox.penurio.us systemd-udevd[327]: seq 2733 queued, 'add' 'event_source'
Jun 08 14:36:19 breadbox.penurio.us systemd-udevd[330]: no db file to read /run/udev/data/+event_source:breakpoint: No such file or directory
Jun 08 14:36:19 breadbox.penurio.us systemd-udevd[328]: Execute 'load' 'input:b0019v0000p0001e0000-e0,1,k74,ramlsfw'
Jun 08 14:36:19 breadbox.penurio.us systemd-udevd[329]: passed unknown number of bytes to netlink monitor 0x7fa12ccb2a70
Jun 08 14:36:19 breadbox.penurio.us systemd-udevd[334]: RUN 'kmod load $env{MODALIAS}' /usr/lib/udev/rules.d/80-drivers.rules:5
Jun 08 14:36:19 breadbox.penurio.us systemd-udevd[335]: No module matches 'acpi:PNP0C31:'
Jun 08 14:36:19 breadbox.penurio.us systemd-udevd[333]: seq 2728 processed with 0
Jun 08 14:36:19 breadbox.penurio.us systemd-udevd[327]: passed 132 bytes to netlink monitor 0x7fa12cca02f0
Jun 08 14:36:19 breadbox.penurio.us systemd-udevd[331]: seq 2733 running
Jun 08 14:36:19 breadbox.penurio.us systemd-udevd[330]: passed unknown number of bytes to netlink monitor 0x7fa12ccb51c0
Jun 08 14:36:19 breadbox.penurio.us systemd-udevd[328]: No module matches 'input:b0019v0000p0001e0000-e0,1,k74,ramlsfw'
Jun 08 14:36:19 breadbox.penurio.us systemd-udevd[329]: seq 2731 processed with 0
Jun 08 14:36:19 breadbox.penurio.us systemd-udevd[334]: Execute 'load' 'acpi:PNP0C33:'
Jun 08 14:36:19 breadbox.penurio.us systemd-udevd[335]: passed unknown number of bytes to netlink monitor 0x7fa12ccb06b0
Jun 08 14:36:19 breadbox.penurio.us systemd-udevd[327]: seq 2734 queued, 'add' 'event_source'
Jun 08 14:36:19 breadbox.penurio.us systemd-udevd[331]: no db file to read /run/udev/data/+event_source:cpu: No such file or directory
Jun 08 14:36:19 breadbox.penurio.us systemd-udevd[330]: seq 2732 processed with 0
Jun 08 14:36:19 breadbox.penurio.us systemd-udevd[328]: passed unknown number of bytes to netlink monitor 0x7fa12ccb0ff0
Jun 08 14:36:19 breadbox.penurio.us kernel: igb 0000:06:00.0: irq 28 for MSI/MSI-X
Jun 08 14:36:19 breadbox.penurio.us systemd-udevd[334]: No module matches 'acpi:PNP0C33:'
Jun 08 14:36:19 breadbox.penurio.us systemd-udevd[335]: seq 2729 processed with 0
Jun 08 14:36:19 breadbox.penurio.us systemd-udevd[327]: passed 138 bytes to netlink monitor 0x7fa12cca02f0
Jun 08 14:36:19 breadbox.penurio.us systemd-udevd[329]: seq 2734 running
Jun 08 14:36:19 breadbox.penurio.us systemd-udevd[331]: passed unknown number of bytes to netlink monitor 0x7fa12ccb57b0
Jun 08 14:36:19 breadbox.penurio.us systemd-udevd[328]: seq 2718 processed with 0
Jun 08 14:36:19 breadbox.penurio.us systemd-udevd[334]: passed unknown number of bytes to netlink monitor 0x7fa12cca7a60
Jun 08 14:36:19 breadbox.penurio.us systemd-udevd[327]: seq 2735 queued, 'add' 'event_source'
Jun 08 14:36:19 breadbox.penurio.us systemd-udevd[329]: no db file to read /run/udev/data/+event_source:intel_bts: No such file or directory
Jun 08 14:36:19 breadbox.penurio.us kernel: igb 0000:06:00.0: irq 28 for MSI/MSI-X
Jun 08 14:36:19 breadbox.penurio.us kernel: igb 0000:06:00.0: irq 29 for MSI/MSI-X
Jun 08 14:36:19 breadbox.penurio.us kernel: igb 0000:06:00.0: irq 30 for MSI/MSI-X
Jun 08 14:36:19 breadbox.penurio.us kernel: igb 0000:06:00.0: irq 31 for MSI/MSI-X
Jun 08 14:36:19 breadbox.penurio.us kernel: igb 0000:06:00.0: irq 32 for MSI/MSI-X
Jun 08 14:36:19 breadbox.penurio.us kernel: igb 0000:06:00.0: irq 33 for MSI/MSI-X
Jun 08 14:36:19 breadbox.penurio.us kernel: igb 0000:06:00.0: irq 34 for MSI/MSI-X
Jun 08 14:36:19 breadbox.penurio.us kernel: igb 0000:06:00.0: irq 35 for MSI/MSI-X
Jun 08 14:36:19 breadbox.penurio.us kernel: igb 0000:06:00.0: irq 36 for MSI/MSI-X
Jun 08 14:36:19 breadbox.penurio.us systemd-udevd[331]: seq 2733 processed with 0
Jun 08 14:36:19 breadbox.penurio.us systemd-udevd[334]: seq 2730 processed with 0
Jun 08 14:36:19 breadbox.penurio.us systemd-udevd[327]: passed 218 bytes to netlink monitor 0x7fa12cca02f0
Jun 08 14:36:19 breadbox.penurio.us systemd-udevd[328]: seq 2719 running
Jun 08 14:36:19 breadbox.penurio.us systemd-udevd[329]: passed unknown number of bytes to netlink monitor 0x7fa12ccb2a70
Jun 08 14:36:19 breadbox.penurio.us systemd-udevd[327]: passed 138 bytes to netlink monitor 0x7fa12cca02f0
Jun 08 14:36:19 breadbox.penurio.us systemd-udevd[330]: seq 2735 running
Jun 08 14:36:19 breadbox.penurio.us systemd-udevd[328]: no db file to read /run/udev/data/c13:64: No such file or directory
Jun 08 14:36:19 breadbox.penurio.us systemd-udevd[329]: seq 2734 processed with 0
Jun 08 14:36:19 breadbox.penurio.us systemd-udevd[327]: seq 2736 queued, 'add' 'event_source'
Jun 08 14:36:19 breadbox.penurio.us systemd-udevd[330]: no db file to read /run/udev/data/+event_source:intel_cqm: No such file or directory
Jun 08 14:36:19 breadbox.penurio.us systemd-udevd[328]: IMPORT builtin 'input_id' /usr/lib/udev/rules.d/50-udev-default.rules:10
Jun 08 14:36:19 breadbox.penurio.us systemd-udevd[327]: passed 137 bytes to netlink monitor 0x7fa12cca02f0
Jun 08 14:36:19 breadbox.penurio.us systemd-udevd[329]: seq 2736 running
Jun 08 14:36:19 breadbox.penurio.us systemd-udevd[330]: passed unknown number of bytes to netlink monitor 0x7fa12ccb51c0
Jun 08 14:36:19 breadbox.penurio.us systemd-udevd[328]: capabilities/ev raw kernel attribute: 3
Jun 08 14:36:19 breadbox.penurio.us systemd-udevd[327]: seq 2737 queued, 'add' 'pci'
Jun 08 14:36:19 breadbox.penurio.us systemd-udevd[329]: no db file to read /run/udev/data/+event_source:intel_pt: No such file or directory
Jun 08 14:36:19 breadbox.penurio.us systemd-udevd[330]: seq 2735 processed with 0
Jun 08 14:36:19 breadbox.penurio.us systemd-udevd[328]: capabilities/abs raw kernel attribute: 0
Jun 08 14:36:19 breadbox.penurio.us systemd-udevd[327]: passed 290 bytes to netlink monitor 0x7fa12cca02f0
Jun 08 14:36:19 breadbox.penurio.us systemd-udevd[331]: seq 2737 running
Jun 08 14:36:19 breadbox.penurio.us systemd-udevd[329]: passed unknown number of bytes to netlink monitor 0x7fa12ccb2a70
Jun 08 14:36:19 breadbox.penurio.us systemd-udevd[328]: capabilities/rel raw kernel attribute: 0
Jun 08 14:36:19 breadbox.penurio.us systemd-udevd[327]: seq 2738 queued, 'add' 'pci'
Jun 08 14:36:19 breadbox.penurio.us systemd-udevd[331]: no db file to read /run/udev/data/+pci:0000:00:00.0: No such file or directory
Jun 08 14:36:19 breadbox.penurio.us systemd-udevd[329]: seq 2736 processed with 0
Jun 08 14:36:19 breadbox.penurio.us systemd-udevd[328]: capabilities/key raw kernel attribute: 10000000000000 0
Jun 08 14:36:19 breadbox.penurio.us systemd-udevd[327]: passed 306 bytes to netlink monitor 0x7fa12cca02f0
Jun 08 14:36:19 breadbox.penurio.us systemd-udevd[330]: seq 2738 running
Jun 08 14:36:19 breadbox.penurio.us systemd-udevd[331]: IMPORT builtin 'hwdb' /usr/lib/udev/rules.d/50-udev-default.rules:11
Jun 08 14:36:19 breadbox.penurio.us systemd-udevd[328]: test_key: checking bit block 0 for any keys; found=0
Jun 08 14:36:19 breadbox.penurio.us systemd-udevd[327]: seq 2739 queued, 'add' 'pci_bus'
Jun 08 14:36:19 breadbox.penurio.us systemd-udevd[330]: no db file to read /run/udev/data/+pci:0000:00:01.0: No such file or directory
Jun 08 14:36:19 breadbox.penurio.us systemd-udevd[331]: IMPORT builtin 'hwdb' returned non-zero
Jun 08 14:36:19 breadbox.penurio.us systemd-udevd[328]: test_key: checking bit block 64 for any keys; found=1
Jun 08 14:36:19 breadbox.penurio.us systemd-udevd[327]: seq 2740 queued, 'add' 'pci'
Jun 08 14:36:19 breadbox.penurio.us systemd-udevd[330]: IMPORT builtin 'hwdb' /usr/lib/udev/rules.d/50-udev-default.rules:11
Jun 08 14:36:19 breadbox.penurio.us systemd-udevd[331]: RUN 'kmod load $env{MODALIAS}' /usr/lib/udev/rules.d/80-drivers.rules:5
Jun 08 14:36:19 breadbox.penurio.us systemd-udevd[328]: test_key: checking bit block 128 for any keys; found=1
Jun 08 14:36:19 breadbox.penurio.us systemd-udevd[327]: passed 306 bytes to netlink monitor 0x7fa12cca02f0
Jun 08 14:36:19 breadbox.penurio.us systemd-udevd[329]: seq 2740 running
Jun 08 14:36:19 breadbox.penurio.us systemd-udevd[330]: IMPORT builtin 'hwdb' returned non-zero
Jun 08 14:36:19 breadbox.penurio.us systemd-udevd[331]: Execute 'load' 'pci:v00008086d00006F00sv000015D9sd0000086Dbc06sc00i00'
Jun 08 14:36:19 breadbox.penurio.us systemd-udevd[328]: test_key: checking bit block 192 for any keys; found=1
Jun 08 14:36:19 breadbox.penurio.us systemd-udevd[327]: seq 2741 queued, 'add' 'pci'
Jun 08 14:36:19 breadbox.penurio.us systemd-udevd[329]: no db file to read /run/udev/data/+pci:0000:00:02.0: No such file or directory
Jun 08 14:36:19 breadbox.penurio.us systemd-udevd[330]: RUN 'kmod load $env{MODALIAS}' /usr/lib/udev/rules.d/80-drivers.rules:5
Jun 08 14:36:19 breadbox.penurio.us systemd-udevd[331]: No module matches 'pci:v00008086d00006F00sv000015D9sd0000086Dbc06sc00i00'
Jun 08 14:36:19 breadbox.penurio.us systemd-udevd[327]: seq 2742 queued, 'add' 'pci'
Jun 08 14:36:19 breadbox.penurio.us systemd-udevd[329]: IMPORT builtin 'hwdb' /usr/lib/udev/rules.d/50-udev-default.rules:11
Jun 08 14:36:19 breadbox.penurio.us systemd-udevd[330]: Execute 'load' 'pci:v00008086d00006F02sv000015D9sd0000086Dbc06sc04i00'
Jun 08 14:36:19 breadbox.penurio.us systemd-udevd[331]: passed unknown number of bytes to netlink monitor 0x7fa12ccb57b0
Jun 08 14:36:19 breadbox.penurio.us systemd-udevd[327]: seq 2743 queued, 'add' 'pci'
Jun 08 14:36:19 breadbox.penurio.us systemd-udevd[329]: IMPORT builtin 'hwdb' returned non-zero
Jun 08 14:36:19 breadbox.penurio.us systemd-udevd[330]: No module matches 'pci:v00008086d00006F02sv000015D9sd0000086Dbc06sc04i00'
Jun 08 14:36:19 breadbox.penurio.us systemd-udevd[331]: seq 2737 processed with 0
Jun 08 14:36:19 breadbox.penurio.us systemd-udevd[327]: seq 2744 queued, 'add' 'pci'
Jun 08 14:36:19 breadbox.penurio.us systemd-udevd[329]: RUN 'kmod load $env{MODALIAS}' /usr/lib/udev/rules.d/80-drivers.rules:5
Jun 08 14:36:19 breadbox.penurio.us systemd-udevd[330]: passed unknown number of bytes to netlink monitor 0x7fa12ccb51c0
Jun 08 14:36:19 breadbox.penurio.us systemd-udevd[327]: seq 2745 queued, 'add' 'pci_bus'
Jun 08 14:36:19 breadbox.penurio.us systemd-udevd[329]: Execute 'load' 'pci:v00008086d00006F04sv000015D9sd0000086Dbc06sc04i00'
Jun 08 14:36:19 breadbox.penurio.us systemd-udevd[330]: seq 2738 processed with 0
Jun 08 14:36:19 breadbox.penurio.us systemd-udevd[327]: seq 2746 queued, 'add' 'pci'
Jun 08 14:36:19 breadbox.penurio.us systemd-udevd[329]: No module matches 'pci:v00008086d00006F04sv000015D9sd0000086Dbc06sc04i00'
Jun 08 14:36:19 breadbox.penurio.us systemd-udevd[327]: passed 163 bytes to netlink monitor 0x7fa12cca02f0
Jun 08 14:36:19 breadbox.penurio.us systemd-udevd[330]: seq 2739 running
Jun 08 14:36:19 breadbox.penurio.us systemd-udevd[329]: passed unknown number of bytes to netlink monitor 0x7fa12ccb2a70
Jun 08 14:36:19 breadbox.penurio.us kernel: [drm] Initialized drm 1.1.0 20060810
Jun 08 14:36:19 breadbox.penurio.us systemd-udevd[327]: passed 306 bytes to netlink monitor 0x7fa12cca02f0
Jun 08 14:36:19 breadbox.penurio.us systemd-udevd[331]: seq 2746 running
