Jun 08 14:36:18 breadbox.penurio.us systemd[1]: Got notification message for unit systemd-udevd.service
Jun 08 14:36:18 breadbox.penurio.us systemd[1]: systemd-udevd.service: Got notification message from PID 327 (READY=1)
Jun 08 14:36:18 breadbox.penurio.us systemd[1]: systemd-udevd.service: got READY=1
Jun 08 14:36:18 breadbox.penurio.us systemd[1]: systemd-udevd.service changed start -> running
Jun 08 14:36:18 breadbox.penurio.us systemd[1]: Job systemd-udevd.service/start finished, result=done
Jun 08 14:36:18 breadbox.penurio.us systemd-udevd[327]: Validate module index
Jun 08 14:36:18 breadbox.penurio.us systemd-udevd[327]: Check if link configuration needs reloading.
Jun 08 14:36:18 breadbox.penurio.us systemd-udevd[327]: seq 2178 queued, 'add' 'usb'
Jun 08 14:36:18 breadbox.penurio.us systemd-udevd[327]: seq 2178 forked new worker [328]
Jun 08 14:36:18 breadbox.penurio.us systemd-udevd[327]: seq 2179 queued, 'add' 'usb'
Jun 08 14:36:18 breadbox.penurio.us systemd-udevd[327]: seq 2180 queued, 'add' 'module'
Jun 08 14:36:18 breadbox.penurio.us systemd-udevd[328]: seq 2178 running
Jun 08 14:36:18 breadbox.penurio.us systemd-udevd[327]: seq 2180 forked new worker [329]
Jun 08 14:36:18 breadbox.penurio.us systemd-udevd[327]: seq 2181 queued, 'add' 'slab'
Jun 08 14:36:18 breadbox.penurio.us udevadm[332]: calling: trigger
Jun 08 14:36:18 breadbox.penurio.us systemd-udevd[328]: no db file to read /run/udev/data/c189:1: No such file or directory
Jun 08 14:36:18 breadbox.penurio.us systemd[1]: Started udev Kernel Device Manager.
Jun 08 14:36:18 breadbox.penurio.us systemd[1]: systemd-udevd-control.socket changed listening -> running
Jun 08 14:36:18 breadbox.penurio.us systemd-udevd[328]: IMPORT builtin 'usb_id' /usr/lib/udev/rules.d/50-udev-default.rules:9
Jun 08 14:36:18 breadbox.penurio.us systemd-udevd[329]: seq 2180 running
Jun 08 14:36:18 breadbox.penurio.us systemd[1]: ConditionKernelCommandLine=|rd.break=pre-trigger failed for dracut-pre-trigger.service.
Jun 08 14:36:18 breadbox.penurio.us systemd[1]: ConditionDirectoryNotEmpty=|/lib/dracut/hooks/pre-trigger failed for dracut-pre-trigger.service.
Jun 08 14:36:18 breadbox.penurio.us systemd[1]: ConditionPathExists=/etc/initrd-release succeeded for dracut-pre-trigger.service.
Jun 08 14:36:18 breadbox.penurio.us systemd[1]: Starting of dracut-pre-trigger.service requested but condition failed. Not starting unit.
Jun 08 14:36:18 breadbox.penurio.us systemd[1]: Job dracut-pre-trigger.service/start finished, result=done
Jun 08 14:36:18 breadbox.penurio.us systemd[1]: ConditionPathIsReadWrite=/sys succeeded for systemd-udev-trigger.service.
Jun 08 14:36:18 breadbox.penurio.us systemd-udevd[328]: IMPORT builtin 'hwdb' /usr/lib/udev/rules.d/50-udev-default.rules:9
Jun 08 14:36:18 breadbox.penurio.us systemd-udevd[328]: IMPORT builtin 'hwdb' returned non-zero
Jun 08 14:36:18 breadbox.penurio.us systemd-udevd[329]: no db file to read /run/udev/data/+module:dm_mod: No such file or directory
Jun 08 14:36:18 breadbox.penurio.us systemd-udevd[327]: seq 2181 forked new worker [330]
Jun 08 14:36:18 breadbox.penurio.us systemd-udevd[328]: MODE 0664 /usr/lib/udev/rules.d/50-udev-default.rules:38
Jun 08 14:36:18 breadbox.penurio.us systemd-udevd[327]: seq 2182 queued, 'add' 'slab'
Jun 08 14:36:18 breadbox.penurio.us systemd-udevd[328]: IMPORT builtin 'path_id' /usr/lib/udev/rules.d/71-seat.rules:43
Jun 08 14:36:18 breadbox.penurio.us systemd-udevd[329]: passed unknown number of bytes to netlink monitor 0x7fa12ccb2a70
Jun 08 14:36:18 breadbox.penurio.us systemd-udevd[329]: seq 2180 processed with 0
Jun 08 14:36:18 breadbox.penurio.us systemd-udevd[330]: seq 2181 running
Jun 08 14:36:18 breadbox.penurio.us systemd[1]: About to execute: /usr/bin/udevadm trigger --type=subsystems --action=add
Jun 08 14:36:18 breadbox.penurio.us systemd-udevd[330]: no db file to read /run/udev/data/+slab::t-0000136: No such file or directory
Jun 08 14:36:18 breadbox.penurio.us systemd-udevd[328]: no db file to read /run/udev/data/c189:0: No such file or directory
Jun 08 14:36:18 breadbox.penurio.us systemd-udevd[327]: seq 2182 forked new worker [331]
Jun 08 14:36:18 breadbox.penurio.us systemd-udevd[328]: handling device node '/dev/bus/usb/001/002', devnum=c189:1, mode=0664, uid=0, gid=0
Jun 08 14:36:18 breadbox.penurio.us systemd-udevd[328]: set permissions /dev/bus/usb/001/002, 020664, uid=0, gid=0
Jun 08 14:36:18 breadbox.penurio.us systemd-udevd[330]: passed unknown number of bytes to netlink monitor 0x7fa12ccb51c0
Jun 08 14:36:18 breadbox.penurio.us systemd[1]: Forked /usr/bin/udevadm as 332
Jun 08 14:36:18 breadbox.penurio.us systemd-udevd[330]: seq 2181 processed with 0
Jun 08 14:36:18 breadbox.penurio.us systemd-udevd[328]: creating symlink '/dev/char/189:1' to '../bus/usb/001/002'
Jun 08 14:36:18 breadbox.penurio.us systemd-udevd[327]: seq 2183 queued, 'add' 'slab'
Jun 08 14:36:18 breadbox.penurio.us systemd-udevd[331]: seq 2182 running
Jun 08 14:36:18 breadbox.penurio.us systemd[1]: systemd-udev-trigger.service changed dead -> start
Jun 08 14:36:18 breadbox.penurio.us systemd-udevd[327]: passed 135 bytes to netlink monitor 0x7fa12cca02f0
Jun 08 14:36:18 breadbox.penurio.us systemd[1]: Starting udev Coldplug all Devices...
Jun 08 14:36:18 breadbox.penurio.us systemd-udevd[328]: created db file '/run/udev/data/c189:1' for '/devices/pci0000:00/0000:00:1a.0/usb1/1-1'
Jun 08 14:36:18 breadbox.penurio.us systemd-udevd[329]: seq 2183 running
Jun 08 14:36:18 breadbox.penurio.us systemd-udevd[327]: seq 2184 queued, 'add' 'misc'
Jun 08 14:36:18 breadbox.penurio.us systemd-udevd[329]: no db file to read /run/udev/data/+slab::t-0003312: No such file or directory
Jun 08 14:36:18 breadbox.penurio.us systemd-udevd[331]: no db file to read /run/udev/data/+slab::t-0002608: No such file or directory
Jun 08 14:36:18 breadbox.penurio.us systemd-udevd[328]: passed unknown number of bytes to netlink monitor 0x7fa12ccb0ff0
Jun 08 14:36:18 breadbox.penurio.us systemd-udevd[328]: seq 2178 processed with 0
Jun 08 14:36:18 breadbox.penurio.us systemd-udevd[329]: passed unknown number of bytes to netlink monitor 0x7fa12ccb2a70
Jun 08 14:36:18 breadbox.penurio.us systemd-udevd[329]: seq 2183 processed with 0
Jun 08 14:36:18 breadbox.penurio.us systemd-udevd[327]: passed 194 bytes to netlink monitor 0x7fa12cca02f0
Jun 08 14:36:18 breadbox.penurio.us systemd-udevd[330]: seq 2184 running
Jun 08 14:36:18 breadbox.penurio.us systemd-udevd[331]: passed unknown number of bytes to netlink monitor 0x7fa12ccb57b0
Jun 08 14:36:18 breadbox.penurio.us systemd-udevd[331]: seq 2182 processed with 0
Jun 08 14:36:18 breadbox.penurio.us systemd-udevd[327]: seq 2185 queued, 'add' 'module'
Jun 08 14:36:18 breadbox.penurio.us systemd-udevd[327]: passed 288 bytes to netlink monitor 0x7fa12cca02f0
Jun 08 14:36:18 breadbox.penurio.us systemd-udevd[330]: no db file to read /run/udev/data/c10:236: No such file or directory
Jun 08 14:36:18 breadbox.penurio.us udevadm[338]: calling: trigger
Jun 08 14:36:18 breadbox.penurio.us systemd-udevd[330]: NAME 'mapper/control' /usr/lib/udev/rules.d/10-dm.rules:31
Jun 08 14:36:18 breadbox.penurio.us systemd-udevd[327]: passed 128 bytes to netlink monitor 0x7fa12cca02f0
Jun 08 14:36:18 breadbox.penurio.us systemd-udevd[328]: seq 2179 running
Jun 08 14:36:18 breadbox.penurio.us systemd-udevd[329]: seq 2185 running
Jun 08 14:36:18 breadbox.penurio.us systemd-udevd[330]: handling device node '/dev/mapper/control', devnum=c10:236, mode=0600, uid=0, gid=0
Jun 08 14:36:18 breadbox.penurio.us systemd-udevd[330]: preserve permissions /dev/mapper/control, 020600, uid=0, gid=0
Jun 08 14:36:18 breadbox.penurio.us systemd-udevd[327]: seq 2186 queued, 'add' 'module'
Jun 08 14:36:18 breadbox.penurio.us systemd-udevd[329]: no db file to read /run/udev/data/+module:dm_log: No such file or directory
Jun 08 14:36:18 breadbox.penurio.us systemd-udevd[330]: creating symlink '/dev/char/10:236' to '../mapper/control'
Jun 08 14:36:18 breadbox.penurio.us systemd-udevd[327]: passed 136 bytes to netlink monitor 0x7fa12cca02f0
Jun 08 14:36:18 breadbox.penurio.us systemd-udevd[331]: seq 2186 running
Jun 08 14:36:18 breadbox.penurio.us systemd-udevd[329]: passed unknown number of bytes to netlink monitor 0x7fa12ccb2a70
Jun 08 14:36:18 breadbox.penurio.us systemd-udevd[330]: created empty file '/run/udev/data/c10:236' for '/devices/virtual/misc/device-mapper'
Jun 08 14:36:18 breadbox.penurio.us systemd-udevd[329]: seq 2185 processed with 0
Jun 08 14:36:18 breadbox.penurio.us systemd-udevd[328]: no db file to read /run/udev/data/+usb:1-1:1.0: No such file or directory
Jun 08 14:36:18 breadbox.penurio.us systemd-udevd[327]: seq 2187 queued, 'add' 'module'
Jun 08 14:36:18 breadbox.penurio.us systemd-udevd[331]: no db file to read /run/udev/data/+module:dm_region_hash: No such file or directory
Jun 08 14:36:18 breadbox.penurio.us systemd-udevd[328]: IMPORT builtin 'hwdb' /usr/lib/udev/rules.d/50-udev-default.rules:11
Jun 08 14:36:18 breadbox.penurio.us systemd-udevd[328]: IMPORT builtin 'hwdb' returned non-zero
Jun 08 14:36:18 breadbox.penurio.us systemd-udevd[330]: passed unknown number of bytes to netlink monitor 0x7fa12ccb51c0
Jun 08 14:36:18 breadbox.penurio.us systemd-udevd[330]: seq 2184 processed with 0
Jun 08 14:36:18 breadbox.penurio.us systemd-udevd[331]: passed unknown number of bytes to netlink monitor 0x7fa12ccb57b0
Jun 08 14:36:18 breadbox.penurio.us systemd-udevd[331]: seq 2186 processed with 0
Jun 08 14:36:18 breadbox.penurio.us systemd[332]: Executing: /usr/bin/udevadm trigger --type=subsystems --action=add
Jun 08 14:36:18 breadbox.penurio.us systemd-udevd[328]: RUN 'kmod load $env{MODALIAS}' /usr/lib/udev/rules.d/80-drivers.rules:5
Jun 08 14:36:18 breadbox.penurio.us systemd-udevd[328]: Execute 'load' 'usb:v8087p8008d0005dc09dsc00dp01ic09isc00ip00in00'
Jun 08 14:36:18 breadbox.penurio.us systemd-udevd[327]: seq 2187 forked new worker [333]
Jun 08 14:36:18 breadbox.penurio.us systemd-udevd[328]: No module matches 'usb:v8087p8008d0005dc09dsc00dp01ic09isc00ip00in00'
Jun 08 14:36:18 breadbox.penurio.us systemd-udevd[327]: seq 2188 queued, 'add' 'usb'
Jun 08 14:36:18 breadbox.penurio.us systemd-udevd[328]: passed unknown number of bytes to netlink monitor 0x7fa12ccb0ff0
Jun 08 14:36:18 breadbox.penurio.us systemd-udevd[328]: seq 2179 processed with 0
Jun 08 14:36:18 breadbox.penurio.us systemd-udevd[327]: passed 273 bytes to netlink monitor 0x7fa12cca02f0
Jun 08 14:36:18 breadbox.penurio.us systemd-udevd[333]: seq 2187 running
Jun 08 14:36:18 breadbox.penurio.us systemd-udevd[329]: seq 2188 running
Jun 08 14:36:18 breadbox.penurio.us systemd-udevd[327]: seq 2189 queued, 'add' 'usb'
Jun 08 14:36:18 breadbox.penurio.us systemd-udevd[333]: no db file to read /run/udev/data/+module:dm_mirror: No such file or directory
Jun 08 14:36:18 breadbox.penurio.us systemd-udevd[329]: no db file to read /run/udev/data/c189:129: No such file or directory
Jun 08 14:36:18 breadbox.penurio.us systemd-udevd[329]: IMPORT builtin 'usb_id' /usr/lib/udev/rules.d/50-udev-default.rules:9
Jun 08 14:36:18 breadbox.penurio.us systemd-udevd[333]: passed unknown number of bytes to netlink monitor 0x7fa12cca4550
Jun 08 14:36:18 breadbox.penurio.us systemd-udevd[333]: seq 2187 processed with 0
Jun 08 14:36:18 breadbox.penurio.us systemd-udevd[329]: IMPORT builtin 'hwdb' /usr/lib/udev/rules.d/50-udev-default.rules:9
Jun 08 14:36:18 breadbox.penurio.us systemd-udevd[329]: IMPORT builtin 'hwdb' returned non-zero
Jun 08 14:36:18 breadbox.penurio.us systemd-udevd[329]: MODE 0664 /usr/lib/udev/rules.d/50-udev-default.rules:38
Jun 08 14:36:18 breadbox.penurio.us systemd-udevd[329]: IMPORT builtin 'path_id' /usr/lib/udev/rules.d/71-seat.rules:43
Jun 08 14:36:18 breadbox.penurio.us systemd-udevd[329]: no db file to read /run/udev/data/c189:128: No such file or directory
Jun 08 14:36:18 breadbox.penurio.us systemd-udevd[329]: handling device node '/dev/bus/usb/002/002', devnum=c189:129, mode=0664, uid=0, gid=0
Jun 08 14:36:18 breadbox.penurio.us systemd-udevd[329]: set permissions /dev/bus/usb/002/002, 020664, uid=0, gid=0
Jun 08 14:36:18 breadbox.penurio.us systemd-udevd[329]: creating symlink '/dev/char/189:129' to '../bus/usb/002/002'
Jun 08 14:36:18 breadbox.penurio.us systemd-udevd[329]: created db file '/run/udev/data/c189:129' for '/devices/pci0000:00/0000:00:1d.0/usb2/2-1'
Jun 08 14:36:18 breadbox.penurio.us systemd-udevd[329]: passed unknown number of bytes to netlink monitor 0x7fa12ccb2a70
Jun 08 14:36:18 breadbox.penurio.us systemd-udevd[329]: seq 2188 processed with 0
Jun 08 14:36:18 breadbox.penurio.us systemd-udevd[327]: passed 288 bytes to netlink monitor 0x7fa12cca02f0
Jun 08 14:36:18 breadbox.penurio.us systemd-udevd[328]: seq 2189 running
Jun 08 14:36:18 breadbox.penurio.us systemd-udevd[328]: no db file to read /run/udev/data/+usb:2-1:1.0: No such file or directory
Jun 08 14:36:18 breadbox.penurio.us systemd-udevd[328]: IMPORT builtin 'hwdb' /usr/lib/udev/rules.d/50-udev-default.rules:11
Jun 08 14:36:18 breadbox.penurio.us systemd-udevd[328]: IMPORT builtin 'hwdb' returned non-zero
Jun 08 14:36:18 breadbox.penurio.us systemd-udevd[328]: RUN 'kmod load $env{MODALIAS}' /usr/lib/udev/rules.d/80-drivers.rules:5
Jun 08 14:36:18 breadbox.penurio.us systemd-udevd[328]: Execute 'load' 'usb:v8087p8000d0005dc09dsc00dp01ic09isc00ip00in00'
Jun 08 14:36:18 breadbox.penurio.us systemd-udevd[328]: No module matches 'usb:v8087p8000d0005dc09dsc00dp01ic09isc00ip00in00'
Jun 08 14:36:18 breadbox.penurio.us systemd-udevd[328]: passed unknown number of bytes to netlink monitor 0x7fa12ccb0ff0
Jun 08 14:36:18 breadbox.penurio.us systemd-udevd[328]: seq 2189 processed with 0
Jun 08 14:36:18 breadbox.penurio.us systemd-udevd[327]: seq 2190 queued, 'add' 'bus'
Jun 08 14:36:18 breadbox.penurio.us systemd-udevd[327]: passed 120 bytes to netlink monitor 0x7fa12cca02f0
Jun 08 14:36:18 breadbox.penurio.us systemd-udevd[328]: seq 2190 running
Jun 08 14:36:18 breadbox.penurio.us systemd-udevd[327]: seq 2191 queued, 'add' 'drivers'
Jun 08 14:36:18 breadbox.penurio.us systemd-udevd[328]: no db file to read /run/udev/data/+bus:acpi: No such file or directory
Jun 08 14:36:18 breadbox.penurio.us systemd-udevd[327]: seq 2192 queued, 'add' 'drivers'
Jun 08 14:36:18 breadbox.penurio.us systemd-udevd[327]: seq 2193 queued, 'add' 'drivers'
Jun 08 14:36:18 breadbox.penurio.us systemd-udevd[328]: passed unknown number of bytes to netlink monitor 0x7fa12ccb0ff0
Jun 08 14:36:18 breadbox.penurio.us systemd-udevd[328]: seq 2190 processed with 0
Jun 08 14:36:18 breadbox.penurio.us systemd-udevd[327]: seq 2194 queued, 'add' 'drivers'
Jun 08 14:36:18 breadbox.penurio.us systemd-udevd[327]: seq 2195 queued, 'add' 'drivers'
Jun 08 14:36:18 breadbox.penurio.us systemd-udevd[327]: passed 135 bytes to netlink monitor 0x7fa12cca02f0
Jun 08 14:36:18 breadbox.penurio.us systemd-udevd[328]: seq 2191 running
Jun 08 14:36:18 breadbox.penurio.us systemd-udevd[327]: passed 140 bytes to netlink monitor 0x7fa12cca02f0
Jun 08 14:36:18 breadbox.penurio.us systemd-udevd[327]: passed 139 bytes to netlink monitor 0x7fa12cca02f0
Jun 08 14:36:18 breadbox.penurio.us systemd-udevd[328]: no db file to read /run/udev/data/+drivers:ac: No such file or directory
Jun 08 14:36:18 breadbox.penurio.us systemd-udevd[327]: passed 135 bytes to netlink monitor 0x7fa12cca02f0
Jun 08 14:36:18 breadbox.penurio.us systemd-udevd[327]: passed 154 bytes to netlink monitor 0x7fa12cca02f0
Jun 08 14:36:18 breadbox.penurio.us systemd-udevd[331]: seq 2194 running
Jun 08 14:36:18 breadbox.penurio.us systemd-udevd[328]: no db file to read /run/udev/data/+subsystem:drivers: No such file or directory
Jun 08 14:36:18 breadbox.penurio.us systemd-udevd[330]: seq 2193 running
Jun 08 14:36:18 breadbox.penurio.us systemd-udevd[329]: seq 2192 running
Jun 08 14:36:18 breadbox.penurio.us systemd-udevd[333]: seq 2195 running
Jun 08 14:36:18 breadbox.penurio.us systemd-udevd[327]: seq 2196 queued, 'add' 'drivers'
Jun 08 14:36:18 breadbox.penurio.us systemd-udevd[331]: no db file to read /run/udev/data/+drivers:ec: No such file or directory
Jun 08 14:36:18 breadbox.penurio.us systemd-udevd[328]: passed unknown number of bytes to netlink monitor 0x7fa12ccb0ff0
Jun 08 14:36:18 breadbox.penurio.us systemd-udevd[328]: seq 2191 processed with 0
Jun 08 14:36:18 breadbox.penurio.us systemd-udevd[333]: no db file to read /run/udev/data/+drivers:hardware_error_device: No such file or directory
Jun 08 14:36:18 breadbox.penurio.us systemd-udevd[330]: no db file to read /run/udev/data/+drivers:button: No such file or directory
Jun 08 14:36:18 breadbox.penurio.us systemd-udevd[329]: no db file to read /run/udev/data/+drivers:battery: No such file or directory
Jun 08 14:36:18 breadbox.penurio.us systemd-udevd[331]: no db file to read /run/udev/data/+subsystem:drivers: No such file or directory
Jun 08 14:36:18 breadbox.penurio.us systemd-udevd[333]: no db file to read /run/udev/data/+subsystem:drivers: No such file or directory
Jun 08 14:36:18 breadbox.penurio.us systemd-udevd[331]: passed unknown number of bytes to netlink monitor 0x7fa12ccb57b0
Jun 08 14:36:18 breadbox.penurio.us systemd-udevd[333]: passed unknown number of bytes to netlink monitor 0x7fa12cca4550
Jun 08 14:36:18 breadbox.penurio.us systemd-udevd[331]: seq 2194 processed with 0
Jun 08 14:36:18 breadbox.penurio.us systemd-udevd[327]: seq 2196 forked new worker [334]
Jun 08 14:36:18 breadbox.penurio.us systemd-udevd[333]: seq 2195 processed with 0
Jun 08 14:36:18 breadbox.penurio.us systemd-udevd[329]: no db file to read /run/udev/data/+subsystem:drivers: No such file or directory
Jun 08 14:36:18 breadbox.penurio.us systemd-udevd[327]: seq 2197 queued, 'add' 'drivers'
Jun 08 14:36:18 breadbox.penurio.us systemd-udevd[330]: no db file to read /run/udev/data/+subsystem:drivers: No such file or directory
Jun 08 14:36:18 breadbox.penurio.us systemd-udevd[327]: passed 140 bytes to netlink monitor 0x7fa12cca02f0
Jun 08 14:36:18 breadbox.penurio.us systemd-udevd[328]: seq 2197 running
Jun 08 14:36:18 breadbox.penurio.us systemd-udevd[327]: seq 2198 queued, 'add' 'drivers'
Jun 08 14:36:18 breadbox.penurio.us systemd-udevd[327]: passed 140 bytes to netlink monitor 0x7fa12cca02f0
Jun 08 14:36:18 breadbox.penurio.us systemd-udevd[330]: passed unknown number of bytes to netlink monitor 0x7fa12ccb51c0
Jun 08 14:36:18 breadbox.penurio.us systemd-udevd[329]: passed unknown number of bytes to netlink monitor 0x7fa12ccb2a70
Jun 08 14:36:18 breadbox.penurio.us systemd-udevd[328]: no db file to read /run/udev/data/+drivers:pvpanic: No such file or directory
Jun 08 14:36:18 breadbox.penurio.us systemd-udevd[331]: seq 2198 running
Jun 08 14:36:18 breadbox.penurio.us systemd-udevd[330]: seq 2193 processed with 0
Jun 08 14:36:18 breadbox.penurio.us systemd-udevd[329]: seq 2192 processed with 0
Jun 08 14:36:18 breadbox.penurio.us systemd-udevd[327]: seq 2199 queued, 'add' 'drivers'
Jun 08 14:36:18 breadbox.penurio.us systemd-udevd[334]: seq 2196 running
Jun 08 14:36:18 breadbox.penurio.us systemd-udevd[331]: no db file to read /run/udev/data/+drivers:thermal: No such file or directory
Jun 08 14:36:18 breadbox.penurio.us systemd-udevd[327]: passed 140 bytes to netlink monitor 0x7fa12cca02f0
Jun 08 14:36:18 breadbox.penurio.us systemd-udevd[328]: no db file to read /run/udev/data/+subsystem:drivers: No such file or directory
Jun 08 14:36:18 breadbox.penurio.us systemd-udevd[329]: seq 2199 running
Jun 08 14:36:18 breadbox.penurio.us systemd-udevd[328]: passed unknown number of bytes to netlink monitor 0x7fa12ccb0ff0
Jun 08 14:36:18 breadbox.penurio.us systemd-udevd[327]: seq 2200 queued, 'add' 'bus'
Jun 08 14:36:18 breadbox.penurio.us systemd-udevd[328]: seq 2197 processed with 0
Jun 08 14:36:18 breadbox.penurio.us systemd-udevd[331]: no db file to read /run/udev/data/+subsystem:drivers: No such file or directory
Jun 08 14:36:18 breadbox.penurio.us systemd-udevd[327]: passed 127 bytes to netlink monitor 0x7fa12cca02f0
Jun 08 14:36:18 breadbox.penurio.us systemd-udevd[331]: passed unknown number of bytes to netlink monitor 0x7fa12ccb57b0
Jun 08 14:36:18 breadbox.penurio.us systemd-udevd[331]: seq 2198 processed with 0
Jun 08 14:36:18 breadbox.penurio.us systemd-udevd[330]: seq 2200 running
Jun 08 14:36:18 breadbox.penurio.us systemd-udevd[327]: seq 2201 queued, 'add' 'bus'
Jun 08 14:36:18 breadbox.penurio.us systemd-udevd[329]: no db file to read /run/udev/data/+drivers:tpm_tis: No such file or directory
Jun 08 14:36:18 breadbox.penurio.us systemd-udevd[334]: no db file to read /run/udev/data/+drivers:hpet: No such file or directory
Jun 08 14:36:18 breadbox.penurio.us systemd-udevd[327]: passed 127 bytes to netlink monitor 0x7fa12cca02f0
Jun 08 14:36:18 breadbox.penurio.us systemd-udevd[328]: seq 2201 running
Jun 08 14:36:18 breadbox.penurio.us systemd-udevd[327]: seq 2202 queued, 'add' 'bus'
Jun 08 14:36:18 breadbox.penurio.us systemd-udevd[330]: no db file to read /run/udev/data/+bus:clockevents: No such file or directory
Jun 08 14:36:18 breadbox.penurio.us systemd-udevd[328]: no db file to read /run/udev/data/+bus:clocksource: No such file or directory
Jun 08 14:36:18 breadbox.penurio.us systemd-udevd[327]: passed 125 bytes to netlink monitor 0x7fa12cca02f0
Jun 08 14:36:18 breadbox.penurio.us systemd-udevd[331]: seq 2202 running
Jun 08 14:36:18 breadbox.penurio.us systemd-udevd[327]: seq 2203 queued, 'add' 'bus'
Jun 08 14:36:18 breadbox.penurio.us systemd-udevd[328]: passed unknown number of bytes to netlink monitor 0x7fa12ccb0ff0
Jun 08 14:36:18 breadbox.penurio.us systemd-udevd[328]: seq 2201 processed with 0
Jun 08 14:36:18 breadbox.penurio.us systemd-udevd[330]: passed unknown number of bytes to netlink monitor 0x7fa12ccb51c0
Jun 08 14:36:18 breadbox.penurio.us systemd-udevd[331]: no db file to read /run/udev/data/+bus:container: No such file or directory
Jun 08 14:36:18 breadbox.penurio.us systemd-udevd[327]: passed 119 bytes to netlink monitor 0x7fa12cca02f0
Jun 08 14:36:18 breadbox.penurio.us systemd-udevd[330]: seq 2200 processed with 0
Jun 08 14:36:18 breadbox.penurio.us systemd-udevd[334]: no db file to read /run/udev/data/+subsystem:drivers: No such file or directory
Jun 08 14:36:18 breadbox.penurio.us systemd-udevd[329]: no db file to read /run/udev/data/+subsystem:drivers: No such file or directory
Jun 08 14:36:18 breadbox.penurio.us systemd-udevd[333]: seq 2203 running
Jun 08 14:36:18 breadbox.penurio.us systemd-udevd[331]: passed unknown number of bytes to netlink monitor 0x7fa12ccb57b0
Jun 08 14:36:18 breadbox.penurio.us systemd-udevd[331]: seq 2202 processed with 0
Jun 08 14:36:18 breadbox.penurio.us systemd-udevd[327]: seq 2204 queued, 'add' 'drivers'
Jun 08 14:36:18 breadbox.penurio.us systemd-udevd[333]: no db file to read /run/udev/data/+bus:cpu: No such file or directory
Jun 08 14:36:18 breadbox.penurio.us systemd-udevd[327]: seq 2205 queued, 'add' 'bus'
Jun 08 14:36:18 breadbox.penurio.us systemd-udevd[329]: passed unknown number of bytes to netlink monitor 0x7fa12ccb2a70
Jun 08 14:36:18 breadbox.penurio.us systemd-udevd[334]: passed unknown number of bytes to netlink monitor 0x7fa12cca7a60
Jun 08 14:36:18 breadbox.penurio.us systemd-udevd[327]: passed 128 bytes to netlink monitor 0x7fa12cca02f0
Jun 08 14:36:18 breadbox.penurio.us systemd-udevd[333]: passed unknown number of bytes to netlink monitor 0x7fa12cca4550
Jun 08 14:36:18 breadbox.penurio.us systemd-udevd[329]: seq 2199 processed with 0
Jun 08 14:36:18 breadbox.penurio.us systemd-udevd[334]: seq 2196 processed with 0
Jun 08 14:36:18 breadbox.penurio.us systemd-udevd[328]: seq 2205 running
Jun 08 14:36:18 breadbox.penurio.us systemd-udevd[333]: seq 2203 processed with 0
Jun 08 14:36:18 breadbox.penurio.us systemd-udevd[328]: no db file to read /run/udev/data/+bus:event_source: No such file or directory
Jun 08 14:36:18 breadbox.penurio.us systemd-udevd[327]: seq 2206 queued, 'add' 'bus'
Jun 08 14:36:18 breadbox.penurio.us systemd-udevd[328]: passed unknown number of bytes to netlink monitor 0x7fa12ccb0ff0
Jun 08 14:36:18 breadbox.penurio.us systemd-udevd[327]: passed 141 bytes to netlink monitor 0x7fa12cca02f0
Jun 08 14:36:18 breadbox.penurio.us systemd-udevd[328]: seq 2205 processed with 0
Jun 08 14:36:18 breadbox.penurio.us systemd-udevd[327]: passed 119 bytes to netlink monitor 0x7fa12cca02f0
Jun 08 14:36:18 breadbox.penurio.us systemd-udevd[329]: seq 2204 running
Jun 08 14:36:18 breadbox.penurio.us systemd-udevd[330]: seq 2206 running
Jun 08 14:36:18 breadbox.penurio.us systemd-udevd[327]: seq 2207 queued, 'add' 'drivers'
Jun 08 14:36:18 breadbox.penurio.us systemd-udevd[327]: seq 2208 queued, 'add' 'drivers'
Jun 08 14:36:18 breadbox.penurio.us systemd-udevd[329]: no db file to read /run/udev/data/+drivers:processor: No such file or directory
Jun 08 14:36:18 breadbox.penurio.us systemd-udevd[327]: seq 2209 queued, 'add' 'drivers'
Jun 08 14:36:18 breadbox.penurio.us systemd-udevd[330]: no db file to read /run/udev/data/+bus:hid: No such file or directory
Jun 08 14:36:18 breadbox.penurio.us systemd-udevd[327]: seq 2210 queued, 'add' 'drivers'
Jun 08 14:36:18 breadbox.penurio.us systemd-udevd[327]: seq 2211 queued, 'add' 'drivers'
Jun 08 14:36:18 breadbox.penurio.us systemd-udevd[327]: seq 2212 queued, 'add' 'drivers'
Jun 08 14:36:18 breadbox.penurio.us systemd-udevd[330]: passed unknown number of bytes to netlink monitor 0x7fa12ccb51c0
Jun 08 14:36:18 breadbox.penurio.us systemd-udevd[329]: no db file to read /run/udev/data/+subsystem:drivers: No such file or directory
Jun 08 14:36:18 breadbox.penurio.us systemd-udevd[330]: seq 2206 processed with 0
Jun 08 14:36:18 breadbox.penurio.us systemd-udevd[327]: seq 2213 queued, 'add' 'drivers'
Jun 08 14:36:18 breadbox.penurio.us systemd-udevd[327]: passed 138 bytes to netlink monitor 0x7fa12cca02f0
Jun 08 14:36:18 breadbox.penurio.us systemd-udevd[328]: seq 2207 running
Jun 08 14:36:18 breadbox.penurio.us systemd-udevd[329]: passed unknown number of bytes to netlink monitor 0x7fa12ccb2a70
Jun 08 14:36:18 breadbox.penurio.us systemd-udevd[327]: passed 137 bytes to netlink monitor 0x7fa12cca02f0
Jun 08 14:36:18 breadbox.penurio.us systemd-udevd[329]: seq 2204 processed with 0
Jun 08 14:36:18 breadbox.penurio.us systemd-udevd[328]: no db file to read /run/udev/data/+drivers:a4tech: No such file or directory
Jun 08 14:36:18 breadbox.penurio.us systemd-udevd[327]: passed 138 bytes to netlink monitor 0x7fa12cca02f0
Jun 08 14:36:18 breadbox.penurio.us systemd-udevd[330]: seq 2208 running
Jun 08 14:36:18 breadbox.penurio.us systemd-udevd[331]: seq 2209 running
Jun 08 14:36:18 breadbox.penurio.us systemd-udevd[333]: seq 2210 running
Jun 08 14:36:18 breadbox.penurio.us systemd-udevd[328]: no db file to read /run/udev/data/+subsystem:drivers: No such file or directory
Jun 08 14:36:18 breadbox.penurio.us systemd-udevd[327]: passed 138 bytes to netlink monitor 0x7fa12cca02f0
Jun 08 14:36:18 breadbox.penurio.us systemd-udevd[331]: no db file to read /run/udev/data/+drivers:belkin: No such file or directory
Jun 08 14:36:18 breadbox.penurio.us systemd-udevd[328]: passed unknown number of bytes to netlink monitor 0x7fa12ccb0ff0
Jun 08 14:36:18 breadbox.penurio.us systemd-udevd[328]: seq 2207 processed with 0
Jun 08 14:36:18 breadbox.penurio.us systemd-udevd[333]: no db file to read /run/udev/data/+drivers:cherry: No such file or directory
Jun 08 14:36:18 breadbox.penurio.us systemd-udevd[330]: no db file to read /run/udev/data/+drivers:apple: No such file or directory
Jun 08 14:36:18 breadbox.penurio.us systemd-udevd[327]: passed 139 bytes to netlink monitor 0x7fa12cca02f0
Jun 08 14:36:18 breadbox.penurio.us systemd-udevd[331]: no db file to read /run/udev/data/+subsystem:drivers: No such file or directory
Jun 08 14:36:18 breadbox.penurio.us systemd-udevd[334]: seq 2211 running
Jun 08 14:36:18 breadbox.penurio.us systemd-udevd[333]: no db file to read /run/udev/data/+subsystem:drivers: No such file or directory
Jun 08 14:36:18 breadbox.penurio.us systemd-udevd[331]: passed unknown number of bytes to netlink monitor 0x7fa12ccb57b0
Jun 08 14:36:18 breadbox.penurio.us systemd-udevd[331]: seq 2209 processed with 0
Jun 08 14:36:18 breadbox.penurio.us systemd-udevd[334]: no db file to read /run/udev/data/+drivers:chicony: No such file or directory
Jun 08 14:36:18 breadbox.penurio.us systemd-udevd[333]: passed unknown number of bytes to netlink monitor 0x7fa12cca4550
Jun 08 14:36:18 breadbox.penurio.us systemd-udevd[330]: no db file to read /run/udev/data/+subsystem:drivers: No such file or directory
Jun 08 14:36:18 breadbox.penurio.us systemd-udevd[333]: seq 2210 processed with 0
Jun 08 14:36:18 breadbox.penurio.us systemd-udevd[330]: passed unknown number of bytes to netlink monitor 0x7fa12ccb51c0
Jun 08 14:36:18 breadbox.penurio.us systemd-udevd[330]: seq 2208 processed with 0
Jun 08 14:36:18 breadbox.penurio.us systemd-udevd[334]: no db file to read /run/udev/data/+subsystem:drivers: No such file or directory
Jun 08 14:36:18 breadbox.penurio.us systemd-udevd[334]: passed unknown number of bytes to netlink monitor 0x7fa12cca7a60
Jun 08 14:36:18 breadbox.penurio.us systemd-udevd[334]: seq 2211 processed with 0
Jun 08 14:36:18 breadbox.penurio.us systemd-udevd[327]: seq 2212 forked new worker [335]
Jun 08 14:36:18 breadbox.penurio.us systemd-udevd[335]: seq 2212 running
Jun 08 14:36:18 breadbox.penurio.us systemd-udevd[327]: seq 2213 forked new worker [336]
Jun 08 14:36:18 breadbox.penurio.us systemd[1]: Received SIGCHLD from PID 332 (udevadm).
Jun 08 14:36:18 breadbox.penurio.us systemd[1]: Child 332 (udevadm) died (code=exited, status=0/SUCCESS)
Jun 08 14:36:18 breadbox.penurio.us systemd[1]: Child 332 belongs to systemd-udev-trigger.service
Jun 08 14:36:18 breadbox.penurio.us systemd-udevd[335]: no db file to read /run/udev/data/+drivers:cypress: No such file or directory
Jun 08 14:36:18 breadbox.penurio.us systemd[1]: systemd-udev-trigger.service: main process exited, code=exited, status=0/SUCCESS
Jun 08 14:36:18 breadbox.penurio.us systemd[1]: systemd-udev-trigger.service running next main command for state start
Jun 08 14:36:18 breadbox.penurio.us systemd[1]: About to execute: /usr/bin/udevadm trigger --type=devices --action=add
Jun 08 14:36:18 breadbox.penurio.us systemd-udevd[327]: seq 2214 queued, 'add' 'drivers'
Jun 08 14:36:18 breadbox.penurio.us systemd-udevd[335]: no db file to read /run/udev/data/+subsystem:drivers: No such file or directory
Jun 08 14:36:18 breadbox.penurio.us systemd-udevd[327]: passed 143 bytes to netlink monitor 0x7fa12cca02f0
Jun 08 14:36:18 breadbox.penurio.us systemd-udevd[328]: seq 2214 running
Jun 08 14:36:18 breadbox.penurio.us systemd-udevd[327]: seq 2215 queued, 'add' 'drivers'
Jun 08 14:36:18 breadbox.penurio.us systemd-udevd[335]: passed unknown number of bytes to netlink monitor 0x7fa12ccb06b0
Jun 08 14:36:18 breadbox.penurio.us systemd-udevd[335]: seq 2212 processed with 0
Jun 08 14:36:18 breadbox.penurio.us systemd-udevd[328]: no db file to read /run/udev/data/+drivers:hid-generic: No such file or directory
Jun 08 14:36:18 breadbox.penurio.us systemd-udevd[327]: passed 142 bytes to netlink monitor 0x7fa12cca02f0
Jun 08 14:36:18 breadbox.penurio.us systemd[1]: Forked /usr/bin/udevadm as 338
Jun 08 14:36:18 breadbox.penurio.us systemd-udevd[336]: seq 2213 running
Jun 08 14:36:18 breadbox.penurio.us systemd-udevd[327]: seq 2216 queued, 'add' 'drivers'
Jun 08 14:36:18 breadbox.penurio.us systemd-udevd[328]: no db file to read /run/udev/data/+subsystem:drivers: No such file or directory
Jun 08 14:36:18 breadbox.penurio.us systemd-udevd[329]: seq 2215 running
Jun 08 14:36:18 breadbox.penurio.us systemd-udevd[327]: passed 140 bytes to netlink monitor 0x7fa12cca02f0
Jun 08 14:36:18 breadbox.penurio.us systemd-udevd[328]: passed unknown number of bytes to netlink monitor 0x7fa12ccb0ff0
Jun 08 14:36:18 breadbox.penurio.us systemd-udevd[328]: seq 2214 processed with 0
Jun 08 14:36:18 breadbox.penurio.us systemd-udevd[327]: seq 2217 queued, 'add' 'drivers'
Jun 08 14:36:18 breadbox.penurio.us systemd-udevd[330]: seq 2216 running
Jun 08 14:36:18 breadbox.penurio.us systemd-udevd[327]: passed 142 bytes to netlink monitor 0x7fa12cca02f0
Jun 08 14:36:18 breadbox.penurio.us systemd-udevd[329]: no db file to read /run/udev/data/+drivers:kensington: No such file or directory
Jun 08 14:36:18 breadbox.penurio.us systemd-udevd[328]: seq 2217 running
Jun 08 14:36:18 breadbox.penurio.us systemd-udevd[327]: seq 2218 queued, 'add' 'drivers'
Jun 08 14:36:18 breadbox.penurio.us systemd-udevd[328]: no db file to read /run/udev/data/+drivers:magicmouse: No such file or directory
Jun 08 14:36:18 breadbox.penurio.us systemd-udevd[336]: no db file to read /run/udev/data/+drivers:ezkey: No such file or directory
Jun 08 14:36:18 breadbox.penurio.us systemd-udevd[330]: no db file to read /run/udev/data/+drivers:logitech: No such file or directory
Jun 08 14:36:18 breadbox.penurio.us systemd-udevd[327]: passed 141 bytes to netlink monitor 0x7fa12cca02f0
Jun 08 14:36:18 breadbox.penurio.us systemd-udevd[327]: seq 2219 queued, 'add' 'drivers'
Jun 08 14:36:18 breadbox.penurio.us systemd-udevd[331]: seq 2218 running
Jun 08 14:36:18 breadbox.penurio.us systemd-udevd[328]: no db file to read /run/udev/data/+subsystem:drivers: No such file or directory
Jun 08 14:36:18 breadbox.penurio.us systemd-udevd[327]: passed 140 bytes to netlink monitor 0x7fa12cca02f0
Jun 08 14:36:18 breadbox.penurio.us systemd-udevd[328]: passed unknown number of bytes to netlink monitor 0x7fa12ccb0ff0
Jun 08 14:36:18 breadbox.penurio.us systemd-udevd[329]: no db file to read /run/udev/data/+subsystem:drivers: No such file or directory
Jun 08 14:36:18 breadbox.penurio.us systemd-udevd[328]: seq 2217 processed with 0
Jun 08 14:36:18 breadbox.penurio.us systemd-udevd[333]: seq 2219 running
Jun 08 14:36:18 breadbox.penurio.us systemd-udevd[331]: no db file to read /run/udev/data/+drivers:microsoft: No such file or directory
Jun 08 14:36:18 breadbox.penurio.us systemd-udevd[327]: seq 2220 queued, 'add' 'drivers'
Jun 08 14:36:18 breadbox.penurio.us systemd-udevd[336]: no db file to read /run/udev/data/+subsystem:drivers: No such file or directory
Jun 08 14:36:18 breadbox.penurio.us systemd-udevd[330]: no db file to read /run/udev/data/+subsystem:drivers: No such file or directory
Jun 08 14:36:18 breadbox.penurio.us systemd-udevd[333]: no db file to read /run/udev/data/+drivers:monterey: No such file or directory
Jun 08 14:36:18 breadbox.penurio.us systemd-udevd[327]: passed 137 bytes to netlink monitor 0x7fa12cca02f0
Jun 08 14:36:18 breadbox.penurio.us systemd-udevd[328]: seq 2220 running
Jun 08 14:36:18 breadbox.penurio.us systemd-udevd[329]: passed unknown number of bytes to netlink monitor 0x7fa12ccb2a70
Jun 08 14:36:18 breadbox.penurio.us systemd-udevd[331]: no db file to read /run/udev/data/+subsystem:drivers: No such file or directory
Jun 08 14:36:18 breadbox.penurio.us systemd-udevd[327]: seq 2221 queued, 'add' 'bus'
Jun 08 14:36:18 breadbox.penurio.us systemd-udevd[329]: seq 2215 processed with 0
Jun 08 14:36:18 breadbox.penurio.us systemd-udevd[336]: passed unknown number of bytes to netlink monitor 0x7fa12ccaee60
Jun 08 14:36:18 breadbox.penurio.us systemd-udevd[336]: seq 2213 processed with 0
Jun 08 14:36:18 breadbox.penurio.us systemd-udevd[330]: passed unknown number of bytes to netlink monitor 0x7fa12ccb51c0
Jun 08 14:36:18 breadbox.penurio.us systemd-udevd[327]: passed 128 bytes to netlink monitor 0x7fa12cca02f0
Jun 08 14:36:18 breadbox.penurio.us systemd-udevd[328]: no db file to read /run/udev/data/+drivers:ntrig: No such file or directory
Jun 08 14:36:18 breadbox.penurio.us systemd-udevd[331]: passed unknown number of bytes to netlink monitor 0x7fa12ccb57b0
Jun 08 14:36:18 breadbox.penurio.us systemd-udevd[331]: seq 2218 processed with 0
Jun 08 14:36:18 breadbox.penurio.us systemd-udevd[330]: seq 2216 processed with 0
Jun 08 14:36:18 breadbox.penurio.us systemd-udevd[333]: no db file to read /run/udev/data/+subsystem:drivers: No such file or directory
Jun 08 14:36:18 breadbox.penurio.us systemd-udevd[328]: no db file to read /run/udev/data/+subsystem:drivers: No such file or directory
Jun 08 14:36:18 breadbox.penurio.us systemd-udevd[334]: seq 2221 running
Jun 08 14:36:18 breadbox.penurio.us systemd-udevd[327]: seq 2222 queued, 'add' 'bus'
Jun 08 14:36:18 breadbox.penurio.us systemd-udevd[333]: passed unknown number of bytes to netlink monitor 0x7fa12cca4550
Jun 08 14:36:18 breadbox.penurio.us systemd-udevd[333]: seq 2219 processed with 0
Jun 08 14:36:18 breadbox.penurio.us systemd-udevd[328]: passed unknown number of bytes to netlink monitor 0x7fa12ccb0ff0
Jun 08 14:36:18 breadbox.penurio.us systemd-udevd[327]: passed 124 bytes to netlink monitor 0x7fa12cca02f0
Jun 08 14:36:18 breadbox.penurio.us systemd-udevd[328]: seq 2220 processed with 0
Jun 08 14:36:18 breadbox.penurio.us systemd-udevd[334]: no db file to read /run/udev/data/+bus:machinecheck: No such file or directory
Jun 08 14:36:18 breadbox.penurio.us systemd-udevd[329]: seq 2222 running
Jun 08 14:36:18 breadbox.penurio.us systemd-udevd[327]: seq 2223 queued, 'add' 'drivers'
Jun 08 14:36:18 breadbox.penurio.us systemd[1]: Got cgroup empty notification for: /system.slice/systemd-udev-trigger.service
Jun 08 14:36:18 breadbox.penurio.us systemd-udevd[327]: seq 2224 queued, 'add' 'bus'
Jun 08 14:36:18 breadbox.penurio.us systemd-udevd[334]: passed unknown number of bytes to netlink monitor 0x7fa12cca7a60
Jun 08 14:36:18 breadbox.penurio.us systemd-udevd[329]: no db file to read /run/udev/data/+bus:mdio_bus: No such file or directory
Jun 08 14:36:18 breadbox.penurio.us systemd-udevd[334]: seq 2221 processed with 0
Jun 08 14:36:18 breadbox.penurio.us systemd-udevd[327]: passed 122 bytes to netlink monitor 0x7fa12cca02f0
Jun 08 14:36:18 breadbox.penurio.us systemd-udevd[328]: seq 2224 running
Jun 08 14:36:18 breadbox.penurio.us systemd-udevd[328]: no db file to read /run/udev/data/+bus:memory: No such file or directory
Jun 08 14:36:18 breadbox.penurio.us systemd[338]: Executing: /usr/bin/udevadm trigger --type=devices --action=add
Jun 08 14:36:18 breadbox.penurio.us systemd-udevd[327]: seq 2225 queued, 'add' 'bus'
Jun 08 14:36:18 breadbox.penurio.us systemd-udevd[329]: passed unknown number of bytes to netlink monitor 0x7fa12ccb2a70
Jun 08 14:36:18 breadbox.penurio.us systemd-udevd[329]: seq 2222 processed with 0
Jun 08 14:36:18 breadbox.penurio.us systemd-udevd[327]: passed 120 bytes to netlink monitor 0x7fa12cca02f0
Jun 08 14:36:18 breadbox.penurio.us systemd-udevd[328]: passed unknown number of bytes to netlink monitor 0x7fa12ccb0ff0
Jun 08 14:36:18 breadbox.penurio.us systemd-udevd[328]: seq 2224 processed with 0
Jun 08 14:36:18 breadbox.penurio.us systemd-udevd[330]: seq 2225 running
Jun 08 14:36:18 breadbox.penurio.us systemd-udevd[327]: seq 2226 queued, 'add' 'bus'
Jun 08 14:36:18 breadbox.penurio.us systemd-udevd[327]: passed 148 bytes to netlink monitor 0x7fa12cca02f0
Jun 08 14:36:18 breadbox.penurio.us systemd-udevd[328]: seq 2223 running
Jun 08 14:36:18 breadbox.penurio.us systemd-udevd[330]: no db file to read /run/udev/data/+bus:node: No such file or directory
Jun 08 14:36:18 breadbox.penurio.us systemd-udevd[327]: passed 119 bytes to netlink monitor 0x7fa12cca02f0
Jun 08 14:36:18 breadbox.penurio.us systemd-udevd[328]: no db file to read /run/udev/data/+drivers:Generic PHY: No such file or directory
Jun 08 14:36:18 breadbox.penurio.us systemd-udevd[329]: seq 2226 running
Jun 08 14:36:18 breadbox.penurio.us systemd-udevd[327]: seq 2227 queued, 'add' 'drivers'
Jun 08 14:36:18 breadbox.penurio.us systemd-udevd[328]: no db file to read /run/udev/data/+subsystem:drivers: No such file or directory
Jun 08 14:36:18 breadbox.penurio.us systemd-udevd[327]: seq 2228 queued, 'add' 'drivers'
Jun 08 14:36:18 breadbox.penurio.us systemd-udevd[328]: passed unknown number of bytes to netlink monitor 0x7fa12ccb0ff0
Jun 08 14:36:18 breadbox.penurio.us systemd-udevd[330]: passed unknown number of bytes to netlink monitor 0x7fa12ccb51c0
Jun 08 14:36:18 breadbox.penurio.us systemd-udevd[328]: seq 2223 processed with 0
Jun 08 14:36:18 breadbox.penurio.us systemd-udevd[330]: seq 2225 processed with 0
Jun 08 14:36:18 breadbox.penurio.us systemd-udevd[329]: no db file to read /run/udev/data/+bus:pci: No such file or directory
Jun 08 14:36:18 breadbox.penurio.us systemd-udevd[327]: seq 2229 queued, 'add' 'drivers'
Jun 08 14:36:18 breadbox.penurio.us systemd-udevd[327]: seq 2230 queued, 'add' 'drivers'
Jun 08 14:36:18 breadbox.penurio.us systemd-udevd[329]: passed unknown number of bytes to netlink monitor 0x7fa12ccb2a70
Jun 08 14:36:18 breadbox.penurio.us systemd-udevd[327]: seq 2231 queued, 'add' 'drivers'
Jun 08 14:36:18 breadbox.penurio.us systemd-udevd[329]: seq 2226 processed with 0
Jun 08 14:36:18 breadbox.penurio.us systemd-udevd[327]: seq 2232 queued, 'add' 'drivers'
Jun 08 14:36:18 breadbox.penurio.us systemd-udevd[327]: passed 145 bytes to netlink monitor 0x7fa12cca02f0
Jun 08 14:36:18 breadbox.penurio.us systemd-udevd[328]: seq 2227 running
Jun 08 14:36:18 breadbox.penurio.us systemd-udevd[327]: passed 143 bytes to netlink monitor 0x7fa12cca02f0
Jun 08 14:36:18 breadbox.penurio.us systemd-udevd[328]: no db file to read /run/udev/data/+drivers:agpgart-intel: No such file or directory
Jun 08 14:36:18 breadbox.penurio.us systemd-udevd[327]: passed 143 bytes to netlink monitor 0x7fa12cca02f0
Jun 08 14:36:18 breadbox.penurio.us systemd-udevd[329]: seq 2228 running
Jun 08 14:36:18 breadbox.penurio.us systemd-udevd[327]: passed 142 bytes to netlink monitor 0x7fa12cca02f0
Jun 08 14:36:18 breadbox.penurio.us systemd-udevd[330]: seq 2229 running
Jun 08 14:36:18 breadbox.penurio.us systemd-udevd[328]: no db file to read /run/udev/data/+subsystem:drivers: No such file or directory
Jun 08 14:36:18 breadbox.penurio.us systemd-udevd[331]: seq 2230 running
Jun 08 14:36:18 breadbox.penurio.us systemd-udevd[327]: passed 140 bytes to netlink monitor 0x7fa12cca02f0
Jun 08 14:36:18 breadbox.penurio.us systemd-udevd[329]: no db file to read /run/udev/data/+drivers:agpgart-sis: No such file or directory
Jun 08 14:36:18 breadbox.penurio.us systemd-udevd[328]: passed unknown number of bytes to netlink monitor 0x7fa12ccb0ff0
Jun 08 14:36:18 breadbox.penurio.us systemd-udevd[327]: passed 142 bytes to netlink monitor 0x7fa12cca02f0
Jun 08 14:36:18 breadbox.penurio.us systemd-udevd[328]: seq 2227 processed with 0
Jun 08 14:36:18 breadbox.penurio.us systemd-udevd[331]: no db file to read /run/udev/data/+drivers:bdx_uncore: No such file or directory
Jun 08 14:36:18 breadbox.penurio.us systemd-udevd[333]: seq 2231 running
Jun 08 14:36:18 breadbox.penurio.us systemd-udevd[330]: no db file to read /run/udev/data/+drivers:agpgart-via: No such file or directory
Jun 08 14:36:18 breadbox.penurio.us systemd-udevd[327]: seq 2233 queued, 'add' 'drivers'
Jun 08 14:36:18 breadbox.penurio.us systemd-udevd[334]: seq 2232 running
Jun 08 14:36:18 breadbox.penurio.us systemd-udevd[327]: passed 138 bytes to netlink monitor 0x7fa12cca02f0
Jun 08 14:36:18 breadbox.penurio.us systemd-udevd[331]: no db file to read /run/udev/data/+subsystem:drivers: No such file or directory
Jun 08 14:36:18 breadbox.penurio.us systemd-udevd[328]: seq 2233 running
Jun 08 14:36:18 breadbox.penurio.us systemd-udevd[327]: seq 2234 queued, 'add' 'drivers'
Jun 08 14:36:18 breadbox.penurio.us systemd-udevd[329]: no db file to read /run/udev/data/+subsystem:drivers: No such file or directory
Jun 08 14:36:18 breadbox.penurio.us systemd-udevd[331]: passed unknown number of bytes to netlink monitor 0x7fa12ccb57b0
Jun 08 14:36:18 breadbox.penurio.us systemd-udevd[331]: seq 2230 processed with 0
Jun 08 14:36:18 breadbox.penurio.us systemd-udevd[333]: no db file to read /run/udev/data/+drivers:ehci-pci: No such file or directory
Jun 08 14:36:18 breadbox.penurio.us systemd-udevd[334]: no db file to read /run/udev/data/+drivers:intel-lpss: No such file or directory
Jun 08 14:36:18 breadbox.penurio.us systemd-udevd[327]: passed 145 bytes to netlink monitor 0x7fa12cca02f0
Jun 08 14:36:18 breadbox.penurio.us systemd-udevd[327]: seq 2235 queued, 'add' 'drivers'
Jun 08 14:36:18 breadbox.penurio.us systemd-udevd[330]: no db file to read /run/udev/data/+subsystem:drivers: No such file or directory
Jun 08 14:36:18 breadbox.penurio.us systemd-udevd[328]: no db file to read /run/udev/data/+drivers:ioapic: No such file or directory
Jun 08 14:36:18 breadbox.penurio.us systemd-udevd[329]: passed unknown number of bytes to netlink monitor 0x7fa12ccb2a70
Jun 08 14:36:18 breadbox.penurio.us systemd-udevd[327]: passed 140 bytes to netlink monitor 0x7fa12cca02f0
Jun 08 14:36:18 breadbox.penurio.us systemd-udevd[329]: seq 2228 processed with 0
Jun 08 14:36:18 breadbox.penurio.us systemd-udevd[331]: seq 2235 running
Jun 08 14:36:18 breadbox.penurio.us systemd-udevd[335]: seq 2234 running
Jun 08 14:36:18 breadbox.penurio.us systemd-udevd[327]: seq 2236 queued, 'add' 'drivers'
Jun 08 14:36:18 breadbox.penurio.us systemd-udevd[330]: passed unknown number of bytes to netlink monitor 0x7fa12ccb51c0
Jun 08 14:36:18 breadbox.penurio.us systemd-udevd[330]: seq 2229 processed with 0
Jun 08 14:36:18 breadbox.penurio.us systemd-udevd[327]: passed 140 bytes to netlink monitor 0x7fa12cca02f0
Jun 08 14:36:18 breadbox.penurio.us systemd-udevd[331]: no db file to read /run/udev/data/+drivers:ohci-pci: No such file or directory
Jun 08 14:36:18 breadbox.penurio.us systemd-udevd[333]: no db file to read /run/udev/data/+subsystem:drivers: No such file or directory
Jun 08 14:36:18 breadbox.penurio.us systemd-udevd[329]: seq 2236 running
Jun 08 14:36:18 breadbox.penurio.us systemd-udevd[334]: no db file to read /run/udev/data/+subsystem:drivers: No such file or directory
Jun 08 14:36:18 breadbox.penurio.us systemd-udevd[327]: seq 2237 queued, 'add' 'drivers'
Jun 08 14:36:18 breadbox.penurio.us systemd-udevd[335]: no db file to read /run/udev/data/+drivers:langwell_gpio: No such file or directory
Jun 08 14:36:18 breadbox.penurio.us systemd-udevd[327]: passed 140 bytes to netlink monitor 0x7fa12cca02f0
Jun 08 14:36:18 breadbox.penurio.us systemd-udevd[331]: no db file to read /run/udev/data/+subsystem:drivers: No such file or directory
Jun 08 14:36:18 breadbox.penurio.us systemd-udevd[330]: seq 2237 running
Jun 08 14:36:18 breadbox.penurio.us systemd-udevd[327]: seq 2238 queued, 'add' 'drivers'
Jun 08 14:36:18 breadbox.penurio.us systemd-udevd[328]: no db file to read /run/udev/data/+subsystem:drivers: No such file or directory
Jun 08 14:36:18 breadbox.penurio.us systemd-udevd[334]: passed unknown number of bytes to netlink monitor 0x7fa12cca7a60
Jun 08 14:36:18 breadbox.penurio.us systemd-udevd[329]: no db file to read /run/udev/data/+drivers:pci-stub: No such file or directory
Jun 08 14:36:18 breadbox.penurio.us systemd-udevd[333]: passed unknown number of bytes to netlink monitor 0x7fa12cca4550
Jun 08 14:36:18 breadbox.penurio.us systemd-udevd[331]: passed unknown number of bytes to netlink monitor 0x7fa12ccb57b0
Jun 08 14:36:18 breadbox.penurio.us systemd-udevd[331]: seq 2235 processed with 0
Jun 08 14:36:18 breadbox.penurio.us systemd-udevd[334]: seq 2232 processed with 0
Jun 08 14:36:18 breadbox.penurio.us systemd-udevd[333]: seq 2231 processed with 0
Jun 08 14:36:18 breadbox.penurio.us systemd-udevd[327]: passed 138 bytes to netlink monitor 0x7fa12cca02f0
Jun 08 14:36:18 breadbox.penurio.us systemd-udevd[327]: seq 2239 queued, 'add' 'drivers'
Jun 08 14:36:18 breadbox.penurio.us systemd-udevd[330]: no db file to read /run/udev/data/+drivers:pcieport: No such file or directory
Jun 08 14:36:18 breadbox.penurio.us systemd-udevd[328]: passed unknown number of bytes to netlink monitor 0x7fa12ccb0ff0
Jun 08 14:36:18 breadbox.penurio.us systemd-udevd[336]: seq 2238 running
Jun 08 14:36:18 breadbox.penurio.us systemd-udevd[327]: passed 140 bytes to netlink monitor 0x7fa12cca02f0
Jun 08 14:36:18 breadbox.penurio.us systemd-udevd[331]: seq 2239 running
Jun 08 14:36:18 breadbox.penurio.us systemd-udevd[328]: seq 2233 processed with 0
Jun 08 14:36:18 breadbox.penurio.us systemd-udevd[335]: no db file to read /run/udev/data/+subsystem:drivers: No such file or directory
Jun 08 14:36:18 breadbox.penurio.us systemd-udevd[327]: seq 2240 queued, 'add' 'drivers'
Jun 08 14:36:18 breadbox.penurio.us systemd-udevd[329]: no db file to read /run/udev/data/+subsystem:drivers: No such file or directory
Jun 08 14:36:18 breadbox.penurio.us systemd-udevd[331]: no db file to read /run/udev/data/+drivers:uhci_hcd: No such file or directory
Jun 08 14:36:18 breadbox.penurio.us systemd-udevd[336]: no db file to read /run/udev/data/+drivers:serial: No such file or directory
Jun 08 14:36:18 breadbox.penurio.us systemd-udevd[327]: passed 135 bytes to netlink monitor 0x7fa12cca02f0
Jun 08 14:36:18 breadbox.penurio.us systemd-udevd[327]: seq 2241 queued, 'add' 'drivers'
Jun 08 14:36:18 breadbox.penurio.us systemd-udevd[328]: seq 2240 running
Jun 08 14:36:18 breadbox.penurio.us systemd-udevd[330]: no db file to read /run/udev/data/+subsystem:drivers: No such file or directory
Jun 08 14:36:18 breadbox.penurio.us systemd-udevd[335]: passed unknown number of bytes to netlink monitor 0x7fa12ccb06b0
Jun 08 14:36:18 breadbox.penurio.us systemd-udevd[329]: passed unknown number of bytes to netlink monitor 0x7fa12ccb2a70
Jun 08 14:36:18 breadbox.penurio.us systemd-udevd[327]: passed 148 bytes to netlink monitor 0x7fa12cca02f0
Jun 08 14:36:18 breadbox.penurio.us systemd-udevd[331]: no db file to read /run/udev/data/+subsystem:drivers: No such file or directory
Jun 08 14:36:18 breadbox.penurio.us systemd-udevd[329]: seq 2236 processed with 0
Jun 08 14:36:18 breadbox.penurio.us systemd-udevd[335]: seq 2234 processed with 0
Jun 08 14:36:18 breadbox.penurio.us systemd-udevd[336]: no db file to read /run/udev/data/+subsystem:drivers: No such file or directory
Jun 08 14:36:18 breadbox.penurio.us systemd-udevd[333]: seq 2241 running
