Jun 08 14:36:19 breadbox.penurio.us systemd-udevd[334]: seq 2909 processed with 0
Jun 08 14:36:19 breadbox.penurio.us systemd-udevd[327]: passed 163 bytes to netlink monitor 0x7fa12cca02f0
Jun 08 14:36:19 breadbox.penurio.us systemd-udevd[333]: seq 2911 running
Jun 08 14:36:19 breadbox.penurio.us systemd-udevd[335]: passed unknown number of bytes to netlink monitor 0x7fa12ccb06b0
Jun 08 14:36:19 breadbox.penurio.us systemd-udevd[327]: seq 2912 queued, 'add' 'machinecheck'
Jun 08 14:36:19 breadbox.penurio.us systemd-udevd[333]: no db file to read /run/udev/data/+machinecheck:machinecheck13: No such file or directory
Jun 08 14:36:19 breadbox.penurio.us systemd-udevd[335]: seq 2910 processed with 0
Jun 08 14:36:19 breadbox.penurio.us systemd-udevd[327]: passed 163 bytes to netlink monitor 0x7fa12cca02f0
Jun 08 14:36:19 breadbox.penurio.us systemd-udevd[334]: seq 2912 running
Jun 08 14:36:19 breadbox.penurio.us systemd-udevd[333]: passed unknown number of bytes to netlink monitor 0x7fa12cca4550
Jun 08 14:36:19 breadbox.penurio.us systemd-udevd[327]: seq 2913 queued, 'add' 'machinecheck'
Jun 08 14:36:19 breadbox.penurio.us systemd-udevd[336]: Inserted 'ast'
Jun 08 14:36:19 breadbox.penurio.us systemd-udevd[334]: no db file to read /run/udev/data/+machinecheck:machinecheck14: No such file or directory
Jun 08 14:36:19 breadbox.penurio.us systemd-udevd[333]: seq 2911 processed with 0
Jun 08 14:36:19 breadbox.penurio.us systemd-udevd[327]: passed 163 bytes to netlink monitor 0x7fa12cca02f0
Jun 08 14:36:19 breadbox.penurio.us systemd-udevd[335]: seq 2913 running
Jun 08 14:36:19 breadbox.penurio.us systemd-udevd[336]: passed unknown number of bytes to netlink monitor 0x7fa12ccaee60
Jun 08 14:36:19 breadbox.penurio.us systemd-udevd[334]: passed unknown number of bytes to netlink monitor 0x7fa12cca7a60
Jun 08 14:36:19 breadbox.penurio.us systemd-udevd[327]: seq 2914 queued, 'add' 'machinecheck'
Jun 08 14:36:19 breadbox.penurio.us systemd-udevd[335]: no db file to read /run/udev/data/+machinecheck:machinecheck15: No such file or directory
Jun 08 14:36:19 breadbox.penurio.us systemd-udevd[336]: seq 2777 processed with 0
Jun 08 14:36:19 breadbox.penurio.us systemd-udevd[334]: seq 2912 processed with 0
Jun 08 14:36:19 breadbox.penurio.us systemd-udevd[327]: passed 162 bytes to netlink monitor 0x7fa12cca02f0
Jun 08 14:36:19 breadbox.penurio.us systemd-udevd[333]: seq 2914 running
Jun 08 14:36:19 breadbox.penurio.us systemd-udevd[335]: passed unknown number of bytes to netlink monitor 0x7fa12ccb06b0
Jun 08 14:36:19 breadbox.penurio.us systemd-udevd[327]: seq 2915 queued, 'add' 'machinecheck'
Jun 08 14:36:19 breadbox.penurio.us systemd-udevd[333]: no db file to read /run/udev/data/+machinecheck:machinecheck2: No such file or directory
Jun 08 14:36:19 breadbox.penurio.us systemd-udevd[335]: seq 2913 processed with 0
Jun 08 14:36:19 breadbox.penurio.us systemd-udevd[327]: passed 162 bytes to netlink monitor 0x7fa12cca02f0
Jun 08 14:36:19 breadbox.penurio.us systemd-udevd[334]: seq 2915 running
Jun 08 14:36:19 breadbox.penurio.us systemd-udevd[333]: passed unknown number of bytes to netlink monitor 0x7fa12cca4550
Jun 08 14:36:19 breadbox.penurio.us systemd-udevd[327]: seq 2916 queued, 'add' 'machinecheck'
Jun 08 14:36:19 breadbox.penurio.us systemd-udevd[334]: no db file to read /run/udev/data/+machinecheck:machinecheck3: No such file or directory
Jun 08 14:36:19 breadbox.penurio.us systemd-udevd[333]: seq 2914 processed with 0
Jun 08 14:36:19 breadbox.penurio.us systemd-udevd[327]: passed 162 bytes to netlink monitor 0x7fa12cca02f0
Jun 08 14:36:19 breadbox.penurio.us systemd-udevd[335]: seq 2916 running
Jun 08 14:36:19 breadbox.penurio.us systemd-udevd[334]: passed unknown number of bytes to netlink monitor 0x7fa12cca7a60
Jun 08 14:36:19 breadbox.penurio.us systemd-udevd[327]: seq 2917 queued, 'add' 'machinecheck'
Jun 08 14:36:19 breadbox.penurio.us systemd-udevd[335]: no db file to read /run/udev/data/+machinecheck:machinecheck4: No such file or directory
Jun 08 14:36:19 breadbox.penurio.us systemd-udevd[334]: seq 2915 processed with 0
Jun 08 14:36:19 breadbox.penurio.us systemd-udevd[327]: passed 162 bytes to netlink monitor 0x7fa12cca02f0
Jun 08 14:36:19 breadbox.penurio.us systemd-udevd[333]: seq 2917 running
Jun 08 14:36:19 breadbox.penurio.us systemd-udevd[335]: passed unknown number of bytes to netlink monitor 0x7fa12ccb06b0
Jun 08 14:36:19 breadbox.penurio.us systemd-udevd[327]: seq 2918 queued, 'add' 'machinecheck'
Jun 08 14:36:19 breadbox.penurio.us systemd-udevd[333]: no db file to read /run/udev/data/+machinecheck:machinecheck5: No such file or directory
Jun 08 14:36:19 breadbox.penurio.us systemd-udevd[335]: seq 2916 processed with 0
Jun 08 14:36:19 breadbox.penurio.us systemd-udevd[327]: passed 162 bytes to netlink monitor 0x7fa12cca02f0
Jun 08 14:36:19 breadbox.penurio.us systemd-udevd[334]: seq 2918 running
Jun 08 14:36:19 breadbox.penurio.us systemd-udevd[333]: passed unknown number of bytes to netlink monitor 0x7fa12cca4550
Jun 08 14:36:19 breadbox.penurio.us systemd-udevd[327]: seq 2919 queued, 'add' 'machinecheck'
Jun 08 14:36:19 breadbox.penurio.us systemd-udevd[334]: no db file to read /run/udev/data/+machinecheck:machinecheck6: No such file or directory
Jun 08 14:36:19 breadbox.penurio.us systemd-udevd[333]: seq 2917 processed with 0
Jun 08 14:36:19 breadbox.penurio.us systemd-udevd[327]: passed 162 bytes to netlink monitor 0x7fa12cca02f0
Jun 08 14:36:19 breadbox.penurio.us systemd-udevd[335]: seq 2919 running
Jun 08 14:36:19 breadbox.penurio.us systemd-udevd[334]: passed unknown number of bytes to netlink monitor 0x7fa12cca7a60
Jun 08 14:36:19 breadbox.penurio.us systemd-udevd[327]: seq 2920 queued, 'add' 'machinecheck'
Jun 08 14:36:19 breadbox.penurio.us systemd-udevd[335]: no db file to read /run/udev/data/+machinecheck:machinecheck7: No such file or directory
Jun 08 14:36:19 breadbox.penurio.us systemd-udevd[334]: seq 2918 processed with 0
Jun 08 14:36:19 breadbox.penurio.us systemd-udevd[327]: passed 162 bytes to netlink monitor 0x7fa12cca02f0
Jun 08 14:36:19 breadbox.penurio.us systemd-udevd[333]: seq 2920 running
Jun 08 14:36:19 breadbox.penurio.us systemd-udevd[335]: passed unknown number of bytes to netlink monitor 0x7fa12ccb06b0
Jun 08 14:36:19 breadbox.penurio.us systemd-udevd[327]: seq 2921 queued, 'add' 'machinecheck'
Jun 08 14:36:19 breadbox.penurio.us systemd-udevd[333]: no db file to read /run/udev/data/+machinecheck:machinecheck8: No such file or directory
Jun 08 14:36:19 breadbox.penurio.us systemd-udevd[335]: seq 2919 processed with 0
Jun 08 14:36:19 breadbox.penurio.us systemd-udevd[327]: passed 162 bytes to netlink monitor 0x7fa12cca02f0
Jun 08 14:36:19 breadbox.penurio.us systemd-udevd[334]: seq 2921 running
Jun 08 14:36:19 breadbox.penurio.us systemd-udevd[333]: passed unknown number of bytes to netlink monitor 0x7fa12cca4550
Jun 08 14:36:19 breadbox.penurio.us systemd-udevd[327]: seq 2922 queued, 'add' 'memory'
Jun 08 14:36:19 breadbox.penurio.us systemd-udevd[334]: no db file to read /run/udev/data/+machinecheck:machinecheck9: No such file or directory
Jun 08 14:36:19 breadbox.penurio.us systemd-udevd[333]: seq 2920 processed with 0
Jun 08 14:36:19 breadbox.penurio.us systemd-udevd[327]: passed 144 bytes to netlink monitor 0x7fa12cca02f0
Jun 08 14:36:19 breadbox.penurio.us systemd-udevd[335]: seq 2922 running
Jun 08 14:36:19 breadbox.penurio.us systemd-udevd[334]: passed unknown number of bytes to netlink monitor 0x7fa12cca7a60
Jun 08 14:36:19 breadbox.penurio.us systemd-udevd[327]: seq 2923 queued, 'add' 'memory'
Jun 08 14:36:19 breadbox.penurio.us systemd-udevd[335]: no db file to read /run/udev/data/+memory:memory0: No such file or directory
Jun 08 14:36:19 breadbox.penurio.us systemd-udevd[334]: seq 2921 processed with 0
Jun 08 14:36:19 breadbox.penurio.us systemd-udevd[327]: passed 144 bytes to netlink monitor 0x7fa12cca02f0
Jun 08 14:36:19 breadbox.penurio.us systemd-udevd[333]: seq 2923 running
Jun 08 14:36:19 breadbox.penurio.us systemd-udevd[335]: passed unknown number of bytes to netlink monitor 0x7fa12ccb06b0
Jun 08 14:36:19 breadbox.penurio.us systemd-udevd[327]: seq 2924 queued, 'add' 'memory'
Jun 08 14:36:19 breadbox.penurio.us systemd-udevd[333]: no db file to read /run/udev/data/+memory:memory1: No such file or directory
Jun 08 14:36:19 breadbox.penurio.us systemd-udevd[335]: seq 2922 processed with 0
Jun 08 14:36:19 breadbox.penurio.us systemd-udevd[327]: passed 145 bytes to netlink monitor 0x7fa12cca02f0
Jun 08 14:36:19 breadbox.penurio.us systemd-udevd[334]: seq 2924 running
Jun 08 14:36:19 breadbox.penurio.us systemd-udevd[333]: passed unknown number of bytes to netlink monitor 0x7fa12cca4550
Jun 08 14:36:19 breadbox.penurio.us systemd-udevd[327]: seq 2925 queued, 'add' 'memory'
Jun 08 14:36:19 breadbox.penurio.us systemd-udevd[334]: no db file to read /run/udev/data/+memory:memory10: No such file or directory
Jun 08 14:36:19 breadbox.penurio.us systemd-udevd[333]: seq 2923 processed with 0
Jun 08 14:36:19 breadbox.penurio.us systemd-udevd[327]: passed 146 bytes to netlink monitor 0x7fa12cca02f0
Jun 08 14:36:19 breadbox.penurio.us systemd-udevd[335]: seq 2925 running
Jun 08 14:36:19 breadbox.penurio.us systemd-udevd[334]: passed unknown number of bytes to netlink monitor 0x7fa12cca7a60
Jun 08 14:36:19 breadbox.penurio.us systemd-udevd[327]: seq 2926 queued, 'add' 'memory'
Jun 08 14:36:19 breadbox.penurio.us systemd-udevd[335]: no db file to read /run/udev/data/+memory:memory100: No such file or directory
Jun 08 14:36:19 breadbox.penurio.us systemd-udevd[334]: seq 2924 processed with 0
Jun 08 14:36:19 breadbox.penurio.us systemd-udevd[327]: passed 147 bytes to netlink monitor 0x7fa12cca02f0
Jun 08 14:36:19 breadbox.penurio.us systemd-udevd[333]: seq 2926 running
Jun 08 14:36:19 breadbox.penurio.us systemd-udevd[335]: passed unknown number of bytes to netlink monitor 0x7fa12ccb06b0
Jun 08 14:36:19 breadbox.penurio.us systemd-udevd[327]: seq 2927 queued, 'add' 'memory'
Jun 08 14:36:19 breadbox.penurio.us systemd-udevd[333]: no db file to read /run/udev/data/+memory:memory1000: No such file or directory
Jun 08 14:36:19 breadbox.penurio.us systemd-udevd[335]: seq 2925 processed with 0
Jun 08 14:36:19 breadbox.penurio.us systemd-udevd[327]: passed 147 bytes to netlink monitor 0x7fa12cca02f0
Jun 08 14:36:19 breadbox.penurio.us systemd-udevd[334]: seq 2927 running
Jun 08 14:36:19 breadbox.penurio.us systemd-udevd[333]: passed unknown number of bytes to netlink monitor 0x7fa12cca4550
Jun 08 14:36:19 breadbox.penurio.us systemd-udevd[327]: seq 2928 queued, 'add' 'memory'
Jun 08 14:36:19 breadbox.penurio.us systemd-udevd[334]: no db file to read /run/udev/data/+memory:memory1001: No such file or directory
Jun 08 14:36:19 breadbox.penurio.us systemd-udevd[333]: seq 2926 processed with 0
Jun 08 14:36:19 breadbox.penurio.us systemd-udevd[327]: passed 147 bytes to netlink monitor 0x7fa12cca02f0
Jun 08 14:36:19 breadbox.penurio.us systemd-udevd[335]: seq 2928 running
Jun 08 14:36:19 breadbox.penurio.us systemd-udevd[334]: passed unknown number of bytes to netlink monitor 0x7fa12cca7a60
Jun 08 14:36:19 breadbox.penurio.us systemd-udevd[327]: seq 2929 queued, 'add' 'memory'
Jun 08 14:36:19 breadbox.penurio.us systemd-udevd[335]: no db file to read /run/udev/data/+memory:memory1002: No such file or directory
Jun 08 14:36:19 breadbox.penurio.us systemd-udevd[334]: seq 2927 processed with 0
Jun 08 14:36:19 breadbox.penurio.us systemd-udevd[327]: passed 147 bytes to netlink monitor 0x7fa12cca02f0
Jun 08 14:36:19 breadbox.penurio.us systemd-udevd[333]: seq 2929 running
Jun 08 14:36:19 breadbox.penurio.us systemd-udevd[335]: passed unknown number of bytes to netlink monitor 0x7fa12ccb06b0
Jun 08 14:36:19 breadbox.penurio.us systemd-udevd[327]: seq 2930 queued, 'add' 'memory'
Jun 08 14:36:19 breadbox.penurio.us systemd-udevd[333]: no db file to read /run/udev/data/+memory:memory1003: No such file or directory
Jun 08 14:36:19 breadbox.penurio.us systemd-udevd[335]: seq 2928 processed with 0
Jun 08 14:36:19 breadbox.penurio.us systemd-udevd[327]: passed 147 bytes to netlink monitor 0x7fa12cca02f0
Jun 08 14:36:19 breadbox.penurio.us systemd-udevd[334]: seq 2930 running
Jun 08 14:36:19 breadbox.penurio.us systemd-udevd[333]: passed unknown number of bytes to netlink monitor 0x7fa12cca4550
Jun 08 14:36:19 breadbox.penurio.us systemd-udevd[327]: seq 2931 queued, 'add' 'memory'
Jun 08 14:36:19 breadbox.penurio.us systemd-udevd[334]: no db file to read /run/udev/data/+memory:memory1004: No such file or directory
Jun 08 14:36:19 breadbox.penurio.us systemd-udevd[333]: seq 2929 processed with 0
Jun 08 14:36:19 breadbox.penurio.us systemd-udevd[327]: passed 147 bytes to netlink monitor 0x7fa12cca02f0
Jun 08 14:36:19 breadbox.penurio.us systemd-udevd[335]: seq 2931 running
Jun 08 14:36:19 breadbox.penurio.us systemd-udevd[334]: passed unknown number of bytes to netlink monitor 0x7fa12cca7a60
Jun 08 14:36:19 breadbox.penurio.us systemd-udevd[327]: seq 2932 queued, 'add' 'memory'
Jun 08 14:36:19 breadbox.penurio.us systemd-udevd[335]: no db file to read /run/udev/data/+memory:memory1005: No such file or directory
Jun 08 14:36:19 breadbox.penurio.us systemd-udevd[334]: seq 2930 processed with 0
Jun 08 14:36:19 breadbox.penurio.us systemd-udevd[327]: passed 147 bytes to netlink monitor 0x7fa12cca02f0
Jun 08 14:36:19 breadbox.penurio.us systemd-udevd[333]: seq 2932 running
Jun 08 14:36:19 breadbox.penurio.us systemd-udevd[335]: passed unknown number of bytes to netlink monitor 0x7fa12ccb06b0
Jun 08 14:36:19 breadbox.penurio.us systemd-udevd[327]: seq 2933 queued, 'add' 'memory'
Jun 08 14:36:19 breadbox.penurio.us systemd-udevd[333]: no db file to read /run/udev/data/+memory:memory1006: No such file or directory
Jun 08 14:36:19 breadbox.penurio.us systemd-udevd[335]: seq 2931 processed with 0
Jun 08 14:36:19 breadbox.penurio.us systemd-udevd[327]: passed 147 bytes to netlink monitor 0x7fa12cca02f0
Jun 08 14:36:19 breadbox.penurio.us systemd-udevd[334]: seq 2933 running
Jun 08 14:36:19 breadbox.penurio.us systemd-udevd[333]: passed unknown number of bytes to netlink monitor 0x7fa12cca4550
Jun 08 14:36:19 breadbox.penurio.us systemd-udevd[327]: seq 2934 queued, 'add' 'memory'
Jun 08 14:36:19 breadbox.penurio.us systemd-udevd[334]: no db file to read /run/udev/data/+memory:memory1007: No such file or directory
Jun 08 14:36:19 breadbox.penurio.us systemd-udevd[333]: seq 2932 processed with 0
Jun 08 14:36:19 breadbox.penurio.us systemd-udevd[327]: passed 147 bytes to netlink monitor 0x7fa12cca02f0
Jun 08 14:36:19 breadbox.penurio.us systemd-udevd[335]: seq 2934 running
Jun 08 14:36:19 breadbox.penurio.us systemd-udevd[334]: passed unknown number of bytes to netlink monitor 0x7fa12cca7a60
Jun 08 14:36:19 breadbox.penurio.us systemd-udevd[327]: seq 2935 queued, 'add' 'memory'
Jun 08 14:36:19 breadbox.penurio.us systemd-udevd[335]: no db file to read /run/udev/data/+memory:memory1008: No such file or directory
Jun 08 14:36:19 breadbox.penurio.us systemd-udevd[334]: seq 2933 processed with 0
Jun 08 14:36:19 breadbox.penurio.us systemd-udevd[327]: passed 147 bytes to netlink monitor 0x7fa12cca02f0
Jun 08 14:36:19 breadbox.penurio.us systemd-udevd[333]: seq 2935 running
Jun 08 14:36:19 breadbox.penurio.us systemd-udevd[335]: passed unknown number of bytes to netlink monitor 0x7fa12ccb06b0
Jun 08 14:36:19 breadbox.penurio.us systemd-udevd[327]: seq 2936 queued, 'add' 'memory'
Jun 08 14:36:19 breadbox.penurio.us systemd-udevd[333]: no db file to read /run/udev/data/+memory:memory1009: No such file or directory
Jun 08 14:36:19 breadbox.penurio.us systemd-udevd[335]: seq 2934 processed with 0
Jun 08 14:36:19 breadbox.penurio.us systemd-udevd[327]: passed 146 bytes to netlink monitor 0x7fa12cca02f0
Jun 08 14:36:19 breadbox.penurio.us systemd-udevd[334]: seq 2936 running
Jun 08 14:36:19 breadbox.penurio.us systemd-udevd[333]: passed unknown number of bytes to netlink monitor 0x7fa12cca4550
Jun 08 14:36:19 breadbox.penurio.us systemd-udevd[327]: seq 2937 queued, 'add' 'memory'
Jun 08 14:36:19 breadbox.penurio.us systemd-udevd[334]: no db file to read /run/udev/data/+memory:memory101: No such file or directory
Jun 08 14:36:19 breadbox.penurio.us systemd-udevd[333]: seq 2935 processed with 0
Jun 08 14:36:19 breadbox.penurio.us systemd-udevd[327]: passed 147 bytes to netlink monitor 0x7fa12cca02f0
Jun 08 14:36:19 breadbox.penurio.us systemd-udevd[335]: seq 2937 running
Jun 08 14:36:19 breadbox.penurio.us systemd-udevd[334]: passed unknown number of bytes to netlink monitor 0x7fa12cca7a60
Jun 08 14:36:19 breadbox.penurio.us systemd-udevd[327]: seq 2938 queued, 'add' 'memory'
Jun 08 14:36:19 breadbox.penurio.us systemd-udevd[335]: no db file to read /run/udev/data/+memory:memory1010: No such file or directory
Jun 08 14:36:19 breadbox.penurio.us systemd-udevd[334]: seq 2936 processed with 0
Jun 08 14:36:19 breadbox.penurio.us systemd-udevd[327]: passed 147 bytes to netlink monitor 0x7fa12cca02f0
Jun 08 14:36:19 breadbox.penurio.us systemd-udevd[333]: seq 2938 running
Jun 08 14:36:19 breadbox.penurio.us systemd-udevd[335]: passed unknown number of bytes to netlink monitor 0x7fa12ccb06b0
Jun 08 14:36:19 breadbox.penurio.us systemd-udevd[327]: seq 2939 queued, 'add' 'memory'
Jun 08 14:36:19 breadbox.penurio.us systemd-udevd[333]: no db file to read /run/udev/data/+memory:memory1011: No such file or directory
Jun 08 14:36:19 breadbox.penurio.us systemd-udevd[335]: seq 2937 processed with 0
Jun 08 14:36:19 breadbox.penurio.us systemd-udevd[327]: passed 147 bytes to netlink monitor 0x7fa12cca02f0
Jun 08 14:36:19 breadbox.penurio.us systemd-udevd[334]: seq 2939 running
Jun 08 14:36:19 breadbox.penurio.us systemd-udevd[333]: passed unknown number of bytes to netlink monitor 0x7fa12cca4550
Jun 08 14:36:19 breadbox.penurio.us systemd-udevd[327]: seq 2940 queued, 'add' 'memory'
Jun 08 14:36:19 breadbox.penurio.us systemd-udevd[334]: no db file to read /run/udev/data/+memory:memory1012: No such file or directory
Jun 08 14:36:19 breadbox.penurio.us systemd-udevd[333]: seq 2938 processed with 0
Jun 08 14:36:19 breadbox.penurio.us systemd-udevd[327]: passed 147 bytes to netlink monitor 0x7fa12cca02f0
Jun 08 14:36:19 breadbox.penurio.us systemd-udevd[335]: seq 2940 running
Jun 08 14:36:19 breadbox.penurio.us systemd-udevd[334]: passed unknown number of bytes to netlink monitor 0x7fa12cca7a60
Jun 08 14:36:19 breadbox.penurio.us systemd-udevd[327]: seq 2941 queued, 'add' 'memory'
Jun 08 14:36:19 breadbox.penurio.us systemd-udevd[335]: no db file to read /run/udev/data/+memory:memory1013: No such file or directory
Jun 08 14:36:19 breadbox.penurio.us systemd-udevd[334]: seq 2939 processed with 0
Jun 08 14:36:19 breadbox.penurio.us systemd-udevd[327]: passed 147 bytes to netlink monitor 0x7fa12cca02f0
Jun 08 14:36:19 breadbox.penurio.us systemd-udevd[333]: seq 2941 running
Jun 08 14:36:19 breadbox.penurio.us systemd-udevd[335]: passed unknown number of bytes to netlink monitor 0x7fa12ccb06b0
Jun 08 14:36:19 breadbox.penurio.us systemd-udevd[327]: seq 2942 queued, 'add' 'memory'
Jun 08 14:36:19 breadbox.penurio.us systemd-udevd[333]: no db file to read /run/udev/data/+memory:memory1014: No such file or directory
Jun 08 14:36:19 breadbox.penurio.us systemd-udevd[335]: seq 2940 processed with 0
Jun 08 14:36:19 breadbox.penurio.us systemd-udevd[327]: passed 147 bytes to netlink monitor 0x7fa12cca02f0
Jun 08 14:36:19 breadbox.penurio.us systemd-udevd[334]: seq 2942 running
Jun 08 14:36:19 breadbox.penurio.us systemd-udevd[333]: passed unknown number of bytes to netlink monitor 0x7fa12cca4550
Jun 08 14:36:19 breadbox.penurio.us systemd-udevd[327]: seq 2943 queued, 'add' 'memory'
Jun 08 14:36:19 breadbox.penurio.us systemd-udevd[334]: no db file to read /run/udev/data/+memory:memory1015: No such file or directory
Jun 08 14:36:19 breadbox.penurio.us systemd-udevd[333]: seq 2941 processed with 0
Jun 08 14:36:19 breadbox.penurio.us systemd-udevd[327]: passed 147 bytes to netlink monitor 0x7fa12cca02f0
Jun 08 14:36:19 breadbox.penurio.us systemd-udevd[335]: seq 2943 running
Jun 08 14:36:19 breadbox.penurio.us systemd-udevd[334]: passed unknown number of bytes to netlink monitor 0x7fa12cca7a60
Jun 08 14:36:19 breadbox.penurio.us systemd-udevd[327]: seq 2944 queued, 'add' 'memory'
Jun 08 14:36:19 breadbox.penurio.us systemd-udevd[335]: no db file to read /run/udev/data/+memory:memory1016: No such file or directory
Jun 08 14:36:19 breadbox.penurio.us systemd-udevd[334]: seq 2942 processed with 0
Jun 08 14:36:19 breadbox.penurio.us systemd-udevd[327]: passed 147 bytes to netlink monitor 0x7fa12cca02f0
Jun 08 14:36:19 breadbox.penurio.us systemd-udevd[333]: seq 2944 running
Jun 08 14:36:19 breadbox.penurio.us systemd-udevd[335]: passed unknown number of bytes to netlink monitor 0x7fa12ccb06b0
Jun 08 14:36:19 breadbox.penurio.us systemd-udevd[327]: seq 2945 queued, 'add' 'memory'
Jun 08 14:36:19 breadbox.penurio.us systemd-udevd[333]: no db file to read /run/udev/data/+memory:memory1017: No such file or directory
Jun 08 14:36:19 breadbox.penurio.us systemd-udevd[335]: seq 2943 processed with 0
Jun 08 14:36:19 breadbox.penurio.us systemd-udevd[327]: passed 147 bytes to netlink monitor 0x7fa12cca02f0
Jun 08 14:36:19 breadbox.penurio.us systemd-udevd[334]: seq 2945 running
Jun 08 14:36:19 breadbox.penurio.us systemd-udevd[333]: passed unknown number of bytes to netlink monitor 0x7fa12cca4550
Jun 08 14:36:19 breadbox.penurio.us systemd-udevd[327]: seq 2946 queued, 'add' 'memory'
Jun 08 14:36:19 breadbox.penurio.us systemd-udevd[334]: no db file to read /run/udev/data/+memory:memory1018: No such file or directory
Jun 08 14:36:19 breadbox.penurio.us systemd-udevd[333]: seq 2944 processed with 0
Jun 08 14:36:19 breadbox.penurio.us systemd-udevd[327]: passed 147 bytes to netlink monitor 0x7fa12cca02f0
Jun 08 14:36:19 breadbox.penurio.us systemd-udevd[335]: seq 2946 running
Jun 08 14:36:19 breadbox.penurio.us systemd-udevd[334]: passed unknown number of bytes to netlink monitor 0x7fa12cca7a60
Jun 08 14:36:19 breadbox.penurio.us systemd-udevd[327]: seq 2947 queued, 'add' 'memory'
Jun 08 14:36:19 breadbox.penurio.us systemd-udevd[335]: no db file to read /run/udev/data/+memory:memory1019: No such file or directory
Jun 08 14:36:19 breadbox.penurio.us systemd-udevd[334]: seq 2945 processed with 0
Jun 08 14:36:19 breadbox.penurio.us systemd-udevd[327]: passed 146 bytes to netlink monitor 0x7fa12cca02f0
Jun 08 14:36:19 breadbox.penurio.us systemd-udevd[333]: seq 2947 running
Jun 08 14:36:19 breadbox.penurio.us systemd-udevd[335]: passed unknown number of bytes to netlink monitor 0x7fa12ccb06b0
Jun 08 14:36:19 breadbox.penurio.us systemd-udevd[327]: seq 2948 queued, 'add' 'memory'
Jun 08 14:36:19 breadbox.penurio.us systemd-udevd[333]: no db file to read /run/udev/data/+memory:memory102: No such file or directory
Jun 08 14:36:19 breadbox.penurio.us systemd-udevd[335]: seq 2946 processed with 0
Jun 08 14:36:19 breadbox.penurio.us systemd-udevd[327]: passed 147 bytes to netlink monitor 0x7fa12cca02f0
Jun 08 14:36:19 breadbox.penurio.us systemd-udevd[334]: seq 2948 running
Jun 08 14:36:19 breadbox.penurio.us systemd-udevd[333]: passed unknown number of bytes to netlink monitor 0x7fa12cca4550
Jun 08 14:36:19 breadbox.penurio.us systemd-udevd[327]: seq 2949 queued, 'add' 'memory'
Jun 08 14:36:19 breadbox.penurio.us systemd-udevd[334]: no db file to read /run/udev/data/+memory:memory1020: No such file or directory
Jun 08 14:36:19 breadbox.penurio.us systemd-udevd[333]: seq 2947 processed with 0
Jun 08 14:36:19 breadbox.penurio.us systemd-udevd[327]: passed 147 bytes to netlink monitor 0x7fa12cca02f0
Jun 08 14:36:19 breadbox.penurio.us systemd-udevd[335]: seq 2949 running
Jun 08 14:36:19 breadbox.penurio.us systemd-udevd[334]: passed unknown number of bytes to netlink monitor 0x7fa12cca7a60
Jun 08 14:36:19 breadbox.penurio.us systemd-udevd[327]: seq 2950 queued, 'add' 'memory'
Jun 08 14:36:19 breadbox.penurio.us systemd-udevd[335]: no db file to read /run/udev/data/+memory:memory1021: No such file or directory
Jun 08 14:36:19 breadbox.penurio.us systemd-udevd[334]: seq 2948 processed with 0
Jun 08 14:36:19 breadbox.penurio.us systemd-udevd[327]: passed 147 bytes to netlink monitor 0x7fa12cca02f0
Jun 08 14:36:19 breadbox.penurio.us systemd-udevd[333]: seq 2950 running
Jun 08 14:36:19 breadbox.penurio.us systemd-udevd[335]: passed unknown number of bytes to netlink monitor 0x7fa12ccb06b0
Jun 08 14:36:19 breadbox.penurio.us systemd-udevd[327]: seq 2951 queued, 'add' 'memory'
Jun 08 14:36:19 breadbox.penurio.us systemd-udevd[333]: no db file to read /run/udev/data/+memory:memory1022: No such file or directory
Jun 08 14:36:19 breadbox.penurio.us systemd-udevd[335]: seq 2949 processed with 0
Jun 08 14:36:19 breadbox.penurio.us systemd-udevd[327]: passed 147 bytes to netlink monitor 0x7fa12cca02f0
Jun 08 14:36:19 breadbox.penurio.us systemd-udevd[334]: seq 2951 running
Jun 08 14:36:19 breadbox.penurio.us systemd-udevd[333]: passed unknown number of bytes to netlink monitor 0x7fa12cca4550
Jun 08 14:36:19 breadbox.penurio.us systemd-udevd[327]: seq 2952 queued, 'add' 'memory'
Jun 08 14:36:19 breadbox.penurio.us systemd-udevd[334]: no db file to read /run/udev/data/+memory:memory1023: No such file or directory
Jun 08 14:36:19 breadbox.penurio.us systemd-udevd[333]: seq 2950 processed with 0
Jun 08 14:36:19 breadbox.penurio.us systemd-udevd[327]: passed 147 bytes to netlink monitor 0x7fa12cca02f0
Jun 08 14:36:19 breadbox.penurio.us systemd-udevd[335]: seq 2952 running
Jun 08 14:36:19 breadbox.penurio.us systemd-udevd[334]: passed unknown number of bytes to netlink monitor 0x7fa12cca7a60
Jun 08 14:36:19 breadbox.penurio.us systemd-udevd[327]: seq 2953 queued, 'add' 'memory'
Jun 08 14:36:19 breadbox.penurio.us systemd-udevd[335]: no db file to read /run/udev/data/+memory:memory1024: No such file or directory
Jun 08 14:36:19 breadbox.penurio.us systemd-udevd[335]: passed unknown number of bytes to netlink monitor 0x7fa12ccb06b0
Jun 08 14:36:19 breadbox.penurio.us systemd-udevd[327]: passed 147 bytes to netlink monitor 0x7fa12cca02f0
Jun 08 14:36:19 breadbox.penurio.us systemd-udevd[333]: seq 2953 running
Jun 08 14:36:19 breadbox.penurio.us systemd-udevd[335]: seq 2952 processed with 0
Jun 08 14:36:19 breadbox.penurio.us systemd-udevd[334]: seq 2951 processed with 0
Jun 08 14:36:19 breadbox.penurio.us systemd-udevd[327]: seq 2954 queued, 'add' 'memory'
Jun 08 14:36:19 breadbox.penurio.us systemd-udevd[333]: no db file to read /run/udev/data/+memory:memory1025: No such file or directory
Jun 08 14:36:19 breadbox.penurio.us systemd-udevd[327]: passed 147 bytes to netlink monitor 0x7fa12cca02f0
Jun 08 14:36:19 breadbox.penurio.us systemd-udevd[334]: seq 2954 running
Jun 08 14:36:19 breadbox.penurio.us systemd-udevd[333]: passed unknown number of bytes to netlink monitor 0x7fa12cca4550
Jun 08 14:36:19 breadbox.penurio.us systemd-udevd[327]: seq 2955 queued, 'add' 'memory'
Jun 08 14:36:19 breadbox.penurio.us systemd-udevd[334]: no db file to read /run/udev/data/+memory:memory1026: No such file or directory
Jun 08 14:36:19 breadbox.penurio.us systemd-udevd[333]: seq 2953 processed with 0
Jun 08 14:36:19 breadbox.penurio.us systemd-udevd[327]: passed 147 bytes to netlink monitor 0x7fa12cca02f0
Jun 08 14:36:19 breadbox.penurio.us systemd-udevd[335]: seq 2955 running
Jun 08 14:36:19 breadbox.penurio.us systemd-udevd[334]: passed unknown number of bytes to netlink monitor 0x7fa12cca7a60
Jun 08 14:36:19 breadbox.penurio.us systemd-udevd[327]: seq 2956 queued, 'add' 'memory'
Jun 08 14:36:19 breadbox.penurio.us systemd-udevd[335]: no db file to read /run/udev/data/+memory:memory1027: No such file or directory
Jun 08 14:36:19 breadbox.penurio.us systemd-udevd[334]: seq 2954 processed with 0
Jun 08 14:36:19 breadbox.penurio.us systemd-udevd[327]: passed 147 bytes to netlink monitor 0x7fa12cca02f0
Jun 08 14:36:19 breadbox.penurio.us systemd-udevd[333]: seq 2956 running
Jun 08 14:36:19 breadbox.penurio.us systemd-udevd[335]: passed unknown number of bytes to netlink monitor 0x7fa12ccb06b0
Jun 08 14:36:19 breadbox.penurio.us systemd-udevd[327]: seq 2957 queued, 'add' 'memory'
Jun 08 14:36:19 breadbox.penurio.us systemd-udevd[333]: no db file to read /run/udev/data/+memory:memory1028: No such file or directory
Jun 08 14:36:19 breadbox.penurio.us systemd-udevd[335]: seq 2955 processed with 0
Jun 08 14:36:19 breadbox.penurio.us systemd-udevd[327]: passed 147 bytes to netlink monitor 0x7fa12cca02f0
Jun 08 14:36:19 breadbox.penurio.us systemd-udevd[334]: seq 2957 running
Jun 08 14:36:19 breadbox.penurio.us systemd-udevd[333]: passed unknown number of bytes to netlink monitor 0x7fa12cca4550
Jun 08 14:36:19 breadbox.penurio.us systemd-udevd[327]: seq 2958 queued, 'add' 'memory'
Jun 08 14:36:19 breadbox.penurio.us systemd-udevd[334]: no db file to read /run/udev/data/+memory:memory1029: No such file or directory
Jun 08 14:36:19 breadbox.penurio.us systemd-udevd[333]: seq 2956 processed with 0
Jun 08 14:36:19 breadbox.penurio.us systemd-udevd[327]: passed 146 bytes to netlink monitor 0x7fa12cca02f0
Jun 08 14:36:19 breadbox.penurio.us systemd-udevd[335]: seq 2958 running
Jun 08 14:36:19 breadbox.penurio.us systemd-udevd[334]: passed unknown number of bytes to netlink monitor 0x7fa12cca7a60
Jun 08 14:36:19 breadbox.penurio.us systemd-udevd[327]: seq 2959 queued, 'add' 'memory'
Jun 08 14:36:19 breadbox.penurio.us systemd-udevd[335]: no db file to read /run/udev/data/+memory:memory103: No such file or directory
Jun 08 14:36:19 breadbox.penurio.us systemd-udevd[334]: seq 2957 processed with 0
Jun 08 14:36:19 breadbox.penurio.us systemd-udevd[327]: passed 147 bytes to netlink monitor 0x7fa12cca02f0
Jun 08 14:36:19 breadbox.penurio.us systemd-udevd[333]: seq 2959 running
Jun 08 14:36:19 breadbox.penurio.us systemd-udevd[335]: passed unknown number of bytes to netlink monitor 0x7fa12ccb06b0
Jun 08 14:36:19 breadbox.penurio.us systemd-udevd[327]: seq 2960 queued, 'add' 'memory'
Jun 08 14:36:19 breadbox.penurio.us systemd-udevd[333]: no db file to read /run/udev/data/+memory:memory1030: No such file or directory
Jun 08 14:36:19 breadbox.penurio.us systemd-udevd[335]: seq 2958 processed with 0
Jun 08 14:36:19 breadbox.penurio.us systemd-udevd[327]: passed 147 bytes to netlink monitor 0x7fa12cca02f0
Jun 08 14:36:19 breadbox.penurio.us systemd-udevd[334]: seq 2960 running
Jun 08 14:36:19 breadbox.penurio.us systemd-udevd[333]: passed unknown number of bytes to netlink monitor 0x7fa12cca4550
Jun 08 14:36:19 breadbox.penurio.us systemd-udevd[327]: seq 2961 queued, 'add' 'memory'
Jun 08 14:36:19 breadbox.penurio.us systemd-udevd[334]: no db file to read /run/udev/data/+memory:memory1031: No such file or directory
Jun 08 14:36:19 breadbox.penurio.us systemd-udevd[333]: seq 2959 processed with 0
Jun 08 14:36:19 breadbox.penurio.us systemd-udevd[327]: passed 147 bytes to netlink monitor 0x7fa12cca02f0
Jun 08 14:36:19 breadbox.penurio.us systemd-udevd[335]: seq 2961 running
Jun 08 14:36:19 breadbox.penurio.us systemd-udevd[334]: passed unknown number of bytes to netlink monitor 0x7fa12cca7a60
Jun 08 14:36:19 breadbox.penurio.us systemd-udevd[327]: seq 2962 queued, 'add' 'memory'
Jun 08 14:36:19 breadbox.penurio.us systemd-udevd[335]: no db file to read /run/udev/data/+memory:memory1032: No such file or directory
Jun 08 14:36:19 breadbox.penurio.us systemd-udevd[334]: seq 2960 processed with 0
Jun 08 14:36:19 breadbox.penurio.us systemd-udevd[327]: passed 147 bytes to netlink monitor 0x7fa12cca02f0
Jun 08 14:36:19 breadbox.penurio.us systemd-udevd[333]: seq 2962 running
Jun 08 14:36:19 breadbox.penurio.us systemd-udevd[335]: passed unknown number of bytes to netlink monitor 0x7fa12ccb06b0
Jun 08 14:36:19 breadbox.penurio.us systemd-udevd[327]: seq 2963 queued, 'add' 'memory'
Jun 08 14:36:19 breadbox.penurio.us systemd-udevd[333]: no db file to read /run/udev/data/+memory:memory1033: No such file or directory
Jun 08 14:36:19 breadbox.penurio.us systemd-udevd[335]: seq 2961 processed with 0
Jun 08 14:36:19 breadbox.penurio.us systemd-udevd[327]: passed 147 bytes to netlink monitor 0x7fa12cca02f0
Jun 08 14:36:19 breadbox.penurio.us systemd-udevd[334]: seq 2963 running
Jun 08 14:36:19 breadbox.penurio.us systemd-udevd[333]: passed unknown number of bytes to netlink monitor 0x7fa12cca4550
Jun 08 14:36:19 breadbox.penurio.us systemd-udevd[327]: seq 2964 queued, 'add' 'memory'
Jun 08 14:36:19 breadbox.penurio.us systemd-udevd[334]: no db file to read /run/udev/data/+memory:memory1034: No such file or directory
Jun 08 14:36:19 breadbox.penurio.us systemd-udevd[333]: seq 2962 processed with 0
Jun 08 14:36:19 breadbox.penurio.us systemd-udevd[327]: passed 147 bytes to netlink monitor 0x7fa12cca02f0
Jun 08 14:36:19 breadbox.penurio.us systemd-udevd[335]: seq 2964 running
Jun 08 14:36:19 breadbox.penurio.us systemd-udevd[334]: passed unknown number of bytes to netlink monitor 0x7fa12cca7a60
Jun 08 14:36:19 breadbox.penurio.us systemd-udevd[327]: seq 2965 queued, 'add' 'memory'
Jun 08 14:36:19 breadbox.penurio.us systemd-udevd[335]: no db file to read /run/udev/data/+memory:memory1035: No such file or directory
Jun 08 14:36:19 breadbox.penurio.us systemd-udevd[334]: seq 2963 processed with 0
Jun 08 14:36:19 breadbox.penurio.us systemd-udevd[327]: passed 147 bytes to netlink monitor 0x7fa12cca02f0
Jun 08 14:36:19 breadbox.penurio.us systemd-udevd[333]: seq 2965 running
Jun 08 14:36:19 breadbox.penurio.us systemd-udevd[335]: passed unknown number of bytes to netlink monitor 0x7fa12ccb06b0
Jun 08 14:36:19 breadbox.penurio.us systemd-udevd[327]: seq 2966 queued, 'add' 'memory'
Jun 08 14:36:19 breadbox.penurio.us systemd-udevd[333]: no db file to read /run/udev/data/+memory:memory1036: No such file or directory
Jun 08 14:36:19 breadbox.penurio.us systemd-udevd[335]: seq 2964 processed with 0
Jun 08 14:36:19 breadbox.penurio.us systemd-udevd[327]: passed 147 bytes to netlink monitor 0x7fa12cca02f0
Jun 08 14:36:19 breadbox.penurio.us systemd-udevd[334]: seq 2966 running
Jun 08 14:36:19 breadbox.penurio.us systemd-udevd[333]: passed unknown number of bytes to netlink monitor 0x7fa12cca4550
Jun 08 14:36:19 breadbox.penurio.us systemd-udevd[327]: seq 2967 queued, 'add' 'memory'
Jun 08 14:36:19 breadbox.penurio.us systemd-udevd[334]: no db file to read /run/udev/data/+memory:memory1037: No such file or directory
Jun 08 14:36:19 breadbox.penurio.us systemd-udevd[333]: seq 2965 processed with 0
Jun 08 14:36:19 breadbox.penurio.us systemd-udevd[327]: passed 147 bytes to netlink monitor 0x7fa12cca02f0
Jun 08 14:36:19 breadbox.penurio.us systemd-udevd[335]: seq 2967 running
Jun 08 14:36:19 breadbox.penurio.us systemd-udevd[334]: passed unknown number of bytes to netlink monitor 0x7fa12cca7a60
Jun 08 14:36:19 breadbox.penurio.us systemd-udevd[327]: seq 2968 queued, 'add' 'memory'
Jun 08 14:36:19 breadbox.penurio.us systemd-udevd[335]: no db file to read /run/udev/data/+memory:memory1038: No such file or directory
Jun 08 14:36:19 breadbox.penurio.us systemd-udevd[334]: seq 2966 processed with 0
Jun 08 14:36:19 breadbox.penurio.us systemd-udevd[327]: passed 147 bytes to netlink monitor 0x7fa12cca02f0
Jun 08 14:36:19 breadbox.penurio.us systemd-udevd[333]: seq 2968 running
Jun 08 14:36:19 breadbox.penurio.us systemd-udevd[335]: passed unknown number of bytes to netlink monitor 0x7fa12ccb06b0
Jun 08 14:36:19 breadbox.penurio.us systemd-udevd[327]: seq 2969 queued, 'add' 'memory'
Jun 08 14:36:19 breadbox.penurio.us systemd-udevd[333]: no db file to read /run/udev/data/+memory:memory1039: No such file or directory
Jun 08 14:36:19 breadbox.penurio.us systemd-udevd[335]: seq 2967 processed with 0
Jun 08 14:36:19 breadbox.penurio.us systemd-udevd[327]: passed 146 bytes to netlink monitor 0x7fa12cca02f0
Jun 08 14:36:19 breadbox.penurio.us systemd-udevd[334]: seq 2969 running
Jun 08 14:36:19 breadbox.penurio.us systemd-udevd[333]: passed unknown number of bytes to netlink monitor 0x7fa12cca4550
Jun 08 14:36:19 breadbox.penurio.us systemd-udevd[327]: seq 2970 queued, 'add' 'memory'
Jun 08 14:36:19 breadbox.penurio.us systemd-udevd[334]: no db file to read /run/udev/data/+memory:memory104: No such file or directory
Jun 08 14:36:19 breadbox.penurio.us systemd-udevd[333]: seq 2968 processed with 0
Jun 08 14:36:19 breadbox.penurio.us systemd-udevd[327]: passed 146 bytes to netlink monitor 0x7fa12cca02f0
Jun 08 14:36:19 breadbox.penurio.us systemd-udevd[335]: seq 2970 running
Jun 08 14:36:19 breadbox.penurio.us systemd-udevd[334]: passed unknown number of bytes to netlink monitor 0x7fa12cca7a60
Jun 08 14:36:19 breadbox.penurio.us systemd-udevd[327]: seq 2971 queued, 'add' 'memory'
Jun 08 14:36:19 breadbox.penurio.us systemd-udevd[335]: no db file to read /run/udev/data/+memory:memory105: No such file or directory
Jun 08 14:36:19 breadbox.penurio.us systemd-udevd[334]: seq 2969 processed with 0
Jun 08 14:36:19 breadbox.penurio.us systemd-udevd[327]: passed 146 bytes to netlink monitor 0x7fa12cca02f0
Jun 08 14:36:19 breadbox.penurio.us systemd-udevd[333]: seq 2971 running
Jun 08 14:36:19 breadbox.penurio.us systemd-udevd[335]: passed unknown number of bytes to netlink monitor 0x7fa12ccb06b0
Jun 08 14:36:19 breadbox.penurio.us systemd-udevd[327]: seq 2972 queued, 'add' 'memory'
Jun 08 14:36:19 breadbox.penurio.us systemd-udevd[333]: no db file to read /run/udev/data/+memory:memory106: No such file or directory
Jun 08 14:36:19 breadbox.penurio.us systemd-udevd[335]: seq 2970 processed with 0
Jun 08 14:36:19 breadbox.penurio.us systemd-udevd[327]: passed 146 bytes to netlink monitor 0x7fa12cca02f0
Jun 08 14:36:19 breadbox.penurio.us systemd-udevd[334]: seq 2972 running
Jun 08 14:36:19 breadbox.penurio.us systemd-udevd[333]: passed unknown number of bytes to netlink monitor 0x7fa12cca4550
Jun 08 14:36:19 breadbox.penurio.us systemd-udevd[327]: seq 2973 queued, 'add' 'memory'
Jun 08 14:36:19 breadbox.penurio.us systemd-udevd[334]: no db file to read /run/udev/data/+memory:memory107: No such file or directory
Jun 08 14:36:19 breadbox.penurio.us systemd-udevd[333]: seq 2971 processed with 0
Jun 08 14:36:19 breadbox.penurio.us systemd-udevd[327]: passed 146 bytes to netlink monitor 0x7fa12cca02f0
Jun 08 14:36:19 breadbox.penurio.us systemd-udevd[335]: seq 2973 running
Jun 08 14:36:19 breadbox.penurio.us systemd-udevd[334]: passed unknown number of bytes to netlink monitor 0x7fa12cca7a60
Jun 08 14:36:19 breadbox.penurio.us systemd-udevd[327]: seq 2974 queued, 'add' 'memory'
Jun 08 14:36:19 breadbox.penurio.us systemd-udevd[335]: no db file to read /run/udev/data/+memory:memory108: No such file or directory
Jun 08 14:36:19 breadbox.penurio.us systemd-udevd[334]: seq 2972 processed with 0
Jun 08 14:36:19 breadbox.penurio.us systemd-udevd[327]: passed 146 bytes to netlink monitor 0x7fa12cca02f0
Jun 08 14:36:19 breadbox.penurio.us systemd-udevd[333]: seq 2974 running
Jun 08 14:36:19 breadbox.penurio.us systemd-udevd[335]: passed unknown number of bytes to netlink monitor 0x7fa12ccb06b0
Jun 08 14:36:19 breadbox.penurio.us systemd-udevd[327]: seq 2975 queued, 'add' 'memory'
Jun 08 14:36:19 breadbox.penurio.us systemd-udevd[333]: no db file to read /run/udev/data/+memory:memory109: No such file or directory
Jun 08 14:36:19 breadbox.penurio.us systemd-udevd[335]: seq 2973 processed with 0
Jun 08 14:36:19 breadbox.penurio.us systemd-udevd[327]: passed 145 bytes to netlink monitor 0x7fa12cca02f0
Jun 08 14:36:19 breadbox.penurio.us systemd-udevd[334]: seq 2975 running
Jun 08 14:36:19 breadbox.penurio.us systemd-udevd[333]: passed unknown number of bytes to netlink monitor 0x7fa12cca4550
Jun 08 14:36:19 breadbox.penurio.us systemd-udevd[327]: seq 2976 queued, 'add' 'memory'
Jun 08 14:36:19 breadbox.penurio.us systemd-udevd[334]: no db file to read /run/udev/data/+memory:memory11: No such file or directory
Jun 08 14:36:19 breadbox.penurio.us systemd-udevd[333]: seq 2974 processed with 0
Jun 08 14:36:19 breadbox.penurio.us systemd-udevd[327]: passed 146 bytes to netlink monitor 0x7fa12cca02f0
Jun 08 14:36:19 breadbox.penurio.us systemd-udevd[335]: seq 2976 running
Jun 08 14:36:19 breadbox.penurio.us systemd-udevd[334]: passed unknown number of bytes to netlink monitor 0x7fa12cca7a60
Jun 08 14:36:19 breadbox.penurio.us systemd-udevd[327]: seq 2977 queued, 'add' 'memory'
Jun 08 14:36:19 breadbox.penurio.us systemd-udevd[335]: no db file to read /run/udev/data/+memory:memory110: No such file or directory
Jun 08 14:36:19 breadbox.penurio.us systemd-udevd[334]: seq 2975 processed with 0
Jun 08 14:36:19 breadbox.penurio.us systemd-udevd[327]: passed 146 bytes to netlink monitor 0x7fa12cca02f0
Jun 08 14:36:19 breadbox.penurio.us systemd-udevd[333]: seq 2977 running
Jun 08 14:36:19 breadbox.penurio.us systemd-udevd[335]: passed unknown number of bytes to netlink monitor 0x7fa12ccb06b0
Jun 08 14:36:19 breadbox.penurio.us systemd-udevd[327]: seq 2978 queued, 'add' 'memory'
Jun 08 14:36:19 breadbox.penurio.us systemd-udevd[333]: no db file to read /run/udev/data/+memory:memory111: No such file or directory
Jun 08 14:36:19 breadbox.penurio.us systemd-udevd[335]: seq 2976 processed with 0
Jun 08 14:36:19 breadbox.penurio.us systemd-udevd[327]: passed 146 bytes to netlink monitor 0x7fa12cca02f0
Jun 08 14:36:19 breadbox.penurio.us systemd-udevd[334]: seq 2978 running
Jun 08 14:36:19 breadbox.penurio.us systemd-udevd[333]: passed unknown number of bytes to netlink monitor 0x7fa12cca4550
Jun 08 14:36:19 breadbox.penurio.us systemd-udevd[327]: seq 2979 queued, 'add' 'memory'
Jun 08 14:36:19 breadbox.penurio.us systemd-udevd[334]: no db file to read /run/udev/data/+memory:memory112: No such file or directory
Jun 08 14:36:19 breadbox.penurio.us systemd-udevd[333]: seq 2977 processed with 0
Jun 08 14:36:19 breadbox.penurio.us systemd-udevd[327]: passed 146 bytes to netlink monitor 0x7fa12cca02f0
Jun 08 14:36:19 breadbox.penurio.us systemd-udevd[335]: seq 2979 running
Jun 08 14:36:19 breadbox.penurio.us systemd-udevd[334]: passed unknown number of bytes to netlink monitor 0x7fa12cca7a60
Jun 08 14:36:19 breadbox.penurio.us systemd-udevd[327]: seq 2980 queued, 'add' 'memory'
Jun 08 14:36:19 breadbox.penurio.us systemd-udevd[335]: no db file to read /run/udev/data/+memory:memory113: No such file or directory
Jun 08 14:36:19 breadbox.penurio.us systemd-udevd[334]: seq 2978 processed with 0
Jun 08 14:36:19 breadbox.penurio.us systemd-udevd[327]: passed 146 bytes to netlink monitor 0x7fa12cca02f0
Jun 08 14:36:19 breadbox.penurio.us systemd-udevd[333]: seq 2980 running
Jun 08 14:36:19 breadbox.penurio.us systemd-udevd[335]: passed unknown number of bytes to netlink monitor 0x7fa12ccb06b0
Jun 08 14:36:19 breadbox.penurio.us systemd-udevd[327]: seq 2981 queued, 'add' 'memory'
Jun 08 14:36:19 breadbox.penurio.us systemd-udevd[333]: no db file to read /run/udev/data/+memory:memory114: No such file or directory
Jun 08 14:36:19 breadbox.penurio.us systemd-udevd[335]: seq 2979 processed with 0
Jun 08 14:36:19 breadbox.penurio.us systemd-udevd[327]: passed 146 bytes to netlink monitor 0x7fa12cca02f0
Jun 08 14:36:19 breadbox.penurio.us systemd-udevd[334]: seq 2981 running
Jun 08 14:36:19 breadbox.penurio.us systemd-udevd[333]: passed unknown number of bytes to netlink monitor 0x7fa12cca4550
Jun 08 14:36:19 breadbox.penurio.us systemd-udevd[327]: seq 2982 queued, 'add' 'memory'
Jun 08 14:36:19 breadbox.penurio.us systemd-udevd[334]: no db file to read /run/udev/data/+memory:memory115: No such file or directory
Jun 08 14:36:19 breadbox.penurio.us systemd-udevd[333]: seq 2980 processed with 0
Jun 08 14:36:19 breadbox.penurio.us systemd-udevd[327]: passed 146 bytes to netlink monitor 0x7fa12cca02f0
Jun 08 14:36:19 breadbox.penurio.us systemd-udevd[335]: seq 2982 running
Jun 08 14:36:19 breadbox.penurio.us systemd-udevd[334]: passed unknown number of bytes to netlink monitor 0x7fa12cca7a60
Jun 08 14:36:19 breadbox.penurio.us systemd-udevd[327]: seq 2983 queued, 'add' 'memory'
Jun 08 14:36:19 breadbox.penurio.us systemd-udevd[335]: no db file to read /run/udev/data/+memory:memory116: No such file or directory
Jun 08 14:36:19 breadbox.penurio.us systemd-udevd[334]: seq 2981 processed with 0
Jun 08 14:36:19 breadbox.penurio.us systemd-udevd[327]: passed 146 bytes to netlink monitor 0x7fa12cca02f0
Jun 08 14:36:19 breadbox.penurio.us systemd-udevd[333]: seq 2983 running
Jun 08 14:36:19 breadbox.penurio.us systemd-udevd[335]: passed unknown number of bytes to netlink monitor 0x7fa12ccb06b0
Jun 08 14:36:19 breadbox.penurio.us systemd-udevd[327]: seq 2984 queued, 'add' 'memory'
Jun 08 14:36:19 breadbox.penurio.us systemd-udevd[333]: no db file to read /run/udev/data/+memory:memory117: No such file or directory
Jun 08 14:36:19 breadbox.penurio.us systemd-udevd[335]: seq 2982 processed with 0
Jun 08 14:36:19 breadbox.penurio.us systemd-udevd[327]: passed 146 bytes to netlink monitor 0x7fa12cca02f0
Jun 08 14:36:19 breadbox.penurio.us systemd-udevd[334]: seq 2984 running
Jun 08 14:36:19 breadbox.penurio.us systemd-udevd[333]: passed unknown number of bytes to netlink monitor 0x7fa12cca4550
Jun 08 14:36:19 breadbox.penurio.us systemd-udevd[327]: seq 2985 queued, 'add' 'memory'
Jun 08 14:36:19 breadbox.penurio.us systemd-udevd[334]: no db file to read /run/udev/data/+memory:memory118: No such file or directory
Jun 08 14:36:19 breadbox.penurio.us systemd-udevd[333]: seq 2983 processed with 0
Jun 08 14:36:19 breadbox.penurio.us systemd-udevd[327]: passed 146 bytes to netlink monitor 0x7fa12cca02f0
Jun 08 14:36:19 breadbox.penurio.us systemd-udevd[335]: seq 2985 running
Jun 08 14:36:19 breadbox.penurio.us systemd-udevd[334]: passed unknown number of bytes to netlink monitor 0x7fa12cca7a60
Jun 08 14:36:19 breadbox.penurio.us systemd-udevd[327]: seq 2986 queued, 'add' 'memory'
Jun 08 14:36:19 breadbox.penurio.us systemd-udevd[335]: no db file to read /run/udev/data/+memory:memory119: No such file or directory
Jun 08 14:36:19 breadbox.penurio.us systemd-udevd[334]: seq 2984 processed with 0
Jun 08 14:36:19 breadbox.penurio.us systemd-udevd[327]: passed 145 bytes to netlink monitor 0x7fa12cca02f0
Jun 08 14:36:19 breadbox.penurio.us systemd-udevd[333]: seq 2986 running
Jun 08 14:36:19 breadbox.penurio.us systemd-udevd[335]: passed unknown number of bytes to netlink monitor 0x7fa12ccb06b0
Jun 08 14:36:19 breadbox.penurio.us systemd-udevd[327]: seq 2987 queued, 'add' 'memory'
Jun 08 14:36:19 breadbox.penurio.us systemd-udevd[333]: no db file to read /run/udev/data/+memory:memory12: No such file or directory
Jun 08 14:36:19 breadbox.penurio.us systemd-udevd[335]: seq 2985 processed with 0
Jun 08 14:36:19 breadbox.penurio.us systemd-udevd[327]: passed 146 bytes to netlink monitor 0x7fa12cca02f0
Jun 08 14:36:19 breadbox.penurio.us systemd-udevd[334]: seq 2987 running
Jun 08 14:36:19 breadbox.penurio.us systemd-udevd[333]: passed unknown number of bytes to netlink monitor 0x7fa12cca4550
Jun 08 14:36:19 breadbox.penurio.us systemd-udevd[327]: seq 2988 queued, 'add' 'memory'
Jun 08 14:36:19 breadbox.penurio.us systemd-udevd[334]: no db file to read /run/udev/data/+memory:memory120: No such file or directory
Jun 08 14:36:19 breadbox.penurio.us systemd-udevd[333]: seq 2986 processed with 0
Jun 08 14:36:19 breadbox.penurio.us systemd-udevd[327]: passed 146 bytes to netlink monitor 0x7fa12cca02f0
Jun 08 14:36:19 breadbox.penurio.us systemd-udevd[335]: seq 2988 running
Jun 08 14:36:19 breadbox.penurio.us systemd-udevd[334]: passed unknown number of bytes to netlink monitor 0x7fa12cca7a60
Jun 08 14:36:19 breadbox.penurio.us systemd-udevd[327]: seq 2989 queued, 'add' 'memory'
Jun 08 14:36:19 breadbox.penurio.us systemd-udevd[335]: no db file to read /run/udev/data/+memory:memory121: No such file or directory
Jun 08 14:36:19 breadbox.penurio.us systemd-udevd[334]: seq 2987 processed with 0
Jun 08 14:36:19 breadbox.penurio.us systemd-udevd[327]: passed 146 bytes to netlink monitor 0x7fa12cca02f0
Jun 08 14:36:19 breadbox.penurio.us systemd-udevd[333]: seq 2989 running
Jun 08 14:36:19 breadbox.penurio.us systemd-udevd[335]: passed unknown number of bytes to netlink monitor 0x7fa12ccb06b0
Jun 08 14:36:19 breadbox.penurio.us systemd-udevd[327]: seq 2990 queued, 'add' 'memory'
Jun 08 14:36:19 breadbox.penurio.us systemd-udevd[333]: no db file to read /run/udev/data/+memory:memory122: No such file or directory
Jun 08 14:36:19 breadbox.penurio.us systemd-udevd[335]: seq 2988 processed with 0
Jun 08 14:36:19 breadbox.penurio.us systemd-udevd[327]: passed 146 bytes to netlink monitor 0x7fa12cca02f0
Jun 08 14:36:19 breadbox.penurio.us systemd-udevd[334]: seq 2990 running
Jun 08 14:36:19 breadbox.penurio.us systemd-udevd[333]: passed unknown number of bytes to netlink monitor 0x7fa12cca4550
Jun 08 14:36:19 breadbox.penurio.us systemd-udevd[327]: seq 2991 queued, 'add' 'memory'
Jun 08 14:36:19 breadbox.penurio.us systemd-udevd[329]: Inserted 'igb'
Jun 08 14:36:19 breadbox.penurio.us systemd-udevd[339]: Inserted 'igb'
Jun 08 14:36:19 breadbox.penurio.us systemd-udevd[334]: no db file to read /run/udev/data/+memory:memory123: No such file or directory
Jun 08 14:36:19 breadbox.penurio.us systemd-udevd[333]: seq 2989 processed with 0
Jun 08 14:36:19 breadbox.penurio.us systemd-udevd[327]: passed 146 bytes to netlink monitor 0x7fa12cca02f0
Jun 08 14:36:19 breadbox.penurio.us systemd-udevd[335]: seq 2991 running
Jun 08 14:36:19 breadbox.penurio.us systemd-udevd[329]: passed unknown number of bytes to netlink monitor 0x7fa12ccb2a70
Jun 08 14:36:19 breadbox.penurio.us systemd-udevd[339]: passed unknown number of bytes to netlink monitor 0x7fa12cca53a0
Jun 08 14:36:19 breadbox.penurio.us systemd-udevd[334]: passed unknown number of bytes to netlink monitor 0x7fa12cca7a60
Jun 08 14:36:19 breadbox.penurio.us systemd-udevd[327]: seq 2992 queued, 'add' 'memory'
Jun 08 14:36:19 breadbox.penurio.us systemd-udevd[335]: no db file to read /run/udev/data/+memory:memory124: No such file or directory
