Jun 08 14:36:19 breadbox.penurio.us systemd-udevd[333]: creating symlink '/dev/rtc' to 'rtc0'
Jun 08 14:36:19 breadbox.penurio.us systemd-udevd[327]: passed 176 bytes to netlink monitor 0x7fa12cca02f0
Jun 08 14:36:19 breadbox.penurio.us systemd-udevd[357]: seq 2867 running
Jun 08 14:36:19 breadbox.penurio.us systemd-udevd[335]: passed unknown number of bytes to netlink monitor 0x7fa12ccb06b0
Jun 08 14:36:19 breadbox.penurio.us systemd-udevd[356]: creating symlink '/dev/char/4:67' to '../ttyS3'
Jun 08 14:36:19 breadbox.penurio.us systemd-udevd[334]: created db file '/run/udev/data/c4:66' for '/devices/platform/serial8250/tty/ttyS2'
Jun 08 14:36:19 breadbox.penurio.us systemd-udevd[333]: created db file '/run/udev/data/c253:0' for '/devices/pnp0/00:00/rtc/rtc0'
Jun 08 14:36:19 breadbox.penurio.us systemd-udevd[327]: seq 2870 queued, 'add' 'event_source'
Jun 08 14:36:19 breadbox.penurio.us systemd-udevd[357]: no db file to read /run/udev/data/c4:64: No such file or directory
Jun 08 14:36:19 breadbox.penurio.us systemd-udevd[335]: seq 2868 processed with 0
Jun 08 14:36:19 breadbox.penurio.us systemd-udevd[356]: created db file '/run/udev/data/c4:67' for '/devices/platform/serial8250/tty/ttyS3'
Jun 08 14:36:19 breadbox.penurio.us systemd-udevd[334]: passed unknown number of bytes to netlink monitor 0x7fa12cca7a60
Jun 08 14:36:19 breadbox.penurio.us systemd-udevd[333]: passed unknown number of bytes to netlink monitor 0x7fa12cca4550
Jun 08 14:36:19 breadbox.penurio.us systemd-udevd[327]: passed 137 bytes to netlink monitor 0x7fa12cca02f0
Jun 08 14:36:19 breadbox.penurio.us systemd[1]: dev-ttyS2.device changed dead -> plugged
Jun 08 14:36:19 breadbox.penurio.us systemd-udevd[358]: seq 2870 running
Jun 08 14:36:19 breadbox.penurio.us systemd-udevd[357]: GROUP 18 /usr/lib/udev/rules.d/50-udev-default.rules:22
Jun 08 14:36:19 breadbox.penurio.us systemd-udevd[356]: passed unknown number of bytes to netlink monitor 0x7fa12ccc34c0
Jun 08 14:36:19 breadbox.penurio.us systemd-udevd[334]: seq 2860 processed with 0
Jun 08 14:36:19 breadbox.penurio.us systemd-udevd[333]: seq 2863 processed with 0
Jun 08 14:36:19 breadbox.penurio.us systemd-udevd[327]: seq 2871 queued, 'add' 'clockevents'
Jun 08 14:36:19 breadbox.penurio.us systemd[1]: sys-devices-platform-serial8250-tty-ttyS2.device changed dead -> plugged
Jun 08 14:36:19 breadbox.penurio.us systemd-udevd[358]: no db file to read /run/udev/data/+event_source:software: No such file or directory
Jun 08 14:36:19 breadbox.penurio.us systemd-udevd[357]: no db file to read /run/udev/data/+pnp:00:03: No such file or directory
Jun 08 14:36:19 breadbox.penurio.us systemd-udevd[356]: seq 2861 processed with 0
Jun 08 14:36:19 breadbox.penurio.us systemd-udevd[327]: passed 176 bytes to netlink monitor 0x7fa12cca02f0
Jun 08 14:36:19 breadbox.penurio.us systemd-udevd[333]: seq 2869 running
Jun 08 14:36:19 breadbox.penurio.us systemd-udevd[358]: passed unknown number of bytes to netlink monitor 0x7fa12ccc38e0
Jun 08 14:36:19 breadbox.penurio.us systemd[1]: dev-ttyS3.device changed dead -> plugged
Jun 08 14:36:19 breadbox.penurio.us systemd-udevd[357]: handling device node '/dev/ttyS0', devnum=c4:64, mode=0660, uid=0, gid=18
Jun 08 14:36:19 breadbox.penurio.us systemd-udevd[327]: passed 156 bytes to netlink monitor 0x7fa12cca02f0
Jun 08 14:36:19 breadbox.penurio.us systemd-udevd[334]: seq 2871 running
Jun 08 14:36:19 breadbox.penurio.us systemd-udevd[333]: no db file to read /run/udev/data/c4:65: No such file or directory
Jun 08 14:36:19 breadbox.penurio.us systemd-udevd[358]: seq 2870 processed with 0
Jun 08 14:36:19 breadbox.penurio.us systemd[1]: sys-devices-platform-serial8250-tty-ttyS3.device changed dead -> plugged
Jun 08 14:36:19 breadbox.penurio.us systemd-udevd[357]: set permissions /dev/ttyS0, 020660, uid=0, gid=18
Jun 08 14:36:19 breadbox.penurio.us systemd-udevd[327]: seq 2872 queued, 'add' 'clockevents'
Jun 08 14:36:19 breadbox.penurio.us systemd-udevd[334]: no db file to read /run/udev/data/+clockevents:broadcast: No such file or directory
Jun 08 14:36:19 breadbox.penurio.us systemd-udevd[333]: GROUP 18 /usr/lib/udev/rules.d/50-udev-default.rules:22
Jun 08 14:36:19 breadbox.penurio.us systemd-udevd[357]: creating symlink '/dev/char/4:64' to '../ttyS0'
Jun 08 14:36:19 breadbox.penurio.us systemd-udevd[327]: passed 158 bytes to netlink monitor 0x7fa12cca02f0
Jun 08 14:36:19 breadbox.penurio.us systemd-udevd[335]: seq 2872 running
Jun 08 14:36:19 breadbox.penurio.us systemd-udevd[334]: passed unknown number of bytes to netlink monitor 0x7fa12cca7a60
Jun 08 14:36:19 breadbox.penurio.us systemd-udevd[333]: no db file to read /run/udev/data/+pnp:00:04: No such file or directory
Jun 08 14:36:19 breadbox.penurio.us systemd-udevd[357]: created db file '/run/udev/data/c4:64' for '/devices/pnp0/00:03/tty/ttyS0'
Jun 08 14:36:19 breadbox.penurio.us systemd-udevd[327]: seq 2873 queued, 'add' 'clockevents'
Jun 08 14:36:19 breadbox.penurio.us systemd-udevd[335]: no db file to read /run/udev/data/+clockevents:clockevent0: No such file or directory
Jun 08 14:36:19 breadbox.penurio.us systemd-udevd[334]: seq 2871 processed with 0
Jun 08 14:36:19 breadbox.penurio.us systemd-udevd[333]: handling device node '/dev/ttyS1', devnum=c4:65, mode=0660, uid=0, gid=18
Jun 08 14:36:19 breadbox.penurio.us systemd-udevd[357]: passed unknown number of bytes to netlink monitor 0x7fa12ccc36d0
Jun 08 14:36:19 breadbox.penurio.us systemd-udevd[327]: passed 158 bytes to netlink monitor 0x7fa12cca02f0
Jun 08 14:36:19 breadbox.penurio.us systemd-udevd[356]: seq 2873 running
Jun 08 14:36:19 breadbox.penurio.us systemd[1]: dev-ttyS0.device changed dead -> plugged
Jun 08 14:36:19 breadbox.penurio.us systemd-udevd[335]: passed unknown number of bytes to netlink monitor 0x7fa12ccb06b0
Jun 08 14:36:19 breadbox.penurio.us systemd-udevd[333]: set permissions /dev/ttyS1, 020660, uid=0, gid=18
Jun 08 14:36:19 breadbox.penurio.us systemd-udevd[357]: seq 2867 processed with 0
Jun 08 14:36:19 breadbox.penurio.us systemd-udevd[327]: seq 2874 queued, 'add' 'clockevents'
Jun 08 14:36:19 breadbox.penurio.us systemd-udevd[356]: no db file to read /run/udev/data/+clockevents:clockevent1: No such file or directory
Jun 08 14:36:19 breadbox.penurio.us systemd[1]: sys-devices-pnp0-00:03-tty-ttyS0.device changed dead -> plugged
Jun 08 14:36:19 breadbox.penurio.us systemd-udevd[335]: seq 2872 processed with 0
Jun 08 14:36:19 breadbox.penurio.us systemd-udevd[333]: creating symlink '/dev/char/4:65' to '../ttyS1'
Jun 08 14:36:19 breadbox.penurio.us systemd-udevd[327]: passed 159 bytes to netlink monitor 0x7fa12cca02f0
Jun 08 14:36:19 breadbox.penurio.us systemd-udevd[334]: seq 2874 running
Jun 08 14:36:19 breadbox.penurio.us systemd-udevd[356]: passed unknown number of bytes to netlink monitor 0x7fa12ccc34c0
Jun 08 14:36:19 breadbox.penurio.us systemd-udevd[333]: created db file '/run/udev/data/c4:65' for '/devices/pnp0/00:04/tty/ttyS1'
Jun 08 14:36:19 breadbox.penurio.us systemd-udevd[327]: seq 2875 queued, 'add' 'clockevents'
Jun 08 14:36:19 breadbox.penurio.us systemd[1]: dev-ttyS1.device changed dead -> plugged
Jun 08 14:36:19 breadbox.penurio.us systemd-udevd[356]: seq 2873 processed with 0
Jun 08 14:36:19 breadbox.penurio.us systemd-udevd[333]: passed unknown number of bytes to netlink monitor 0x7fa12cca4550
Jun 08 14:36:19 breadbox.penurio.us systemd-udevd[327]: passed 159 bytes to netlink monitor 0x7fa12cca02f0
Jun 08 14:36:19 breadbox.penurio.us systemd-udevd[335]: seq 2875 running
Jun 08 14:36:19 breadbox.penurio.us systemd-udevd[334]: no db file to read /run/udev/data/+clockevents:clockevent10: No such file or directory
Jun 08 14:36:19 breadbox.penurio.us systemd[1]: sys-devices-pnp0-00:04-tty-ttyS1.device changed dead -> plugged
Jun 08 14:36:19 breadbox.penurio.us systemd-udevd[333]: seq 2869 processed with 0
Jun 08 14:36:19 breadbox.penurio.us systemd-udevd[327]: seq 2876 queued, 'add' 'clockevents'
Jun 08 14:36:19 breadbox.penurio.us systemd-udevd[335]: no db file to read /run/udev/data/+clockevents:clockevent11: No such file or directory
Jun 08 14:36:19 breadbox.penurio.us systemd-udevd[334]: passed unknown number of bytes to netlink monitor 0x7fa12cca7a60
Jun 08 14:36:19 breadbox.penurio.us systemd-udevd[327]: passed 159 bytes to netlink monitor 0x7fa12cca02f0
Jun 08 14:36:19 breadbox.penurio.us systemd-udevd[333]: seq 2876 running
Jun 08 14:36:19 breadbox.penurio.us systemd-udevd[335]: passed unknown number of bytes to netlink monitor 0x7fa12ccb06b0
Jun 08 14:36:19 breadbox.penurio.us systemd-udevd[334]: seq 2874 processed with 0
Jun 08 14:36:19 breadbox.penurio.us systemd-udevd[327]: seq 2877 queued, 'add' 'clockevents'
Jun 08 14:36:19 breadbox.penurio.us systemd-udevd[333]: no db file to read /run/udev/data/+clockevents:clockevent12: No such file or directory
Jun 08 14:36:19 breadbox.penurio.us systemd-udevd[335]: seq 2875 processed with 0
Jun 08 14:36:19 breadbox.penurio.us systemd-udevd[327]: passed 159 bytes to netlink monitor 0x7fa12cca02f0
Jun 08 14:36:19 breadbox.penurio.us systemd-udevd[334]: seq 2877 running
Jun 08 14:36:19 breadbox.penurio.us systemd-udevd[333]: passed unknown number of bytes to netlink monitor 0x7fa12cca4550
Jun 08 14:36:19 breadbox.penurio.us systemd-udevd[327]: seq 2878 queued, 'add' 'clockevents'
Jun 08 14:36:19 breadbox.penurio.us systemd-udevd[334]: no db file to read /run/udev/data/+clockevents:clockevent13: No such file or directory
Jun 08 14:36:19 breadbox.penurio.us systemd-udevd[333]: seq 2876 processed with 0
Jun 08 14:36:19 breadbox.penurio.us systemd-udevd[327]: passed 159 bytes to netlink monitor 0x7fa12cca02f0
Jun 08 14:36:19 breadbox.penurio.us systemd-udevd[335]: seq 2878 running
Jun 08 14:36:19 breadbox.penurio.us systemd-udevd[334]: passed unknown number of bytes to netlink monitor 0x7fa12cca7a60
Jun 08 14:36:19 breadbox.penurio.us systemd-udevd[327]: seq 2879 queued, 'add' 'clockevents'
Jun 08 14:36:19 breadbox.penurio.us systemd-udevd[335]: no db file to read /run/udev/data/+clockevents:clockevent14: No such file or directory
Jun 08 14:36:19 breadbox.penurio.us systemd-udevd[334]: seq 2877 processed with 0
Jun 08 14:36:19 breadbox.penurio.us systemd-udevd[327]: passed 159 bytes to netlink monitor 0x7fa12cca02f0
Jun 08 14:36:19 breadbox.penurio.us systemd-udevd[333]: seq 2879 running
Jun 08 14:36:19 breadbox.penurio.us systemd-udevd[335]: passed unknown number of bytes to netlink monitor 0x7fa12ccb06b0
Jun 08 14:36:19 breadbox.penurio.us systemd-udevd[327]: seq 2880 queued, 'add' 'clockevents'
Jun 08 14:36:19 breadbox.penurio.us systemd-udevd[333]: no db file to read /run/udev/data/+clockevents:clockevent15: No such file or directory
Jun 08 14:36:19 breadbox.penurio.us systemd-udevd[335]: seq 2878 processed with 0
Jun 08 14:36:19 breadbox.penurio.us systemd-udevd[327]: passed 158 bytes to netlink monitor 0x7fa12cca02f0
Jun 08 14:36:19 breadbox.penurio.us systemd-udevd[334]: seq 2880 running
Jun 08 14:36:19 breadbox.penurio.us systemd-udevd[333]: passed unknown number of bytes to netlink monitor 0x7fa12cca4550
Jun 08 14:36:19 breadbox.penurio.us systemd-udevd[327]: seq 2881 queued, 'add' 'clockevents'
Jun 08 14:36:19 breadbox.penurio.us systemd-udevd[334]: no db file to read /run/udev/data/+clockevents:clockevent2: No such file or directory
Jun 08 14:36:19 breadbox.penurio.us systemd-udevd[333]: seq 2879 processed with 0
Jun 08 14:36:19 breadbox.penurio.us systemd-udevd[327]: passed 158 bytes to netlink monitor 0x7fa12cca02f0
Jun 08 14:36:19 breadbox.penurio.us systemd-udevd[335]: seq 2881 running
Jun 08 14:36:19 breadbox.penurio.us systemd-udevd[334]: passed unknown number of bytes to netlink monitor 0x7fa12cca7a60
Jun 08 14:36:19 breadbox.penurio.us systemd-udevd[327]: seq 2882 queued, 'add' 'clockevents'
Jun 08 14:36:19 breadbox.penurio.us systemd-udevd[335]: no db file to read /run/udev/data/+clockevents:clockevent3: No such file or directory
Jun 08 14:36:19 breadbox.penurio.us systemd-udevd[334]: seq 2880 processed with 0
Jun 08 14:36:19 breadbox.penurio.us systemd-udevd[327]: passed 158 bytes to netlink monitor 0x7fa12cca02f0
Jun 08 14:36:19 breadbox.penurio.us systemd-udevd[333]: seq 2882 running
Jun 08 14:36:19 breadbox.penurio.us systemd-udevd[335]: passed unknown number of bytes to netlink monitor 0x7fa12ccb06b0
Jun 08 14:36:19 breadbox.penurio.us systemd-udevd[327]: seq 2883 queued, 'add' 'clockevents'
Jun 08 14:36:19 breadbox.penurio.us systemd-udevd[333]: no db file to read /run/udev/data/+clockevents:clockevent4: No such file or directory
Jun 08 14:36:19 breadbox.penurio.us systemd-udevd[335]: seq 2881 processed with 0
Jun 08 14:36:19 breadbox.penurio.us systemd-udevd[327]: passed 158 bytes to netlink monitor 0x7fa12cca02f0
Jun 08 14:36:19 breadbox.penurio.us systemd-udevd[334]: seq 2883 running
Jun 08 14:36:19 breadbox.penurio.us systemd-udevd[333]: passed unknown number of bytes to netlink monitor 0x7fa12cca4550
Jun 08 14:36:19 breadbox.penurio.us systemd-udevd[327]: seq 2884 queued, 'add' 'clockevents'
Jun 08 14:36:19 breadbox.penurio.us systemd-udevd[334]: no db file to read /run/udev/data/+clockevents:clockevent5: No such file or directory
Jun 08 14:36:19 breadbox.penurio.us systemd-udevd[333]: seq 2882 processed with 0
Jun 08 14:36:19 breadbox.penurio.us systemd-udevd[327]: passed 158 bytes to netlink monitor 0x7fa12cca02f0
Jun 08 14:36:19 breadbox.penurio.us systemd-udevd[335]: seq 2884 running
Jun 08 14:36:19 breadbox.penurio.us systemd-udevd[334]: passed unknown number of bytes to netlink monitor 0x7fa12cca7a60
Jun 08 14:36:19 breadbox.penurio.us systemd-udevd[327]: seq 2885 queued, 'add' 'clockevents'
Jun 08 14:36:19 breadbox.penurio.us systemd-udevd[335]: no db file to read /run/udev/data/+clockevents:clockevent6: No such file or directory
Jun 08 14:36:19 breadbox.penurio.us systemd-udevd[334]: seq 2883 processed with 0
Jun 08 14:36:19 breadbox.penurio.us systemd-udevd[327]: passed 158 bytes to netlink monitor 0x7fa12cca02f0
Jun 08 14:36:19 breadbox.penurio.us systemd-udevd[333]: seq 2885 running
Jun 08 14:36:19 breadbox.penurio.us systemd-udevd[335]: passed unknown number of bytes to netlink monitor 0x7fa12ccb06b0
Jun 08 14:36:19 breadbox.penurio.us systemd-udevd[327]: seq 2886 queued, 'add' 'clockevents'
Jun 08 14:36:19 breadbox.penurio.us systemd-udevd[333]: no db file to read /run/udev/data/+clockevents:clockevent7: No such file or directory
Jun 08 14:36:19 breadbox.penurio.us systemd-udevd[335]: seq 2884 processed with 0
Jun 08 14:36:19 breadbox.penurio.us systemd-udevd[327]: passed 158 bytes to netlink monitor 0x7fa12cca02f0
Jun 08 14:36:19 breadbox.penurio.us systemd-udevd[334]: seq 2886 running
Jun 08 14:36:19 breadbox.penurio.us systemd-udevd[333]: passed unknown number of bytes to netlink monitor 0x7fa12cca4550
Jun 08 14:36:19 breadbox.penurio.us systemd-udevd[327]: seq 2887 queued, 'add' 'clockevents'
Jun 08 14:36:19 breadbox.penurio.us systemd-udevd[334]: no db file to read /run/udev/data/+clockevents:clockevent8: No such file or directory
Jun 08 14:36:19 breadbox.penurio.us systemd-udevd[333]: seq 2885 processed with 0
Jun 08 14:36:19 breadbox.penurio.us systemd-udevd[327]: passed 158 bytes to netlink monitor 0x7fa12cca02f0
Jun 08 14:36:19 breadbox.penurio.us systemd-udevd[335]: seq 2887 running
Jun 08 14:36:19 breadbox.penurio.us systemd-udevd[334]: passed unknown number of bytes to netlink monitor 0x7fa12cca7a60
Jun 08 14:36:19 breadbox.penurio.us systemd-udevd[327]: seq 2888 queued, 'add' 'clocksource'
Jun 08 14:36:19 breadbox.penurio.us systemd-udevd[335]: no db file to read /run/udev/data/+clockevents:clockevent9: No such file or directory
Jun 08 14:36:19 breadbox.penurio.us systemd-udevd[334]: seq 2886 processed with 0
Jun 08 14:36:19 breadbox.penurio.us systemd-udevd[327]: passed 159 bytes to netlink monitor 0x7fa12cca02f0
Jun 08 14:36:19 breadbox.penurio.us systemd-udevd[333]: seq 2888 running
Jun 08 14:36:19 breadbox.penurio.us systemd-udevd[335]: passed unknown number of bytes to netlink monitor 0x7fa12ccb06b0
Jun 08 14:36:19 breadbox.penurio.us systemd-udevd[327]: seq 2889 queued, 'add' 'container'
Jun 08 14:36:19 breadbox.penurio.us systemd-udevd[333]: no db file to read /run/udev/data/+clocksource:clocksource0: No such file or directory
Jun 08 14:36:19 breadbox.penurio.us systemd-udevd[335]: seq 2887 processed with 0
Jun 08 14:36:19 breadbox.penurio.us systemd-udevd[327]: passed 154 bytes to netlink monitor 0x7fa12cca02f0
Jun 08 14:36:19 breadbox.penurio.us systemd-udevd[334]: seq 2889 running
Jun 08 14:36:19 breadbox.penurio.us systemd-udevd[333]: passed unknown number of bytes to netlink monitor 0x7fa12cca4550
Jun 08 14:36:19 breadbox.penurio.us systemd-udevd[327]: seq 2890 queued, 'add' 'cpu'
Jun 08 14:36:19 breadbox.penurio.us systemd-udevd[334]: no db file to read /run/udev/data/+container:ACPI0004:00: No such file or directory
Jun 08 14:36:19 breadbox.penurio.us systemd-udevd[333]: seq 2888 processed with 0
Jun 08 14:36:19 breadbox.penurio.us systemd-udevd[327]: passed 768 bytes to netlink monitor 0x7fa12cca02f0
Jun 08 14:36:19 breadbox.penurio.us systemd-udevd[335]: seq 2890 running
Jun 08 14:36:19 breadbox.penurio.us systemd-udevd[334]: passed unknown number of bytes to netlink monitor 0x7fa12cca7a60
Jun 08 14:36:19 breadbox.penurio.us systemd-udevd[327]: seq 2891 queued, 'add' 'cpu'
Jun 08 14:36:19 breadbox.penurio.us systemd-udevd[335]: no db file to read /run/udev/data/+cpu:cpu0: No such file or directory
Jun 08 14:36:19 breadbox.penurio.us systemd-udevd[334]: seq 2889 processed with 0
Jun 08 14:36:19 breadbox.penurio.us systemd-udevd[327]: passed 768 bytes to netlink monitor 0x7fa12cca02f0
Jun 08 14:36:19 breadbox.penurio.us systemd-udevd[333]: seq 2891 running
Jun 08 14:36:19 breadbox.penurio.us systemd-udevd[335]: IMPORT builtin 'hwdb' /usr/lib/udev/rules.d/50-udev-default.rules:11
Jun 08 14:36:19 breadbox.penurio.us systemd-udevd[327]: seq 2892 queued, 'add' 'cpu'
Jun 08 14:36:19 breadbox.penurio.us systemd-udevd[333]: no db file to read /run/udev/data/+cpu:cpu1: No such file or directory
Jun 08 14:36:19 breadbox.penurio.us systemd-udevd[335]: IMPORT builtin 'hwdb' returned non-zero
Jun 08 14:36:19 breadbox.penurio.us systemd-udevd[327]: passed 769 bytes to netlink monitor 0x7fa12cca02f0
Jun 08 14:36:19 breadbox.penurio.us systemd-udevd[334]: seq 2892 running
Jun 08 14:36:19 breadbox.penurio.us systemd-udevd[333]: IMPORT builtin 'hwdb' /usr/lib/udev/rules.d/50-udev-default.rules:11
Jun 08 14:36:19 breadbox.penurio.us systemd-udevd[335]: RUN 'kmod load $env{MODALIAS}' /usr/lib/udev/rules.d/80-drivers.rules:5
Jun 08 14:36:19 breadbox.penurio.us systemd-udevd[327]: seq 2893 queued, 'add' 'cpu'
Jun 08 14:36:19 breadbox.penurio.us systemd-udevd[334]: no db file to read /run/udev/data/+cpu:cpu10: No such file or directory
Jun 08 14:36:19 breadbox.penurio.us systemd-udevd[333]: IMPORT builtin 'hwdb' returned non-zero
Jun 08 14:36:19 breadbox.penurio.us systemd-udevd[335]: Execute 'load' 'x86cpu:vendor:0000:family:0006:model:0056:feature:,0000,0001,0002,0003,0004,0005,0006,0007,0008,0009,000B,000C,000D,000E,000F,0010,0011,0013,0015,0016,0017,0018,0019,001A,001B,001C,001D,001F,002B,0034,003A,003B,003D,0068,006B,006C,006D,006F,0070,0072,0074,0076,0078,007C,007D,0080,0081,0082,0083,0084,0085,0086,0087,0088,0089,008B,008C,008D,008E,008F,0091,0092,0093,0094,0095,0096,0097,0098,0099,009A,009B,009C,009D,009E,00C0,00C5,00C8,00E0,00E1,00E3,00E5,00E6,00E7,00EF,0100,0101,0102,0103,0104,0120,0121,0123,0124,0125,0127,0128,0129,012A,012B,012C,012D,012F,0132,0133,0134,0139,0140,0161,0180,0181,0182
Jun 08 14:36:19 breadbox.penurio.us systemd-udevd[327]: passed 769 bytes to netlink monitor 0x7fa12cca02f0
Jun 08 14:36:19 breadbox.penurio.us systemd-udevd[356]: seq 2893 running
Jun 08 14:36:19 breadbox.penurio.us systemd-udevd[334]: IMPORT builtin 'hwdb' /usr/lib/udev/rules.d/50-udev-default.rules:11
Jun 08 14:36:19 breadbox.penurio.us systemd-udevd[333]: RUN 'kmod load $env{MODALIAS}' /usr/lib/udev/rules.d/80-drivers.rules:5
Jun 08 14:36:19 breadbox.penurio.us systemd-udevd[335]: '
Jun 08 14:36:19 breadbox.penurio.us systemd-udevd[327]: seq 2894 queued, 'add' 'cpu'
Jun 08 14:36:19 breadbox.penurio.us systemd-udevd[356]: no db file to read /run/udev/data/+cpu:cpu11: No such file or directory
Jun 08 14:36:19 breadbox.penurio.us systemd-udevd[334]: IMPORT builtin 'hwdb' returned non-zero
Jun 08 14:36:19 breadbox.penurio.us systemd-udevd[333]: Execute 'load' 'x86cpu:vendor:0000:family:0006:model:0056:feature:,0000,0001,0002,0003,0004,0005,0006,0007,0008,0009,000B,000C,000D,000E,000F,0010,0011,0013,0015,0016,0017,0018,0019,001A,001B,001C,001D,001F,002B,0034,003A,003B,003D,0068,006B,006C,006D,006F,0070,0072,0074,0076,0078,007C,007D,0080,0081,0082,0083,0084,0085,0086,0087,0088,0089,008B,008C,008D,008E,008F,0091,0092,0093,0094,0095,0096,0097,0098,0099,009A,009B,009C,009D,009E,00C0,00C5,00C8,00E0,00E1,00E3,00E5,00E6,00E7,00EF,0100,0101,0102,0103,0104,0120,0121,0123,0124,0125,0127,0128,0129,012A,012B,012C,012D,012F,0132,0133,0134,0139,0140,0161,0180,0181,0182
Jun 08 14:36:19 breadbox.penurio.us systemd-udevd[327]: passed 769 bytes to netlink monitor 0x7fa12cca02f0
Jun 08 14:36:19 breadbox.penurio.us systemd-udevd[357]: seq 2894 running
Jun 08 14:36:19 breadbox.penurio.us systemd-udevd[356]: IMPORT builtin 'hwdb' /usr/lib/udev/rules.d/50-udev-default.rules:11
Jun 08 14:36:19 breadbox.penurio.us systemd-udevd[334]: RUN 'kmod load $env{MODALIAS}' /usr/lib/udev/rules.d/80-drivers.rules:5
Jun 08 14:36:19 breadbox.penurio.us systemd-udevd[333]: '
Jun 08 14:36:19 breadbox.penurio.us systemd-udevd[327]: seq 2895 queued, 'add' 'cpu'
Jun 08 14:36:19 breadbox.penurio.us systemd-udevd[357]: no db file to read /run/udev/data/+cpu:cpu12: No such file or directory
Jun 08 14:36:19 breadbox.penurio.us systemd-udevd[356]: IMPORT builtin 'hwdb' returned non-zero
Jun 08 14:36:19 breadbox.penurio.us systemd-udevd[334]: Execute 'load' 'x86cpu:vendor:0000:family:0006:model:0056:feature:,0000,0001,0002,0003,0004,0005,0006,0007,0008,0009,000B,000C,000D,000E,000F,0010,0011,0013,0015,0016,0017,0018,0019,001A,001B,001C,001D,001F,002B,0034,003A,003B,003D,0068,006B,006C,006D,006F,0070,0072,0074,0076,0078,007C,007D,0080,0081,0082,0083,0084,0085,0086,0087,0088,0089,008B,008C,008D,008E,008F,0091,0092,0093,0094,0095,0096,0097,0098,0099,009A,009B,009C,009D,009E,00C0,00C5,00C8,00E0,00E1,00E3,00E5,00E6,00E7,00EF,0100,0101,0102,0103,0104,0120,0121,0123,0124,0125,0127,0128,0129,012A,012B,012C,012D,012F,0132,0133,0134,0139,0140,0161,0180,0181,0182
Jun 08 14:36:19 breadbox.penurio.us systemd-udevd[335]: Inserted 'crc32c_intel'
Jun 08 14:36:19 breadbox.penurio.us systemd-udevd[333]: Inserted 'crc32c_intel'
Jun 08 14:36:19 breadbox.penurio.us systemd-udevd[327]: passed 769 bytes to netlink monitor 0x7fa12cca02f0
Jun 08 14:36:19 breadbox.penurio.us systemd-udevd[358]: seq 2895 running
Jun 08 14:36:19 breadbox.penurio.us systemd-udevd[357]: IMPORT builtin 'hwdb' /usr/lib/udev/rules.d/50-udev-default.rules:11
Jun 08 14:36:19 breadbox.penurio.us systemd-udevd[356]: RUN 'kmod load $env{MODALIAS}' /usr/lib/udev/rules.d/80-drivers.rules:5
Jun 08 14:36:19 breadbox.penurio.us systemd-udevd[334]: '
Jun 08 14:36:19 breadbox.penurio.us systemd-udevd[327]: seq 2896 queued, 'add' 'cpu'
Jun 08 14:36:19 breadbox.penurio.us systemd-udevd[358]: no db file to read /run/udev/data/+cpu:cpu13: No such file or directory
Jun 08 14:36:19 breadbox.penurio.us systemd-udevd[357]: IMPORT builtin 'hwdb' returned non-zero
Jun 08 14:36:19 breadbox.penurio.us systemd-udevd[356]: Execute 'load' 'x86cpu:vendor:0000:family:0006:model:0056:feature:,0000,0001,0002,0003,0004,0005,0006,0007,0008,0009,000B,000C,000D,000E,000F,0010,0011,0013,0015,0016,0017,0018,0019,001A,001B,001C,001D,001F,002B,0034,003A,003B,003D,0068,006B,006C,006D,006F,0070,0072,0074,0076,0078,007C,007D,0080,0081,0082,0083,0084,0085,0086,0087,0088,0089,008B,008C,008D,008E,008F,0091,0092,0093,0094,0095,0096,0097,0098,0099,009A,009B,009C,009D,009E,00C0,00C5,00C8,00E0,00E1,00E3,00E5,00E6,00E7,00EF,0100,0101,0102,0103,0104,0120,0121,0123,0124,0125,0127,0128,0129,012A,012B,012C,012D,012F,0132,0133,0134,0139,0140,0161,0180,0181,0182
Jun 08 14:36:19 breadbox.penurio.us systemd-udevd[334]: Inserted 'crc32c_intel'
Jun 08 14:36:19 breadbox.penurio.us systemd-udevd[327]: passed 769 bytes to netlink monitor 0x7fa12cca02f0
Jun 08 14:36:19 breadbox.penurio.us systemd-udevd[359]: seq 2896 running
Jun 08 14:36:19 breadbox.penurio.us systemd-udevd[358]: IMPORT builtin 'hwdb' /usr/lib/udev/rules.d/50-udev-default.rules:11
Jun 08 14:36:19 breadbox.penurio.us systemd-udevd[357]: RUN 'kmod load $env{MODALIAS}' /usr/lib/udev/rules.d/80-drivers.rules:5
Jun 08 14:36:19 breadbox.penurio.us systemd-udevd[356]: '
Jun 08 14:36:19 breadbox.penurio.us systemd-udevd[334]: Inserted 'crct10dif_pclmul'
Jun 08 14:36:19 breadbox.penurio.us systemd-udevd[335]: Inserted 'crct10dif_pclmul'
Jun 08 14:36:19 breadbox.penurio.us systemd-udevd[333]: Inserted 'crct10dif_pclmul'
Jun 08 14:36:19 breadbox.penurio.us systemd-udevd[327]: seq 2897 queued, 'add' 'cpu'
Jun 08 14:36:19 breadbox.penurio.us systemd-udevd[359]: no db file to read /run/udev/data/+cpu:cpu14: No such file or directory
Jun 08 14:36:19 breadbox.penurio.us systemd-udevd[358]: IMPORT builtin 'hwdb' returned non-zero
Jun 08 14:36:19 breadbox.penurio.us systemd-udevd[357]: Execute 'load' 'x86cpu:vendor:0000:family:0006:model:0056:feature:,0000,0001,0002,0003,0004,0005,0006,0007,0008,0009,000B,000C,000D,000E,000F,0010,0011,0013,0015,0016,0017,0018,0019,001A,001B,001C,001D,001F,002B,0034,003A,003B,003D,0068,006B,006C,006D,006F,0070,0072,0074,0076,0078,007C,007D,0080,0081,0082,0083,0084,0085,0086,0087,0088,0089,008B,008C,008D,008E,008F,0091,0092,0093,0094,0095,0096,0097,0098,0099,009A,009B,009C,009D,009E,00C0,00C5,00C8,00E0,00E1,00E3,00E5,00E6,00E7,00EF,0100,0101,0102,0103,0104,0120,0121,0123,0124,0125,0127,0128,0129,012A,012B,012C,012D,012F,0132,0133,0134,0139,0140,0161,0180,0181,0182
Jun 08 14:36:19 breadbox.penurio.us systemd-udevd[356]: Inserted 'crc32c_intel'
Jun 08 14:36:19 breadbox.penurio.us systemd-udevd[334]: passed unknown number of bytes to netlink monitor 0x7fa12cca7a60
Jun 08 14:36:19 breadbox.penurio.us systemd-udevd[335]: passed unknown number of bytes to netlink monitor 0x7fa12ccb06b0
Jun 08 14:36:19 breadbox.penurio.us systemd-udevd[333]: passed unknown number of bytes to netlink monitor 0x7fa12cca4550
Jun 08 14:36:19 breadbox.penurio.us systemd-udevd[327]: passed 769 bytes to netlink monitor 0x7fa12cca02f0
Jun 08 14:36:19 breadbox.penurio.us systemd-udevd[360]: seq 2897 running
Jun 08 14:36:19 breadbox.penurio.us systemd-udevd[359]: IMPORT builtin 'hwdb' /usr/lib/udev/rules.d/50-udev-default.rules:11
Jun 08 14:36:19 breadbox.penurio.us systemd-udevd[358]: RUN 'kmod load $env{MODALIAS}' /usr/lib/udev/rules.d/80-drivers.rules:5
Jun 08 14:36:19 breadbox.penurio.us systemd-udevd[357]: '
Jun 08 14:36:19 breadbox.penurio.us systemd-udevd[356]: Inserted 'crct10dif_pclmul'
Jun 08 14:36:19 breadbox.penurio.us systemd-udevd[334]: seq 2892 processed with 0
Jun 08 14:36:19 breadbox.penurio.us systemd-udevd[335]: seq 2890 processed with 0
Jun 08 14:36:19 breadbox.penurio.us systemd-udevd[333]: seq 2891 processed with 0
Jun 08 14:36:19 breadbox.penurio.us systemd-udevd[327]: seq 2898 queued, 'add' 'cpu'
Jun 08 14:36:19 breadbox.penurio.us systemd-udevd[360]: no db file to read /run/udev/data/+cpu:cpu15: No such file or directory
Jun 08 14:36:19 breadbox.penurio.us systemd-udevd[359]: IMPORT builtin 'hwdb' returned non-zero
Jun 08 14:36:19 breadbox.penurio.us systemd-udevd[358]: Execute 'load' 'x86cpu:vendor:0000:family:0006:model:0056:feature:,0000,0001,0002,0003,0004,0005,0006,0007,0008,0009,000B,000C,000D,000E,000F,0010,0011,0013,0015,0016,0017,0018,0019,001A,001B,001C,001D,001F,002B,0034,003A,003B,003D,0068,006B,006C,006D,006F,0070,0072,0074,0076,0078,007C,007D,0080,0081,0082,0083,0084,0085,0086,0087,0088,0089,008B,008C,008D,008E,008F,0091,0092,0093,0094,0095,0096,0097,0098,0099,009A,009B,009C,009D,009E,00C0,00C5,00C8,00E0,00E1,00E3,00E5,00E6,00E7,00EF,0100,0101,0102,0103,0104,0120,0121,0123,0124,0125,0127,0128,0129,012A,012B,012C,012D,012F,0132,0133,0134,0139,0140,0161,0180,0181,0182
Jun 08 14:36:19 breadbox.penurio.us systemd-udevd[357]: Inserted 'crc32c_intel'
Jun 08 14:36:19 breadbox.penurio.us systemd-udevd[356]: passed unknown number of bytes to netlink monitor 0x7fa12ccc34c0
Jun 08 14:36:19 breadbox.penurio.us systemd-udevd[327]: passed 768 bytes to netlink monitor 0x7fa12cca02f0
Jun 08 14:36:19 breadbox.penurio.us systemd-udevd[333]: seq 2898 running
Jun 08 14:36:19 breadbox.penurio.us systemd-udevd[360]: IMPORT builtin 'hwdb' /usr/lib/udev/rules.d/50-udev-default.rules:11
Jun 08 14:36:19 breadbox.penurio.us systemd-udevd[359]: RUN 'kmod load $env{MODALIAS}' /usr/lib/udev/rules.d/80-drivers.rules:5
Jun 08 14:36:19 breadbox.penurio.us systemd-udevd[358]: '
Jun 08 14:36:19 breadbox.penurio.us systemd-udevd[357]: Inserted 'crct10dif_pclmul'
Jun 08 14:36:19 breadbox.penurio.us systemd-udevd[356]: seq 2893 processed with 0
Jun 08 14:36:19 breadbox.penurio.us systemd-udevd[327]: seq 2899 queued, 'add' 'cpu'
Jun 08 14:36:19 breadbox.penurio.us systemd-udevd[333]: no db file to read /run/udev/data/+cpu:cpu2: No such file or directory
Jun 08 14:36:19 breadbox.penurio.us systemd-udevd[360]: IMPORT builtin 'hwdb' returned non-zero
Jun 08 14:36:19 breadbox.penurio.us systemd-udevd[359]: Execute 'load' 'x86cpu:vendor:0000:family:0006:model:0056:feature:,0000,0001,0002,0003,0004,0005,0006,0007,0008,0009,000B,000C,000D,000E,000F,0010,0011,0013,0015,0016,0017,0018,0019,001A,001B,001C,001D,001F,002B,0034,003A,003B,003D,0068,006B,006C,006D,006F,0070,0072,0074,0076,0078,007C,007D,0080,0081,0082,0083,0084,0085,0086,0087,0088,0089,008B,008C,008D,008E,008F,0091,0092,0093,0094,0095,0096,0097,0098,0099,009A,009B,009C,009D,009E,00C0,00C5,00C8,00E0,00E1,00E3,00E5,00E6,00E7,00EF,0100,0101,0102,0103,0104,0120,0121,0123,0124,0125,0127,0128,0129,012A,012B,012C,012D,012F,0132,0133,0134,0139,0140,0161,0180,0181,0182
Jun 08 14:36:19 breadbox.penurio.us systemd-udevd[358]: Inserted 'crc32c_intel'
Jun 08 14:36:19 breadbox.penurio.us systemd-udevd[357]: passed unknown number of bytes to netlink monitor 0x7fa12ccc36d0
Jun 08 14:36:19 breadbox.penurio.us systemd-udevd[327]: passed 768 bytes to netlink monitor 0x7fa12cca02f0
Jun 08 14:36:19 breadbox.penurio.us systemd-udevd[334]: seq 2899 running
Jun 08 14:36:19 breadbox.penurio.us systemd-udevd[333]: IMPORT builtin 'hwdb' /usr/lib/udev/rules.d/50-udev-default.rules:11
Jun 08 14:36:19 breadbox.penurio.us systemd-udevd[360]: RUN 'kmod load $env{MODALIAS}' /usr/lib/udev/rules.d/80-drivers.rules:5
Jun 08 14:36:19 breadbox.penurio.us systemd-udevd[359]: '
Jun 08 14:36:19 breadbox.penurio.us systemd-udevd[358]: Inserted 'crct10dif_pclmul'
Jun 08 14:36:19 breadbox.penurio.us systemd-udevd[357]: seq 2894 processed with 0
Jun 08 14:36:19 breadbox.penurio.us systemd-udevd[327]: seq 2900 queued, 'add' 'cpu'
Jun 08 14:36:19 breadbox.penurio.us systemd-udevd[334]: no db file to read /run/udev/data/+cpu:cpu3: No such file or directory
Jun 08 14:36:19 breadbox.penurio.us systemd-udevd[333]: IMPORT builtin 'hwdb' returned non-zero
Jun 08 14:36:19 breadbox.penurio.us systemd-udevd[360]: Execute 'load' 'x86cpu:vendor:0000:family:0006:model:0056:feature:,0000,0001,0002,0003,0004,0005,0006,0007,0008,0009,000B,000C,000D,000E,000F,0010,0011,0013,0015,0016,0017,0018,0019,001A,001B,001C,001D,001F,002B,0034,003A,003B,003D,0068,006B,006C,006D,006F,0070,0072,0074,0076,0078,007C,007D,0080,0081,0082,0083,0084,0085,0086,0087,0088,0089,008B,008C,008D,008E,008F,0091,0092,0093,0094,0095,0096,0097,0098,0099,009A,009B,009C,009D,009E,00C0,00C5,00C8,00E0,00E1,00E3,00E5,00E6,00E7,00EF,0100,0101,0102,0103,0104,0120,0121,0123,0124,0125,0127,0128,0129,012A,012B,012C,012D,012F,0132,0133,0134,0139,0140,0161,0180,0181,0182
Jun 08 14:36:19 breadbox.penurio.us systemd-udevd[359]: Inserted 'crc32c_intel'
Jun 08 14:36:19 breadbox.penurio.us systemd-udevd[358]: passed unknown number of bytes to netlink monitor 0x7fa12ccc38e0
Jun 08 14:36:19 breadbox.penurio.us systemd-udevd[327]: passed 768 bytes to netlink monitor 0x7fa12cca02f0
Jun 08 14:36:19 breadbox.penurio.us systemd-udevd[335]: seq 2900 running
Jun 08 14:36:19 breadbox.penurio.us systemd-udevd[334]: IMPORT builtin 'hwdb' /usr/lib/udev/rules.d/50-udev-default.rules:11
Jun 08 14:36:19 breadbox.penurio.us systemd-udevd[333]: RUN 'kmod load $env{MODALIAS}' /usr/lib/udev/rules.d/80-drivers.rules:5
Jun 08 14:36:19 breadbox.penurio.us systemd-udevd[360]: '
Jun 08 14:36:19 breadbox.penurio.us systemd-udevd[359]: Inserted 'crct10dif_pclmul'
Jun 08 14:36:19 breadbox.penurio.us systemd-udevd[358]: seq 2895 processed with 0
Jun 08 14:36:19 breadbox.penurio.us systemd-udevd[327]: seq 2901 queued, 'add' 'cpu'
Jun 08 14:36:19 breadbox.penurio.us systemd-udevd[334]: IMPORT builtin 'hwdb' returned non-zero
Jun 08 14:36:19 breadbox.penurio.us systemd-udevd[335]: no db file to read /run/udev/data/+cpu:cpu4: No such file or directory
Jun 08 14:36:19 breadbox.penurio.us systemd-udevd[335]: IMPORT builtin 'hwdb' /usr/lib/udev/rules.d/50-udev-default.rules:11
Jun 08 14:36:19 breadbox.penurio.us systemd-udevd[360]: Inserted 'crc32c_intel'
Jun 08 14:36:19 breadbox.penurio.us systemd-udevd[359]: passed unknown number of bytes to netlink monitor 0x7fa12ccc3af0
Jun 08 14:36:19 breadbox.penurio.us systemd-udevd[327]: passed 768 bytes to netlink monitor 0x7fa12cca02f0
Jun 08 14:36:19 breadbox.penurio.us systemd-udevd[356]: seq 2901 running
Jun 08 14:36:19 breadbox.penurio.us systemd-udevd[334]: RUN 'kmod load $env{MODALIAS}' /usr/lib/udev/rules.d/80-drivers.rules:5
Jun 08 14:36:19 breadbox.penurio.us systemd-udevd[333]: Execute 'load' 'x86cpu:vendor:0000:family:0006:model:0056:feature:,0000,0001,0002,0003,0004,0005,0006,0007,0008,0009,000B,000C,000D,000E,000F,0010,0011,0013,0015,0016,0017,0018,0019,001A,001B,001C,001D,001F,002B,0034,003A,003B,003D,0068,006B,006C,006D,006F,0070,0072,0074,0076,0078,007C,007D,0080,0081,0082,0083,0084,0085,0086,0087,0088,0089,008B,008C,008D,008E,008F,0091,0092,0093,0094,0095,0096,0097,0098,0099,009A,009B,009C,009D,009E,00C0,00C5,00C8,00E0,00E1,00E3,00E5,00E6,00E7,00EF,0100,0101,0102,0103,0104,0120,0121,0123,0124,0125,0127,0128,0129,012A,012B,012C,012D,012F,0132,0133,0134,0139,0140,0161,0180,0181,0182
Jun 08 14:36:19 breadbox.penurio.us systemd-udevd[335]: IMPORT builtin 'hwdb' returned non-zero
Jun 08 14:36:19 breadbox.penurio.us systemd-udevd[360]: Inserted 'crct10dif_pclmul'
Jun 08 14:36:19 breadbox.penurio.us systemd-udevd[359]: seq 2896 processed with 0
Jun 08 14:36:19 breadbox.penurio.us systemd-udevd[327]: seq 2902 queued, 'add' 'cpu'
Jun 08 14:36:19 breadbox.penurio.us systemd-udevd[356]: no db file to read /run/udev/data/+cpu:cpu5: No such file or directory
Jun 08 14:36:19 breadbox.penurio.us systemd-udevd[334]: Execute 'load' 'x86cpu:vendor:0000:family:0006:model:0056:feature:,0000,0001,0002,0003,0004,0005,0006,0007,0008,0009,000B,000C,000D,000E,000F,0010,0011,0013,0015,0016,0017,0018,0019,001A,001B,001C,001D,001F,002B,0034,003A,003B,003D,0068,006B,006C,006D,006F,0070,0072,0074,0076,0078,007C,007D,0080,0081,0082,0083,0084,0085,0086,0087,0088,0089,008B,008C,008D,008E,008F,0091,0092,0093,0094,0095,0096,0097,0098,0099,009A,009B,009C,009D,009E,00C0,00C5,00C8,00E0,00E1,00E3,00E5,00E6,00E7,00EF,0100,0101,0102,0103,0104,0120,0121,0123,0124,0125,0127,0128,0129,012A,012B,012C,012D,012F,0132,0133,0134,0139,0140,0161,0180,0181,0182
Jun 08 14:36:19 breadbox.penurio.us systemd-udevd[333]: '
Jun 08 14:36:19 breadbox.penurio.us systemd-udevd[335]: RUN 'kmod load $env{MODALIAS}' /usr/lib/udev/rules.d/80-drivers.rules:5
Jun 08 14:36:19 breadbox.penurio.us systemd-udevd[360]: passed unknown number of bytes to netlink monitor 0x7fa12ccc3d00
Jun 08 14:36:19 breadbox.penurio.us systemd-udevd[327]: passed 768 bytes to netlink monitor 0x7fa12cca02f0
Jun 08 14:36:19 breadbox.penurio.us systemd-udevd[357]: seq 2902 running
Jun 08 14:36:19 breadbox.penurio.us systemd-udevd[356]: IMPORT builtin 'hwdb' /usr/lib/udev/rules.d/50-udev-default.rules:11
Jun 08 14:36:19 breadbox.penurio.us systemd-udevd[334]: '
Jun 08 14:36:19 breadbox.penurio.us systemd-udevd[333]: Inserted 'crc32c_intel'
Jun 08 14:36:19 breadbox.penurio.us systemd-udevd[335]: Execute 'load' 'x86cpu:vendor:0000:family:0006:model:0056:feature:,0000,0001,0002,0003,0004,0005,0006,0007,0008,0009,000B,000C,000D,000E,000F,0010,0011,0013,0015,0016,0017,0018,0019,001A,001B,001C,001D,001F,002B,0034,003A,003B,003D,0068,006B,006C,006D,006F,0070,0072,0074,0076,0078,007C,007D,0080,0081,0082,0083,0084,0085,0086,0087,0088,0089,008B,008C,008D,008E,008F,0091,0092,0093,0094,0095,0096,0097,0098,0099,009A,009B,009C,009D,009E,00C0,00C5,00C8,00E0,00E1,00E3,00E5,00E6,00E7,00EF,0100,0101,0102,0103,0104,0120,0121,0123,0124,0125,0127,0128,0129,012A,012B,012C,012D,012F,0132,0133,0134,0139,0140,0161,0180,0181,0182
Jun 08 14:36:19 breadbox.penurio.us systemd-udevd[360]: seq 2897 processed with 0
Jun 08 14:36:19 breadbox.penurio.us systemd-udevd[327]: seq 2903 queued, 'add' 'cpu'
Jun 08 14:36:19 breadbox.penurio.us systemd-udevd[357]: no db file to read /run/udev/data/+cpu:cpu6: No such file or directory
Jun 08 14:36:19 breadbox.penurio.us systemd-udevd[356]: IMPORT builtin 'hwdb' returned non-zero
Jun 08 14:36:19 breadbox.penurio.us systemd-udevd[334]: Inserted 'crc32c_intel'
Jun 08 14:36:19 breadbox.penurio.us systemd-udevd[333]: Inserted 'crct10dif_pclmul'
Jun 08 14:36:19 breadbox.penurio.us systemd-udevd[335]: '
Jun 08 14:36:19 breadbox.penurio.us systemd-udevd[327]: passed 768 bytes to netlink monitor 0x7fa12cca02f0
Jun 08 14:36:19 breadbox.penurio.us systemd-udevd[358]: seq 2903 running
Jun 08 14:36:19 breadbox.penurio.us systemd-udevd[357]: IMPORT builtin 'hwdb' /usr/lib/udev/rules.d/50-udev-default.rules:11
Jun 08 14:36:19 breadbox.penurio.us systemd-udevd[356]: RUN 'kmod load $env{MODALIAS}' /usr/lib/udev/rules.d/80-drivers.rules:5
Jun 08 14:36:19 breadbox.penurio.us systemd-udevd[334]: Inserted 'crct10dif_pclmul'
Jun 08 14:36:19 breadbox.penurio.us systemd-udevd[333]: passed unknown number of bytes to netlink monitor 0x7fa12cca4550
Jun 08 14:36:19 breadbox.penurio.us systemd-udevd[335]: Inserted 'crc32c_intel'
Jun 08 14:36:19 breadbox.penurio.us systemd-udevd[327]: seq 2904 queued, 'add' 'cpu'
Jun 08 14:36:19 breadbox.penurio.us systemd-udevd[358]: no db file to read /run/udev/data/+cpu:cpu7: No such file or directory
Jun 08 14:36:19 breadbox.penurio.us systemd-udevd[357]: IMPORT builtin 'hwdb' returned non-zero
Jun 08 14:36:19 breadbox.penurio.us systemd-udevd[356]: Execute 'load' 'x86cpu:vendor:0000:family:0006:model:0056:feature:,0000,0001,0002,0003,0004,0005,0006,0007,0008,0009,000B,000C,000D,000E,000F,0010,0011,0013,0015,0016,0017,0018,0019,001A,001B,001C,001D,001F,002B,0034,003A,003B,003D,0068,006B,006C,006D,006F,0070,0072,0074,0076,0078,007C,007D,0080,0081,0082,0083,0084,0085,0086,0087,0088,0089,008B,008C,008D,008E,008F,0091,0092,0093,0094,0095,0096,0097,0098,0099,009A,009B,009C,009D,009E,00C0,00C5,00C8,00E0,00E1,00E3,00E5,00E6,00E7,00EF,0100,0101,0102,0103,0104,0120,0121,0123,0124,0125,0127,0128,0129,012A,012B,012C,012D,012F,0132,0133,0134,0139,0140,0161,0180,0181,0182
Jun 08 14:36:19 breadbox.penurio.us systemd-udevd[334]: passed unknown number of bytes to netlink monitor 0x7fa12cca7a60
Jun 08 14:36:19 breadbox.penurio.us systemd-udevd[333]: seq 2898 processed with 0
Jun 08 14:36:19 breadbox.penurio.us systemd-udevd[335]: Inserted 'crct10dif_pclmul'
Jun 08 14:36:19 breadbox.penurio.us systemd-udevd[327]: passed 768 bytes to netlink monitor 0x7fa12cca02f0
Jun 08 14:36:19 breadbox.penurio.us systemd-udevd[359]: seq 2904 running
Jun 08 14:36:19 breadbox.penurio.us systemd-udevd[358]: IMPORT builtin 'hwdb' /usr/lib/udev/rules.d/50-udev-default.rules:11
Jun 08 14:36:19 breadbox.penurio.us systemd-udevd[357]: RUN 'kmod load $env{MODALIAS}' /usr/lib/udev/rules.d/80-drivers.rules:5
Jun 08 14:36:19 breadbox.penurio.us systemd-udevd[356]: '
Jun 08 14:36:19 breadbox.penurio.us systemd-udevd[334]: seq 2899 processed with 0
Jun 08 14:36:19 breadbox.penurio.us systemd-udevd[335]: passed unknown number of bytes to netlink monitor 0x7fa12ccb06b0
Jun 08 14:36:19 breadbox.penurio.us systemd-udevd[327]: seq 2905 queued, 'add' 'cpu'
Jun 08 14:36:19 breadbox.penurio.us systemd-udevd[359]: no db file to read /run/udev/data/+cpu:cpu8: No such file or directory
Jun 08 14:36:19 breadbox.penurio.us systemd-udevd[358]: IMPORT builtin 'hwdb' returned non-zero
Jun 08 14:36:19 breadbox.penurio.us systemd-udevd[357]: Execute 'load' 'x86cpu:vendor:0000:family:0006:model:0056:feature:,0000,0001,0002,0003,0004,0005,0006,0007,0008,0009,000B,000C,000D,000E,000F,0010,0011,0013,0015,0016,0017,0018,0019,001A,001B,001C,001D,001F,002B,0034,003A,003B,003D,0068,006B,006C,006D,006F,0070,0072,0074,0076,0078,007C,007D,0080,0081,0082,0083,0084,0085,0086,0087,0088,0089,008B,008C,008D,008E,008F,0091,0092,0093,0094,0095,0096,0097,0098,0099,009A,009B,009C,009D,009E,00C0,00C5,00C8,00E0,00E1,00E3,00E5,00E6,00E7,00EF,0100,0101,0102,0103,0104,0120,0121,0123,0124,0125,0127,0128,0129,012A,012B,012C,012D,012F,0132,0133,0134,0139,0140,0161,0180,0181,0182
Jun 08 14:36:19 breadbox.penurio.us systemd-udevd[356]: Inserted 'crc32c_intel'
Jun 08 14:36:19 breadbox.penurio.us systemd-udevd[335]: seq 2900 processed with 0
Jun 08 14:36:19 breadbox.penurio.us systemd-udevd[327]: passed 768 bytes to netlink monitor 0x7fa12cca02f0
Jun 08 14:36:19 breadbox.penurio.us systemd-udevd[333]: seq 2905 running
Jun 08 14:36:19 breadbox.penurio.us systemd-udevd[359]: IMPORT builtin 'hwdb' /usr/lib/udev/rules.d/50-udev-default.rules:11
Jun 08 14:36:19 breadbox.penurio.us systemd-udevd[358]: RUN 'kmod load $env{MODALIAS}' /usr/lib/udev/rules.d/80-drivers.rules:5
Jun 08 14:36:19 breadbox.penurio.us systemd-udevd[357]: '
Jun 08 14:36:19 breadbox.penurio.us systemd-udevd[356]: Inserted 'crct10dif_pclmul'
Jun 08 14:36:19 breadbox.penurio.us systemd-udevd[327]: seq 2906 queued, 'add' 'machinecheck'
Jun 08 14:36:19 breadbox.penurio.us systemd-udevd[333]: no db file to read /run/udev/data/+cpu:cpu9: No such file or directory
Jun 08 14:36:19 breadbox.penurio.us systemd-udevd[359]: IMPORT builtin 'hwdb' returned non-zero
Jun 08 14:36:19 breadbox.penurio.us systemd-udevd[358]: Execute 'load' 'x86cpu:vendor:0000:family:0006:model:0056:feature:,0000,0001,0002,0003,0004,0005,0006,0007,0008,0009,000B,000C,000D,000E,000F,0010,0011,0013,0015,0016,0017,0018,0019,001A,001B,001C,001D,001F,002B,0034,003A,003B,003D,0068,006B,006C,006D,006F,0070,0072,0074,0076,0078,007C,007D,0080,0081,0082,0083,0084,0085,0086,0087,0088,0089,008B,008C,008D,008E,008F,0091,0092,0093,0094,0095,0096,0097,0098,0099,009A,009B,009C,009D,009E,00C0,00C5,00C8,00E0,00E1,00E3,00E5,00E6,00E7,00EF,0100,0101,0102,0103,0104,0120,0121,0123,0124,0125,0127,0128,0129,012A,012B,012C,012D,012F,0132,0133,0134,0139,0140,0161,0180,0181,0182
Jun 08 14:36:19 breadbox.penurio.us systemd-udevd[357]: Inserted 'crc32c_intel'
Jun 08 14:36:19 breadbox.penurio.us systemd-udevd[356]: passed unknown number of bytes to netlink monitor 0x7fa12ccc34c0
Jun 08 14:36:19 breadbox.penurio.us systemd-udevd[327]: passed 162 bytes to netlink monitor 0x7fa12cca02f0
Jun 08 14:36:19 breadbox.penurio.us systemd-udevd[334]: seq 2906 running
Jun 08 14:36:19 breadbox.penurio.us systemd-udevd[333]: IMPORT builtin 'hwdb' /usr/lib/udev/rules.d/50-udev-default.rules:11
Jun 08 14:36:19 breadbox.penurio.us systemd-udevd[359]: RUN 'kmod load $env{MODALIAS}' /usr/lib/udev/rules.d/80-drivers.rules:5
Jun 08 14:36:19 breadbox.penurio.us systemd-udevd[358]: '
Jun 08 14:36:19 breadbox.penurio.us systemd-udevd[357]: Inserted 'crct10dif_pclmul'
Jun 08 14:36:19 breadbox.penurio.us systemd-udevd[356]: seq 2901 processed with 0
Jun 08 14:36:19 breadbox.penurio.us systemd-udevd[327]: seq 2907 queued, 'add' 'machinecheck'
Jun 08 14:36:19 breadbox.penurio.us systemd-udevd[334]: no db file to read /run/udev/data/+machinecheck:machinecheck0: No such file or directory
Jun 08 14:36:19 breadbox.penurio.us systemd-udevd[333]: IMPORT builtin 'hwdb' returned non-zero
Jun 08 14:36:19 breadbox.penurio.us systemd-udevd[359]: Execute 'load' 'x86cpu:vendor:0000:family:0006:model:0056:feature:,0000,0001,0002,0003,0004,0005,0006,0007,0008,0009,000B,000C,000D,000E,000F,0010,0011,0013,0015,0016,0017,0018,0019,001A,001B,001C,001D,001F,002B,0034,003A,003B,003D,0068,006B,006C,006D,006F,0070,0072,0074,0076,0078,007C,007D,0080,0081,0082,0083,0084,0085,0086,0087,0088,0089,008B,008C,008D,008E,008F,0091,0092,0093,0094,0095,0096,0097,0098,0099,009A,009B,009C,009D,009E,00C0,00C5,00C8,00E0,00E1,00E3,00E5,00E6,00E7,00EF,0100,0101,0102,0103,0104,0120,0121,0123,0124,0125,0127,0128,0129,012A,012B,012C,012D,012F,0132,0133,0134,0139,0140,0161,0180,0181,0182
Jun 08 14:36:19 breadbox.penurio.us systemd-udevd[358]: Inserted 'crc32c_intel'
Jun 08 14:36:19 breadbox.penurio.us systemd-udevd[357]: passed unknown number of bytes to netlink monitor 0x7fa12ccc36d0
Jun 08 14:36:19 breadbox.penurio.us systemd-udevd[327]: passed 162 bytes to netlink monitor 0x7fa12cca02f0
Jun 08 14:36:19 breadbox.penurio.us systemd-udevd[335]: seq 2907 running
Jun 08 14:36:19 breadbox.penurio.us systemd-udevd[334]: passed unknown number of bytes to netlink monitor 0x7fa12cca7a60
Jun 08 14:36:19 breadbox.penurio.us systemd-udevd[333]: RUN 'kmod load $env{MODALIAS}' /usr/lib/udev/rules.d/80-drivers.rules:5
Jun 08 14:36:19 breadbox.penurio.us systemd-udevd[359]: '
Jun 08 14:36:19 breadbox.penurio.us systemd-udevd[358]: Inserted 'crct10dif_pclmul'
Jun 08 14:36:19 breadbox.penurio.us kernel: igb 0000:06:00.1: added PHC on eth1
Jun 08 14:36:19 breadbox.penurio.us kernel: igb 0000:06:00.1: Intel(R) Gigabit Ethernet Network Connection
Jun 08 14:36:19 breadbox.penurio.us kernel: igb 0000:06:00.1: eth1: (PCIe:5.0Gb/s:Width x4) 0c:c4:7a:c2:a3:ef
Jun 08 14:36:19 breadbox.penurio.us kernel: igb 0000:06:00.1: eth1: PBA No: 010A00-000
Jun 08 14:36:19 breadbox.penurio.us kernel: igb 0000:06:00.1: Using MSI-X interrupts. 8 rx queue(s), 8 tx queue(s)
Jun 08 14:36:19 breadbox.penurio.us systemd-udevd[357]: seq 2902 processed with 0
Jun 08 14:36:19 breadbox.penurio.us systemd-udevd[327]: seq 2908 queued, 'add' 'machinecheck'
Jun 08 14:36:19 breadbox.penurio.us systemd-udevd[335]: no db file to read /run/udev/data/+machinecheck:machinecheck1: No such file or directory
Jun 08 14:36:19 breadbox.penurio.us systemd-udevd[334]: seq 2906 processed with 0
Jun 08 14:36:19 breadbox.penurio.us systemd-udevd[333]: Execute 'load' 'x86cpu:vendor:0000:family:0006:model:0056:feature:,0000,0001,0002,0003,0004,0005,0006,0007,0008,0009,000B,000C,000D,000E,000F,0010,0011,0013,0015,0016,0017,0018,0019,001A,001B,001C,001D,001F,002B,0034,003A,003B,003D,0068,006B,006C,006D,006F,0070,0072,0074,0076,0078,007C,007D,0080,0081,0082,0083,0084,0085,0086,0087,0088,0089,008B,008C,008D,008E,008F,0091,0092,0093,0094,0095,0096,0097,0098,0099,009A,009B,009C,009D,009E,00C0,00C5,00C8,00E0,00E1,00E3,00E5,00E6,00E7,00EF,0100,0101,0102,0103,0104,0120,0121,0123,0124,0125,0127,0128,0129,012A,012B,012C,012D,012F,0132,0133,0134,0139,0140,0161,0180,0181,0182
Jun 08 14:36:19 breadbox.penurio.us systemd-udevd[359]: Inserted 'crc32c_intel'
Jun 08 14:36:19 breadbox.penurio.us systemd-udevd[358]: passed unknown number of bytes to netlink monitor 0x7fa12ccc38e0
Jun 08 14:36:19 breadbox.penurio.us systemd-udevd[327]: passed 163 bytes to netlink monitor 0x7fa12cca02f0
Jun 08 14:36:19 breadbox.penurio.us systemd-udevd[356]: seq 2908 running
Jun 08 14:36:19 breadbox.penurio.us systemd-udevd[335]: passed unknown number of bytes to netlink monitor 0x7fa12ccb06b0
Jun 08 14:36:19 breadbox.penurio.us systemd-udevd[333]: '
Jun 08 14:36:19 breadbox.penurio.us systemd-udevd[359]: Inserted 'crct10dif_pclmul'
Jun 08 14:36:19 breadbox.penurio.us systemd-udevd[358]: seq 2903 processed with 0
Jun 08 14:36:19 breadbox.penurio.us systemd-udevd[327]: seq 2909 queued, 'add' 'machinecheck'
Jun 08 14:36:19 breadbox.penurio.us systemd-udevd[356]: no db file to read /run/udev/data/+machinecheck:machinecheck10: No such file or directory
Jun 08 14:36:19 breadbox.penurio.us systemd-udevd[335]: seq 2907 processed with 0
Jun 08 14:36:19 breadbox.penurio.us systemd-udevd[333]: Inserted 'crc32c_intel'
Jun 08 14:36:19 breadbox.penurio.us systemd-udevd[359]: passed unknown number of bytes to netlink monitor 0x7fa12ccc3af0
Jun 08 14:36:19 breadbox.penurio.us systemd-udevd[327]: passed 163 bytes to netlink monitor 0x7fa12cca02f0
Jun 08 14:36:19 breadbox.penurio.us systemd-udevd[334]: seq 2909 running
Jun 08 14:36:19 breadbox.penurio.us systemd-udevd[356]: passed unknown number of bytes to netlink monitor 0x7fa12ccc34c0
Jun 08 14:36:19 breadbox.penurio.us systemd-udevd[333]: Inserted 'crct10dif_pclmul'
Jun 08 14:36:19 breadbox.penurio.us systemd-udevd[359]: seq 2904 processed with 0
Jun 08 14:36:19 breadbox.penurio.us systemd-udevd[327]: seq 2910 queued, 'add' 'machinecheck'
Jun 08 14:36:19 breadbox.penurio.us systemd-udevd[334]: no db file to read /run/udev/data/+machinecheck:machinecheck11: No such file or directory
Jun 08 14:36:19 breadbox.penurio.us systemd-udevd[356]: seq 2908 processed with 0
Jun 08 14:36:19 breadbox.penurio.us systemd-udevd[333]: passed unknown number of bytes to netlink monitor 0x7fa12cca4550
Jun 08 14:36:19 breadbox.penurio.us systemd-udevd[327]: passed 163 bytes to netlink monitor 0x7fa12cca02f0
Jun 08 14:36:19 breadbox.penurio.us systemd-udevd[335]: seq 2910 running
Jun 08 14:36:19 breadbox.penurio.us systemd-udevd[334]: passed unknown number of bytes to netlink monitor 0x7fa12cca7a60
Jun 08 14:36:19 breadbox.penurio.us systemd-udevd[333]: seq 2905 processed with 0
Jun 08 14:36:19 breadbox.penurio.us systemd-udevd[327]: seq 2911 queued, 'add' 'machinecheck'
Jun 08 14:36:19 breadbox.penurio.us systemd-udevd[335]: no db file to read /run/udev/data/+machinecheck:machinecheck12: No such file or directory
