Jun 08 14:36:19 breadbox.penurio.us systemd-udevd[357]: RUN 'kmod load $env{MODALIAS}' /usr/lib/udev/rules.d/80-drivers.rules:5
Jun 08 14:36:19 breadbox.penurio.us systemd-udevd[333]: No module matches 'pci:v00008086d00006FAAsv00008086sd00006FAAbc08sc80i00'
Jun 08 14:36:19 breadbox.penurio.us systemd-udevd[356]: seq 2821 processed with 0
Jun 08 14:36:19 breadbox.penurio.us systemd-udevd[327]: seq 2826 queued, 'add' 'pci'
Jun 08 14:36:19 breadbox.penurio.us systemd-udevd[334]: no db file to read /run/udev/data/+pci:0000:ff:13.5: No such file or directory
Jun 08 14:36:19 breadbox.penurio.us systemd-udevd[335]: IMPORT builtin 'hwdb' returned non-zero
Jun 08 14:36:19 breadbox.penurio.us systemd-udevd[357]: Execute 'load' 'pci:v00008086d00006FABsv00008086sd00006FABbc08sc80i00'
Jun 08 14:36:19 breadbox.penurio.us systemd-udevd[333]: passed unknown number of bytes to netlink monitor 0x7fa12cca4550
Jun 08 14:36:19 breadbox.penurio.us systemd-udevd[327]: passed 290 bytes to netlink monitor 0x7fa12cca02f0
Jun 08 14:36:19 breadbox.penurio.us systemd-udevd[356]: seq 2826 running
Jun 08 14:36:19 breadbox.penurio.us systemd-udevd[334]: IMPORT builtin 'hwdb' /usr/lib/udev/rules.d/50-udev-default.rules:11
Jun 08 14:36:19 breadbox.penurio.us systemd-udevd[335]: RUN 'kmod load $env{MODALIAS}' /usr/lib/udev/rules.d/80-drivers.rules:5
Jun 08 14:36:19 breadbox.penurio.us systemd-udevd[357]: No module matches 'pci:v00008086d00006FABsv00008086sd00006FABbc08sc80i00'
Jun 08 14:36:19 breadbox.penurio.us systemd-udevd[333]: seq 2822 processed with 0
Jun 08 14:36:19 breadbox.penurio.us systemd-udevd[327]: seq 2827 queued, 'add' 'pci'
Jun 08 14:36:19 breadbox.penurio.us systemd-udevd[356]: no db file to read /run/udev/data/+pci:0000:ff:13.6: No such file or directory
Jun 08 14:36:19 breadbox.penurio.us systemd-udevd[334]: IMPORT builtin 'hwdb' returned non-zero
Jun 08 14:36:19 breadbox.penurio.us systemd-udevd[335]: Execute 'load' 'pci:v00008086d00006FACsv00008086sd00006FACbc08sc80i00'
Jun 08 14:36:19 breadbox.penurio.us systemd-udevd[357]: passed unknown number of bytes to netlink monitor 0x7fa12ccc36d0
Jun 08 14:36:19 breadbox.penurio.us systemd-udevd[327]: passed 290 bytes to netlink monitor 0x7fa12cca02f0
Jun 08 14:36:19 breadbox.penurio.us systemd-udevd[333]: seq 2827 running
Jun 08 14:36:19 breadbox.penurio.us systemd-udevd[356]: IMPORT builtin 'hwdb' /usr/lib/udev/rules.d/50-udev-default.rules:11
Jun 08 14:36:19 breadbox.penurio.us systemd-udevd[334]: RUN 'kmod load $env{MODALIAS}' /usr/lib/udev/rules.d/80-drivers.rules:5
Jun 08 14:36:19 breadbox.penurio.us systemd-udevd[335]: No module matches 'pci:v00008086d00006FACsv00008086sd00006FACbc08sc80i00'
Jun 08 14:36:19 breadbox.penurio.us systemd-udevd[357]: seq 2823 processed with 0
Jun 08 14:36:19 breadbox.penurio.us systemd-udevd[327]: seq 2828 queued, 'add' 'pci'
Jun 08 14:36:19 breadbox.penurio.us systemd-udevd[333]: no db file to read /run/udev/data/+pci:0000:ff:13.7: No such file or directory
Jun 08 14:36:19 breadbox.penurio.us systemd-udevd[356]: IMPORT builtin 'hwdb' returned non-zero
Jun 08 14:36:19 breadbox.penurio.us systemd-udevd[334]: Execute 'load' 'pci:v00008086d00006FADsv00008086sd00006FADbc08sc80i00'
Jun 08 14:36:19 breadbox.penurio.us systemd-udevd[335]: passed unknown number of bytes to netlink monitor 0x7fa12ccb06b0
Jun 08 14:36:19 breadbox.penurio.us systemd-udevd[327]: passed 308 bytes to netlink monitor 0x7fa12cca02f0
Jun 08 14:36:19 breadbox.penurio.us systemd-udevd[357]: seq 2828 running
Jun 08 14:36:19 breadbox.penurio.us systemd-udevd[333]: IMPORT builtin 'hwdb' /usr/lib/udev/rules.d/50-udev-default.rules:11
Jun 08 14:36:19 breadbox.penurio.us systemd-udevd[356]: RUN 'kmod load $env{MODALIAS}' /usr/lib/udev/rules.d/80-drivers.rules:5
Jun 08 14:36:19 breadbox.penurio.us systemd-udevd[334]: No module matches 'pci:v00008086d00006FADsv00008086sd00006FADbc08sc80i00'
Jun 08 14:36:19 breadbox.penurio.us systemd-udevd[335]: seq 2824 processed with 0
Jun 08 14:36:19 breadbox.penurio.us systemd-udevd[327]: seq 2829 queued, 'add' 'pci'
Jun 08 14:36:19 breadbox.penurio.us systemd-udevd[357]: no db file to read /run/udev/data/+pci:0000:ff:14.0: No such file or directory
Jun 08 14:36:19 breadbox.penurio.us systemd-udevd[333]: IMPORT builtin 'hwdb' returned non-zero
Jun 08 14:36:19 breadbox.penurio.us systemd-udevd[356]: Execute 'load' 'pci:v00008086d00006FAEsv00000000sd00000000bc08sc80i00'
Jun 08 14:36:19 breadbox.penurio.us systemd-udevd[334]: passed unknown number of bytes to netlink monitor 0x7fa12cca7a60
Jun 08 14:36:19 breadbox.penurio.us systemd-udevd[327]: passed 308 bytes to netlink monitor 0x7fa12cca02f0
Jun 08 14:36:19 breadbox.penurio.us systemd-udevd[335]: seq 2829 running
Jun 08 14:36:19 breadbox.penurio.us systemd-udevd[357]: IMPORT builtin 'hwdb' /usr/lib/udev/rules.d/50-udev-default.rules:11
Jun 08 14:36:19 breadbox.penurio.us systemd-udevd[333]: RUN 'kmod load $env{MODALIAS}' /usr/lib/udev/rules.d/80-drivers.rules:5
Jun 08 14:36:19 breadbox.penurio.us systemd-udevd[356]: No module matches 'pci:v00008086d00006FAEsv00000000sd00000000bc08sc80i00'
Jun 08 14:36:19 breadbox.penurio.us systemd-udevd[334]: seq 2825 processed with 0
Jun 08 14:36:19 breadbox.penurio.us systemd-udevd[327]: seq 2830 queued, 'add' 'pci'
Jun 08 14:36:19 breadbox.penurio.us systemd-udevd[335]: no db file to read /run/udev/data/+pci:0000:ff:14.1: No such file or directory
Jun 08 14:36:19 breadbox.penurio.us systemd-udevd[357]: IMPORT builtin 'hwdb' returned non-zero
Jun 08 14:36:19 breadbox.penurio.us systemd-udevd[333]: Execute 'load' 'pci:v00008086d00006FAFsv00000000sd00000000bc08sc80i00'
Jun 08 14:36:19 breadbox.penurio.us systemd-udevd[356]: passed unknown number of bytes to netlink monitor 0x7fa12ccc34c0
Jun 08 14:36:19 breadbox.penurio.us systemd-udevd[327]: passed 290 bytes to netlink monitor 0x7fa12cca02f0
Jun 08 14:36:19 breadbox.penurio.us systemd-udevd[334]: seq 2830 running
Jun 08 14:36:19 breadbox.penurio.us systemd-udevd[335]: IMPORT builtin 'hwdb' /usr/lib/udev/rules.d/50-udev-default.rules:11
Jun 08 14:36:19 breadbox.penurio.us systemd-udevd[357]: RUN 'kmod load $env{MODALIAS}' /usr/lib/udev/rules.d/80-drivers.rules:5
Jun 08 14:36:19 breadbox.penurio.us systemd-udevd[333]: No module matches 'pci:v00008086d00006FAFsv00000000sd00000000bc08sc80i00'
Jun 08 14:36:19 breadbox.penurio.us systemd-udevd[356]: seq 2826 processed with 0
Jun 08 14:36:19 breadbox.penurio.us systemd-udevd[327]: seq 2831 queued, 'add' 'pci'
Jun 08 14:36:19 breadbox.penurio.us systemd-udevd[334]: no db file to read /run/udev/data/+pci:0000:ff:14.2: No such file or directory
Jun 08 14:36:19 breadbox.penurio.us systemd-udevd[335]: IMPORT builtin 'hwdb' returned non-zero
Jun 08 14:36:19 breadbox.penurio.us systemd-udevd[357]: Execute 'load' 'pci:v00008086d00006FB0sv00008086sd00006FB0bc08sc80i00'
Jun 08 14:36:19 breadbox.penurio.us systemd-udevd[333]: passed unknown number of bytes to netlink monitor 0x7fa12cca4550
Jun 08 14:36:19 breadbox.penurio.us systemd-udevd[327]: passed 290 bytes to netlink monitor 0x7fa12cca02f0
Jun 08 14:36:19 breadbox.penurio.us systemd-udevd[356]: seq 2831 running
Jun 08 14:36:19 breadbox.penurio.us systemd-udevd[334]: IMPORT builtin 'hwdb' /usr/lib/udev/rules.d/50-udev-default.rules:11
Jun 08 14:36:19 breadbox.penurio.us systemd-udevd[335]: RUN 'kmod load $env{MODALIAS}' /usr/lib/udev/rules.d/80-drivers.rules:5
Jun 08 14:36:19 breadbox.penurio.us systemd-udevd[357]: No module matches 'pci:v00008086d00006FB0sv00008086sd00006FB0bc08sc80i00'
Jun 08 14:36:19 breadbox.penurio.us systemd-udevd[333]: seq 2827 processed with 0
Jun 08 14:36:19 breadbox.penurio.us systemd-udevd[327]: seq 2832 queued, 'add' 'pci'
Jun 08 14:36:19 breadbox.penurio.us systemd-udevd[356]: no db file to read /run/udev/data/+pci:0000:ff:14.3: No such file or directory
Jun 08 14:36:19 breadbox.penurio.us systemd-udevd[334]: IMPORT builtin 'hwdb' returned non-zero
Jun 08 14:36:19 breadbox.penurio.us systemd-udevd[335]: Execute 'load' 'pci:v00008086d00006FB1sv00008086sd00006FB1bc08sc80i00'
Jun 08 14:36:19 breadbox.penurio.us systemd-udevd[357]: passed unknown number of bytes to netlink monitor 0x7fa12ccc36d0
Jun 08 14:36:19 breadbox.penurio.us systemd-udevd[327]: passed 290 bytes to netlink monitor 0x7fa12cca02f0
Jun 08 14:36:19 breadbox.penurio.us systemd-udevd[333]: seq 2832 running
Jun 08 14:36:19 breadbox.penurio.us systemd-udevd[356]: IMPORT builtin 'hwdb' /usr/lib/udev/rules.d/50-udev-default.rules:11
Jun 08 14:36:19 breadbox.penurio.us systemd-udevd[334]: RUN 'kmod load $env{MODALIAS}' /usr/lib/udev/rules.d/80-drivers.rules:5
Jun 08 14:36:19 breadbox.penurio.us systemd-udevd[335]: No module matches 'pci:v00008086d00006FB1sv00008086sd00006FB1bc08sc80i00'
Jun 08 14:36:19 breadbox.penurio.us systemd-udevd[357]: seq 2828 processed with 0
Jun 08 14:36:19 breadbox.penurio.us systemd-udevd[327]: seq 2833 queued, 'add' 'pci'
Jun 08 14:36:19 breadbox.penurio.us systemd-udevd[333]: no db file to read /run/udev/data/+pci:0000:ff:14.4: No such file or directory
Jun 08 14:36:19 breadbox.penurio.us systemd-udevd[356]: IMPORT builtin 'hwdb' returned non-zero
Jun 08 14:36:19 breadbox.penurio.us systemd-udevd[334]: Execute 'load' 'pci:v00008086d00006FB2sv00008086sd00006FB2bc08sc80i00'
Jun 08 14:36:19 breadbox.penurio.us systemd-udevd[335]: passed unknown number of bytes to netlink monitor 0x7fa12ccb06b0
Jun 08 14:36:19 breadbox.penurio.us systemd-udevd[327]: passed 290 bytes to netlink monitor 0x7fa12cca02f0
Jun 08 14:36:19 breadbox.penurio.us systemd-udevd[357]: seq 2833 running
Jun 08 14:36:19 breadbox.penurio.us systemd-udevd[333]: IMPORT builtin 'hwdb' /usr/lib/udev/rules.d/50-udev-default.rules:11
Jun 08 14:36:19 breadbox.penurio.us systemd-udevd[356]: RUN 'kmod load $env{MODALIAS}' /usr/lib/udev/rules.d/80-drivers.rules:5
Jun 08 14:36:19 breadbox.penurio.us systemd-udevd[334]: No module matches 'pci:v00008086d00006FB2sv00008086sd00006FB2bc08sc80i00'
Jun 08 14:36:19 breadbox.penurio.us systemd-udevd[335]: seq 2829 processed with 0
Jun 08 14:36:19 breadbox.penurio.us systemd-udevd[327]: seq 2834 queued, 'add' 'pci'
Jun 08 14:36:19 breadbox.penurio.us systemd-udevd[357]: no db file to read /run/udev/data/+pci:0000:ff:14.5: No such file or directory
Jun 08 14:36:19 breadbox.penurio.us systemd-udevd[333]: IMPORT builtin 'hwdb' returned non-zero
Jun 08 14:36:19 breadbox.penurio.us systemd-udevd[356]: Execute 'load' 'pci:v00008086d00006FB3sv00008086sd00006FB3bc08sc80i00'
Jun 08 14:36:19 breadbox.penurio.us systemd-udevd[334]: passed unknown number of bytes to netlink monitor 0x7fa12cca7a60
Jun 08 14:36:19 breadbox.penurio.us systemd-udevd[327]: passed 290 bytes to netlink monitor 0x7fa12cca02f0
Jun 08 14:36:19 breadbox.penurio.us systemd-udevd[335]: seq 2834 running
Jun 08 14:36:19 breadbox.penurio.us systemd-udevd[357]: IMPORT builtin 'hwdb' /usr/lib/udev/rules.d/50-udev-default.rules:11
Jun 08 14:36:19 breadbox.penurio.us systemd-udevd[333]: RUN 'kmod load $env{MODALIAS}' /usr/lib/udev/rules.d/80-drivers.rules:5
Jun 08 14:36:19 breadbox.penurio.us systemd-udevd[356]: No module matches 'pci:v00008086d00006FB3sv00008086sd00006FB3bc08sc80i00'
Jun 08 14:36:19 breadbox.penurio.us systemd-udevd[334]: seq 2830 processed with 0
Jun 08 14:36:19 breadbox.penurio.us systemd-udevd[327]: seq 2835 queued, 'add' 'pci'
Jun 08 14:36:19 breadbox.penurio.us systemd-udevd[335]: no db file to read /run/udev/data/+pci:0000:ff:14.6: No such file or directory
Jun 08 14:36:19 breadbox.penurio.us systemd-udevd[357]: IMPORT builtin 'hwdb' returned non-zero
Jun 08 14:36:19 breadbox.penurio.us systemd-udevd[333]: Execute 'load' 'pci:v00008086d00006FBCsv00000000sd00000000bc08sc80i00'
Jun 08 14:36:19 breadbox.penurio.us systemd-udevd[356]: passed unknown number of bytes to netlink monitor 0x7fa12ccc34c0
Jun 08 14:36:19 breadbox.penurio.us systemd-udevd[327]: passed 290 bytes to netlink monitor 0x7fa12cca02f0
Jun 08 14:36:19 breadbox.penurio.us systemd-udevd[334]: seq 2835 running
Jun 08 14:36:19 breadbox.penurio.us systemd-udevd[335]: IMPORT builtin 'hwdb' /usr/lib/udev/rules.d/50-udev-default.rules:11
Jun 08 14:36:19 breadbox.penurio.us systemd-udevd[357]: RUN 'kmod load $env{MODALIAS}' /usr/lib/udev/rules.d/80-drivers.rules:5
Jun 08 14:36:19 breadbox.penurio.us systemd-udevd[333]: No module matches 'pci:v00008086d00006FBCsv00000000sd00000000bc08sc80i00'
Jun 08 14:36:19 breadbox.penurio.us systemd-udevd[356]: seq 2831 processed with 0
Jun 08 14:36:19 breadbox.penurio.us systemd-udevd[327]: seq 2836 queued, 'add' 'pci'
Jun 08 14:36:19 breadbox.penurio.us systemd-udevd[334]: no db file to read /run/udev/data/+pci:0000:ff:14.7: No such file or directory
Jun 08 14:36:19 breadbox.penurio.us systemd-udevd[335]: IMPORT builtin 'hwdb' returned non-zero
Jun 08 14:36:19 breadbox.penurio.us systemd-udevd[357]: Execute 'load' 'pci:v00008086d00006FBDsv00000000sd00000000bc08sc80i00'
Jun 08 14:36:19 breadbox.penurio.us systemd-udevd[333]: passed unknown number of bytes to netlink monitor 0x7fa12cca4550
Jun 08 14:36:19 breadbox.penurio.us systemd-udevd[327]: passed 308 bytes to netlink monitor 0x7fa12cca02f0
Jun 08 14:36:19 breadbox.penurio.us systemd-udevd[356]: seq 2836 running
Jun 08 14:36:19 breadbox.penurio.us systemd-udevd[334]: IMPORT builtin 'hwdb' /usr/lib/udev/rules.d/50-udev-default.rules:11
Jun 08 14:36:19 breadbox.penurio.us systemd-udevd[335]: RUN 'kmod load $env{MODALIAS}' /usr/lib/udev/rules.d/80-drivers.rules:5
Jun 08 14:36:19 breadbox.penurio.us systemd-udevd[357]: No module matches 'pci:v00008086d00006FBDsv00000000sd00000000bc08sc80i00'
Jun 08 14:36:19 breadbox.penurio.us systemd-udevd[333]: seq 2832 processed with 0
Jun 08 14:36:19 breadbox.penurio.us systemd-udevd[327]: seq 2837 queued, 'add' 'pci'
Jun 08 14:36:19 breadbox.penurio.us systemd-udevd[356]: no db file to read /run/udev/data/+pci:0000:ff:15.0: No such file or directory
Jun 08 14:36:19 breadbox.penurio.us systemd-udevd[334]: IMPORT builtin 'hwdb' returned non-zero
Jun 08 14:36:19 breadbox.penurio.us systemd-udevd[335]: Execute 'load' 'pci:v00008086d00006FBEsv00000000sd00000000bc08sc80i00'
Jun 08 14:36:19 breadbox.penurio.us systemd-udevd[357]: passed unknown number of bytes to netlink monitor 0x7fa12ccc36d0
Jun 08 14:36:19 breadbox.penurio.us systemd-udevd[327]: passed 308 bytes to netlink monitor 0x7fa12cca02f0
Jun 08 14:36:19 breadbox.penurio.us systemd-udevd[333]: seq 2837 running
Jun 08 14:36:19 breadbox.penurio.us systemd-udevd[356]: IMPORT builtin 'hwdb' /usr/lib/udev/rules.d/50-udev-default.rules:11
Jun 08 14:36:19 breadbox.penurio.us systemd-udevd[334]: RUN 'kmod load $env{MODALIAS}' /usr/lib/udev/rules.d/80-drivers.rules:5
Jun 08 14:36:19 breadbox.penurio.us systemd-udevd[335]: No module matches 'pci:v00008086d00006FBEsv00000000sd00000000bc08sc80i00'
Jun 08 14:36:19 breadbox.penurio.us systemd-udevd[357]: seq 2833 processed with 0
Jun 08 14:36:19 breadbox.penurio.us systemd-udevd[327]: seq 2838 queued, 'add' 'pci'
Jun 08 14:36:19 breadbox.penurio.us kernel: fbcon: astdrmfb (fb0) is primary device
Jun 08 14:36:19 breadbox.penurio.us kernel: Console: switching to colour frame buffer device 128x48
Jun 08 14:36:19 breadbox.penurio.us kernel: igb 0000:06:00.0: added PHC on eth0
Jun 08 14:36:19 breadbox.penurio.us kernel: igb 0000:06:00.0: Intel(R) Gigabit Ethernet Network Connection
Jun 08 14:36:19 breadbox.penurio.us kernel: igb 0000:06:00.0: eth0: (PCIe:5.0Gb/s:Width x4) 0c:c4:7a:c2:a3:ee
Jun 08 14:36:19 breadbox.penurio.us kernel: igb 0000:06:00.0: eth0: PBA No: 010A00-000
Jun 08 14:36:19 breadbox.penurio.us kernel: igb 0000:06:00.0: Using MSI-X interrupts. 8 rx queue(s), 8 tx queue(s)
Jun 08 14:36:19 breadbox.penurio.us kernel: igb 0000:06:00.1: irq 38 for MSI/MSI-X
Jun 08 14:36:19 breadbox.penurio.us kernel: igb 0000:06:00.1: irq 38 for MSI/MSI-X
Jun 08 14:36:19 breadbox.penurio.us kernel: igb 0000:06:00.1: irq 39 for MSI/MSI-X
Jun 08 14:36:19 breadbox.penurio.us kernel: igb 0000:06:00.1: irq 40 for MSI/MSI-X
Jun 08 14:36:19 breadbox.penurio.us kernel: igb 0000:06:00.1: irq 41 for MSI/MSI-X
Jun 08 14:36:19 breadbox.penurio.us kernel: igb 0000:06:00.1: irq 42 for MSI/MSI-X
Jun 08 14:36:19 breadbox.penurio.us kernel: igb 0000:06:00.1: irq 43 for MSI/MSI-X
Jun 08 14:36:19 breadbox.penurio.us kernel: igb 0000:06:00.1: irq 44 for MSI/MSI-X
Jun 08 14:36:19 breadbox.penurio.us kernel: igb 0000:06:00.1: irq 45 for MSI/MSI-X
Jun 08 14:36:19 breadbox.penurio.us kernel: igb 0000:06:00.1: irq 46 for MSI/MSI-X
Jun 08 14:36:19 breadbox.penurio.us kernel: ast 0000:09:00.0: fb0: astdrmfb frame buffer device
Jun 08 14:36:19 breadbox.penurio.us systemd-udevd[333]: no db file to read /run/udev/data/+pci:0000:ff:15.1: No such file or directory
Jun 08 14:36:19 breadbox.penurio.us systemd-udevd[356]: IMPORT builtin 'hwdb' returned non-zero
Jun 08 14:36:19 breadbox.penurio.us systemd-udevd[334]: Execute 'load' 'pci:v00008086d00006FBFsv00000000sd00000000bc08sc80i00'
Jun 08 14:36:19 breadbox.penurio.us systemd-udevd[335]: passed unknown number of bytes to netlink monitor 0x7fa12ccb06b0
Jun 08 14:36:19 breadbox.penurio.us systemd-udevd[327]: passed 290 bytes to netlink monitor 0x7fa12cca02f0
Jun 08 14:36:19 breadbox.penurio.us systemd-udevd[357]: seq 2838 running
Jun 08 14:36:19 breadbox.penurio.us systemd-udevd[333]: IMPORT builtin 'hwdb' /usr/lib/udev/rules.d/50-udev-default.rules:11
Jun 08 14:36:19 breadbox.penurio.us systemd-udevd[356]: RUN 'kmod load $env{MODALIAS}' /usr/lib/udev/rules.d/80-drivers.rules:5
Jun 08 14:36:19 breadbox.penurio.us systemd-udevd[334]: No module matches 'pci:v00008086d00006FBFsv00000000sd00000000bc08sc80i00'
Jun 08 14:36:19 breadbox.penurio.us systemd-udevd[335]: seq 2834 processed with 0
Jun 08 14:36:19 breadbox.penurio.us systemd-udevd[327]: seq 2839 queued, 'add' 'pci'
Jun 08 14:36:19 breadbox.penurio.us systemd-udevd[357]: no db file to read /run/udev/data/+pci:0000:ff:15.2: No such file or directory
Jun 08 14:36:19 breadbox.penurio.us systemd-udevd[333]: IMPORT builtin 'hwdb' returned non-zero
Jun 08 14:36:19 breadbox.penurio.us systemd-udevd[356]: Execute 'load' 'pci:v00008086d00006FB4sv00008086sd00006FB4bc08sc80i00'
Jun 08 14:36:19 breadbox.penurio.us systemd-udevd[334]: passed unknown number of bytes to netlink monitor 0x7fa12cca7a60
Jun 08 14:36:19 breadbox.penurio.us systemd-udevd[327]: passed 290 bytes to netlink monitor 0x7fa12cca02f0
Jun 08 14:36:19 breadbox.penurio.us systemd-udevd[335]: seq 2839 running
Jun 08 14:36:19 breadbox.penurio.us systemd-udevd[357]: IMPORT builtin 'hwdb' /usr/lib/udev/rules.d/50-udev-default.rules:11
Jun 08 14:36:19 breadbox.penurio.us systemd-udevd[333]: RUN 'kmod load $env{MODALIAS}' /usr/lib/udev/rules.d/80-drivers.rules:5
Jun 08 14:36:19 breadbox.penurio.us systemd-udevd[356]: No module matches 'pci:v00008086d00006FB4sv00008086sd00006FB4bc08sc80i00'
Jun 08 14:36:19 breadbox.penurio.us systemd-udevd[334]: seq 2835 processed with 0
Jun 08 14:36:19 breadbox.penurio.us systemd-udevd[327]: seq 2840 queued, 'add' 'pci'
Jun 08 14:36:19 breadbox.penurio.us systemd-udevd[335]: no db file to read /run/udev/data/+pci:0000:ff:15.3: No such file or directory
Jun 08 14:36:19 breadbox.penurio.us systemd-udevd[357]: IMPORT builtin 'hwdb' returned non-zero
Jun 08 14:36:19 breadbox.penurio.us systemd-udevd[333]: Execute 'load' 'pci:v00008086d00006FB5sv00008086sd00006FB5bc08sc80i00'
Jun 08 14:36:19 breadbox.penurio.us systemd-udevd[356]: passed unknown number of bytes to netlink monitor 0x7fa12ccc34c0
Jun 08 14:36:19 breadbox.penurio.us systemd-udevd[327]: passed 290 bytes to netlink monitor 0x7fa12cca02f0
Jun 08 14:36:19 breadbox.penurio.us systemd-udevd[334]: seq 2840 running
Jun 08 14:36:19 breadbox.penurio.us systemd-udevd[335]: IMPORT builtin 'hwdb' /usr/lib/udev/rules.d/50-udev-default.rules:11
Jun 08 14:36:19 breadbox.penurio.us systemd-udevd[357]: RUN 'kmod load $env{MODALIAS}' /usr/lib/udev/rules.d/80-drivers.rules:5
Jun 08 14:36:19 breadbox.penurio.us systemd-udevd[333]: No module matches 'pci:v00008086d00006FB5sv00008086sd00006FB5bc08sc80i00'
Jun 08 14:36:19 breadbox.penurio.us systemd-udevd[356]: seq 2836 processed with 0
Jun 08 14:36:19 breadbox.penurio.us systemd-udevd[327]: seq 2841 queued, 'add' 'pci'
Jun 08 14:36:19 breadbox.penurio.us systemd-udevd[334]: no db file to read /run/udev/data/+pci:0000:ff:1e.0: No such file or directory
Jun 08 14:36:19 breadbox.penurio.us systemd-udevd[335]: IMPORT builtin 'hwdb' returned non-zero
Jun 08 14:36:19 breadbox.penurio.us systemd-udevd[357]: Execute 'load' 'pci:v00008086d00006FB6sv00008086sd00006FB6bc08sc80i00'
Jun 08 14:36:19 breadbox.penurio.us systemd-udevd[333]: passed unknown number of bytes to netlink monitor 0x7fa12cca4550
Jun 08 14:36:19 breadbox.penurio.us systemd-udevd[327]: passed 290 bytes to netlink monitor 0x7fa12cca02f0
Jun 08 14:36:19 breadbox.penurio.us systemd-udevd[356]: seq 2841 running
Jun 08 14:36:19 breadbox.penurio.us systemd-udevd[334]: IMPORT builtin 'hwdb' /usr/lib/udev/rules.d/50-udev-default.rules:11
Jun 08 14:36:19 breadbox.penurio.us systemd-udevd[335]: RUN 'kmod load $env{MODALIAS}' /usr/lib/udev/rules.d/80-drivers.rules:5
Jun 08 14:36:19 breadbox.penurio.us systemd-udevd[357]: No module matches 'pci:v00008086d00006FB6sv00008086sd00006FB6bc08sc80i00'
Jun 08 14:36:19 breadbox.penurio.us systemd-udevd[333]: seq 2837 processed with 0
Jun 08 14:36:19 breadbox.penurio.us systemd-udevd[327]: seq 2842 queued, 'add' 'pci'
Jun 08 14:36:19 breadbox.penurio.us systemd-udevd[356]: no db file to read /run/udev/data/+pci:0000:ff:1e.1: No such file or directory
Jun 08 14:36:19 breadbox.penurio.us systemd-udevd[334]: IMPORT builtin 'hwdb' returned non-zero
Jun 08 14:36:19 breadbox.penurio.us systemd-udevd[335]: Execute 'load' 'pci:v00008086d00006FB7sv00008086sd00006FB7bc08sc80i00'
Jun 08 14:36:19 breadbox.penurio.us systemd-udevd[357]: passed unknown number of bytes to netlink monitor 0x7fa12ccc36d0
Jun 08 14:36:19 breadbox.penurio.us systemd-udevd[327]: passed 290 bytes to netlink monitor 0x7fa12cca02f0
Jun 08 14:36:19 breadbox.penurio.us systemd-udevd[333]: seq 2842 running
Jun 08 14:36:19 breadbox.penurio.us systemd-udevd[356]: IMPORT builtin 'hwdb' /usr/lib/udev/rules.d/50-udev-default.rules:11
Jun 08 14:36:19 breadbox.penurio.us systemd-udevd[334]: RUN 'kmod load $env{MODALIAS}' /usr/lib/udev/rules.d/80-drivers.rules:5
Jun 08 14:36:19 breadbox.penurio.us systemd-udevd[335]: No module matches 'pci:v00008086d00006FB7sv00008086sd00006FB7bc08sc80i00'
Jun 08 14:36:19 breadbox.penurio.us systemd-udevd[357]: seq 2838 processed with 0
Jun 08 14:36:19 breadbox.penurio.us systemd-udevd[327]: seq 2843 queued, 'add' 'pci'
Jun 08 14:36:19 breadbox.penurio.us systemd-udevd[333]: no db file to read /run/udev/data/+pci:0000:ff:1e.2: No such file or directory
Jun 08 14:36:19 breadbox.penurio.us systemd-udevd[356]: IMPORT builtin 'hwdb' returned non-zero
Jun 08 14:36:19 breadbox.penurio.us systemd-udevd[334]: Execute 'load' 'pci:v00008086d00006F98sv00008086sd00006F98bc08sc80i00'
Jun 08 14:36:19 breadbox.penurio.us systemd-udevd[335]: passed unknown number of bytes to netlink monitor 0x7fa12ccb06b0
Jun 08 14:36:19 breadbox.penurio.us systemd-udevd[327]: passed 290 bytes to netlink monitor 0x7fa12cca02f0
Jun 08 14:36:19 breadbox.penurio.us systemd-udevd[357]: seq 2843 running
Jun 08 14:36:19 breadbox.penurio.us systemd-udevd[333]: IMPORT builtin 'hwdb' /usr/lib/udev/rules.d/50-udev-default.rules:11
Jun 08 14:36:19 breadbox.penurio.us systemd-udevd[356]: RUN 'kmod load $env{MODALIAS}' /usr/lib/udev/rules.d/80-drivers.rules:5
Jun 08 14:36:19 breadbox.penurio.us systemd-udevd[334]: No module matches 'pci:v00008086d00006F98sv00008086sd00006F98bc08sc80i00'
Jun 08 14:36:19 breadbox.penurio.us systemd-udevd[335]: seq 2839 processed with 0
Jun 08 14:36:19 breadbox.penurio.us systemd-udevd[327]: seq 2844 queued, 'add' 'pci'
Jun 08 14:36:19 breadbox.penurio.us systemd-udevd[357]: no db file to read /run/udev/data/+pci:0000:ff:1e.3: No such file or directory
Jun 08 14:36:19 breadbox.penurio.us systemd-udevd[333]: IMPORT builtin 'hwdb' returned non-zero
Jun 08 14:36:19 breadbox.penurio.us systemd-udevd[356]: Execute 'load' 'pci:v00008086d00006F99sv00008086sd00006F99bc08sc80i00'
Jun 08 14:36:19 breadbox.penurio.us systemd-udevd[334]: passed unknown number of bytes to netlink monitor 0x7fa12cca7a60
Jun 08 14:36:19 breadbox.penurio.us systemd-udevd[327]: passed 290 bytes to netlink monitor 0x7fa12cca02f0
Jun 08 14:36:19 breadbox.penurio.us systemd-udevd[335]: seq 2844 running
Jun 08 14:36:19 breadbox.penurio.us systemd-udevd[357]: IMPORT builtin 'hwdb' /usr/lib/udev/rules.d/50-udev-default.rules:11
Jun 08 14:36:19 breadbox.penurio.us systemd-udevd[333]: RUN 'kmod load $env{MODALIAS}' /usr/lib/udev/rules.d/80-drivers.rules:5
Jun 08 14:36:19 breadbox.penurio.us systemd-udevd[356]: No module matches 'pci:v00008086d00006F99sv00008086sd00006F99bc08sc80i00'
Jun 08 14:36:19 breadbox.penurio.us systemd-udevd[334]: seq 2840 processed with 0
Jun 08 14:36:19 breadbox.penurio.us systemd-udevd[327]: seq 2845 queued, 'add' 'pci'
Jun 08 14:36:19 breadbox.penurio.us systemd-udevd[335]: no db file to read /run/udev/data/+pci:0000:ff:1e.4: No such file or directory
Jun 08 14:36:19 breadbox.penurio.us systemd-udevd[357]: IMPORT builtin 'hwdb' returned non-zero
Jun 08 14:36:19 breadbox.penurio.us systemd-udevd[333]: Execute 'load' 'pci:v00008086d00006F9Asv00008086sd00006F9Abc08sc80i00'
Jun 08 14:36:19 breadbox.penurio.us systemd-udevd[356]: passed unknown number of bytes to netlink monitor 0x7fa12ccc34c0
Jun 08 14:36:19 breadbox.penurio.us systemd-udevd[327]: passed 290 bytes to netlink monitor 0x7fa12cca02f0
Jun 08 14:36:19 breadbox.penurio.us systemd-udevd[334]: seq 2845 running
Jun 08 14:36:19 breadbox.penurio.us systemd-udevd[335]: IMPORT builtin 'hwdb' /usr/lib/udev/rules.d/50-udev-default.rules:11
Jun 08 14:36:19 breadbox.penurio.us systemd-udevd[357]: RUN 'kmod load $env{MODALIAS}' /usr/lib/udev/rules.d/80-drivers.rules:5
Jun 08 14:36:19 breadbox.penurio.us systemd-udevd[333]: No module matches 'pci:v00008086d00006F9Asv00008086sd00006F9Abc08sc80i00'
Jun 08 14:36:19 breadbox.penurio.us systemd-udevd[356]: seq 2841 processed with 0
Jun 08 14:36:19 breadbox.penurio.us systemd-udevd[327]: seq 2846 queued, 'add' 'pci'
Jun 08 14:36:19 breadbox.penurio.us systemd-udevd[334]: no db file to read /run/udev/data/+pci:0000:ff:1f.0: No such file or directory
Jun 08 14:36:19 breadbox.penurio.us systemd-udevd[335]: IMPORT builtin 'hwdb' returned non-zero
Jun 08 14:36:19 breadbox.penurio.us systemd-udevd[357]: Execute 'load' 'pci:v00008086d00006FC0sv00008086sd00006FC0bc08sc80i00'
Jun 08 14:36:19 breadbox.penurio.us systemd-udevd[333]: passed unknown number of bytes to netlink monitor 0x7fa12cca4550
Jun 08 14:36:19 breadbox.penurio.us systemd-udevd[327]: passed 290 bytes to netlink monitor 0x7fa12cca02f0
Jun 08 14:36:19 breadbox.penurio.us systemd-udevd[356]: seq 2846 running
Jun 08 14:36:19 breadbox.penurio.us systemd-udevd[334]: IMPORT builtin 'hwdb' /usr/lib/udev/rules.d/50-udev-default.rules:11
Jun 08 14:36:19 breadbox.penurio.us systemd-udevd[335]: RUN 'kmod load $env{MODALIAS}' /usr/lib/udev/rules.d/80-drivers.rules:5
Jun 08 14:36:19 breadbox.penurio.us systemd-udevd[357]: No module matches 'pci:v00008086d00006FC0sv00008086sd00006FC0bc08sc80i00'
Jun 08 14:36:19 breadbox.penurio.us systemd-udevd[333]: seq 2842 processed with 0
Jun 08 14:36:19 breadbox.penurio.us systemd-udevd[327]: seq 2847 queued, 'add' 'pci_bus'
Jun 08 14:36:19 breadbox.penurio.us systemd-udevd[356]: no db file to read /run/udev/data/+pci:0000:ff:1f.2: No such file or directory
Jun 08 14:36:19 breadbox.penurio.us systemd-udevd[334]: IMPORT builtin 'hwdb' returned non-zero
Jun 08 14:36:19 breadbox.penurio.us systemd-udevd[335]: Execute 'load' 'pci:v00008086d00006F9Csv00008086sd00006F9Cbc08sc80i00'
Jun 08 14:36:19 breadbox.penurio.us systemd-udevd[357]: passed unknown number of bytes to netlink monitor 0x7fa12ccc36d0
Jun 08 14:36:19 breadbox.penurio.us systemd-udevd[327]: passed 150 bytes to netlink monitor 0x7fa12cca02f0
Jun 08 14:36:19 breadbox.penurio.us systemd-udevd[333]: seq 2847 running
Jun 08 14:36:19 breadbox.penurio.us systemd-udevd[356]: IMPORT builtin 'hwdb' /usr/lib/udev/rules.d/50-udev-default.rules:11
Jun 08 14:36:19 breadbox.penurio.us systemd-udevd[334]: RUN 'kmod load $env{MODALIAS}' /usr/lib/udev/rules.d/80-drivers.rules:5
Jun 08 14:36:19 breadbox.penurio.us systemd-udevd[335]: No module matches 'pci:v00008086d00006F9Csv00008086sd00006F9Cbc08sc80i00'
Jun 08 14:36:19 breadbox.penurio.us systemd-udevd[357]: seq 2843 processed with 0
Jun 08 14:36:19 breadbox.penurio.us systemd-udevd[327]: seq 2848 queued, 'add' 'platform'
Jun 08 14:36:19 breadbox.penurio.us systemd-udevd[333]: no db file to read /run/udev/data/+pci_bus:0000:ff: No such file or directory
Jun 08 14:36:19 breadbox.penurio.us systemd-udevd[356]: IMPORT builtin 'hwdb' returned non-zero
Jun 08 14:36:19 breadbox.penurio.us systemd-udevd[334]: Execute 'load' 'pci:v00008086d00006F88sv00000000sd00000000bc08sc80i00'
Jun 08 14:36:19 breadbox.penurio.us systemd-udevd[335]: passed unknown number of bytes to netlink monitor 0x7fa12ccb06b0
Jun 08 14:36:19 breadbox.penurio.us systemd-udevd[327]: passed 175 bytes to netlink monitor 0x7fa12cca02f0
Jun 08 14:36:19 breadbox.penurio.us systemd-udevd[357]: seq 2848 running
Jun 08 14:36:19 breadbox.penurio.us systemd-udevd[333]: passed unknown number of bytes to netlink monitor 0x7fa12cca4550
Jun 08 14:36:19 breadbox.penurio.us systemd-udevd[356]: RUN 'kmod load $env{MODALIAS}' /usr/lib/udev/rules.d/80-drivers.rules:5
Jun 08 14:36:19 breadbox.penurio.us systemd-udevd[334]: No module matches 'pci:v00008086d00006F88sv00000000sd00000000bc08sc80i00'
Jun 08 14:36:19 breadbox.penurio.us systemd-udevd[335]: seq 2844 processed with 0
Jun 08 14:36:19 breadbox.penurio.us systemd-udevd[327]: seq 2849 queued, 'add' 'platform'
Jun 08 14:36:19 breadbox.penurio.us systemd-udevd[357]: no db file to read /run/udev/data/+platform:ACPI000C:00: No such file or directory
Jun 08 14:36:19 breadbox.penurio.us systemd-udevd[333]: seq 2847 processed with 0
Jun 08 14:36:19 breadbox.penurio.us systemd-udevd[356]: Execute 'load' 'pci:v00008086d00006F8Asv00000000sd00000000bc08sc80i00'
Jun 08 14:36:19 breadbox.penurio.us systemd-udevd[334]: passed unknown number of bytes to netlink monitor 0x7fa12cca7a60
Jun 08 14:36:19 breadbox.penurio.us systemd-udevd[327]: passed 183 bytes to netlink monitor 0x7fa12cca02f0
Jun 08 14:36:19 breadbox.penurio.us systemd-udevd[335]: seq 2849 running
Jun 08 14:36:19 breadbox.penurio.us systemd-udevd[357]: IMPORT builtin 'hwdb' /usr/lib/udev/rules.d/50-udev-default.rules:11
Jun 08 14:36:19 breadbox.penurio.us systemd-udevd[356]: No module matches 'pci:v00008086d00006F8Asv00000000sd00000000bc08sc80i00'
Jun 08 14:36:19 breadbox.penurio.us systemd-udevd[334]: seq 2845 processed with 0
Jun 08 14:36:19 breadbox.penurio.us systemd-udevd[327]: seq 2850 queued, 'add' 'mdio_bus'
Jun 08 14:36:19 breadbox.penurio.us systemd-udevd[335]: no db file to read /run/udev/data/+platform:Fixed MDIO bus.0: No such file or directory
Jun 08 14:36:19 breadbox.penurio.us systemd-udevd[357]: IMPORT builtin 'hwdb' returned non-zero
Jun 08 14:36:19 breadbox.penurio.us systemd-udevd[356]: passed unknown number of bytes to netlink monitor 0x7fa12ccc34c0
Jun 08 14:36:19 breadbox.penurio.us systemd-udevd[327]: seq 2851 queued, 'add' 'platform'
Jun 08 14:36:19 breadbox.penurio.us systemd-udevd[335]: IMPORT builtin 'hwdb' /usr/lib/udev/rules.d/50-udev-default.rules:11
Jun 08 14:36:19 breadbox.penurio.us systemd-udevd[357]: RUN 'kmod load $env{MODALIAS}' /usr/lib/udev/rules.d/80-drivers.rules:5
Jun 08 14:36:19 breadbox.penurio.us systemd-udevd[356]: seq 2846 processed with 0
Jun 08 14:36:19 breadbox.penurio.us systemd-udevd[327]: passed 175 bytes to netlink monitor 0x7fa12cca02f0
Jun 08 14:36:19 breadbox.penurio.us systemd-udevd[333]: seq 2851 running
Jun 08 14:36:19 breadbox.penurio.us systemd-udevd[335]: IMPORT builtin 'hwdb' returned non-zero
Jun 08 14:36:19 breadbox.penurio.us systemd-udevd[357]: Execute 'load' 'platform:ACPI000C:00'
Jun 08 14:36:19 breadbox.penurio.us systemd-udevd[327]: seq 2852 queued, 'add' 'platform'
Jun 08 14:36:19 breadbox.penurio.us systemd-udevd[333]: no db file to read /run/udev/data/+platform:GHES.0: No such file or directory
Jun 08 14:36:19 breadbox.penurio.us systemd-udevd[335]: RUN 'kmod load $env{MODALIAS}' /usr/lib/udev/rules.d/80-drivers.rules:5
Jun 08 14:36:19 breadbox.penurio.us systemd-udevd[357]: No module matches 'platform:ACPI000C:00'
Jun 08 14:36:19 breadbox.penurio.us systemd-udevd[334]: seq 2852 running
Jun 08 14:36:19 breadbox.penurio.us systemd-udevd[327]: passed 175 bytes to netlink monitor 0x7fa12cca02f0
Jun 08 14:36:19 breadbox.penurio.us systemd-udevd[333]: IMPORT builtin 'hwdb' /usr/lib/udev/rules.d/50-udev-default.rules:11
Jun 08 14:36:19 breadbox.penurio.us systemd-udevd[335]: Execute 'load' 'platform:Fixed'
Jun 08 14:36:19 breadbox.penurio.us systemd-udevd[357]: passed unknown number of bytes to netlink monitor 0x7fa12ccc36d0
Jun 08 14:36:19 breadbox.penurio.us systemd-udevd[334]: no db file to read /run/udev/data/+platform:GHES.1: No such file or directory
Jun 08 14:36:19 breadbox.penurio.us systemd-udevd[327]: seq 2853 queued, 'add' 'platform'
Jun 08 14:36:19 breadbox.penurio.us systemd-udevd[333]: IMPORT builtin 'hwdb' returned non-zero
Jun 08 14:36:19 breadbox.penurio.us systemd-udevd[335]: No module matches 'platform:Fixed'
Jun 08 14:36:19 breadbox.penurio.us systemd-udevd[357]: seq 2848 processed with 0
Jun 08 14:36:19 breadbox.penurio.us systemd-udevd[334]: IMPORT builtin 'hwdb' /usr/lib/udev/rules.d/50-udev-default.rules:11
Jun 08 14:36:19 breadbox.penurio.us systemd-udevd[327]: passed 173 bytes to netlink monitor 0x7fa12cca02f0
Jun 08 14:36:19 breadbox.penurio.us systemd-udevd[356]: seq 2853 running
Jun 08 14:36:19 breadbox.penurio.us systemd-udevd[333]: RUN 'kmod load $env{MODALIAS}' /usr/lib/udev/rules.d/80-drivers.rules:5
Jun 08 14:36:19 breadbox.penurio.us systemd-udevd[335]: Execute 'load' 'MDIO'
Jun 08 14:36:19 breadbox.penurio.us systemd-udevd[334]: IMPORT builtin 'hwdb' returned non-zero
Jun 08 14:36:19 breadbox.penurio.us systemd-udevd[327]: seq 2854 queued, 'add' 'platform'
Jun 08 14:36:19 breadbox.penurio.us systemd-udevd[356]: no db file to read /run/udev/data/+platform:PNP0C0C:00: No such file or directory
Jun 08 14:36:19 breadbox.penurio.us systemd-udevd[333]: Execute 'load' 'platform:GHES'
Jun 08 14:36:19 breadbox.penurio.us systemd-udevd[335]: No module matches 'MDIO'
Jun 08 14:36:19 breadbox.penurio.us systemd-udevd[334]: RUN 'kmod load $env{MODALIAS}' /usr/lib/udev/rules.d/80-drivers.rules:5
Jun 08 14:36:19 breadbox.penurio.us systemd-udevd[327]: passed 173 bytes to netlink monitor 0x7fa12cca02f0
Jun 08 14:36:19 breadbox.penurio.us systemd-udevd[357]: seq 2854 running
Jun 08 14:36:19 breadbox.penurio.us systemd-udevd[356]: IMPORT builtin 'hwdb' /usr/lib/udev/rules.d/50-udev-default.rules:11
Jun 08 14:36:19 breadbox.penurio.us systemd-udevd[333]: No module matches 'platform:GHES'
Jun 08 14:36:19 breadbox.penurio.us systemd-udevd[335]: Execute 'load' 'bus'
Jun 08 14:36:19 breadbox.penurio.us systemd-udevd[334]: Execute 'load' 'platform:GHES'
Jun 08 14:36:19 breadbox.penurio.us systemd-udevd[327]: seq 2855 queued, 'add' 'platform'
Jun 08 14:36:19 breadbox.penurio.us systemd-udevd[357]: no db file to read /run/udev/data/+platform:PNP0C14:00: No such file or directory
Jun 08 14:36:19 breadbox.penurio.us systemd-udevd[356]: IMPORT builtin 'hwdb' returned non-zero
Jun 08 14:36:19 breadbox.penurio.us systemd-udevd[333]: passed unknown number of bytes to netlink monitor 0x7fa12cca4550
Jun 08 14:36:19 breadbox.penurio.us systemd-udevd[335]: No module matches 'bus'
Jun 08 14:36:19 breadbox.penurio.us systemd-udevd[334]: No module matches 'platform:GHES'
Jun 08 14:36:19 breadbox.penurio.us systemd-udevd[327]: passed 173 bytes to netlink monitor 0x7fa12cca02f0
Jun 08 14:36:19 breadbox.penurio.us systemd-udevd[358]: seq 2855 running
Jun 08 14:36:19 breadbox.penurio.us systemd-udevd[357]: IMPORT builtin 'hwdb' /usr/lib/udev/rules.d/50-udev-default.rules:11
Jun 08 14:36:19 breadbox.penurio.us systemd-udevd[356]: RUN 'kmod load $env{MODALIAS}' /usr/lib/udev/rules.d/80-drivers.rules:5
Jun 08 14:36:19 breadbox.penurio.us systemd-udevd[333]: seq 2851 processed with 0
Jun 08 14:36:19 breadbox.penurio.us systemd-udevd[335]: passed unknown number of bytes to netlink monitor 0x7fa12ccb06b0
Jun 08 14:36:19 breadbox.penurio.us systemd-udevd[334]: passed unknown number of bytes to netlink monitor 0x7fa12cca7a60
Jun 08 14:36:19 breadbox.penurio.us systemd-udevd[327]: seq 2856 queued, 'add' 'platform'
Jun 08 14:36:19 breadbox.penurio.us systemd-udevd[358]: no db file to read /run/udev/data/+platform:PNP0C33:00: No such file or directory
Jun 08 14:36:19 breadbox.penurio.us systemd-udevd[357]: IMPORT builtin 'hwdb' returned non-zero
Jun 08 14:36:19 breadbox.penurio.us systemd-udevd[356]: Execute 'load' 'platform:PNP0C0C:00'
Jun 08 14:36:19 breadbox.penurio.us systemd-udevd[335]: seq 2849 processed with 0
Jun 08 14:36:19 breadbox.penurio.us systemd-udevd[334]: seq 2852 processed with 0
Jun 08 14:36:19 breadbox.penurio.us systemd-udevd[327]: passed 191 bytes to netlink monitor 0x7fa12cca02f0
Jun 08 14:36:19 breadbox.penurio.us systemd-udevd[333]: seq 2856 running
Jun 08 14:36:19 breadbox.penurio.us systemd-udevd[358]: IMPORT builtin 'hwdb' /usr/lib/udev/rules.d/50-udev-default.rules:11
Jun 08 14:36:19 breadbox.penurio.us systemd-udevd[357]: RUN 'kmod load $env{MODALIAS}' /usr/lib/udev/rules.d/80-drivers.rules:5
Jun 08 14:36:19 breadbox.penurio.us systemd-udevd[356]: No module matches 'platform:PNP0C0C:00'
Jun 08 14:36:19 breadbox.penurio.us systemd-udevd[327]: seq 2857 queued, 'add' 'platform'
Jun 08 14:36:19 breadbox.penurio.us systemd-udevd[333]: no db file to read /run/udev/data/+platform:alarmtimer: No such file or directory
Jun 08 14:36:19 breadbox.penurio.us systemd-udevd[358]: IMPORT builtin 'hwdb' returned non-zero
Jun 08 14:36:19 breadbox.penurio.us systemd-udevd[357]: Execute 'load' 'platform:PNP0C14:00'
Jun 08 14:36:19 breadbox.penurio.us systemd-udevd[356]: passed unknown number of bytes to netlink monitor 0x7fa12ccc34c0
Jun 08 14:36:19 breadbox.penurio.us systemd-udevd[327]: passed 167 bytes to netlink monitor 0x7fa12cca02f0
Jun 08 14:36:19 breadbox.penurio.us systemd-udevd[334]: seq 2850 running
Jun 08 14:36:19 breadbox.penurio.us systemd-udevd[333]: IMPORT builtin 'hwdb' /usr/lib/udev/rules.d/50-udev-default.rules:11
Jun 08 14:36:19 breadbox.penurio.us systemd-udevd[358]: RUN 'kmod load $env{MODALIAS}' /usr/lib/udev/rules.d/80-drivers.rules:5
Jun 08 14:36:19 breadbox.penurio.us systemd-udevd[357]: No module matches 'platform:PNP0C14:00'
Jun 08 14:36:19 breadbox.penurio.us systemd-udevd[356]: seq 2853 processed with 0
Jun 08 14:36:19 breadbox.penurio.us systemd-udevd[327]: passed 171 bytes to netlink monitor 0x7fa12cca02f0
Jun 08 14:36:19 breadbox.penurio.us systemd-udevd[335]: seq 2857 running
Jun 08 14:36:19 breadbox.penurio.us systemd-udevd[334]: no db file to read /run/udev/data/+mdio_bus:fixed-0: No such file or directory
Jun 08 14:36:19 breadbox.penurio.us systemd-udevd[333]: IMPORT builtin 'hwdb' returned non-zero
Jun 08 14:36:19 breadbox.penurio.us systemd-udevd[358]: Execute 'load' 'platform:PNP0C33:00'
Jun 08 14:36:19 breadbox.penurio.us systemd-udevd[357]: passed unknown number of bytes to netlink monitor 0x7fa12ccc36d0
Jun 08 14:36:19 breadbox.penurio.us systemd-udevd[327]: seq 2858 queued, 'add' 'platform'
Jun 08 14:36:19 breadbox.penurio.us systemd-udevd[335]: no db file to read /run/udev/data/+platform:microcode: No such file or directory
Jun 08 14:36:19 breadbox.penurio.us systemd-udevd[334]: no db file to read /run/udev/data/+platform:Fixed MDIO bus.0: No such file or directory
Jun 08 14:36:19 breadbox.penurio.us systemd-udevd[333]: RUN 'kmod load $env{MODALIAS}' /usr/lib/udev/rules.d/80-drivers.rules:5
Jun 08 14:36:19 breadbox.penurio.us kernel: [drm] Initialized ast 0.1.0 20120228 for 0000:09:00.0 on minor 0
Jun 08 14:36:19 breadbox.penurio.us systemd-udevd[358]: No module matches 'platform:PNP0C33:00'
Jun 08 14:36:19 breadbox.penurio.us systemd-udevd[357]: seq 2854 processed with 0
Jun 08 14:36:19 breadbox.penurio.us systemd-udevd[327]: passed 165 bytes to netlink monitor 0x7fa12cca02f0
Jun 08 14:36:19 breadbox.penurio.us systemd-udevd[356]: seq 2858 running
Jun 08 14:36:19 breadbox.penurio.us systemd-udevd[335]: IMPORT builtin 'hwdb' /usr/lib/udev/rules.d/50-udev-default.rules:11
Jun 08 14:36:19 breadbox.penurio.us systemd-udevd[334]: passed unknown number of bytes to netlink monitor 0x7fa12cca7a60
Jun 08 14:36:19 breadbox.penurio.us systemd-udevd[333]: Execute 'load' 'platform:alarmtimer'
Jun 08 14:36:19 breadbox.penurio.us systemd-udevd[358]: passed unknown number of bytes to netlink monitor 0x7fa12ccc38e0
Jun 08 14:36:19 breadbox.penurio.us systemd-udevd[327]: seq 2859 queued, 'add' 'platform'
Jun 08 14:36:19 breadbox.penurio.us systemd-udevd[356]: no db file to read /run/udev/data/+platform:pcspkr: No such file or directory
Jun 08 14:36:19 breadbox.penurio.us systemd-udevd[335]: IMPORT builtin 'hwdb' returned non-zero
Jun 08 14:36:19 breadbox.penurio.us systemd-udevd[334]: seq 2850 processed with 0
Jun 08 14:36:19 breadbox.penurio.us systemd-udevd[333]: No module matches 'platform:alarmtimer'
Jun 08 14:36:19 breadbox.penurio.us systemd-udevd[358]: seq 2855 processed with 0
Jun 08 14:36:19 breadbox.penurio.us systemd-udevd[327]: passed 191 bytes to netlink monitor 0x7fa12cca02f0
Jun 08 14:36:19 breadbox.penurio.us systemd-udevd[357]: seq 2859 running
Jun 08 14:36:19 breadbox.penurio.us systemd-udevd[356]: IMPORT builtin 'hwdb' /usr/lib/udev/rules.d/50-udev-default.rules:11
Jun 08 14:36:19 breadbox.penurio.us systemd-udevd[335]: RUN 'kmod load $env{MODALIAS}' /usr/lib/udev/rules.d/80-drivers.rules:5
Jun 08 14:36:19 breadbox.penurio.us systemd-udevd[333]: passed unknown number of bytes to netlink monitor 0x7fa12cca4550
Jun 08 14:36:19 breadbox.penurio.us systemd-udevd[327]: seq 2860 queued, 'add' 'tty'
Jun 08 14:36:19 breadbox.penurio.us systemd-udevd[357]: no db file to read /run/udev/data/+platform:serial8250: No such file or directory
Jun 08 14:36:19 breadbox.penurio.us systemd-udevd[356]: IMPORT builtin 'hwdb' returned non-zero
Jun 08 14:36:19 breadbox.penurio.us systemd-udevd[335]: Execute 'load' 'platform:microcode'
Jun 08 14:36:19 breadbox.penurio.us systemd-udevd[333]: seq 2856 processed with 0
Jun 08 14:36:19 breadbox.penurio.us systemd-udevd[327]: seq 2861 queued, 'add' 'tty'
Jun 08 14:36:19 breadbox.penurio.us systemd-udevd[357]: IMPORT builtin 'hwdb' /usr/lib/udev/rules.d/50-udev-default.rules:11
Jun 08 14:36:19 breadbox.penurio.us systemd-udevd[356]: RUN 'kmod load $env{MODALIAS}' /usr/lib/udev/rules.d/80-drivers.rules:5
Jun 08 14:36:19 breadbox.penurio.us systemd-udevd[335]: No module matches 'platform:microcode'
Jun 08 14:36:19 breadbox.penurio.us systemd-udevd[327]: seq 2862 queued, 'add' 'pnp'
Jun 08 14:36:19 breadbox.penurio.us systemd-udevd[357]: IMPORT builtin 'hwdb' returned non-zero
Jun 08 14:36:19 breadbox.penurio.us systemd-udevd[356]: Execute 'load' 'platform:pcspkr'
Jun 08 14:36:19 breadbox.penurio.us systemd-udevd[335]: passed unknown number of bytes to netlink monitor 0x7fa12ccb06b0
Jun 08 14:36:19 breadbox.penurio.us systemd-udevd[327]: passed 146 bytes to netlink monitor 0x7fa12cca02f0
Jun 08 14:36:19 breadbox.penurio.us systemd-udevd[333]: seq 2862 running
Jun 08 14:36:19 breadbox.penurio.us systemd-udevd[357]: RUN 'kmod load $env{MODALIAS}' /usr/lib/udev/rules.d/80-drivers.rules:5
Jun 08 14:36:19 breadbox.penurio.us systemd-udevd[356]: No module matches 'platform:pcspkr'
Jun 08 14:36:19 breadbox.penurio.us systemd-udevd[335]: seq 2857 processed with 0
Jun 08 14:36:19 breadbox.penurio.us systemd-udevd[327]: seq 2863 queued, 'add' 'rtc'
Jun 08 14:36:19 breadbox.penurio.us systemd-udevd[333]: no db file to read /run/udev/data/+pnp:00:00: No such file or directory
Jun 08 14:36:19 breadbox.penurio.us systemd-udevd[357]: Execute 'load' 'platform:serial8250'
Jun 08 14:36:19 breadbox.penurio.us systemd-udevd[356]: passed unknown number of bytes to netlink monitor 0x7fa12ccc34c0
Jun 08 14:36:19 breadbox.penurio.us systemd-udevd[327]: seq 2864 queued, 'add' 'pnp'
Jun 08 14:36:19 breadbox.penurio.us systemd-udevd[333]: passed unknown number of bytes to netlink monitor 0x7fa12cca4550
Jun 08 14:36:19 breadbox.penurio.us systemd-udevd[357]: No module matches 'platform:serial8250'
Jun 08 14:36:19 breadbox.penurio.us systemd-udevd[356]: seq 2858 processed with 0
Jun 08 14:36:19 breadbox.penurio.us systemd-udevd[327]: passed 144 bytes to netlink monitor 0x7fa12cca02f0
Jun 08 14:36:19 breadbox.penurio.us systemd-udevd[334]: seq 2864 running
Jun 08 14:36:19 breadbox.penurio.us systemd-udevd[333]: seq 2862 processed with 0
Jun 08 14:36:19 breadbox.penurio.us systemd-udevd[357]: passed unknown number of bytes to netlink monitor 0x7fa12ccc36d0
Jun 08 14:36:19 breadbox.penurio.us systemd-udevd[327]: seq 2865 queued, 'add' 'pnp'
Jun 08 14:36:19 breadbox.penurio.us systemd-udevd[334]: no db file to read /run/udev/data/+pnp:00:01: No such file or directory
Jun 08 14:36:19 breadbox.penurio.us systemd-udevd[357]: seq 2859 processed with 0
Jun 08 14:36:19 breadbox.penurio.us systemd-udevd[327]: passed 175 bytes to netlink monitor 0x7fa12cca02f0
Jun 08 14:36:19 breadbox.penurio.us systemd-udevd[333]: seq 2863 running
Jun 08 14:36:19 breadbox.penurio.us systemd-udevd[334]: passed unknown number of bytes to netlink monitor 0x7fa12cca7a60
Jun 08 14:36:19 breadbox.penurio.us systemd-udevd[327]: passed 144 bytes to netlink monitor 0x7fa12cca02f0
Jun 08 14:36:19 breadbox.penurio.us systemd-udevd[335]: seq 2865 running
Jun 08 14:36:19 breadbox.penurio.us systemd-udevd[333]: no db file to read /run/udev/data/c253:0: No such file or directory
Jun 08 14:36:19 breadbox.penurio.us systemd-udevd[334]: seq 2864 processed with 0
Jun 08 14:36:19 breadbox.penurio.us systemd-udevd[327]: seq 2866 queued, 'add' 'pnp'
Jun 08 14:36:19 breadbox.penurio.us systemd-udevd[335]: no db file to read /run/udev/data/+pnp:00:02: No such file or directory
Jun 08 14:36:19 breadbox.penurio.us systemd-udevd[333]: LINK 'rtc' /usr/lib/udev/rules.d/50-udev-default.rules:6
Jun 08 14:36:19 breadbox.penurio.us systemd-udevd[327]: passed 185 bytes to netlink monitor 0x7fa12cca02f0
Jun 08 14:36:19 breadbox.penurio.us systemd-udevd[334]: seq 2860 running
Jun 08 14:36:19 breadbox.penurio.us systemd-udevd[335]: passed unknown number of bytes to netlink monitor 0x7fa12ccb06b0
Jun 08 14:36:19 breadbox.penurio.us systemd-udevd[333]: LINK 'rtc' /usr/lib/udev/rules.d/50-udev-default.rules:7
Jun 08 14:36:19 breadbox.penurio.us systemd-udevd[327]: passed 185 bytes to netlink monitor 0x7fa12cca02f0
Jun 08 14:36:19 breadbox.penurio.us systemd-udevd[356]: seq 2861 running
Jun 08 14:36:19 breadbox.penurio.us systemd-udevd[334]: no db file to read /run/udev/data/c4:66: No such file or directory
Jun 08 14:36:19 breadbox.penurio.us systemd-udevd[335]: seq 2865 processed with 0
Jun 08 14:36:19 breadbox.penurio.us systemd-udevd[333]: no db file to read /run/udev/data/+pnp:00:00: No such file or directory
Jun 08 14:36:19 breadbox.penurio.us systemd-udevd[327]: passed 144 bytes to netlink monitor 0x7fa12cca02f0
Jun 08 14:36:19 breadbox.penurio.us systemd-udevd[357]: seq 2866 running
Jun 08 14:36:19 breadbox.penurio.us systemd-udevd[356]: no db file to read /run/udev/data/c4:67: No such file or directory
Jun 08 14:36:19 breadbox.penurio.us systemd-udevd[334]: GROUP 18 /usr/lib/udev/rules.d/50-udev-default.rules:22
Jun 08 14:36:19 breadbox.penurio.us systemd-udevd[333]: handling device node '/dev/rtc0', devnum=c253:0, mode=0600, uid=0, gid=0
Jun 08 14:36:19 breadbox.penurio.us systemd-udevd[327]: seq 2867 queued, 'add' 'tty'
Jun 08 14:36:19 breadbox.penurio.us systemd-udevd[357]: no db file to read /run/udev/data/+pnp:00:03: No such file or directory
Jun 08 14:36:19 breadbox.penurio.us systemd-udevd[356]: GROUP 18 /usr/lib/udev/rules.d/50-udev-default.rules:22
Jun 08 14:36:19 breadbox.penurio.us systemd-udevd[334]: no db file to read /run/udev/data/+platform:serial8250: No such file or directory
Jun 08 14:36:19 breadbox.penurio.us systemd-udevd[333]: preserve permissions /dev/rtc0, 020600, uid=0, gid=0
Jun 08 14:36:19 breadbox.penurio.us systemd-udevd[327]: seq 2868 queued, 'add' 'pnp'
Jun 08 14:36:19 breadbox.penurio.us systemd-udevd[357]: passed unknown number of bytes to netlink monitor 0x7fa12ccc36d0
Jun 08 14:36:19 breadbox.penurio.us systemd-udevd[356]: no db file to read /run/udev/data/+platform:serial8250: No such file or directory
Jun 08 14:36:19 breadbox.penurio.us systemd-udevd[334]: handling device node '/dev/ttyS2', devnum=c4:66, mode=0660, uid=0, gid=18
Jun 08 14:36:19 breadbox.penurio.us systemd-udevd[333]: creating symlink '/dev/char/253:0' to '../rtc0'
Jun 08 14:36:19 breadbox.penurio.us systemd-udevd[327]: passed 144 bytes to netlink monitor 0x7fa12cca02f0
Jun 08 14:36:19 breadbox.penurio.us systemd-udevd[335]: seq 2868 running
Jun 08 14:36:19 breadbox.penurio.us systemd-udevd[357]: seq 2866 processed with 0
Jun 08 14:36:19 breadbox.penurio.us systemd-udevd[356]: handling device node '/dev/ttyS3', devnum=c4:67, mode=0660, uid=0, gid=18
Jun 08 14:36:19 breadbox.penurio.us systemd-udevd[334]: set permissions /dev/ttyS2, 020660, uid=0, gid=18
Jun 08 14:36:19 breadbox.penurio.us systemd-udevd[333]: creating link '/dev/rtc' to '/dev/rtc0'
Jun 08 14:36:19 breadbox.penurio.us systemd-udevd[327]: seq 2869 queued, 'add' 'tty'
Jun 08 14:36:19 breadbox.penurio.us systemd-udevd[335]: no db file to read /run/udev/data/+pnp:00:04: No such file or directory
Jun 08 14:36:19 breadbox.penurio.us systemd-udevd[356]: set permissions /dev/ttyS3, 020660, uid=0, gid=18
Jun 08 14:36:19 breadbox.penurio.us systemd-udevd[334]: creating symlink '/dev/char/4:66' to '../ttyS2'
