Jun 08 14:36:19 breadbox.penurio.us systemd-udevd[333]: handling device node '/dev/bus/usb/002/001', devnum=c189:128, mode=0664, uid=0, gid=0
Jun 08 14:36:19 breadbox.penurio.us systemd-udevd[327]: seq 2789 queued, 'add' 'platform'
Jun 08 14:36:19 breadbox.penurio.us systemd-udevd[335]: no db file to read /run/udev/data/+usb:1-1:1.0: No such file or directory
Jun 08 14:36:19 breadbox.penurio.us systemd-udevd[355]: passed unknown number of bytes to netlink monitor 0x7fa12ccb6ae0
Jun 08 14:36:19 breadbox.penurio.us systemd-udevd[336]: no db file to read /run/udev/data/+pci:0000:08:00.0: No such file or directory
Jun 08 14:36:19 breadbox.penurio.us systemd-udevd[334]: No module matches 'pci:v00008086d00008C54sv000015D9sd0000086Dbc06sc01i00'
Jun 08 14:36:19 breadbox.penurio.us systemd-udevd[356]: seq 2785 processed with 0
Jun 08 14:36:19 breadbox.penurio.us systemd-udevd[333]: set permissions /dev/bus/usb/002/001, 020664, uid=0, gid=0
Jun 08 14:36:19 breadbox.penurio.us systemd-udevd[327]: seq 2790 queued, 'add' 'platform'
Jun 08 14:36:19 breadbox.penurio.us systemd-udevd[335]: IMPORT builtin 'hwdb' /usr/lib/udev/rules.d/50-udev-default.rules:11
Jun 08 14:36:19 breadbox.penurio.us systemd-udevd[355]: seq 2778 processed with 0
Jun 08 14:36:19 breadbox.penurio.us systemd-udevd[336]: RUN 'kmod load $env{MODALIAS}' /usr/lib/udev/rules.d/80-drivers.rules:5
Jun 08 14:36:19 breadbox.penurio.us systemd-udevd[334]: passed unknown number of bytes to netlink monitor 0x7fa12cca7a60
Jun 08 14:36:19 breadbox.penurio.us systemd-udevd[333]: creating symlink '/dev/char/189:128' to '../bus/usb/002/001'
Jun 08 14:36:19 breadbox.penurio.us systemd-udevd[327]: seq 2791 queued, 'add' 'pci'
Jun 08 14:36:19 breadbox.penurio.us systemd-udevd[335]: IMPORT builtin 'hwdb' returned non-zero
Jun 08 14:36:19 breadbox.penurio.us systemd-udevd[336]: Execute 'load' 'pci:v00001A03d00002000sv000015D9sd0000086Dbc03sc00i00'
Jun 08 14:36:19 breadbox.penurio.us systemd-udevd[334]: seq 2786 processed with 0
Jun 08 14:36:19 breadbox.penurio.us systemd-udevd[333]: created db file '/run/udev/data/c189:128' for '/devices/pci0000:00/0000:00:1d.0/usb2'
Jun 08 14:36:19 breadbox.penurio.us systemd-udevd[327]: passed 290 bytes to netlink monitor 0x7fa12cca02f0
Jun 08 14:36:19 breadbox.penurio.us systemd-udevd[355]: seq 2791 running
Jun 08 14:36:19 breadbox.penurio.us systemd-udevd[335]: RUN 'kmod load $env{MODALIAS}' /usr/lib/udev/rules.d/80-drivers.rules:5
Jun 08 14:36:19 breadbox.penurio.us systemd-udevd[333]: passed unknown number of bytes to netlink monitor 0x7fa12cca4550
Jun 08 14:36:19 breadbox.penurio.us systemd-udevd[327]: seq 2792 queued, 'add' 'pci'
Jun 08 14:36:19 breadbox.penurio.us systemd-udevd[355]: no db file to read /run/udev/data/+pci:0000:00:1f.2: No such file or directory
Jun 08 14:36:19 breadbox.penurio.us systemd-udevd[335]: Execute 'load' 'usb:v8087p8008d0005dc09dsc00dp01ic09isc00ip00in00'
Jun 08 14:36:19 breadbox.penurio.us systemd-udevd[333]: seq 2781 processed with 0
Jun 08 14:36:19 breadbox.penurio.us systemd-udevd[327]: passed 188 bytes to netlink monitor 0x7fa12cca02f0
Jun 08 14:36:19 breadbox.penurio.us systemd-udevd[334]: seq 2787 running
Jun 08 14:36:19 breadbox.penurio.us systemd-udevd[355]: IMPORT builtin 'hwdb' /usr/lib/udev/rules.d/50-udev-default.rules:11
Jun 08 14:36:19 breadbox.penurio.us systemd-udevd[335]: No module matches 'usb:v8087p8008d0005dc09dsc00dp01ic09isc00ip00in00'
Jun 08 14:36:19 breadbox.penurio.us systemd-udevd[327]: passed 188 bytes to netlink monitor 0x7fa12cca02f0
Jun 08 14:36:19 breadbox.penurio.us systemd-udevd[356]: seq 2788 running
Jun 08 14:36:19 breadbox.penurio.us systemd-udevd[334]: no db file to read /run/udev/data/+platform:IPI0001:00: No such file or directory
Jun 08 14:36:19 breadbox.penurio.us systemd-udevd[355]: IMPORT builtin 'hwdb' returned non-zero
Jun 08 14:36:19 breadbox.penurio.us systemd-udevd[335]: passed unknown number of bytes to netlink monitor 0x7fa12ccb06b0
Jun 08 14:36:19 breadbox.penurio.us systemd-udevd[327]: passed 188 bytes to netlink monitor 0x7fa12cca02f0
Jun 08 14:36:19 breadbox.penurio.us systemd-udevd[357]: seq 2789 running
Jun 08 14:36:19 breadbox.penurio.us systemd-udevd[356]: no db file to read /run/udev/data/+platform:PNP0103:00: No such file or directory
Jun 08 14:36:19 breadbox.penurio.us systemd-udevd[334]: IMPORT builtin 'hwdb' /usr/lib/udev/rules.d/50-udev-default.rules:11
Jun 08 14:36:19 breadbox.penurio.us systemd-udevd[355]: RUN 'kmod load $env{MODALIAS}' /usr/lib/udev/rules.d/80-drivers.rules:5
Jun 08 14:36:19 breadbox.penurio.us systemd-udevd[335]: seq 2769 processed with 0
Jun 08 14:36:19 breadbox.penurio.us systemd-udevd[327]: passed 188 bytes to netlink monitor 0x7fa12cca02f0
Jun 08 14:36:19 breadbox.penurio.us systemd-udevd[358]: seq 2790 running
Jun 08 14:36:19 breadbox.penurio.us systemd-udevd[357]: no db file to read /run/udev/data/+platform:PNP0800:00: No such file or directory
Jun 08 14:36:19 breadbox.penurio.us systemd-udevd[356]: IMPORT builtin 'hwdb' /usr/lib/udev/rules.d/50-udev-default.rules:11
Jun 08 14:36:19 breadbox.penurio.us systemd-udevd[334]: IMPORT builtin 'hwdb' returned non-zero
Jun 08 14:36:19 breadbox.penurio.us systemd-udevd[355]: Execute 'load' 'pci:v00008086d00008C02sv000015D9sd0000086Dbc01sc06i01'
Jun 08 14:36:19 breadbox.penurio.us systemd-udevd[327]: passed 290 bytes to netlink monitor 0x7fa12cca02f0
Jun 08 14:36:19 breadbox.penurio.us systemd-udevd[359]: seq 2792 running
Jun 08 14:36:19 breadbox.penurio.us systemd-udevd[358]: no db file to read /run/udev/data/+platform:PNP0C04:00: No such file or directory
Jun 08 14:36:19 breadbox.penurio.us systemd-udevd[357]: IMPORT builtin 'hwdb' /usr/lib/udev/rules.d/50-udev-default.rules:11
Jun 08 14:36:19 breadbox.penurio.us systemd-udevd[356]: IMPORT builtin 'hwdb' returned non-zero
Jun 08 14:36:19 breadbox.penurio.us systemd-udevd[334]: no db file to read /run/udev/data/+pci:0000:00:1f.0: No such file or directory
Jun 08 14:36:19 breadbox.penurio.us systemd-udevd[327]: seq 2793 queued, 'add' 'pci'
Jun 08 14:36:19 breadbox.penurio.us systemd-udevd[359]: no db file to read /run/udev/data/+pci:0000:00:1f.3: No such file or directory
Jun 08 14:36:19 breadbox.penurio.us systemd-udevd[358]: IMPORT builtin 'hwdb' /usr/lib/udev/rules.d/50-udev-default.rules:11
Jun 08 14:36:19 breadbox.penurio.us systemd-udevd[357]: IMPORT builtin 'hwdb' returned non-zero
Jun 08 14:36:19 breadbox.penurio.us systemd-udevd[356]: no db file to read /run/udev/data/+pci:0000:00:1f.0: No such file or directory
Jun 08 14:36:19 breadbox.penurio.us systemd-udevd[334]: RUN 'kmod load $env{MODALIAS}' /usr/lib/udev/rules.d/80-drivers.rules:5
Jun 08 14:36:19 breadbox.penurio.us systemd-udevd[327]: passed 294 bytes to netlink monitor 0x7fa12cca02f0
Jun 08 14:36:19 breadbox.penurio.us systemd-udevd[333]: seq 2782 running
Jun 08 14:36:19 breadbox.penurio.us systemd-udevd[359]: IMPORT builtin 'hwdb' /usr/lib/udev/rules.d/50-udev-default.rules:11
Jun 08 14:36:19 breadbox.penurio.us systemd-udevd[358]: IMPORT builtin 'hwdb' returned non-zero
Jun 08 14:36:19 breadbox.penurio.us systemd-udevd[357]: no db file to read /run/udev/data/+pci:0000:00:1f.0: No such file or directory
Jun 08 14:36:19 breadbox.penurio.us systemd-udevd[356]: RUN 'kmod load $env{MODALIAS}' /usr/lib/udev/rules.d/80-drivers.rules:5
Jun 08 14:36:19 breadbox.penurio.us systemd-udevd[334]: Execute 'load' 'platform:IPI0001:00'
Jun 08 14:36:19 breadbox.penurio.us systemd-udevd[327]: passed 284 bytes to netlink monitor 0x7fa12cca02f0
Jun 08 14:36:19 breadbox.penurio.us systemd-udevd[335]: seq 2783 running
Jun 08 14:36:19 breadbox.penurio.us systemd-udevd[333]: no db file to read /run/udev/data/+usb:2-0:1.0: No such file or directory
Jun 08 14:36:19 breadbox.penurio.us systemd-udevd[359]: IMPORT builtin 'hwdb' returned non-zero
Jun 08 14:36:19 breadbox.penurio.us systemd-udevd[358]: no db file to read /run/udev/data/+pci:0000:00:1f.0: No such file or directory
Jun 08 14:36:19 breadbox.penurio.us systemd-udevd[357]: RUN 'kmod load $env{MODALIAS}' /usr/lib/udev/rules.d/80-drivers.rules:5
Jun 08 14:36:19 breadbox.penurio.us systemd-udevd[356]: Execute 'load' 'platform:PNP0103:00'
Jun 08 14:36:19 breadbox.penurio.us systemd-udevd[334]: No module matches 'platform:IPI0001:00'
Jun 08 14:36:19 breadbox.penurio.us systemd-udevd[327]: passed 291 bytes to netlink monitor 0x7fa12cca02f0
Jun 08 14:36:19 breadbox.penurio.us systemd-udevd[360]: seq 2793 running
Jun 08 14:36:19 breadbox.penurio.us systemd-udevd[335]: IMPORT builtin 'usb_id' /usr/lib/udev/rules.d/50-udev-default.rules:9
Jun 08 14:36:19 breadbox.penurio.us systemd-udevd[333]: IMPORT builtin 'hwdb' /usr/lib/udev/rules.d/50-udev-default.rules:11
Jun 08 14:36:19 breadbox.penurio.us systemd-udevd[359]: RUN 'kmod load $env{MODALIAS}' /usr/lib/udev/rules.d/80-drivers.rules:5
Jun 08 14:36:19 breadbox.penurio.us systemd-udevd[358]: RUN 'kmod load $env{MODALIAS}' /usr/lib/udev/rules.d/80-drivers.rules:5
Jun 08 14:36:19 breadbox.penurio.us systemd-udevd[357]: Execute 'load' 'platform:PNP0800:00'
Jun 08 14:36:19 breadbox.penurio.us systemd-udevd[356]: No module matches 'platform:PNP0103:00'
Jun 08 14:36:19 breadbox.penurio.us systemd-udevd[334]: passed unknown number of bytes to netlink monitor 0x7fa12cca7a60
Jun 08 14:36:19 breadbox.penurio.us systemd-udevd[327]: seq 2794 queued, 'add' 'platform'
Jun 08 14:36:19 breadbox.penurio.us systemd-udevd[360]: no db file to read /run/udev/data/+pci:0000:00:1f.6: No such file or directory
Jun 08 14:36:19 breadbox.penurio.us systemd-udevd[335]: IMPORT builtin 'hwdb' /usr/lib/udev/rules.d/50-udev-default.rules:9
Jun 08 14:36:19 breadbox.penurio.us systemd-udevd[333]: IMPORT builtin 'hwdb' returned non-zero
Jun 08 14:36:19 breadbox.penurio.us systemd-udevd[359]: Execute 'load' 'pci:v00008086d00008C22sv000015D9sd0000086Dbc0Csc05i00'
Jun 08 14:36:19 breadbox.penurio.us systemd-udevd[358]: Execute 'load' 'platform:PNP0C04:00'
Jun 08 14:36:19 breadbox.penurio.us systemd-udevd[357]: No module matches 'platform:PNP0800:00'
Jun 08 14:36:19 breadbox.penurio.us systemd-udevd[356]: passed unknown number of bytes to netlink monitor 0x7fa12ccc34c0
Jun 08 14:36:19 breadbox.penurio.us systemd-udevd[334]: seq 2787 processed with 0
Jun 08 14:36:19 breadbox.penurio.us systemd-udevd[327]: passed 175 bytes to netlink monitor 0x7fa12cca02f0
Jun 08 14:36:19 breadbox.penurio.us systemd-udevd[361]: seq 2794 running
Jun 08 14:36:19 breadbox.penurio.us systemd-udevd[360]: IMPORT builtin 'hwdb' /usr/lib/udev/rules.d/50-udev-default.rules:11
Jun 08 14:36:19 breadbox.penurio.us systemd-udevd[335]: IMPORT builtin 'hwdb' returned non-zero
Jun 08 14:36:19 breadbox.penurio.us systemd-udevd[333]: RUN 'kmod load $env{MODALIAS}' /usr/lib/udev/rules.d/80-drivers.rules:5
Jun 08 14:36:19 breadbox.penurio.us systemd-udevd[359]: No module matches 'pci:v00008086d00008C22sv000015D9sd0000086Dbc0Csc05i00'
Jun 08 14:36:19 breadbox.penurio.us systemd-udevd[358]: No module matches 'platform:PNP0C04:00'
Jun 08 14:36:19 breadbox.penurio.us systemd-udevd[357]: passed unknown number of bytes to netlink monitor 0x7fa12ccc36d0
Jun 08 14:36:19 breadbox.penurio.us systemd-udevd[356]: seq 2788 processed with 0
Jun 08 14:36:19 breadbox.penurio.us systemd-udevd[327]: seq 2795 queued, 'add' 'platform'
Jun 08 14:36:19 breadbox.penurio.us systemd-udevd[361]: no db file to read /run/udev/data/+platform:PNP0003:00: No such file or directory
Jun 08 14:36:19 breadbox.penurio.us systemd-udevd[360]: IMPORT builtin 'hwdb' returned non-zero
Jun 08 14:36:19 breadbox.penurio.us systemd-udevd[335]: MODE 0664 /usr/lib/udev/rules.d/50-udev-default.rules:38
Jun 08 14:36:19 breadbox.penurio.us systemd-udevd[333]: Execute 'load' 'usb:v1D6Bp0002d0310dc09dsc00dp00ic09isc00ip00in00'
Jun 08 14:36:19 breadbox.penurio.us systemd-udevd[359]: passed unknown number of bytes to netlink monitor 0x7fa12ccc3af0
Jun 08 14:36:19 breadbox.penurio.us systemd-udevd[358]: passed unknown number of bytes to netlink monitor 0x7fa12ccc38e0
Jun 08 14:36:19 breadbox.penurio.us systemd-udevd[357]: seq 2789 processed with 0
Jun 08 14:36:19 breadbox.penurio.us systemd-udevd[327]: passed 175 bytes to netlink monitor 0x7fa12cca02f0
Jun 08 14:36:19 breadbox.penurio.us systemd-udevd[334]: seq 2795 running
Jun 08 14:36:19 breadbox.penurio.us systemd-udevd[361]: IMPORT builtin 'hwdb' /usr/lib/udev/rules.d/50-udev-default.rules:11
Jun 08 14:36:19 breadbox.penurio.us systemd-udevd[360]: RUN 'kmod load $env{MODALIAS}' /usr/lib/udev/rules.d/80-drivers.rules:5
Jun 08 14:36:19 breadbox.penurio.us systemd-udevd[335]: IMPORT builtin 'path_id' /usr/lib/udev/rules.d/71-seat.rules:43
Jun 08 14:36:19 breadbox.penurio.us systemd-udevd[333]: No module matches 'usb:v1D6Bp0002d0310dc09dsc00dp00ic09isc00ip00in00'
Jun 08 14:36:19 breadbox.penurio.us systemd-udevd[359]: seq 2792 processed with 0
Jun 08 14:36:19 breadbox.penurio.us systemd-udevd[358]: seq 2790 processed with 0
Jun 08 14:36:19 breadbox.penurio.us systemd-udevd[327]: seq 2796 queued, 'add' 'pci_bus'
Jun 08 14:36:19 breadbox.penurio.us systemd-udevd[334]: no db file to read /run/udev/data/+platform:PNP0C14:01: No such file or directory
Jun 08 14:36:19 breadbox.penurio.us systemd-udevd[361]: IMPORT builtin 'hwdb' returned non-zero
Jun 08 14:36:19 breadbox.penurio.us systemd-udevd[360]: Execute 'load' 'pci:v00008086d00008C24sv000015D9sd0000086Dbc11sc80i00'
Jun 08 14:36:19 breadbox.penurio.us systemd-udevd[335]: handling device node '/dev/bus/usb/002/002', devnum=c189:129, mode=0664, uid=0, gid=0
Jun 08 14:36:19 breadbox.penurio.us systemd-udevd[333]: passed unknown number of bytes to netlink monitor 0x7fa12cca4550
Jun 08 14:36:19 breadbox.penurio.us systemd-udevd[327]: passed 150 bytes to netlink monitor 0x7fa12cca02f0
Jun 08 14:36:19 breadbox.penurio.us systemd-udevd[356]: seq 2796 running
Jun 08 14:36:19 breadbox.penurio.us systemd-udevd[334]: IMPORT builtin 'hwdb' /usr/lib/udev/rules.d/50-udev-default.rules:11
Jun 08 14:36:19 breadbox.penurio.us systemd-udevd[361]: RUN 'kmod load $env{MODALIAS}' /usr/lib/udev/rules.d/80-drivers.rules:5
Jun 08 14:36:19 breadbox.penurio.us systemd-udevd[360]: No module matches 'pci:v00008086d00008C24sv000015D9sd0000086Dbc11sc80i00'
Jun 08 14:36:19 breadbox.penurio.us systemd-udevd[335]: preserve permissions /dev/bus/usb/002/002, 020664, uid=0, gid=0
Jun 08 14:36:19 breadbox.penurio.us systemd-udevd[333]: seq 2782 processed with 0
Jun 08 14:36:19 breadbox.penurio.us systemd-udevd[327]: seq 2797 queued, 'add' 'pci'
Jun 08 14:36:19 breadbox.penurio.us systemd-udevd[356]: no db file to read /run/udev/data/+pci_bus:0000:00: No such file or directory
Jun 08 14:36:19 breadbox.penurio.us systemd-udevd[334]: IMPORT builtin 'hwdb' returned non-zero
Jun 08 14:36:19 breadbox.penurio.us systemd-udevd[361]: Execute 'load' 'platform:PNP0003:00'
Jun 08 14:36:19 breadbox.penurio.us systemd-udevd[360]: passed unknown number of bytes to netlink monitor 0x7fa12ccc3d00
Jun 08 14:36:19 breadbox.penurio.us systemd-udevd[335]: preserve already existing symlink '/dev/char/189:129' to '../bus/usb/002/002'
Jun 08 14:36:19 breadbox.penurio.us systemd-udevd[327]: passed 290 bytes to netlink monitor 0x7fa12cca02f0
Jun 08 14:36:19 breadbox.penurio.us systemd-udevd[333]: seq 2797 running
Jun 08 14:36:19 breadbox.penurio.us systemd-udevd[356]: passed unknown number of bytes to netlink monitor 0x7fa12ccc34c0
Jun 08 14:36:19 breadbox.penurio.us systemd-udevd[334]: RUN 'kmod load $env{MODALIAS}' /usr/lib/udev/rules.d/80-drivers.rules:5
Jun 08 14:36:19 breadbox.penurio.us systemd-udevd[361]: No module matches 'platform:PNP0003:00'
Jun 08 14:36:19 breadbox.penurio.us systemd-udevd[360]: seq 2793 processed with 0
Jun 08 14:36:19 breadbox.penurio.us systemd-udevd[335]: created db file '/run/udev/data/c189:129' for '/devices/pci0000:00/0000:00:1d.0/usb2/2-1'
Jun 08 14:36:19 breadbox.penurio.us systemd-udevd[327]: seq 2798 queued, 'add' 'pci'
Jun 08 14:36:19 breadbox.penurio.us systemd-udevd[333]: no db file to read /run/udev/data/+pci:0000:ff:0b.0: No such file or directory
Jun 08 14:36:19 breadbox.penurio.us systemd-udevd[356]: seq 2796 processed with 0
Jun 08 14:36:19 breadbox.penurio.us systemd-udevd[334]: Execute 'load' 'platform:PNP0C14:01'
Jun 08 14:36:19 breadbox.penurio.us systemd-udevd[361]: passed unknown number of bytes to netlink monitor 0x7fa12ccc3f60
Jun 08 14:36:19 breadbox.penurio.us systemd-udevd[335]: passed unknown number of bytes to netlink monitor 0x7fa12ccb06b0
Jun 08 14:36:19 breadbox.penurio.us systemd-udevd[327]: passed 309 bytes to netlink monitor 0x7fa12cca02f0
Jun 08 14:36:19 breadbox.penurio.us systemd-udevd[357]: seq 2798 running
Jun 08 14:36:19 breadbox.penurio.us systemd-udevd[333]: IMPORT builtin 'hwdb' /usr/lib/udev/rules.d/50-udev-default.rules:11
Jun 08 14:36:19 breadbox.penurio.us systemd-udevd[334]: No module matches 'platform:PNP0C14:01'
Jun 08 14:36:19 breadbox.penurio.us systemd-udevd[361]: seq 2794 processed with 0
Jun 08 14:36:19 breadbox.penurio.us systemd-udevd[335]: seq 2783 processed with 0
Jun 08 14:36:19 breadbox.penurio.us systemd-udevd[327]: seq 2799 queued, 'add' 'pci'
Jun 08 14:36:19 breadbox.penurio.us systemd-udevd[357]: no db file to read /run/udev/data/+pci:0000:ff:0b.1: No such file or directory
Jun 08 14:36:19 breadbox.penurio.us systemd-udevd[333]: IMPORT builtin 'hwdb' returned non-zero
Jun 08 14:36:19 breadbox.penurio.us systemd-udevd[334]: passed unknown number of bytes to netlink monitor 0x7fa12cca7a60
Jun 08 14:36:19 breadbox.penurio.us systemd-udevd[327]: passed 299 bytes to netlink monitor 0x7fa12cca02f0
Jun 08 14:36:19 breadbox.penurio.us systemd-udevd[335]: seq 2784 running
Jun 08 14:36:19 breadbox.penurio.us systemd-udevd[357]: IMPORT builtin 'hwdb' /usr/lib/udev/rules.d/50-udev-default.rules:11
Jun 08 14:36:19 breadbox.penurio.us systemd-udevd[333]: RUN 'kmod load $env{MODALIAS}' /usr/lib/udev/rules.d/80-drivers.rules:5
Jun 08 14:36:19 breadbox.penurio.us systemd-udevd[334]: seq 2795 processed with 0
Jun 08 14:36:19 breadbox.penurio.us systemd-udevd[327]: passed 309 bytes to netlink monitor 0x7fa12cca02f0
Jun 08 14:36:19 breadbox.penurio.us systemd-udevd[335]: no db file to read /run/udev/data/+usb:2-1:1.0: No such file or directory
Jun 08 14:36:19 breadbox.penurio.us systemd-udevd[356]: seq 2799 running
Jun 08 14:36:19 breadbox.penurio.us systemd-udevd[357]: IMPORT builtin 'hwdb' returned non-zero
Jun 08 14:36:19 breadbox.penurio.us systemd-udevd[333]: Execute 'load' 'pci:v00008086d00006F81sv00008086sd00006F81bc08sc80i00'
Jun 08 14:36:19 breadbox.penurio.us systemd-udevd[327]: seq 2800 queued, 'add' 'pci'
Jun 08 14:36:19 breadbox.penurio.us systemd-udevd[335]: IMPORT builtin 'hwdb' /usr/lib/udev/rules.d/50-udev-default.rules:11
Jun 08 14:36:19 breadbox.penurio.us systemd-udevd[357]: RUN 'kmod load $env{MODALIAS}' /usr/lib/udev/rules.d/80-drivers.rules:5
Jun 08 14:36:19 breadbox.penurio.us systemd-udevd[333]: No module matches 'pci:v00008086d00006F81sv00008086sd00006F81bc08sc80i00'
Jun 08 14:36:19 breadbox.penurio.us systemd-udevd[356]: no db file to read /run/udev/data/+pci:0000:ff:0b.2: No such file or directory
Jun 08 14:36:19 breadbox.penurio.us systemd-udevd[327]: passed 290 bytes to netlink monitor 0x7fa12cca02f0
Jun 08 14:36:19 breadbox.penurio.us systemd-udevd[334]: seq 2800 running
Jun 08 14:36:19 breadbox.penurio.us systemd-udevd[335]: IMPORT builtin 'hwdb' returned non-zero
Jun 08 14:36:19 breadbox.penurio.us systemd-udevd[357]: Execute 'load' 'pci:v00008086d00006F36sv00008086sd00006F36bc11sc01i00'
Jun 08 14:36:19 breadbox.penurio.us systemd-udevd[333]: passed unknown number of bytes to netlink monitor 0x7fa12cca4550
Jun 08 14:36:19 breadbox.penurio.us systemd-udevd[356]: IMPORT builtin 'hwdb' /usr/lib/udev/rules.d/50-udev-default.rules:11
Jun 08 14:36:19 breadbox.penurio.us systemd-udevd[327]: seq 2801 queued, 'add' 'pci'
Jun 08 14:36:19 breadbox.penurio.us systemd-udevd[334]: no db file to read /run/udev/data/+pci:0000:ff:0b.3: No such file or directory
Jun 08 14:36:19 breadbox.penurio.us systemd-udevd[335]: RUN 'kmod load $env{MODALIAS}' /usr/lib/udev/rules.d/80-drivers.rules:5
Jun 08 14:36:19 breadbox.penurio.us systemd-udevd[357]: No module matches 'pci:v00008086d00006F36sv00008086sd00006F36bc11sc01i00'
Jun 08 14:36:19 breadbox.penurio.us systemd-udevd[333]: seq 2797 processed with 0
Jun 08 14:36:19 breadbox.penurio.us systemd-udevd[356]: IMPORT builtin 'hwdb' returned non-zero
Jun 08 14:36:19 breadbox.penurio.us systemd-udevd[327]: passed 290 bytes to netlink monitor 0x7fa12cca02f0
Jun 08 14:36:19 breadbox.penurio.us systemd-udevd[358]: seq 2801 running
Jun 08 14:36:19 breadbox.penurio.us systemd-udevd[334]: IMPORT builtin 'hwdb' /usr/lib/udev/rules.d/50-udev-default.rules:11
Jun 08 14:36:19 breadbox.penurio.us systemd-udevd[335]: Execute 'load' 'usb:v8087p8000d0005dc09dsc00dp01ic09isc00ip00in00'
Jun 08 14:36:19 breadbox.penurio.us systemd-udevd[357]: passed unknown number of bytes to netlink monitor 0x7fa12ccc36d0
Jun 08 14:36:19 breadbox.penurio.us systemd-udevd[327]: seq 2802 queued, 'add' 'pci'
Jun 08 14:36:19 breadbox.penurio.us systemd-udevd[356]: RUN 'kmod load $env{MODALIAS}' /usr/lib/udev/rules.d/80-drivers.rules:5
Jun 08 14:36:19 breadbox.penurio.us systemd-udevd[358]: no db file to read /run/udev/data/+pci:0000:ff:0c.0: No such file or directory
Jun 08 14:36:19 breadbox.penurio.us systemd-udevd[334]: IMPORT builtin 'hwdb' returned non-zero
Jun 08 14:36:19 breadbox.penurio.us systemd-udevd[335]: No module matches 'usb:v8087p8000d0005dc09dsc00dp01ic09isc00ip00in00'
Jun 08 14:36:19 breadbox.penurio.us systemd-udevd[357]: seq 2798 processed with 0
Jun 08 14:36:19 breadbox.penurio.us systemd-udevd[327]: passed 290 bytes to netlink monitor 0x7fa12cca02f0
Jun 08 14:36:19 breadbox.penurio.us systemd-udevd[333]: seq 2802 running
Jun 08 14:36:19 breadbox.penurio.us systemd-udevd[356]: Execute 'load' 'pci:v00008086d00006F37sv00008086sd00006F37bc11sc01i00'
Jun 08 14:36:19 breadbox.penurio.us systemd-udevd[358]: IMPORT builtin 'hwdb' /usr/lib/udev/rules.d/50-udev-default.rules:11
Jun 08 14:36:19 breadbox.penurio.us systemd-udevd[334]: RUN 'kmod load $env{MODALIAS}' /usr/lib/udev/rules.d/80-drivers.rules:5
Jun 08 14:36:19 breadbox.penurio.us systemd-udevd[335]: passed unknown number of bytes to netlink monitor 0x7fa12ccb06b0
Jun 08 14:36:19 breadbox.penurio.us systemd-udevd[327]: seq 2803 queued, 'add' 'pci'
Jun 08 14:36:19 breadbox.penurio.us systemd-udevd[333]: no db file to read /run/udev/data/+pci:0000:ff:0c.1: No such file or directory
Jun 08 14:36:19 breadbox.penurio.us systemd-udevd[356]: No module matches 'pci:v00008086d00006F37sv00008086sd00006F37bc11sc01i00'
Jun 08 14:36:19 breadbox.penurio.us systemd-udevd[358]: IMPORT builtin 'hwdb' returned non-zero
Jun 08 14:36:19 breadbox.penurio.us systemd-udevd[334]: Execute 'load' 'pci:v00008086d00006F76sv00000000sd00000000bc08sc80i00'
Jun 08 14:36:19 breadbox.penurio.us systemd-udevd[335]: seq 2784 processed with 0
Jun 08 14:36:19 breadbox.penurio.us systemd-udevd[327]: passed 290 bytes to netlink monitor 0x7fa12cca02f0
Jun 08 14:36:19 breadbox.penurio.us systemd-udevd[357]: seq 2803 running
Jun 08 14:36:19 breadbox.penurio.us systemd-udevd[333]: IMPORT builtin 'hwdb' /usr/lib/udev/rules.d/50-udev-default.rules:11
Jun 08 14:36:19 breadbox.penurio.us systemd-udevd[358]: RUN 'kmod load $env{MODALIAS}' /usr/lib/udev/rules.d/80-drivers.rules:5
Jun 08 14:36:19 breadbox.penurio.us systemd-udevd[356]: passed unknown number of bytes to netlink monitor 0x7fa12ccc34c0
Jun 08 14:36:19 breadbox.penurio.us systemd-udevd[334]: No module matches 'pci:v00008086d00006F76sv00000000sd00000000bc08sc80i00'
Jun 08 14:36:19 breadbox.penurio.us systemd-udevd[327]: seq 2804 queued, 'add' 'pci'
Jun 08 14:36:19 breadbox.penurio.us systemd-udevd[357]: no db file to read /run/udev/data/+pci:0000:ff:0c.2: No such file or directory
Jun 08 14:36:19 breadbox.penurio.us systemd-udevd[333]: IMPORT builtin 'hwdb' returned non-zero
Jun 08 14:36:19 breadbox.penurio.us systemd-udevd[358]: Execute 'load' 'pci:v00008086d00006FE0sv00008086sd00006FE0bc08sc80i00'
Jun 08 14:36:19 breadbox.penurio.us systemd-udevd[356]: seq 2799 processed with 0
Jun 08 14:36:19 breadbox.penurio.us systemd-udevd[334]: passed unknown number of bytes to netlink monitor 0x7fa12cca7a60
Jun 08 14:36:19 breadbox.penurio.us systemd-udevd[327]: passed 290 bytes to netlink monitor 0x7fa12cca02f0
Jun 08 14:36:19 breadbox.penurio.us systemd-udevd[335]: seq 2804 running
Jun 08 14:36:19 breadbox.penurio.us systemd-udevd[357]: IMPORT builtin 'hwdb' /usr/lib/udev/rules.d/50-udev-default.rules:11
Jun 08 14:36:19 breadbox.penurio.us systemd-udevd[333]: RUN 'kmod load $env{MODALIAS}' /usr/lib/udev/rules.d/80-drivers.rules:5
Jun 08 14:36:19 breadbox.penurio.us systemd-udevd[358]: No module matches 'pci:v00008086d00006FE0sv00008086sd00006FE0bc08sc80i00'
Jun 08 14:36:19 breadbox.penurio.us systemd-udevd[334]: seq 2800 processed with 0
Jun 08 14:36:19 breadbox.penurio.us systemd-udevd[327]: seq 2805 queued, 'add' 'pci'
Jun 08 14:36:19 breadbox.penurio.us systemd-udevd[335]: no db file to read /run/udev/data/+pci:0000:ff:0c.3: No such file or directory
Jun 08 14:36:19 breadbox.penurio.us systemd-udevd[357]: IMPORT builtin 'hwdb' returned non-zero
Jun 08 14:36:19 breadbox.penurio.us systemd-udevd[333]: Execute 'load' 'pci:v00008086d00006FE1sv00008086sd00006FE1bc08sc80i00'
Jun 08 14:36:19 breadbox.penurio.us systemd-udevd[358]: passed unknown number of bytes to netlink monitor 0x7fa12ccc38e0
Jun 08 14:36:19 breadbox.penurio.us systemd-udevd[327]: passed 290 bytes to netlink monitor 0x7fa12cca02f0
Jun 08 14:36:19 breadbox.penurio.us systemd-udevd[334]: seq 2805 running
Jun 08 14:36:19 breadbox.penurio.us systemd-udevd[335]: IMPORT builtin 'hwdb' /usr/lib/udev/rules.d/50-udev-default.rules:11
Jun 08 14:36:19 breadbox.penurio.us systemd-udevd[357]: RUN 'kmod load $env{MODALIAS}' /usr/lib/udev/rules.d/80-drivers.rules:5
Jun 08 14:36:19 breadbox.penurio.us systemd-udevd[333]: No module matches 'pci:v00008086d00006FE1sv00008086sd00006FE1bc08sc80i00'
Jun 08 14:36:19 breadbox.penurio.us systemd-udevd[358]: seq 2801 processed with 0
Jun 08 14:36:19 breadbox.penurio.us systemd-udevd[327]: seq 2806 queued, 'add' 'pci'
Jun 08 14:36:19 breadbox.penurio.us systemd-udevd[334]: no db file to read /run/udev/data/+pci:0000:ff:0c.4: No such file or directory
Jun 08 14:36:19 breadbox.penurio.us systemd-udevd[335]: IMPORT builtin 'hwdb' returned non-zero
Jun 08 14:36:19 breadbox.penurio.us systemd-udevd[357]: Execute 'load' 'pci:v00008086d00006FE2sv00008086sd00006FE2bc08sc80i00'
Jun 08 14:36:19 breadbox.penurio.us systemd-udevd[333]: passed unknown number of bytes to netlink monitor 0x7fa12cca4550
Jun 08 14:36:19 breadbox.penurio.us systemd-udevd[327]: passed 290 bytes to netlink monitor 0x7fa12cca02f0
Jun 08 14:36:19 breadbox.penurio.us systemd-udevd[356]: seq 2806 running
Jun 08 14:36:19 breadbox.penurio.us systemd-udevd[334]: IMPORT builtin 'hwdb' /usr/lib/udev/rules.d/50-udev-default.rules:11
Jun 08 14:36:19 breadbox.penurio.us systemd-udevd[335]: RUN 'kmod load $env{MODALIAS}' /usr/lib/udev/rules.d/80-drivers.rules:5
Jun 08 14:36:19 breadbox.penurio.us systemd-udevd[357]: No module matches 'pci:v00008086d00006FE2sv00008086sd00006FE2bc08sc80i00'
Jun 08 14:36:19 breadbox.penurio.us systemd-udevd[333]: seq 2802 processed with 0
Jun 08 14:36:19 breadbox.penurio.us systemd-udevd[327]: seq 2807 queued, 'add' 'pci'
Jun 08 14:36:19 breadbox.penurio.us systemd-udevd[356]: no db file to read /run/udev/data/+pci:0000:ff:0c.5: No such file or directory
Jun 08 14:36:19 breadbox.penurio.us systemd-udevd[334]: IMPORT builtin 'hwdb' returned non-zero
Jun 08 14:36:19 breadbox.penurio.us systemd-udevd[335]: Execute 'load' 'pci:v00008086d00006FE3sv00008086sd00006FE3bc08sc80i00'
Jun 08 14:36:19 breadbox.penurio.us systemd-udevd[357]: passed unknown number of bytes to netlink monitor 0x7fa12ccc36d0
Jun 08 14:36:19 breadbox.penurio.us systemd-udevd[327]: passed 290 bytes to netlink monitor 0x7fa12cca02f0
Jun 08 14:36:19 breadbox.penurio.us systemd-udevd[333]: seq 2807 running
Jun 08 14:36:19 breadbox.penurio.us systemd-udevd[356]: IMPORT builtin 'hwdb' /usr/lib/udev/rules.d/50-udev-default.rules:11
Jun 08 14:36:19 breadbox.penurio.us systemd-udevd[334]: RUN 'kmod load $env{MODALIAS}' /usr/lib/udev/rules.d/80-drivers.rules:5
Jun 08 14:36:19 breadbox.penurio.us systemd-udevd[335]: No module matches 'pci:v00008086d00006FE3sv00008086sd00006FE3bc08sc80i00'
Jun 08 14:36:19 breadbox.penurio.us systemd-udevd[357]: seq 2803 processed with 0
Jun 08 14:36:19 breadbox.penurio.us systemd-udevd[327]: seq 2808 queued, 'add' 'pci'
Jun 08 14:36:19 breadbox.penurio.us systemd-udevd[333]: no db file to read /run/udev/data/+pci:0000:ff:0c.6: No such file or directory
Jun 08 14:36:19 breadbox.penurio.us systemd-udevd[356]: IMPORT builtin 'hwdb' returned non-zero
Jun 08 14:36:19 breadbox.penurio.us systemd-udevd[334]: Execute 'load' 'pci:v00008086d00006FE4sv00008086sd00006FE4bc08sc80i00'
Jun 08 14:36:19 breadbox.penurio.us systemd-udevd[335]: passed unknown number of bytes to netlink monitor 0x7fa12ccb06b0
Jun 08 14:36:19 breadbox.penurio.us systemd-udevd[327]: passed 290 bytes to netlink monitor 0x7fa12cca02f0
Jun 08 14:36:19 breadbox.penurio.us systemd-udevd[357]: seq 2808 running
Jun 08 14:36:19 breadbox.penurio.us systemd-udevd[333]: IMPORT builtin 'hwdb' /usr/lib/udev/rules.d/50-udev-default.rules:11
Jun 08 14:36:19 breadbox.penurio.us systemd-udevd[356]: RUN 'kmod load $env{MODALIAS}' /usr/lib/udev/rules.d/80-drivers.rules:5
Jun 08 14:36:19 breadbox.penurio.us systemd-udevd[334]: No module matches 'pci:v00008086d00006FE4sv00008086sd00006FE4bc08sc80i00'
Jun 08 14:36:19 breadbox.penurio.us systemd-udevd[335]: seq 2804 processed with 0
Jun 08 14:36:19 breadbox.penurio.us systemd-udevd[327]: seq 2809 queued, 'add' 'pci'
Jun 08 14:36:19 breadbox.penurio.us systemd-udevd[357]: no db file to read /run/udev/data/+pci:0000:ff:0c.7: No such file or directory
Jun 08 14:36:19 breadbox.penurio.us systemd-udevd[333]: IMPORT builtin 'hwdb' returned non-zero
Jun 08 14:36:19 breadbox.penurio.us systemd-udevd[356]: Execute 'load' 'pci:v00008086d00006FE5sv00008086sd00006FE5bc08sc80i00'
Jun 08 14:36:19 breadbox.penurio.us systemd-udevd[334]: passed unknown number of bytes to netlink monitor 0x7fa12cca7a60
Jun 08 14:36:19 breadbox.penurio.us systemd-udevd[327]: passed 290 bytes to netlink monitor 0x7fa12cca02f0
Jun 08 14:36:19 breadbox.penurio.us systemd-udevd[335]: seq 2809 running
Jun 08 14:36:19 breadbox.penurio.us systemd-udevd[357]: IMPORT builtin 'hwdb' /usr/lib/udev/rules.d/50-udev-default.rules:11
Jun 08 14:36:19 breadbox.penurio.us systemd-udevd[333]: RUN 'kmod load $env{MODALIAS}' /usr/lib/udev/rules.d/80-drivers.rules:5
Jun 08 14:36:19 breadbox.penurio.us systemd-udevd[356]: No module matches 'pci:v00008086d00006FE5sv00008086sd00006FE5bc08sc80i00'
Jun 08 14:36:19 breadbox.penurio.us systemd-udevd[334]: seq 2805 processed with 0
Jun 08 14:36:19 breadbox.penurio.us systemd-udevd[327]: seq 2810 queued, 'add' 'pci'
Jun 08 14:36:19 breadbox.penurio.us systemd-udevd[335]: no db file to read /run/udev/data/+pci:0000:ff:0f.0: No such file or directory
Jun 08 14:36:19 breadbox.penurio.us systemd-udevd[357]: IMPORT builtin 'hwdb' returned non-zero
Jun 08 14:36:19 breadbox.penurio.us systemd-udevd[333]: Execute 'load' 'pci:v00008086d00006FE6sv00008086sd00006FE6bc08sc80i00'
Jun 08 14:36:19 breadbox.penurio.us systemd-udevd[356]: passed unknown number of bytes to netlink monitor 0x7fa12ccc34c0
Jun 08 14:36:19 breadbox.penurio.us systemd-udevd[327]: passed 290 bytes to netlink monitor 0x7fa12cca02f0
Jun 08 14:36:19 breadbox.penurio.us systemd-udevd[334]: seq 2810 running
Jun 08 14:36:19 breadbox.penurio.us systemd-udevd[335]: IMPORT builtin 'hwdb' /usr/lib/udev/rules.d/50-udev-default.rules:11
Jun 08 14:36:19 breadbox.penurio.us systemd-udevd[357]: RUN 'kmod load $env{MODALIAS}' /usr/lib/udev/rules.d/80-drivers.rules:5
Jun 08 14:36:19 breadbox.penurio.us systemd-udevd[333]: No module matches 'pci:v00008086d00006FE6sv00008086sd00006FE6bc08sc80i00'
Jun 08 14:36:19 breadbox.penurio.us systemd-udevd[356]: seq 2806 processed with 0
Jun 08 14:36:19 breadbox.penurio.us systemd-udevd[327]: seq 2811 queued, 'add' 'pci'
Jun 08 14:36:19 breadbox.penurio.us systemd-udevd[334]: no db file to read /run/udev/data/+pci:0000:ff:0f.4: No such file or directory
Jun 08 14:36:19 breadbox.penurio.us systemd-udevd[335]: IMPORT builtin 'hwdb' returned non-zero
Jun 08 14:36:19 breadbox.penurio.us systemd-udevd[357]: Execute 'load' 'pci:v00008086d00006FE7sv00008086sd00006FE7bc08sc80i00'
Jun 08 14:36:19 breadbox.penurio.us systemd-udevd[333]: passed unknown number of bytes to netlink monitor 0x7fa12cca4550
Jun 08 14:36:19 breadbox.penurio.us systemd-udevd[327]: passed 290 bytes to netlink monitor 0x7fa12cca02f0
Jun 08 14:36:19 breadbox.penurio.us systemd-udevd[356]: seq 2811 running
Jun 08 14:36:19 breadbox.penurio.us systemd-udevd[334]: IMPORT builtin 'hwdb' /usr/lib/udev/rules.d/50-udev-default.rules:11
Jun 08 14:36:19 breadbox.penurio.us systemd-udevd[335]: RUN 'kmod load $env{MODALIAS}' /usr/lib/udev/rules.d/80-drivers.rules:5
Jun 08 14:36:19 breadbox.penurio.us systemd-udevd[357]: No module matches 'pci:v00008086d00006FE7sv00008086sd00006FE7bc08sc80i00'
Jun 08 14:36:19 breadbox.penurio.us systemd-udevd[333]: seq 2807 processed with 0
Jun 08 14:36:19 breadbox.penurio.us systemd-udevd[327]: seq 2812 queued, 'add' 'pci'
Jun 08 14:36:19 breadbox.penurio.us systemd-udevd[356]: no db file to read /run/udev/data/+pci:0000:ff:0f.5: No such file or directory
Jun 08 14:36:19 breadbox.penurio.us systemd-udevd[334]: IMPORT builtin 'hwdb' returned non-zero
Jun 08 14:36:19 breadbox.penurio.us systemd-udevd[335]: Execute 'load' 'pci:v00008086d00006FF8sv00008086sd00006FF8bc08sc80i00'
Jun 08 14:36:19 breadbox.penurio.us systemd-udevd[357]: passed unknown number of bytes to netlink monitor 0x7fa12ccc36d0
Jun 08 14:36:19 breadbox.penurio.us systemd-udevd[327]: passed 290 bytes to netlink monitor 0x7fa12cca02f0
Jun 08 14:36:19 breadbox.penurio.us systemd-udevd[333]: seq 2812 running
Jun 08 14:36:19 breadbox.penurio.us systemd-udevd[356]: IMPORT builtin 'hwdb' /usr/lib/udev/rules.d/50-udev-default.rules:11
Jun 08 14:36:19 breadbox.penurio.us systemd-udevd[334]: RUN 'kmod load $env{MODALIAS}' /usr/lib/udev/rules.d/80-drivers.rules:5
Jun 08 14:36:19 breadbox.penurio.us systemd-udevd[335]: No module matches 'pci:v00008086d00006FF8sv00008086sd00006FF8bc08sc80i00'
Jun 08 14:36:19 breadbox.penurio.us systemd-udevd[357]: seq 2808 processed with 0
Jun 08 14:36:19 breadbox.penurio.us systemd-udevd[327]: seq 2813 queued, 'add' 'pci'
Jun 08 14:36:19 breadbox.penurio.us systemd-udevd[333]: no db file to read /run/udev/data/+pci:0000:ff:0f.6: No such file or directory
Jun 08 14:36:19 breadbox.penurio.us systemd-udevd[356]: IMPORT builtin 'hwdb' returned non-zero
Jun 08 14:36:19 breadbox.penurio.us systemd-udevd[334]: Execute 'load' 'pci:v00008086d00006FFCsv00008086sd00006FE0bc08sc80i00'
Jun 08 14:36:19 breadbox.penurio.us systemd-udevd[335]: passed unknown number of bytes to netlink monitor 0x7fa12ccb06b0
Jun 08 14:36:19 breadbox.penurio.us systemd-udevd[327]: passed 290 bytes to netlink monitor 0x7fa12cca02f0
Jun 08 14:36:19 breadbox.penurio.us systemd-udevd[357]: seq 2813 running
Jun 08 14:36:19 breadbox.penurio.us systemd-udevd[333]: IMPORT builtin 'hwdb' /usr/lib/udev/rules.d/50-udev-default.rules:11
Jun 08 14:36:19 breadbox.penurio.us systemd-udevd[356]: RUN 'kmod load $env{MODALIAS}' /usr/lib/udev/rules.d/80-drivers.rules:5
Jun 08 14:36:19 breadbox.penurio.us systemd-udevd[334]: No module matches 'pci:v00008086d00006FFCsv00008086sd00006FE0bc08sc80i00'
Jun 08 14:36:19 breadbox.penurio.us systemd-udevd[335]: seq 2809 processed with 0
Jun 08 14:36:19 breadbox.penurio.us systemd-udevd[327]: seq 2814 queued, 'add' 'pci'
Jun 08 14:36:19 breadbox.penurio.us systemd-udevd[357]: no db file to read /run/udev/data/+pci:0000:ff:10.0: No such file or directory
Jun 08 14:36:19 breadbox.penurio.us systemd-udevd[333]: IMPORT builtin 'hwdb' returned non-zero
Jun 08 14:36:19 breadbox.penurio.us systemd-udevd[356]: Execute 'load' 'pci:v00008086d00006FFDsv00008086sd00006FE0bc08sc80i00'
Jun 08 14:36:19 breadbox.penurio.us systemd-udevd[334]: passed unknown number of bytes to netlink monitor 0x7fa12cca7a60
Jun 08 14:36:19 breadbox.penurio.us systemd-udevd[327]: passed 309 bytes to netlink monitor 0x7fa12cca02f0
Jun 08 14:36:19 breadbox.penurio.us systemd-udevd[335]: seq 2814 running
Jun 08 14:36:19 breadbox.penurio.us systemd-udevd[357]: IMPORT builtin 'hwdb' /usr/lib/udev/rules.d/50-udev-default.rules:11
Jun 08 14:36:19 breadbox.penurio.us systemd-udevd[333]: RUN 'kmod load $env{MODALIAS}' /usr/lib/udev/rules.d/80-drivers.rules:5
Jun 08 14:36:19 breadbox.penurio.us systemd-udevd[356]: No module matches 'pci:v00008086d00006FFDsv00008086sd00006FE0bc08sc80i00'
Jun 08 14:36:19 breadbox.penurio.us systemd-udevd[334]: seq 2810 processed with 0
Jun 08 14:36:19 breadbox.penurio.us systemd-udevd[327]: seq 2815 queued, 'add' 'pci'
Jun 08 14:36:19 breadbox.penurio.us systemd-udevd[335]: no db file to read /run/udev/data/+pci:0000:ff:10.1: No such file or directory
Jun 08 14:36:19 breadbox.penurio.us systemd-udevd[357]: IMPORT builtin 'hwdb' returned non-zero
Jun 08 14:36:19 breadbox.penurio.us systemd-udevd[333]: Execute 'load' 'pci:v00008086d00006FFEsv00008086sd00006FE0bc08sc80i00'
Jun 08 14:36:19 breadbox.penurio.us systemd-udevd[356]: passed unknown number of bytes to netlink monitor 0x7fa12ccc34c0
Jun 08 14:36:19 breadbox.penurio.us systemd-udevd[327]: passed 290 bytes to netlink monitor 0x7fa12cca02f0
Jun 08 14:36:19 breadbox.penurio.us systemd-udevd[334]: seq 2815 running
Jun 08 14:36:19 breadbox.penurio.us systemd-udevd[335]: IMPORT builtin 'hwdb' /usr/lib/udev/rules.d/50-udev-default.rules:11
Jun 08 14:36:19 breadbox.penurio.us systemd-udevd[357]: RUN 'kmod load $env{MODALIAS}' /usr/lib/udev/rules.d/80-drivers.rules:5
Jun 08 14:36:19 breadbox.penurio.us systemd-udevd[333]: No module matches 'pci:v00008086d00006FFEsv00008086sd00006FE0bc08sc80i00'
Jun 08 14:36:19 breadbox.penurio.us systemd-udevd[356]: seq 2811 processed with 0
Jun 08 14:36:19 breadbox.penurio.us systemd-udevd[327]: seq 2816 queued, 'add' 'pci'
Jun 08 14:36:19 breadbox.penurio.us systemd-udevd[334]: no db file to read /run/udev/data/+pci:0000:ff:10.5: No such file or directory
Jun 08 14:36:19 breadbox.penurio.us systemd-udevd[335]: IMPORT builtin 'hwdb' returned non-zero
Jun 08 14:36:19 breadbox.penurio.us systemd-udevd[357]: Execute 'load' 'pci:v00008086d00006F1Dsv00008086sd00006F1Dbc08sc80i00'
Jun 08 14:36:19 breadbox.penurio.us systemd-udevd[333]: passed unknown number of bytes to netlink monitor 0x7fa12cca4550
Jun 08 14:36:19 breadbox.penurio.us systemd-udevd[327]: passed 291 bytes to netlink monitor 0x7fa12cca02f0
Jun 08 14:36:19 breadbox.penurio.us systemd-udevd[356]: seq 2816 running
Jun 08 14:36:19 breadbox.penurio.us systemd-udevd[334]: IMPORT builtin 'hwdb' /usr/lib/udev/rules.d/50-udev-default.rules:11
Jun 08 14:36:19 breadbox.penurio.us systemd-udevd[335]: RUN 'kmod load $env{MODALIAS}' /usr/lib/udev/rules.d/80-drivers.rules:5
Jun 08 14:36:19 breadbox.penurio.us systemd-udevd[357]: No module matches 'pci:v00008086d00006F1Dsv00008086sd00006F1Dbc08sc80i00'
Jun 08 14:36:19 breadbox.penurio.us systemd-udevd[333]: seq 2812 processed with 0
Jun 08 14:36:19 breadbox.penurio.us systemd-udevd[327]: seq 2817 queued, 'add' 'pci'
Jun 08 14:36:19 breadbox.penurio.us systemd-udevd[356]: no db file to read /run/udev/data/+pci:0000:ff:10.6: No such file or directory
Jun 08 14:36:19 breadbox.penurio.us systemd-udevd[334]: IMPORT builtin 'hwdb' returned non-zero
Jun 08 14:36:19 breadbox.penurio.us systemd-udevd[335]: Execute 'load' 'pci:v00008086d00006F34sv00008086sd00006F34bc11sc01i00'
Jun 08 14:36:19 breadbox.penurio.us systemd-udevd[357]: passed unknown number of bytes to netlink monitor 0x7fa12ccc36d0
Jun 08 14:36:19 breadbox.penurio.us systemd-udevd[327]: passed 290 bytes to netlink monitor 0x7fa12cca02f0
Jun 08 14:36:19 breadbox.penurio.us systemd-udevd[333]: seq 2817 running
Jun 08 14:36:19 breadbox.penurio.us systemd-udevd[356]: IMPORT builtin 'hwdb' /usr/lib/udev/rules.d/50-udev-default.rules:11
Jun 08 14:36:19 breadbox.penurio.us systemd-udevd[334]: RUN 'kmod load $env{MODALIAS}' /usr/lib/udev/rules.d/80-drivers.rules:5
Jun 08 14:36:19 breadbox.penurio.us systemd-udevd[335]: No module matches 'pci:v00008086d00006F34sv00008086sd00006F34bc11sc01i00'
Jun 08 14:36:19 breadbox.penurio.us systemd-udevd[357]: seq 2813 processed with 0
Jun 08 14:36:19 breadbox.penurio.us systemd-udevd[327]: seq 2818 queued, 'add' 'pci'
Jun 08 14:36:19 breadbox.penurio.us systemd-udevd[333]: no db file to read /run/udev/data/+pci:0000:ff:10.7: No such file or directory
Jun 08 14:36:19 breadbox.penurio.us systemd-udevd[356]: IMPORT builtin 'hwdb' returned non-zero
Jun 08 14:36:19 breadbox.penurio.us systemd-udevd[334]: Execute 'load' 'pci:v00008086d00006F1Esv00008086sd00006F1Ebc08sc80i00'
Jun 08 14:36:19 breadbox.penurio.us systemd-udevd[335]: passed unknown number of bytes to netlink monitor 0x7fa12ccb06b0
Jun 08 14:36:19 breadbox.penurio.us systemd-udevd[327]: passed 290 bytes to netlink monitor 0x7fa12cca02f0
Jun 08 14:36:19 breadbox.penurio.us systemd-udevd[357]: seq 2818 running
Jun 08 14:36:19 breadbox.penurio.us systemd-udevd[333]: IMPORT builtin 'hwdb' /usr/lib/udev/rules.d/50-udev-default.rules:11
Jun 08 14:36:19 breadbox.penurio.us systemd-udevd[356]: RUN 'kmod load $env{MODALIAS}' /usr/lib/udev/rules.d/80-drivers.rules:5
Jun 08 14:36:19 breadbox.penurio.us systemd-udevd[334]: No module matches 'pci:v00008086d00006F1Esv00008086sd00006F1Ebc08sc80i00'
Jun 08 14:36:19 breadbox.penurio.us systemd-udevd[335]: seq 2814 processed with 0
Jun 08 14:36:19 breadbox.penurio.us systemd-udevd[327]: seq 2819 queued, 'add' 'pci'
Jun 08 14:36:19 breadbox.penurio.us systemd-udevd[357]: no db file to read /run/udev/data/+pci:0000:ff:12.0: No such file or directory
Jun 08 14:36:19 breadbox.penurio.us systemd-udevd[333]: IMPORT builtin 'hwdb' returned non-zero
Jun 08 14:36:19 breadbox.penurio.us systemd-udevd[356]: Execute 'load' 'pci:v00008086d00006F7Dsv00008086sd00006F7Dbc11sc01i00'
Jun 08 14:36:19 breadbox.penurio.us systemd-udevd[334]: passed unknown number of bytes to netlink monitor 0x7fa12cca7a60
Jun 08 14:36:19 breadbox.penurio.us systemd-udevd[327]: passed 309 bytes to netlink monitor 0x7fa12cca02f0
Jun 08 14:36:19 breadbox.penurio.us systemd-udevd[335]: seq 2819 running
Jun 08 14:36:19 breadbox.penurio.us systemd-udevd[357]: IMPORT builtin 'hwdb' /usr/lib/udev/rules.d/50-udev-default.rules:11
Jun 08 14:36:19 breadbox.penurio.us systemd-udevd[333]: RUN 'kmod load $env{MODALIAS}' /usr/lib/udev/rules.d/80-drivers.rules:5
Jun 08 14:36:19 breadbox.penurio.us systemd-udevd[356]: No module matches 'pci:v00008086d00006F7Dsv00008086sd00006F7Dbc11sc01i00'
Jun 08 14:36:19 breadbox.penurio.us systemd-udevd[334]: seq 2815 processed with 0
Jun 08 14:36:19 breadbox.penurio.us systemd-udevd[327]: seq 2820 queued, 'add' 'pci'
Jun 08 14:36:19 breadbox.penurio.us systemd-udevd[335]: no db file to read /run/udev/data/+pci:0000:ff:12.1: No such file or directory
Jun 08 14:36:19 breadbox.penurio.us systemd-udevd[357]: IMPORT builtin 'hwdb' returned non-zero
Jun 08 14:36:19 breadbox.penurio.us systemd-udevd[333]: Execute 'load' 'pci:v00008086d00006F1Fsv00008086sd00006F1Fbc08sc80i00'
Jun 08 14:36:19 breadbox.penurio.us systemd-udevd[356]: passed unknown number of bytes to netlink monitor 0x7fa12ccc34c0
Jun 08 14:36:19 breadbox.penurio.us systemd-udevd[327]: passed 290 bytes to netlink monitor 0x7fa12cca02f0
Jun 08 14:36:19 breadbox.penurio.us systemd-udevd[334]: seq 2820 running
Jun 08 14:36:19 breadbox.penurio.us systemd-udevd[335]: IMPORT builtin 'hwdb' /usr/lib/udev/rules.d/50-udev-default.rules:11
Jun 08 14:36:19 breadbox.penurio.us systemd-udevd[357]: RUN 'kmod load $env{MODALIAS}' /usr/lib/udev/rules.d/80-drivers.rules:5
Jun 08 14:36:19 breadbox.penurio.us systemd-udevd[333]: No module matches 'pci:v00008086d00006F1Fsv00008086sd00006F1Fbc08sc80i00'
Jun 08 14:36:19 breadbox.penurio.us systemd-udevd[356]: seq 2816 processed with 0
Jun 08 14:36:19 breadbox.penurio.us systemd-udevd[327]: seq 2821 queued, 'add' 'pci'
Jun 08 14:36:19 breadbox.penurio.us systemd-udevd[334]: no db file to read /run/udev/data/+pci:0000:ff:13.0: No such file or directory
Jun 08 14:36:19 breadbox.penurio.us systemd-udevd[335]: IMPORT builtin 'hwdb' returned non-zero
Jun 08 14:36:19 breadbox.penurio.us systemd-udevd[357]: Execute 'load' 'pci:v00008086d00006FA0sv00008086sd00006FA0bc08sc80i00'
Jun 08 14:36:19 breadbox.penurio.us systemd-udevd[333]: passed unknown number of bytes to netlink monitor 0x7fa12cca4550
Jun 08 14:36:19 breadbox.penurio.us systemd-udevd[327]: passed 290 bytes to netlink monitor 0x7fa12cca02f0
Jun 08 14:36:19 breadbox.penurio.us systemd-udevd[356]: seq 2821 running
Jun 08 14:36:19 breadbox.penurio.us systemd-udevd[334]: IMPORT builtin 'hwdb' /usr/lib/udev/rules.d/50-udev-default.rules:11
Jun 08 14:36:19 breadbox.penurio.us systemd-udevd[335]: RUN 'kmod load $env{MODALIAS}' /usr/lib/udev/rules.d/80-drivers.rules:5
Jun 08 14:36:19 breadbox.penurio.us systemd-udevd[357]: No module matches 'pci:v00008086d00006FA0sv00008086sd00006FA0bc08sc80i00'
Jun 08 14:36:19 breadbox.penurio.us systemd-udevd[333]: seq 2817 processed with 0
Jun 08 14:36:19 breadbox.penurio.us systemd-udevd[327]: seq 2822 queued, 'add' 'pci'
Jun 08 14:36:19 breadbox.penurio.us systemd-udevd[356]: no db file to read /run/udev/data/+pci:0000:ff:13.1: No such file or directory
Jun 08 14:36:19 breadbox.penurio.us systemd-udevd[334]: IMPORT builtin 'hwdb' returned non-zero
Jun 08 14:36:19 breadbox.penurio.us systemd-udevd[335]: Execute 'load' 'pci:v00008086d00006F30sv00008086sd00006F30bc11sc01i00'
Jun 08 14:36:19 breadbox.penurio.us systemd-udevd[357]: passed unknown number of bytes to netlink monitor 0x7fa12ccc36d0
Jun 08 14:36:19 breadbox.penurio.us systemd-udevd[327]: passed 290 bytes to netlink monitor 0x7fa12cca02f0
Jun 08 14:36:19 breadbox.penurio.us systemd-udevd[333]: seq 2822 running
Jun 08 14:36:19 breadbox.penurio.us systemd-udevd[356]: IMPORT builtin 'hwdb' /usr/lib/udev/rules.d/50-udev-default.rules:11
Jun 08 14:36:19 breadbox.penurio.us systemd-udevd[334]: RUN 'kmod load $env{MODALIAS}' /usr/lib/udev/rules.d/80-drivers.rules:5
Jun 08 14:36:19 breadbox.penurio.us systemd-udevd[335]: No module matches 'pci:v00008086d00006F30sv00008086sd00006F30bc11sc01i00'
Jun 08 14:36:19 breadbox.penurio.us systemd-udevd[357]: seq 2818 processed with 0
Jun 08 14:36:19 breadbox.penurio.us systemd-udevd[327]: seq 2823 queued, 'add' 'pci'
Jun 08 14:36:19 breadbox.penurio.us systemd-udevd[333]: no db file to read /run/udev/data/+pci:0000:ff:13.2: No such file or directory
Jun 08 14:36:19 breadbox.penurio.us systemd-udevd[356]: IMPORT builtin 'hwdb' returned non-zero
Jun 08 14:36:19 breadbox.penurio.us systemd-udevd[334]: Execute 'load' 'pci:v00008086d00006FA8sv00008086sd00006FA8bc08sc80i00'
Jun 08 14:36:19 breadbox.penurio.us systemd-udevd[335]: passed unknown number of bytes to netlink monitor 0x7fa12ccb06b0
Jun 08 14:36:19 breadbox.penurio.us systemd-udevd[327]: passed 290 bytes to netlink monitor 0x7fa12cca02f0
Jun 08 14:36:19 breadbox.penurio.us systemd-udevd[357]: seq 2823 running
Jun 08 14:36:19 breadbox.penurio.us systemd-udevd[333]: IMPORT builtin 'hwdb' /usr/lib/udev/rules.d/50-udev-default.rules:11
Jun 08 14:36:19 breadbox.penurio.us systemd-udevd[356]: RUN 'kmod load $env{MODALIAS}' /usr/lib/udev/rules.d/80-drivers.rules:5
Jun 08 14:36:19 breadbox.penurio.us systemd-udevd[334]: No module matches 'pci:v00008086d00006FA8sv00008086sd00006FA8bc08sc80i00'
Jun 08 14:36:19 breadbox.penurio.us systemd-udevd[335]: seq 2819 processed with 0
Jun 08 14:36:19 breadbox.penurio.us systemd-udevd[327]: seq 2824 queued, 'add' 'pci'
Jun 08 14:36:19 breadbox.penurio.us systemd-udevd[357]: no db file to read /run/udev/data/+pci:0000:ff:13.3: No such file or directory
Jun 08 14:36:19 breadbox.penurio.us systemd-udevd[333]: IMPORT builtin 'hwdb' returned non-zero
Jun 08 14:36:19 breadbox.penurio.us systemd-udevd[356]: Execute 'load' 'pci:v00008086d00006F71sv00008086sd00006F71bc08sc80i00'
Jun 08 14:36:19 breadbox.penurio.us systemd-udevd[334]: passed unknown number of bytes to netlink monitor 0x7fa12cca7a60
Jun 08 14:36:19 breadbox.penurio.us systemd-udevd[327]: passed 290 bytes to netlink monitor 0x7fa12cca02f0
Jun 08 14:36:19 breadbox.penurio.us systemd-udevd[335]: seq 2824 running
Jun 08 14:36:19 breadbox.penurio.us systemd-udevd[357]: IMPORT builtin 'hwdb' /usr/lib/udev/rules.d/50-udev-default.rules:11
Jun 08 14:36:19 breadbox.penurio.us systemd-udevd[333]: RUN 'kmod load $env{MODALIAS}' /usr/lib/udev/rules.d/80-drivers.rules:5
Jun 08 14:36:19 breadbox.penurio.us systemd-udevd[356]: No module matches 'pci:v00008086d00006F71sv00008086sd00006F71bc08sc80i00'
Jun 08 14:36:19 breadbox.penurio.us systemd-udevd[334]: seq 2820 processed with 0
Jun 08 14:36:19 breadbox.penurio.us systemd-udevd[327]: seq 2825 queued, 'add' 'pci'
Jun 08 14:36:19 breadbox.penurio.us systemd-udevd[335]: no db file to read /run/udev/data/+pci:0000:ff:13.4: No such file or directory
Jun 08 14:36:19 breadbox.penurio.us systemd-udevd[357]: IMPORT builtin 'hwdb' returned non-zero
Jun 08 14:36:19 breadbox.penurio.us systemd-udevd[333]: Execute 'load' 'pci:v00008086d00006FAAsv00008086sd00006FAAbc08sc80i00'
Jun 08 14:36:19 breadbox.penurio.us systemd-udevd[356]: passed unknown number of bytes to netlink monitor 0x7fa12ccc34c0
Jun 08 14:36:19 breadbox.penurio.us systemd-udevd[327]: passed 290 bytes to netlink monitor 0x7fa12cca02f0
Jun 08 14:36:19 breadbox.penurio.us systemd-udevd[334]: seq 2825 running
Jun 08 14:36:19 breadbox.penurio.us systemd-udevd[335]: IMPORT builtin 'hwdb' /usr/lib/udev/rules.d/50-udev-default.rules:11
