Jun 08 14:36:20 breadbox.penurio.us systemd-udevd[328]: handling device node '/dev/tty61', devnum=c4:61, mode=0620, uid=0, gid=5
Jun 08 14:36:20 breadbox.penurio.us systemd-udevd[333]: passed unknown number of bytes to netlink monitor 0x7fa12cca4550
Jun 08 14:36:20 breadbox.penurio.us systemd-udevd[335]: created empty file '/run/udev/data/c4:60' for '/devices/virtual/tty/tty60'
Jun 08 14:36:20 breadbox.penurio.us systemd-udevd[329]: seq 4101 processed with 0
Jun 08 14:36:20 breadbox.penurio.us systemd-udevd[327]: seq 4106 queued, 'add' 'tty'
Jun 08 14:36:20 breadbox.penurio.us systemd-udevd[336]: no db file to read /run/udev/data/c4:63: No such file or directory
Jun 08 14:36:20 breadbox.penurio.us systemd-udevd[334]: MODE 0620 /usr/lib/udev/rules.d/50-udev-default.rules:17
Jun 08 14:36:20 breadbox.penurio.us systemd-udevd[328]: set permissions /dev/tty61, 020620, uid=0, gid=5
Jun 08 14:36:20 breadbox.penurio.us systemd-udevd[333]: seq 4100 processed with 0
Jun 08 14:36:20 breadbox.penurio.us systemd-udevd[335]: passed unknown number of bytes to netlink monitor 0x7fa12ccb06b0
Jun 08 14:36:20 breadbox.penurio.us systemd-udevd[327]: passed 170 bytes to netlink monitor 0x7fa12cca02f0
Jun 08 14:36:20 breadbox.penurio.us systemd-udevd[329]: seq 4106 running
Jun 08 14:36:20 breadbox.penurio.us systemd-udevd[336]: GROUP 5 /usr/lib/udev/rules.d/50-udev-default.rules:17
Jun 08 14:36:20 breadbox.penurio.us systemd-udevd[334]: handling device node '/dev/tty62', devnum=c4:62, mode=0620, uid=0, gid=5
Jun 08 14:36:20 breadbox.penurio.us systemd-udevd[328]: creating symlink '/dev/char/4:61' to '../tty61'
Jun 08 14:36:20 breadbox.penurio.us systemd-udevd[335]: seq 4102 processed with 0
Jun 08 14:36:20 breadbox.penurio.us systemd-udevd[327]: seq 4107 queued, 'add' 'tty'
Jun 08 14:36:20 breadbox.penurio.us systemd-udevd[329]: no db file to read /run/udev/data/c4:7: No such file or directory
Jun 08 14:36:20 breadbox.penurio.us systemd-udevd[336]: MODE 0620 /usr/lib/udev/rules.d/50-udev-default.rules:17
Jun 08 14:36:20 breadbox.penurio.us systemd-udevd[334]: set permissions /dev/tty62, 020620, uid=0, gid=5
Jun 08 14:36:20 breadbox.penurio.us systemd-udevd[328]: created empty file '/run/udev/data/c4:61' for '/devices/virtual/tty/tty61'
Jun 08 14:36:20 breadbox.penurio.us systemd-udevd[327]: passed 170 bytes to netlink monitor 0x7fa12cca02f0
Jun 08 14:36:20 breadbox.penurio.us systemd-udevd[333]: seq 4107 running
Jun 08 14:36:20 breadbox.penurio.us systemd-udevd[329]: GROUP 5 /usr/lib/udev/rules.d/50-udev-default.rules:17
Jun 08 14:36:20 breadbox.penurio.us systemd-udevd[336]: handling device node '/dev/tty63', devnum=c4:63, mode=0620, uid=0, gid=5
Jun 08 14:36:20 breadbox.penurio.us systemd-udevd[334]: creating symlink '/dev/char/4:62' to '../tty62'
Jun 08 14:36:20 breadbox.penurio.us systemd-udevd[328]: passed unknown number of bytes to netlink monitor 0x7fa12ccb0ff0
Jun 08 14:36:20 breadbox.penurio.us systemd-udevd[327]: seq 4108 queued, 'add' 'tty'
Jun 08 14:36:20 breadbox.penurio.us systemd-udevd[333]: no db file to read /run/udev/data/c4:8: No such file or directory
Jun 08 14:36:20 breadbox.penurio.us systemd-udevd[329]: MODE 0620 /usr/lib/udev/rules.d/50-udev-default.rules:17
Jun 08 14:36:20 breadbox.penurio.us systemd-udevd[336]: set permissions /dev/tty63, 020620, uid=0, gid=5
Jun 08 14:36:20 breadbox.penurio.us systemd-udevd[334]: created empty file '/run/udev/data/c4:62' for '/devices/virtual/tty/tty62'
Jun 08 14:36:20 breadbox.penurio.us systemd-udevd[328]: seq 4103 processed with 0
Jun 08 14:36:20 breadbox.penurio.us systemd-udevd[327]: passed 170 bytes to netlink monitor 0x7fa12cca02f0
Jun 08 14:36:20 breadbox.penurio.us systemd-udevd[335]: seq 4108 running
Jun 08 14:36:20 breadbox.penurio.us systemd-udevd[333]: GROUP 5 /usr/lib/udev/rules.d/50-udev-default.rules:17
Jun 08 14:36:20 breadbox.penurio.us systemd-udevd[329]: handling device node '/dev/tty7', devnum=c4:7, mode=0620, uid=0, gid=5
Jun 08 14:36:20 breadbox.penurio.us systemd-udevd[336]: creating symlink '/dev/char/4:63' to '../tty63'
Jun 08 14:36:20 breadbox.penurio.us systemd-udevd[334]: passed unknown number of bytes to netlink monitor 0x7fa12cca7a60
Jun 08 14:36:20 breadbox.penurio.us systemd-udevd[327]: seq 4109 queued, 'add' 'usbmon'
Jun 08 14:36:20 breadbox.penurio.us systemd-udevd[335]: no db file to read /run/udev/data/c4:9: No such file or directory
Jun 08 14:36:20 breadbox.penurio.us systemd-udevd[333]: MODE 0620 /usr/lib/udev/rules.d/50-udev-default.rules:17
Jun 08 14:36:20 breadbox.penurio.us systemd-udevd[329]: set permissions /dev/tty7, 020620, uid=0, gid=5
Jun 08 14:36:20 breadbox.penurio.us systemd-udevd[336]: created empty file '/run/udev/data/c4:63' for '/devices/virtual/tty/tty63'
Jun 08 14:36:20 breadbox.penurio.us systemd-udevd[334]: seq 4104 processed with 0
Jun 08 14:36:20 breadbox.penurio.us systemd-udevd[327]: passed 184 bytes to netlink monitor 0x7fa12cca02f0
Jun 08 14:36:20 breadbox.penurio.us systemd-udevd[328]: seq 4109 running
Jun 08 14:36:20 breadbox.penurio.us systemd-udevd[335]: GROUP 5 /usr/lib/udev/rules.d/50-udev-default.rules:17
Jun 08 14:36:20 breadbox.penurio.us systemd-udevd[333]: handling device node '/dev/tty8', devnum=c4:8, mode=0620, uid=0, gid=5
Jun 08 14:36:20 breadbox.penurio.us systemd-udevd[329]: creating symlink '/dev/char/4:7' to '../tty7'
Jun 08 14:36:20 breadbox.penurio.us systemd-udevd[336]: passed unknown number of bytes to netlink monitor 0x7fa12ccaee60
Jun 08 14:36:20 breadbox.penurio.us systemd-udevd[327]: seq 4110 queued, 'add' 'vc'
Jun 08 14:36:20 breadbox.penurio.us systemd-udevd[328]: no db file to read /run/udev/data/c250:0: No such file or directory
Jun 08 14:36:20 breadbox.penurio.us systemd-udevd[335]: MODE 0620 /usr/lib/udev/rules.d/50-udev-default.rules:17
Jun 08 14:36:20 breadbox.penurio.us systemd-udevd[333]: set permissions /dev/tty8, 020620, uid=0, gid=5
Jun 08 14:36:20 breadbox.penurio.us systemd-udevd[329]: created empty file '/run/udev/data/c4:7' for '/devices/virtual/tty/tty7'
Jun 08 14:36:20 breadbox.penurio.us systemd-udevd[336]: seq 4105 processed with 0
Jun 08 14:36:20 breadbox.penurio.us systemd-udevd[327]: passed 166 bytes to netlink monitor 0x7fa12cca02f0
Jun 08 14:36:20 breadbox.penurio.us systemd-udevd[334]: seq 4110 running
Jun 08 14:36:20 breadbox.penurio.us systemd-udevd[328]: handling device node '/dev/usbmon0', devnum=c250:0, mode=0600, uid=0, gid=0
Jun 08 14:36:20 breadbox.penurio.us systemd-udevd[335]: handling device node '/dev/tty9', devnum=c4:9, mode=0620, uid=0, gid=5
Jun 08 14:36:20 breadbox.penurio.us systemd-udevd[333]: creating symlink '/dev/char/4:8' to '../tty8'
Jun 08 14:36:20 breadbox.penurio.us systemd-udevd[329]: passed unknown number of bytes to netlink monitor 0x7fa12ccb2a70
Jun 08 14:36:20 breadbox.penurio.us systemd-udevd[327]: seq 4111 queued, 'add' 'vc'
Jun 08 14:36:20 breadbox.penurio.us systemd-udevd[336]: seq 4111 running
Jun 08 14:36:20 breadbox.penurio.us systemd-udevd[328]: preserve permissions /dev/usbmon0, 020600, uid=0, gid=0
Jun 08 14:36:20 breadbox.penurio.us systemd-udevd[335]: set permissions /dev/tty9, 020620, uid=0, gid=5
Jun 08 14:36:20 breadbox.penurio.us systemd-udevd[333]: created empty file '/run/udev/data/c4:8' for '/devices/virtual/tty/tty8'
Jun 08 14:36:20 breadbox.penurio.us systemd-udevd[329]: seq 4106 processed with 0
Jun 08 14:36:20 breadbox.penurio.us systemd-udevd[327]: passed 168 bytes to netlink monitor 0x7fa12cca02f0
Jun 08 14:36:20 breadbox.penurio.us systemd-udevd[334]: no db file to read /run/udev/data/c7:0: No such file or directory
Jun 08 14:36:20 breadbox.penurio.us systemd-udevd[336]: no db file to read /run/udev/data/c7:1: No such file or directory
Jun 08 14:36:20 breadbox.penurio.us systemd-udevd[328]: creating symlink '/dev/char/250:0' to '../usbmon0'
Jun 08 14:36:20 breadbox.penurio.us systemd-udevd[335]: creating symlink '/dev/char/4:9' to '../tty9'
Jun 08 14:36:20 breadbox.penurio.us systemd-udevd[333]: passed unknown number of bytes to netlink monitor 0x7fa12cca4550
Jun 08 14:36:20 breadbox.penurio.us systemd-udevd[327]: seq 4112 queued, 'add' 'vc'
Jun 08 14:36:20 breadbox.penurio.us systemd-udevd[334]: GROUP 5 /usr/lib/udev/rules.d/50-udev-default.rules:21
Jun 08 14:36:20 breadbox.penurio.us systemd-udevd[336]: GROUP 5 /usr/lib/udev/rules.d/50-udev-default.rules:21
Jun 08 14:36:20 breadbox.penurio.us systemd-udevd[328]: created empty file '/run/udev/data/c250:0' for '/devices/virtual/usbmon/usbmon0'
Jun 08 14:36:20 breadbox.penurio.us systemd-udevd[335]: created empty file '/run/udev/data/c4:9' for '/devices/virtual/tty/tty9'
Jun 08 14:36:20 breadbox.penurio.us systemd-udevd[333]: seq 4107 processed with 0
Jun 08 14:36:20 breadbox.penurio.us systemd-udevd[327]: passed 170 bytes to netlink monitor 0x7fa12cca02f0
Jun 08 14:36:20 breadbox.penurio.us systemd-udevd[329]: seq 4112 running
Jun 08 14:36:20 breadbox.penurio.us systemd-udevd[334]: handling device node '/dev/vcs', devnum=c7:0, mode=0660, uid=0, gid=5
Jun 08 14:36:20 breadbox.penurio.us systemd-udevd[336]: handling device node '/dev/vcs1', devnum=c7:1, mode=0660, uid=0, gid=5
Jun 08 14:36:20 breadbox.penurio.us systemd-udevd[328]: passed unknown number of bytes to netlink monitor 0x7fa12ccb0ff0
Jun 08 14:36:20 breadbox.penurio.us systemd-udevd[335]: passed unknown number of bytes to netlink monitor 0x7fa12ccb06b0
Jun 08 14:36:20 breadbox.penurio.us systemd-udevd[327]: seq 4113 queued, 'add' 'vc'
Jun 08 14:36:20 breadbox.penurio.us systemd-udevd[329]: no db file to read /run/udev/data/c7:128: No such file or directory
Jun 08 14:36:20 breadbox.penurio.us systemd-udevd[334]: set permissions /dev/vcs, 020660, uid=0, gid=5
Jun 08 14:36:20 breadbox.penurio.us systemd-udevd[336]: set permissions /dev/vcs1, 020660, uid=0, gid=5
Jun 08 14:36:20 breadbox.penurio.us systemd-udevd[328]: seq 4109 processed with 0
Jun 08 14:36:20 breadbox.penurio.us systemd-udevd[335]: seq 4108 processed with 0
Jun 08 14:36:20 breadbox.penurio.us systemd-udevd[327]: passed 172 bytes to netlink monitor 0x7fa12cca02f0
Jun 08 14:36:20 breadbox.penurio.us systemd-udevd[333]: seq 4113 running
Jun 08 14:36:20 breadbox.penurio.us systemd-udevd[329]: GROUP 5 /usr/lib/udev/rules.d/50-udev-default.rules:21
Jun 08 14:36:20 breadbox.penurio.us systemd-udevd[334]: creating symlink '/dev/char/7:0' to '../vcs'
Jun 08 14:36:20 breadbox.penurio.us systemd-udevd[336]: creating symlink '/dev/char/7:1' to '../vcs1'
Jun 08 14:36:20 breadbox.penurio.us systemd-udevd[327]: seq 4114 queued, 'add' 'vtconsole'
Jun 08 14:36:20 breadbox.penurio.us systemd-udevd[333]: no db file to read /run/udev/data/c7:129: No such file or directory
Jun 08 14:36:20 breadbox.penurio.us systemd-udevd[329]: handling device node '/dev/vcsa', devnum=c7:128, mode=0660, uid=0, gid=5
Jun 08 14:36:20 breadbox.penurio.us systemd-udevd[334]: created empty file '/run/udev/data/c7:0' for '/devices/virtual/vc/vcs'
Jun 08 14:36:20 breadbox.penurio.us systemd-udevd[336]: created empty file '/run/udev/data/c7:1' for '/devices/virtual/vc/vcs1'
Jun 08 14:36:20 breadbox.penurio.us systemd-udevd[327]: passed 150 bytes to netlink monitor 0x7fa12cca02f0
Jun 08 14:36:20 breadbox.penurio.us systemd-udevd[328]: seq 4114 running
Jun 08 14:36:20 breadbox.penurio.us systemd-udevd[333]: GROUP 5 /usr/lib/udev/rules.d/50-udev-default.rules:21
Jun 08 14:36:20 breadbox.penurio.us systemd-udevd[329]: set permissions /dev/vcsa, 020660, uid=0, gid=5
Jun 08 14:36:20 breadbox.penurio.us systemd-udevd[334]: passed unknown number of bytes to netlink monitor 0x7fa12cca7a60
Jun 08 14:36:20 breadbox.penurio.us systemd-udevd[336]: passed unknown number of bytes to netlink monitor 0x7fa12ccaee60
Jun 08 14:36:20 breadbox.penurio.us systemd-udevd[327]: seq 4115 queued, 'add' 'usb'
Jun 08 14:36:20 breadbox.penurio.us systemd-udevd[328]: no db file to read /run/udev/data/+vtconsole:vtcon0: No such file or directory
Jun 08 14:36:20 breadbox.penurio.us systemd-udevd[333]: handling device node '/dev/vcsa1', devnum=c7:129, mode=0660, uid=0, gid=5
Jun 08 14:36:20 breadbox.penurio.us systemd-udevd[329]: creating symlink '/dev/char/7:128' to '../vcsa'
Jun 08 14:36:20 breadbox.penurio.us systemd-udevd[334]: seq 4110 processed with 0
Jun 08 14:36:20 breadbox.penurio.us systemd-udevd[336]: seq 4111 processed with 0
Jun 08 14:36:20 breadbox.penurio.us systemd-udevd[327]: passed 272 bytes to netlink monitor 0x7fa12cca02f0
Jun 08 14:36:20 breadbox.penurio.us systemd-udevd[335]: seq 4115 running
Jun 08 14:36:20 breadbox.penurio.us systemd-udevd[328]: RUN '/usr/lib/systemd/systemd-vconsole-setup' /usr/lib/udev/rules.d/90-vconsole.rules:10
Jun 08 14:36:20 breadbox.penurio.us systemd-udevd[333]: set permissions /dev/vcsa1, 020660, uid=0, gid=5
Jun 08 14:36:20 breadbox.penurio.us systemd-udevd[329]: created empty file '/run/udev/data/c7:128' for '/devices/virtual/vc/vcsa'
Jun 08 14:36:20 breadbox.penurio.us systemd-udevd[327]: seq 4116 queued, 'add' 'usb'
Jun 08 14:36:20 breadbox.penurio.us systemd-udevd[335]: no db file to read /run/udev/data/c189:257: No such file or directory
Jun 08 14:36:20 breadbox.penurio.us systemd-udevd[333]: creating symlink '/dev/char/7:129' to '../vcsa1'
Jun 08 14:36:20 breadbox.penurio.us systemd-udevd[388]: starting '/usr/lib/systemd/systemd-vconsole-setup'
Jun 08 14:36:20 breadbox.penurio.us systemd-udevd[329]: passed unknown number of bytes to netlink monitor 0x7fa12ccb2a70
Jun 08 14:36:20 breadbox.penurio.us systemd-udevd[327]: seq 4117 queued, 'add' 'module'
Jun 08 14:36:20 breadbox.penurio.us systemd-udevd[335]: IMPORT builtin 'usb_id' /usr/lib/udev/rules.d/50-udev-default.rules:9
Jun 08 14:36:20 breadbox.penurio.us systemd-udevd[333]: created empty file '/run/udev/data/c7:129' for '/devices/virtual/vc/vcsa1'
Jun 08 14:36:20 breadbox.penurio.us systemd-udevd[329]: seq 4112 processed with 0
Jun 08 14:36:20 breadbox.penurio.us systemd-udevd[327]: passed 126 bytes to netlink monitor 0x7fa12cca02f0
Jun 08 14:36:20 breadbox.penurio.us systemd-udevd[334]: seq 4117 running
Jun 08 14:36:20 breadbox.penurio.us systemd-udevd[335]: IMPORT builtin 'hwdb' /usr/lib/udev/rules.d/50-udev-default.rules:9
Jun 08 14:36:20 breadbox.penurio.us systemd-udevd[333]: passed unknown number of bytes to netlink monitor 0x7fa12cca4550
Jun 08 14:36:20 breadbox.penurio.us systemd-udevd[327]: seq 4118 queued, 'add' 'drivers'
Jun 08 14:36:20 breadbox.penurio.us systemd-udevd[334]: no db file to read /run/udev/data/+module:fjes: No such file or directory
Jun 08 14:36:20 breadbox.penurio.us systemd-udevd[335]: IMPORT builtin 'hwdb' returned non-zero
Jun 08 14:36:20 breadbox.penurio.us systemd-udevd[333]: seq 4113 processed with 0
Jun 08 14:36:20 breadbox.penurio.us systemd-udevd[327]: passed 141 bytes to netlink monitor 0x7fa12cca02f0
Jun 08 14:36:20 breadbox.penurio.us systemd-udevd[329]: seq 4118 running
Jun 08 14:36:20 breadbox.penurio.us systemd-udevd[334]: passed unknown number of bytes to netlink monitor 0x7fa12cca7a60
Jun 08 14:36:20 breadbox.penurio.us systemd-udevd[335]: MODE 0664 /usr/lib/udev/rules.d/50-udev-default.rules:38
Jun 08 14:36:20 breadbox.penurio.us systemd-udevd[327]: seq 4119 queued, 'add' 'drivers'
Jun 08 14:36:20 breadbox.penurio.us systemd-udevd[329]: no db file to read /run/udev/data/+drivers:fjes: No such file or directory
Jun 08 14:36:20 breadbox.penurio.us systemd-udevd[334]: seq 4117 processed with 0
Jun 08 14:36:20 breadbox.penurio.us systemd-udevd[335]: IMPORT builtin 'path_id' /usr/lib/udev/rules.d/71-seat.rules:43
Jun 08 14:36:20 breadbox.penurio.us systemd-udevd[327]: passed 137 bytes to netlink monitor 0x7fa12cca02f0
Jun 08 14:36:20 breadbox.penurio.us systemd-udevd[333]: seq 4119 running
Jun 08 14:36:20 breadbox.penurio.us systemd-udevd[329]: no db file to read /run/udev/data/+subsystem:drivers: No such file or directory
Jun 08 14:36:20 breadbox.penurio.us systemd-udevd[335]: handling device node '/dev/bus/usb/003/002', devnum=c189:257, mode=0664, uid=0, gid=0
Jun 08 14:36:20 breadbox.penurio.us systemd-udevd[327]: seq 4120 queued, 'add' 'usb'
Jun 08 14:36:20 breadbox.penurio.us systemd-udevd[333]: no db file to read /run/udev/data/+drivers:fjes: No such file or directory
Jun 08 14:36:20 breadbox.penurio.us systemd-udevd[329]: passed unknown number of bytes to netlink monitor 0x7fa12ccb2a70
Jun 08 14:36:20 breadbox.penurio.us systemd-udevd[335]: set permissions /dev/bus/usb/003/002, 020664, uid=0, gid=0
Jun 08 14:36:20 breadbox.penurio.us systemd-udevd[327]: passed 280 bytes to netlink monitor 0x7fa12cca02f0
Jun 08 14:36:20 breadbox.penurio.us systemd-udevd[334]: seq 4120 running
Jun 08 14:36:20 breadbox.penurio.us systemd-udevd[333]: no db file to read /run/udev/data/+subsystem:drivers: No such file or directory
Jun 08 14:36:20 breadbox.penurio.us systemd-udevd[329]: seq 4118 processed with 0
Jun 08 14:36:20 breadbox.penurio.us systemd-udevd[335]: creating symlink '/dev/char/189:257' to '../bus/usb/003/002'
Jun 08 14:36:20 breadbox.penurio.us systemd-udevd[327]: seq 4121 queued, 'add' 'usb'
Jun 08 14:36:20 breadbox.penurio.us systemd-udevd[334]: no db file to read /run/udev/data/c189:130: No such file or directory
Jun 08 14:36:20 breadbox.penurio.us systemd-udevd[333]: passed unknown number of bytes to netlink monitor 0x7fa12cca4550
Jun 08 14:36:20 breadbox.penurio.us systemd-udevd[335]: created db file '/run/udev/data/c189:257' for '/devices/pci0000:00/0000:00:14.0/usb3/3-4'
Jun 08 14:36:20 breadbox.penurio.us systemd-udevd[327]: seq 4122 queued, 'add' 'module'
Jun 08 14:36:20 breadbox.penurio.us systemd-udevd[334]: IMPORT builtin 'usb_id' /usr/lib/udev/rules.d/50-udev-default.rules:9
Jun 08 14:36:20 breadbox.penurio.us systemd-udevd[333]: seq 4119 processed with 0
Jun 08 14:36:20 breadbox.penurio.us systemd-udevd[335]: passed unknown number of bytes to netlink monitor 0x7fa12ccb06b0
Jun 08 14:36:20 breadbox.penurio.us systemd-udevd[327]: passed 125 bytes to netlink monitor 0x7fa12cca02f0
Jun 08 14:36:20 breadbox.penurio.us systemd-udevd[329]: seq 4122 running
Jun 08 14:36:20 breadbox.penurio.us systemd-udevd[334]: IMPORT builtin 'hwdb' /usr/lib/udev/rules.d/50-udev-default.rules:9
Jun 08 14:36:20 breadbox.penurio.us systemd-udevd[335]: seq 4115 processed with 0
Jun 08 14:36:20 breadbox.penurio.us systemd-udevd[327]: seq 4123 queued, 'add' 'class'
Jun 08 14:36:20 breadbox.penurio.us systemd-udevd[329]: no db file to read /run/udev/data/+module:dca: No such file or directory
Jun 08 14:36:20 breadbox.penurio.us systemd-udevd[334]: IMPORT builtin 'hwdb' returned non-zero
Jun 08 14:36:20 breadbox.penurio.us systemd-udevd[327]: passed 287 bytes to netlink monitor 0x7fa12cca02f0
Jun 08 14:36:20 breadbox.penurio.us systemd-udevd[333]: seq 4116 running
Jun 08 14:36:20 breadbox.penurio.us systemd-udevd[329]: passed unknown number of bytes to netlink monitor 0x7fa12ccb2a70
Jun 08 14:36:20 breadbox.penurio.us systemd-udevd[334]: MODE 0664 /usr/lib/udev/rules.d/50-udev-default.rules:38
Jun 08 14:36:20 breadbox.penurio.us systemd-udevd[327]: passed 123 bytes to netlink monitor 0x7fa12cca02f0
Jun 08 14:36:20 breadbox.penurio.us systemd-udevd[335]: seq 4123 running
Jun 08 14:36:20 breadbox.penurio.us systemd-udevd[333]: no db file to read /run/udev/data/+usb:3-4:1.0: No such file or directory
Jun 08 14:36:20 breadbox.penurio.us systemd-udevd[329]: seq 4122 processed with 0
Jun 08 14:36:20 breadbox.penurio.us systemd-udevd[334]: IMPORT builtin 'path_id' /usr/lib/udev/rules.d/71-seat.rules:43
Jun 08 14:36:20 breadbox.penurio.us systemd-udevd[327]: seq 4124 queued, 'add' 'module'
Jun 08 14:36:20 breadbox.penurio.us systemd-udevd[335]: no db file to read /run/udev/data/+class:dca: No such file or directory
Jun 08 14:36:20 breadbox.penurio.us systemd-udevd[333]: IMPORT builtin 'hwdb' /usr/lib/udev/rules.d/50-udev-default.rules:11
Jun 08 14:36:20 breadbox.penurio.us systemd-udevd[334]: handling device node '/dev/bus/usb/002/003', devnum=c189:130, mode=0664, uid=0, gid=0
Jun 08 14:36:20 breadbox.penurio.us systemd-udevd[327]: passed 130 bytes to netlink monitor 0x7fa12cca02f0
Jun 08 14:36:20 breadbox.penurio.us systemd-udevd[329]: seq 4124 running
Jun 08 14:36:20 breadbox.penurio.us systemd-udevd[335]: passed unknown number of bytes to netlink monitor 0x7fa12ccb06b0
Jun 08 14:36:20 breadbox.penurio.us systemd-udevd[333]: IMPORT builtin 'hwdb' returned non-zero
Jun 08 14:36:20 breadbox.penurio.us systemd-udevd[334]: set permissions /dev/bus/usb/002/003, 020664, uid=0, gid=0
Jun 08 14:36:20 breadbox.penurio.us systemd-udevd[327]: seq 4125 queued, 'add' 'class'
Jun 08 14:36:20 breadbox.penurio.us systemd-udevd[329]: no db file to read /run/udev/data/+module:pps_core: No such file or directory
Jun 08 14:36:20 breadbox.penurio.us systemd-udevd[335]: seq 4123 processed with 0
Jun 08 14:36:20 breadbox.penurio.us systemd-udevd[333]: RUN 'kmod load $env{MODALIAS}' /usr/lib/udev/rules.d/80-drivers.rules:5
Jun 08 14:36:20 breadbox.penurio.us systemd-udevd[334]: creating symlink '/dev/char/189:130' to '../bus/usb/002/003'
Jun 08 14:36:20 breadbox.penurio.us systemd-udevd[327]: passed 123 bytes to netlink monitor 0x7fa12cca02f0
Jun 08 14:36:20 breadbox.penurio.us systemd-udevd[336]: seq 4125 running
Jun 08 14:36:20 breadbox.penurio.us systemd-udevd[329]: passed unknown number of bytes to netlink monitor 0x7fa12ccb2a70
Jun 08 14:36:20 breadbox.penurio.us systemd-udevd[333]: Execute 'load' 'usb:v0557p7000d0000dc09dsc00dp01ic09isc00ip00in00'
Jun 08 14:36:20 breadbox.penurio.us systemd-udevd[334]: created db file '/run/udev/data/c189:130' for '/devices/pci0000:00/0000:00:1d.0/usb2/2-1/2-1.3'
Jun 08 14:36:20 breadbox.penurio.us systemd-udevd[327]: seq 4126 queued, 'add' 'module'
Jun 08 14:36:20 breadbox.penurio.us systemd-udevd[336]: no db file to read /run/udev/data/+class:pps: No such file or directory
Jun 08 14:36:20 breadbox.penurio.us systemd-udevd[329]: seq 4124 processed with 0
Jun 08 14:36:20 breadbox.penurio.us systemd-udevd[333]: No module matches 'usb:v0557p7000d0000dc09dsc00dp01ic09isc00ip00in00'
Jun 08 14:36:20 breadbox.penurio.us systemd-udevd[334]: passed unknown number of bytes to netlink monitor 0x7fa12cca7a60
Jun 08 14:36:20 breadbox.penurio.us systemd-udevd[327]: passed 125 bytes to netlink monitor 0x7fa12cca02f0
Jun 08 14:36:20 breadbox.penurio.us systemd-udevd[335]: seq 4126 running
Jun 08 14:36:20 breadbox.penurio.us systemd-udevd[336]: passed unknown number of bytes to netlink monitor 0x7fa12ccaee60
Jun 08 14:36:20 breadbox.penurio.us systemd-udevd[333]: passed unknown number of bytes to netlink monitor 0x7fa12cca4550
Jun 08 14:36:20 breadbox.penurio.us systemd-udevd[334]: seq 4120 processed with 0
Jun 08 14:36:20 breadbox.penurio.us systemd-udevd[327]: seq 4127 queued, 'add' 'class'
Jun 08 14:36:20 breadbox.penurio.us systemd-udevd[335]: no db file to read /run/udev/data/+module:ptp: No such file or directory
Jun 08 14:36:20 breadbox.penurio.us systemd-udevd[336]: seq 4125 processed with 0
Jun 08 14:36:20 breadbox.penurio.us systemd-udevd[333]: seq 4116 processed with 0
Jun 08 14:36:20 breadbox.penurio.us systemd-udevd[327]: passed 297 bytes to netlink monitor 0x7fa12cca02f0
Jun 08 14:36:20 breadbox.penurio.us systemd-udevd[329]: seq 4121 running
Jun 08 14:36:20 breadbox.penurio.us systemd-udevd[335]: passed unknown number of bytes to netlink monitor 0x7fa12ccb06b0
Jun 08 14:36:20 breadbox.penurio.us systemd-udevd[327]: passed 123 bytes to netlink monitor 0x7fa12cca02f0
Jun 08 14:36:20 breadbox.penurio.us systemd-udevd[334]: seq 4127 running
Jun 08 14:36:20 breadbox.penurio.us systemd-udevd[329]: no db file to read /run/udev/data/+usb:2-1.3:1.0: No such file or directory
Jun 08 14:36:20 breadbox.penurio.us systemd-udevd[335]: seq 4126 processed with 0
Jun 08 14:36:20 breadbox.penurio.us systemd-udevd[327]: seq 4128 queued, 'add' 'module'
Jun 08 14:36:20 breadbox.penurio.us systemd-udevd[334]: no db file to read /run/udev/data/+class:ptp: No such file or directory
Jun 08 14:36:20 breadbox.penurio.us systemd-udevd[329]: IMPORT builtin 'hwdb' /usr/lib/udev/rules.d/50-udev-default.rules:11
Jun 08 14:36:20 breadbox.penurio.us systemd-udevd[327]: passed 126 bytes to netlink monitor 0x7fa12cca02f0
Jun 08 14:36:20 breadbox.penurio.us systemd-udevd[333]: seq 4128 running
Jun 08 14:36:20 breadbox.penurio.us systemd-udevd[334]: passed unknown number of bytes to netlink monitor 0x7fa12cca7a60
Jun 08 14:36:20 breadbox.penurio.us systemd-udevd[329]: IMPORT builtin 'hwdb' returned non-zero
Jun 08 14:36:20 breadbox.penurio.us systemd-udevd[327]: seq 4129 queued, 'add' 'module'
Jun 08 14:36:20 breadbox.penurio.us systemd-udevd[333]: no db file to read /run/udev/data/+module:mdio: No such file or directory
Jun 08 14:36:20 breadbox.penurio.us systemd-udevd[334]: seq 4127 processed with 0
Jun 08 14:36:20 breadbox.penurio.us systemd-udevd[329]: RUN 'kmod load $env{MODALIAS}' /usr/lib/udev/rules.d/80-drivers.rules:5
Jun 08 14:36:20 breadbox.penurio.us systemd-udevd[327]: passed 127 bytes to netlink monitor 0x7fa12cca02f0
Jun 08 14:36:20 breadbox.penurio.us systemd-udevd[335]: seq 4129 running
Jun 08 14:36:20 breadbox.penurio.us systemd-udevd[333]: passed unknown number of bytes to netlink monitor 0x7fa12cca4550
Jun 08 14:36:20 breadbox.penurio.us systemd-udevd[329]: Execute 'load' 'usb:v05E3p0610d3298dc09dsc00dp02ic09isc00ip01in00'
Jun 08 14:36:20 breadbox.penurio.us systemd-udevd[327]: seq 4130 queued, 'add' 'module'
Jun 08 14:36:20 breadbox.penurio.us systemd-udevd[335]: no db file to read /run/udev/data/+module:ixgbe: No such file or directory
Jun 08 14:36:20 breadbox.penurio.us systemd-udevd[333]: seq 4128 processed with 0
Jun 08 14:36:20 breadbox.penurio.us systemd-udevd[329]: No module matches 'usb:v05E3p0610d3298dc09dsc00dp02ic09isc00ip01in00'
Jun 08 14:36:20 breadbox.penurio.us systemd-udevd[327]: passed 130 bytes to netlink monitor 0x7fa12cca02f0
Jun 08 14:36:20 breadbox.penurio.us systemd-udevd[334]: seq 4130 running
Jun 08 14:36:20 breadbox.penurio.us systemd-udevd[335]: passed unknown number of bytes to netlink monitor 0x7fa12ccb06b0
Jun 08 14:36:20 breadbox.penurio.us systemd-udevd[329]: passed unknown number of bytes to netlink monitor 0x7fa12ccb2a70
Jun 08 14:36:20 breadbox.penurio.us systemd-udevd[327]: seq 4131 queued, 'add' 'bus'
Jun 08 14:36:20 breadbox.penurio.us systemd-udevd[334]: no db file to read /run/udev/data/+module:i2c_core: No such file or directory
Jun 08 14:36:20 breadbox.penurio.us systemd-udevd[335]: seq 4129 processed with 0
Jun 08 14:36:20 breadbox.penurio.us systemd-udevd[329]: seq 4121 processed with 0
Jun 08 14:36:20 breadbox.penurio.us systemd-udevd[327]: passed 119 bytes to netlink monitor 0x7fa12cca02f0
Jun 08 14:36:20 breadbox.penurio.us systemd-udevd[333]: seq 4131 running
Jun 08 14:36:20 breadbox.penurio.us systemd-udevd[334]: passed unknown number of bytes to netlink monitor 0x7fa12cca7a60
Jun 08 14:36:20 breadbox.penurio.us systemd-udevd[327]: seq 4132 queued, 'add' 'drivers'
Jun 08 14:36:20 breadbox.penurio.us systemd-udevd[327]: seq 4133 queued, 'add' 'module'
Jun 08 14:36:20 breadbox.penurio.us systemd-udevd[334]: seq 4130 processed with 0
Jun 08 14:36:20 breadbox.penurio.us systemd-udevd[333]: no db file to read /run/udev/data/+bus:i2c: No such file or directory
Jun 08 14:36:20 breadbox.penurio.us systemd-udevd[327]: passed 134 bytes to netlink monitor 0x7fa12cca02f0
Jun 08 14:36:20 breadbox.penurio.us systemd-udevd[329]: seq 4133 running
Jun 08 14:36:20 breadbox.penurio.us systemd-udevd[333]: passed unknown number of bytes to netlink monitor 0x7fa12cca4550
Jun 08 14:36:20 breadbox.penurio.us systemd-udevd[327]: seq 4134 queued, 'add' 'module'
Jun 08 14:36:20 breadbox.penurio.us systemd-udevd[329]: no db file to read /run/udev/data/+module:i2c_algo_bit: No such file or directory
Jun 08 14:36:20 breadbox.penurio.us systemd-udevd[333]: seq 4131 processed with 0
Jun 08 14:36:20 breadbox.penurio.us systemd-udevd[327]: passed 125 bytes to netlink monitor 0x7fa12cca02f0
Jun 08 14:36:20 breadbox.penurio.us systemd-udevd[327]: seq 4135 queued, 'add' 'module'
Jun 08 14:36:20 breadbox.penurio.us systemd-udevd[329]: passed unknown number of bytes to netlink monitor 0x7fa12ccb2a70
Jun 08 14:36:20 breadbox.penurio.us systemd-udevd[334]: seq 4134 running
Jun 08 14:36:20 breadbox.penurio.us systemd-udevd[327]: passed 137 bytes to netlink monitor 0x7fa12cca02f0
Jun 08 14:36:20 breadbox.penurio.us systemd-udevd[333]: seq 4132 running
Jun 08 14:36:20 breadbox.penurio.us systemd-udevd[329]: seq 4133 processed with 0
Jun 08 14:36:20 breadbox.penurio.us systemd-udevd[334]: no db file to read /run/udev/data/+module:igb: No such file or directory
Jun 08 14:36:20 breadbox.penurio.us systemd-udevd[327]: passed 125 bytes to netlink monitor 0x7fa12cca02f0
Jun 08 14:36:20 breadbox.penurio.us systemd-udevd[335]: seq 4135 running
Jun 08 14:36:20 breadbox.penurio.us systemd-udevd[333]: no db file to read /run/udev/data/+drivers:dummy: No such file or directory
Jun 08 14:36:20 breadbox.penurio.us systemd-udevd[334]: passed unknown number of bytes to netlink monitor 0x7fa12cca7a60
Jun 08 14:36:20 breadbox.penurio.us systemd-udevd[327]: seq 4136 queued, 'add' 'class'
Jun 08 14:36:20 breadbox.penurio.us systemd-udevd[335]: no db file to read /run/udev/data/+module:drm: No such file or directory
Jun 08 14:36:20 breadbox.penurio.us systemd-udevd[333]: no db file to read /run/udev/data/+subsystem:drivers: No such file or directory
Jun 08 14:36:20 breadbox.penurio.us systemd-udevd[334]: seq 4134 processed with 0
Jun 08 14:36:20 breadbox.penurio.us systemd-udevd[327]: passed 123 bytes to netlink monitor 0x7fa12cca02f0
Jun 08 14:36:20 breadbox.penurio.us systemd-udevd[329]: seq 4136 running
Jun 08 14:36:20 breadbox.penurio.us systemd-udevd[335]: passed unknown number of bytes to netlink monitor 0x7fa12ccb06b0
Jun 08 14:36:20 breadbox.penurio.us systemd-udevd[333]: passed unknown number of bytes to netlink monitor 0x7fa12cca4550
Jun 08 14:36:20 breadbox.penurio.us systemd-udevd[327]: seq 4137 queued, 'add' 'module'
Jun 08 14:36:20 breadbox.penurio.us systemd-udevd[329]: no db file to read /run/udev/data/+class:drm: No such file or directory
Jun 08 14:36:20 breadbox.penurio.us systemd-udevd[335]: seq 4135 processed with 0
Jun 08 14:36:20 breadbox.penurio.us systemd-udevd[333]: seq 4132 processed with 0
Jun 08 14:36:20 breadbox.penurio.us systemd-udevd[327]: passed 128 bytes to netlink monitor 0x7fa12cca02f0
Jun 08 14:36:20 breadbox.penurio.us systemd-udevd[334]: seq 4137 running
Jun 08 14:36:20 breadbox.penurio.us systemd-udevd[329]: passed unknown number of bytes to netlink monitor 0x7fa12ccb2a70
Jun 08 14:36:20 breadbox.penurio.us systemd-udevd[334]: no db file to read /run/udev/data/+module:libata: No such file or directory
Jun 08 14:36:20 breadbox.penurio.us systemd-udevd[327]: seq 4138 queued, 'add' 'class'
Jun 08 14:36:20 breadbox.penurio.us systemd-udevd[329]: seq 4136 processed with 0
Jun 08 14:36:20 breadbox.penurio.us systemd-udevd[334]: passed unknown number of bytes to netlink monitor 0x7fa12cca7a60
Jun 08 14:36:20 breadbox.penurio.us systemd-udevd[327]: passed 128 bytes to netlink monitor 0x7fa12cca02f0
Jun 08 14:36:20 breadbox.penurio.us systemd-udevd[333]: seq 4138 running
Jun 08 14:36:20 breadbox.penurio.us systemd-udevd[334]: seq 4137 processed with 0
Jun 08 14:36:20 breadbox.penurio.us systemd-udevd[333]: no db file to read /run/udev/data/+class:ata_link: No such file or directory
Jun 08 14:36:20 breadbox.penurio.us systemd-udevd[327]: seq 4139 queued, 'add' 'class'
Jun 08 14:36:20 breadbox.penurio.us systemd-udevd[333]: passed unknown number of bytes to netlink monitor 0x7fa12cca4550
Jun 08 14:36:20 breadbox.penurio.us systemd-udevd[327]: passed 128 bytes to netlink monitor 0x7fa12cca02f0
Jun 08 14:36:20 breadbox.penurio.us systemd-udevd[329]: seq 4139 running
Jun 08 14:36:20 breadbox.penurio.us systemd-udevd[333]: seq 4138 processed with 0
Jun 08 14:36:20 breadbox.penurio.us systemd-udevd[327]: seq 4140 queued, 'add' 'class'
Jun 08 14:36:20 breadbox.penurio.us systemd-udevd[329]: no db file to read /run/udev/data/+class:ata_port: No such file or directory
Jun 08 14:36:20 breadbox.penurio.us systemd-udevd[333]: seq 4140 running
Jun 08 14:36:20 breadbox.penurio.us systemd-udevd[327]: passed 130 bytes to netlink monitor 0x7fa12cca02f0
Jun 08 14:36:20 breadbox.penurio.us systemd-udevd[327]: seq 4141 queued, 'add' 'module'
Jun 08 14:36:20 breadbox.penurio.us systemd-udevd[333]: no db file to read /run/udev/data/+class:ata_device: No such file or directory
Jun 08 14:36:20 breadbox.penurio.us systemd-udevd[329]: passed unknown number of bytes to netlink monitor 0x7fa12ccb2a70
Jun 08 14:36:20 breadbox.penurio.us systemd-udevd[327]: passed 125 bytes to netlink monitor 0x7fa12cca02f0
Jun 08 14:36:20 breadbox.penurio.us systemd-udevd[334]: seq 4141 running
Jun 08 14:36:20 breadbox.penurio.us systemd-udevd[333]: passed unknown number of bytes to netlink monitor 0x7fa12cca4550
Jun 08 14:36:20 breadbox.penurio.us systemd-udevd[329]: seq 4139 processed with 0
Jun 08 14:36:20 breadbox.penurio.us systemd-udevd[327]: seq 4142 queued, 'add' 'drm'
Jun 08 14:36:20 breadbox.penurio.us systemd-udevd[334]: no db file to read /run/udev/data/+module:ttm: No such file or directory
Jun 08 14:36:20 breadbox.penurio.us systemd-udevd[333]: seq 4140 processed with 0
Jun 08 14:36:20 breadbox.penurio.us systemd-udevd[327]: passed 147 bytes to netlink monitor 0x7fa12cca02f0
Jun 08 14:36:20 breadbox.penurio.us systemd-udevd[329]: seq 4142 running
Jun 08 14:36:20 breadbox.penurio.us systemd-udevd[334]: passed unknown number of bytes to netlink monitor 0x7fa12cca7a60
Jun 08 14:36:20 breadbox.penurio.us systemd-udevd[329]: no db file to read /run/udev/data/+drm:ttm: No such file or directory
Jun 08 14:36:20 breadbox.penurio.us systemd-udevd[327]: seq 4143 queued, 'add' 'module'
Jun 08 14:36:20 breadbox.penurio.us systemd-udevd[334]: seq 4141 processed with 0
Jun 08 14:36:20 breadbox.penurio.us systemd-udevd[329]: passed unknown number of bytes to netlink monitor 0x7fa12ccb2a70
Jun 08 14:36:20 breadbox.penurio.us systemd-udevd[327]: passed 129 bytes to netlink monitor 0x7fa12cca02f0
Jun 08 14:36:20 breadbox.penurio.us systemd-udevd[333]: seq 4143 running
Jun 08 14:36:20 breadbox.penurio.us systemd-udevd[329]: seq 4142 processed with 0
Jun 08 14:36:20 breadbox.penurio.us systemd-udevd[333]: no db file to read /run/udev/data/+module:libahci: No such file or directory
Jun 08 14:36:20 breadbox.penurio.us systemd-udevd[327]: seq 4144 queued, 'add' 'module'
Jun 08 14:36:20 breadbox.penurio.us systemd-udevd[333]: passed unknown number of bytes to netlink monitor 0x7fa12cca4550
Jun 08 14:36:20 breadbox.penurio.us systemd-udevd[327]: passed 133 bytes to netlink monitor 0x7fa12cca02f0
Jun 08 14:36:20 breadbox.penurio.us systemd-udevd[329]: seq 4144 running
Jun 08 14:36:20 breadbox.penurio.us systemd-udevd[333]: seq 4143 processed with 0
Jun 08 14:36:20 breadbox.penurio.us systemd-udevd[327]: seq 4145 queued, 'add' 'module'
Jun 08 14:36:20 breadbox.penurio.us systemd-udevd[329]: no db file to read /run/udev/data/+module:fb_sys_fops: No such file or directory
Jun 08 14:36:20 breadbox.penurio.us systemd-udevd[327]: passed 131 bytes to netlink monitor 0x7fa12cca02f0
Jun 08 14:36:20 breadbox.penurio.us systemd-udevd[333]: seq 4145 running
Jun 08 14:36:20 breadbox.penurio.us systemd-udevd[329]: passed unknown number of bytes to netlink monitor 0x7fa12ccb2a70
Jun 08 14:36:20 breadbox.penurio.us systemd-udevd[327]: seq 4146 queued, 'add' 'module'
Jun 08 14:36:20 breadbox.penurio.us systemd-udevd[333]: no db file to read /run/udev/data/+module:sysimgblt: No such file or directory
Jun 08 14:36:20 breadbox.penurio.us systemd-udevd[329]: seq 4144 processed with 0
Jun 08 14:36:20 breadbox.penurio.us systemd-udevd[334]: seq 4146 running
Jun 08 14:36:20 breadbox.penurio.us systemd-udevd[327]: passed 126 bytes to netlink monitor 0x7fa12cca02f0
Jun 08 14:36:20 breadbox.penurio.us systemd-udevd[333]: passed unknown number of bytes to netlink monitor 0x7fa12cca4550
Jun 08 14:36:20 breadbox.penurio.us systemd-udevd[334]: no db file to read /run/udev/data/+module:ahci: No such file or directory
Jun 08 14:36:20 breadbox.penurio.us systemd-udevd[333]: seq 4145 processed with 0
Jun 08 14:36:20 breadbox.penurio.us systemd-udevd[327]: seq 4147 queued, 'add' 'module'
Jun 08 14:36:20 breadbox.penurio.us systemd-udevd[334]: passed unknown number of bytes to netlink monitor 0x7fa12cca7a60
Jun 08 14:36:20 breadbox.penurio.us systemd-udevd[327]: passed 133 bytes to netlink monitor 0x7fa12cca02f0
Jun 08 14:36:20 breadbox.penurio.us systemd-udevd[329]: seq 4147 running
Jun 08 14:36:20 breadbox.penurio.us systemd-udevd[334]: seq 4146 processed with 0
Jun 08 14:36:20 breadbox.penurio.us systemd-udevd[327]: seq 4148 queued, 'add' 'module'
Jun 08 14:36:20 breadbox.penurio.us systemd-udevd[329]: no db file to read /run/udev/data/+module:sysfillrect: No such file or directory
Jun 08 14:36:20 breadbox.penurio.us systemd-udevd[327]: passed 133 bytes to netlink monitor 0x7fa12cca02f0
Jun 08 14:36:20 breadbox.penurio.us systemd-udevd[333]: seq 4148 running
Jun 08 14:36:20 breadbox.penurio.us systemd-udevd[329]: passed unknown number of bytes to netlink monitor 0x7fa12ccb2a70
Jun 08 14:36:20 breadbox.penurio.us systemd-udevd[327]: seq 4149 queued, 'add' 'module'
Jun 08 14:36:20 breadbox.penurio.us systemd-udevd[333]: no db file to read /run/udev/data/+module:syscopyarea: No such file or directory
Jun 08 14:36:20 breadbox.penurio.us systemd-udevd[329]: seq 4147 processed with 0
Jun 08 14:36:20 breadbox.penurio.us systemd-udevd[327]: passed 136 bytes to netlink monitor 0x7fa12cca02f0
Jun 08 14:36:20 breadbox.penurio.us systemd-udevd[334]: seq 4149 running
Jun 08 14:36:20 breadbox.penurio.us systemd-udevd[333]: passed unknown number of bytes to netlink monitor 0x7fa12cca4550
Jun 08 14:36:20 breadbox.penurio.us systemd-udevd[327]: seq 4150 queued, 'add' 'module'
Jun 08 14:36:20 breadbox.penurio.us systemd-udevd[334]: no db file to read /run/udev/data/+module:drm_kms_helper: No such file or directory
Jun 08 14:36:20 breadbox.penurio.us systemd-udevd[333]: seq 4148 processed with 0
Jun 08 14:36:20 breadbox.penurio.us systemd-udevd[327]: passed 125 bytes to netlink monitor 0x7fa12cca02f0
Jun 08 14:36:20 breadbox.penurio.us systemd-udevd[329]: seq 4150 running
Jun 08 14:36:20 breadbox.penurio.us systemd-udevd[334]: passed unknown number of bytes to netlink monitor 0x7fa12cca7a60
Jun 08 14:36:20 breadbox.penurio.us systemd-udevd[327]: seq 4151 queued, 'add' 'drm'
Jun 08 14:36:20 breadbox.penurio.us systemd-udevd[329]: no db file to read /run/udev/data/+module:ast: No such file or directory
Jun 08 14:36:20 breadbox.penurio.us systemd-udevd[334]: seq 4149 processed with 0
Jun 08 14:36:20 breadbox.penurio.us systemd-udevd[327]: passed 249 bytes to netlink monitor 0x7fa12cca02f0
Jun 08 14:36:20 breadbox.penurio.us systemd-udevd[333]: seq 4151 running
Jun 08 14:36:20 breadbox.penurio.us systemd-udevd[329]: passed unknown number of bytes to netlink monitor 0x7fa12ccb2a70
Jun 08 14:36:20 breadbox.penurio.us systemd-udevd[327]: seq 4152 queued, 'add' 'drm'
Jun 08 14:36:20 breadbox.penurio.us systemd-udevd[333]: no db file to read /run/udev/data/c226:64: No such file or directory
Jun 08 14:36:20 breadbox.penurio.us systemd-udevd[329]: seq 4150 processed with 0
Jun 08 14:36:20 breadbox.penurio.us systemd-udevd[327]: passed 238 bytes to netlink monitor 0x7fa12cca02f0
Jun 08 14:36:20 breadbox.penurio.us systemd-udevd[334]: seq 4152 running
Jun 08 14:36:20 breadbox.penurio.us systemd-udevd[333]: GROUP 39 /usr/lib/udev/rules.d/50-udev-default.rules:32
Jun 08 14:36:20 breadbox.penurio.us systemd-udevd[327]: seq 4153 queued, 'add' 'ata_port'
Jun 08 14:36:20 breadbox.penurio.us systemd-udevd[334]: no db file to read /run/udev/data/c226:0: No such file or directory
Jun 08 14:36:20 breadbox.penurio.us systemd-udevd[333]: no db file to read /run/udev/data/+pci:0000:09:00.0: No such file or directory
Jun 08 14:36:20 breadbox.penurio.us systemd-udevd[327]: passed 167 bytes to netlink monitor 0x7fa12cca02f0
Jun 08 14:36:20 breadbox.penurio.us systemd-udevd[329]: seq 4153 running
Jun 08 14:36:20 breadbox.penurio.us systemd-udevd[334]: GROUP 39 /usr/lib/udev/rules.d/50-udev-default.rules:32
Jun 08 14:36:20 breadbox.penurio.us kernel: sd 5:0:0:0: [sda] 1953525168 512-byte logical blocks: (1.00 TB/931 GiB)
Jun 08 14:36:20 breadbox.penurio.us kernel: sd 5:0:0:0: [sda] Write Protect is off
Jun 08 14:36:20 breadbox.penurio.us kernel: sd 5:0:0:0: [sda] Mode Sense: 00 3a 00 00
Jun 08 14:36:20 breadbox.penurio.us kernel: sd 5:0:0:0: [sda] Write cache: enabled, read cache: enabled, doesn't support DPO or FUA
Jun 08 14:36:20 breadbox.penurio.us systemd-udevd[333]: handling device node '/dev/dri/controlD64', devnum=c226:64, mode=0660, uid=0, gid=39
Jun 08 14:36:20 breadbox.penurio.us systemd-udevd[327]: seq 4154 queued, 'add' 'ata_link'
Jun 08 14:36:20 breadbox.penurio.us systemd-udevd[329]: no db file to read /run/udev/data/+ata_port:ata1: No such file or directory
Jun 08 14:36:20 breadbox.penurio.us systemd-udevd[334]: IMPORT builtin 'path_id' /usr/lib/udev/rules.d/71-seat.rules:43
Jun 08 14:36:20 breadbox.penurio.us systemd-udevd[333]: set permissions /dev/dri/controlD64, 020660, uid=0, gid=39
Jun 08 14:36:20 breadbox.penurio.us systemd-udevd[327]: passed 174 bytes to netlink monitor 0x7fa12cca02f0
Jun 08 14:36:20 breadbox.penurio.us systemd-udevd[335]: seq 4154 running
Jun 08 14:36:20 breadbox.penurio.us systemd-udevd[329]: passed unknown number of bytes to netlink monitor 0x7fa12ccb2a70
Jun 08 14:36:20 breadbox.penurio.us systemd-udevd[334]: no db file to read /run/udev/data/+pci:0000:09:00.0: No such file or directory
Jun 08 14:36:20 breadbox.penurio.us systemd-udevd[333]: creating symlink '/dev/char/226:64' to '../dri/controlD64'
Jun 08 14:36:20 breadbox.penurio.us systemd-udevd[327]: seq 4155 queued, 'add' 'ata_device'
Jun 08 14:36:20 breadbox.penurio.us systemd-udevd[335]: no db file to read /run/udev/data/+ata_link:link1: No such file or directory
Jun 08 14:36:20 breadbox.penurio.us systemd-udevd[329]: seq 4153 processed with 0
Jun 08 14:36:20 breadbox.penurio.us systemd-udevd[334]: RUN 'uaccess' /usr/lib/udev/rules.d/73-seat-late.rules:15
Jun 08 14:36:20 breadbox.penurio.us systemd-udevd[333]: created empty file '/run/udev/data/c226:64' for '/devices/pci0000:00/0000:00:1c.4/0000:08:00.0/0000:09:00.0/drm/controlD64'
Jun 08 14:36:20 breadbox.penurio.us systemd-udevd[327]: passed 186 bytes to netlink monitor 0x7fa12cca02f0
Jun 08 14:36:20 breadbox.penurio.us systemd-udevd[336]: seq 4155 running
Jun 08 14:36:20 breadbox.penurio.us systemd-udevd[335]: passed unknown number of bytes to netlink monitor 0x7fa12ccb06b0
Jun 08 14:36:20 breadbox.penurio.us systemd-udevd[334]: handling device node '/dev/dri/card0', devnum=c226:0, mode=0660, uid=0, gid=39
Jun 08 14:36:20 breadbox.penurio.us systemd-udevd[333]: passed unknown number of bytes to netlink monitor 0x7fa12cca4550
Jun 08 14:36:20 breadbox.penurio.us systemd-udevd[327]: seq 4156 queued, 'add' 'ata_port'
Jun 08 14:36:20 breadbox.penurio.us systemd-udevd[336]: no db file to read /run/udev/data/+ata_device:dev1.0: No such file or directory
Jun 08 14:36:20 breadbox.penurio.us systemd-udevd[335]: seq 4154 processed with 0
Jun 08 14:36:20 breadbox.penurio.us systemd-udevd[334]: set permissions /dev/dri/card0, 020660, uid=0, gid=39
Jun 08 14:36:20 breadbox.penurio.us systemd-udevd[333]: seq 4151 processed with 0
Jun 08 14:36:20 breadbox.penurio.us systemd-udevd[327]: passed 167 bytes to netlink monitor 0x7fa12cca02f0
Jun 08 14:36:20 breadbox.penurio.us systemd-udevd[329]: seq 4156 running
Jun 08 14:36:20 breadbox.penurio.us systemd-udevd[336]: passed unknown number of bytes to netlink monitor 0x7fa12ccaee60
Jun 08 14:36:20 breadbox.penurio.us systemd-udevd[334]: creating symlink '/dev/char/226:0' to '../dri/card0'
Jun 08 14:36:20 breadbox.penurio.us systemd-udevd[327]: seq 4157 queued, 'add' 'ata_link'
Jun 08 14:36:20 breadbox.penurio.us systemd-udevd[329]: no db file to read /run/udev/data/+ata_port:ata2: No such file or directory
Jun 08 14:36:20 breadbox.penurio.us systemd-udevd[329]: passed unknown number of bytes to netlink monitor 0x7fa12ccb2a70
Jun 08 14:36:20 breadbox.penurio.us systemd-udevd[334]: created db file '/run/udev/data/c226:0' for '/devices/pci0000:00/0000:00:1c.4/0000:08:00.0/0000:09:00.0/drm/card0'
Jun 08 14:36:20 breadbox.penurio.us systemd-udevd[327]: passed 174 bytes to netlink monitor 0x7fa12cca02f0
Jun 08 14:36:20 breadbox.penurio.us systemd-udevd[333]: seq 4157 running
Jun 08 14:36:20 breadbox.penurio.us systemd-udevd[333]: no db file to read /run/udev/data/+ata_link:link2: No such file or directory
Jun 08 14:36:20 breadbox.penurio.us systemd-udevd[336]: seq 4155 processed with 0
Jun 08 14:36:20 breadbox.penurio.us systemd-udevd[334]: passed unknown number of bytes to netlink monitor 0x7fa12cca7a60
Jun 08 14:36:20 breadbox.penurio.us systemd-udevd[327]: seq 4158 queued, 'add' 'ata_device'
Jun 08 14:36:20 breadbox.penurio.us systemd-udevd[329]: seq 4156 processed with 0
Jun 08 14:36:20 breadbox.penurio.us systemd-udevd[333]: passed unknown number of bytes to netlink monitor 0x7fa12cca4550
Jun 08 14:36:20 breadbox.penurio.us systemd-udevd[334]: seq 4152 processed with 0
Jun 08 14:36:20 breadbox.penurio.us systemd-udevd[327]: passed 186 bytes to netlink monitor 0x7fa12cca02f0
Jun 08 14:36:20 breadbox.penurio.us kernel: sda: sda1 sda2
Jun 08 14:36:20 breadbox.penurio.us kernel: sd 5:0:0:0: [sda] Attached SCSI disk
Jun 08 14:36:20 breadbox.penurio.us systemd-udevd[329]: seq 4158 running
Jun 08 14:36:20 breadbox.penurio.us systemd-udevd[333]: seq 4157 processed with 0
Jun 08 14:36:20 breadbox.penurio.us systemd-udevd[327]: seq 4159 queued, 'add' 'ata_port'
Jun 08 14:36:20 breadbox.penurio.us systemd-udevd[329]: no db file to read /run/udev/data/+ata_device:dev2.0: No such file or directory
Jun 08 14:36:20 breadbox.penurio.us systemd-udevd[327]: passed 167 bytes to netlink monitor 0x7fa12cca02f0
Jun 08 14:36:20 breadbox.penurio.us systemd-udevd[333]: seq 4159 running
Jun 08 14:36:20 breadbox.penurio.us systemd-udevd[329]: passed unknown number of bytes to netlink monitor 0x7fa12ccb2a70
Jun 08 14:36:20 breadbox.penurio.us systemd-udevd[327]: seq 4160 queued, 'add' 'ata_link'
Jun 08 14:36:20 breadbox.penurio.us systemd-udevd[333]: no db file to read /run/udev/data/+ata_port:ata3: No such file or directory
Jun 08 14:36:20 breadbox.penurio.us systemd-udevd[333]: passed unknown number of bytes to netlink monitor 0x7fa12cca4550
Jun 08 14:36:20 breadbox.penurio.us systemd-udevd[327]: passed 174 bytes to netlink monitor 0x7fa12cca02f0
Jun 08 14:36:20 breadbox.penurio.us systemd-udevd[334]: seq 4160 running
Jun 08 14:36:20 breadbox.penurio.us systemd-udevd[329]: seq 4158 processed with 0
Jun 08 14:36:20 breadbox.penurio.us systemd-udevd[333]: seq 4159 processed with 0
Jun 08 14:36:20 breadbox.penurio.us systemd-udevd[327]: seq 4161 queued, 'add' 'ata_device'
Jun 08 14:36:20 breadbox.penurio.us systemd-udevd[334]: no db file to read /run/udev/data/+ata_link:link3: No such file or directory
Jun 08 14:36:20 breadbox.penurio.us systemd-udevd[327]: passed 186 bytes to netlink monitor 0x7fa12cca02f0
Jun 08 14:36:20 breadbox.penurio.us systemd-udevd[329]: seq 4161 running
Jun 08 14:36:20 breadbox.penurio.us systemd-udevd[334]: passed unknown number of bytes to netlink monitor 0x7fa12cca7a60
Jun 08 14:36:20 breadbox.penurio.us systemd-udevd[327]: seq 4162 queued, 'add' 'ata_port'
Jun 08 14:36:20 breadbox.penurio.us systemd-udevd[329]: no db file to read /run/udev/data/+ata_device:dev3.0: No such file or directory
Jun 08 14:36:20 breadbox.penurio.us systemd-udevd[334]: seq 4160 processed with 0
Jun 08 14:36:20 breadbox.penurio.us systemd-udevd[327]: passed 167 bytes to netlink monitor 0x7fa12cca02f0
Jun 08 14:36:20 breadbox.penurio.us systemd-udevd[333]: seq 4162 running
Jun 08 14:36:20 breadbox.penurio.us systemd-udevd[329]: passed unknown number of bytes to netlink monitor 0x7fa12ccb2a70
Jun 08 14:36:20 breadbox.penurio.us systemd-udevd[327]: seq 4163 queued, 'add' 'ata_link'
Jun 08 14:36:20 breadbox.penurio.us systemd-udevd[333]: no db file to read /run/udev/data/+ata_port:ata4: No such file or directory
Jun 08 14:36:20 breadbox.penurio.us systemd-udevd[329]: seq 4161 processed with 0
Jun 08 14:36:20 breadbox.penurio.us systemd-udevd[327]: passed 174 bytes to netlink monitor 0x7fa12cca02f0
Jun 08 14:36:20 breadbox.penurio.us systemd-udevd[334]: seq 4163 running
Jun 08 14:36:20 breadbox.penurio.us systemd-udevd[333]: passed unknown number of bytes to netlink monitor 0x7fa12cca4550
Jun 08 14:36:20 breadbox.penurio.us systemd-udevd[327]: seq 4164 queued, 'add' 'ata_device'
Jun 08 14:36:20 breadbox.penurio.us systemd-udevd[334]: no db file to read /run/udev/data/+ata_link:link4: No such file or directory
Jun 08 14:36:20 breadbox.penurio.us systemd-udevd[333]: seq 4162 processed with 0
Jun 08 14:36:20 breadbox.penurio.us systemd-udevd[327]: passed 186 bytes to netlink monitor 0x7fa12cca02f0
Jun 08 14:36:20 breadbox.penurio.us systemd-udevd[329]: seq 4164 running
Jun 08 14:36:20 breadbox.penurio.us systemd-udevd[334]: passed unknown number of bytes to netlink monitor 0x7fa12cca7a60
Jun 08 14:36:20 breadbox.penurio.us systemd-udevd[327]: seq 4165 queued, 'add' 'ata_port'
Jun 08 14:36:20 breadbox.penurio.us systemd-udevd[329]: no db file to read /run/udev/data/+ata_device:dev4.0: No such file or directory
Jun 08 14:36:20 breadbox.penurio.us systemd-udevd[334]: seq 4163 processed with 0
Jun 08 14:36:20 breadbox.penurio.us systemd-udevd[327]: passed 167 bytes to netlink monitor 0x7fa12cca02f0
Jun 08 14:36:20 breadbox.penurio.us systemd-udevd[333]: seq 4165 running
Jun 08 14:36:20 breadbox.penurio.us systemd-udevd[329]: passed unknown number of bytes to netlink monitor 0x7fa12ccb2a70
Jun 08 14:36:20 breadbox.penurio.us systemd-udevd[327]: seq 4166 queued, 'add' 'ata_link'
