Jun 08 14:36:19 breadbox.penurio.us systemd-udevd[335]: no db file to read /run/udev/data/+acpi:PNP0501:00: No such file or directory
Jun 08 14:36:19 breadbox.penurio.us systemd-udevd[333]: IMPORT builtin 'hwdb' /usr/lib/udev/rules.d/50-udev-default.rules:11
Jun 08 14:36:19 breadbox.penurio.us systemd-udevd[334]: IMPORT builtin 'hwdb' returned non-zero
Jun 08 14:36:19 breadbox.penurio.us systemd-udevd[331]: no db file to read /run/udev/data/+acpi:device:04: No such file or directory
Jun 08 14:36:19 breadbox.penurio.us systemd-udevd[330]: RUN 'kmod load $env{MODALIAS}' /usr/lib/udev/rules.d/80-drivers.rules:5
Jun 08 14:36:19 breadbox.penurio.us systemd-udevd[328]: Execute 'load' 'acpi:IPI0001:'
Jun 08 14:36:19 breadbox.penurio.us systemd-udevd[327]: passed 197 bytes to netlink monitor 0x7fa12cca02f0
Jun 08 14:36:19 breadbox.penurio.us systemd-udevd[339]: seq 2564 running
Jun 08 14:36:19 breadbox.penurio.us systemd-udevd[336]: no db file to read /run/udev/data/+acpi:PNP0501:01: No such file or directory
Jun 08 14:36:19 breadbox.penurio.us systemd-udevd[335]: IMPORT builtin 'hwdb' /usr/lib/udev/rules.d/50-udev-default.rules:11
Jun 08 14:36:19 breadbox.penurio.us systemd-udevd[333]: IMPORT builtin 'hwdb' returned non-zero
Jun 08 14:36:19 breadbox.penurio.us systemd-udevd[334]: no db file to read /run/udev/data/+acpi:device:04: No such file or directory
Jun 08 14:36:19 breadbox.penurio.us systemd-udevd[331]: RUN 'kmod load $env{MODALIAS}' /usr/lib/udev/rules.d/80-drivers.rules:5
Jun 08 14:36:19 breadbox.penurio.us systemd-udevd[330]: Execute 'load' 'acpi:PNP0000:'
Jun 08 14:36:19 breadbox.penurio.us systemd-udevd[328]: could not find module by name='ipmi_si'
Jun 08 14:36:19 breadbox.penurio.us systemd-udevd[327]: passed 197 bytes to netlink monitor 0x7fa12cca02f0
Jun 08 14:36:19 breadbox.penurio.us systemd-udevd[355]: seq 2565 running
Jun 08 14:36:19 breadbox.penurio.us systemd-udevd[339]: no db file to read /run/udev/data/+acpi:PNP0800:00: No such file or directory
Jun 08 14:36:19 breadbox.penurio.us systemd-udevd[336]: IMPORT builtin 'hwdb' /usr/lib/udev/rules.d/50-udev-default.rules:11
Jun 08 14:36:19 breadbox.penurio.us systemd-udevd[335]: IMPORT builtin 'hwdb' returned non-zero
Jun 08 14:36:19 breadbox.penurio.us systemd-udevd[333]: no db file to read /run/udev/data/+acpi:device:04: No such file or directory
Jun 08 14:36:19 breadbox.penurio.us systemd-udevd[334]: RUN 'kmod load $env{MODALIAS}' /usr/lib/udev/rules.d/80-drivers.rules:5
Jun 08 14:36:19 breadbox.penurio.us systemd-udevd[331]: Execute 'load' 'acpi:PNP0100:'
Jun 08 14:36:19 breadbox.penurio.us systemd-udevd[330]: No module matches 'acpi:PNP0000:'
Jun 08 14:36:19 breadbox.penurio.us systemd-udevd[328]: Failed to insert 'ipmi_si'
Jun 08 14:36:19 breadbox.penurio.us systemd-udevd[327]: seq 2566 queued, 'add' 'acpi'
Jun 08 14:36:19 breadbox.penurio.us systemd-udevd[355]: no db file to read /run/udev/data/+acpi:PNP0B00:00: No such file or directory
Jun 08 14:36:19 breadbox.penurio.us systemd-udevd[339]: IMPORT builtin 'hwdb' /usr/lib/udev/rules.d/50-udev-default.rules:11
Jun 08 14:36:19 breadbox.penurio.us systemd-udevd[336]: IMPORT builtin 'hwdb' returned non-zero
Jun 08 14:36:19 breadbox.penurio.us systemd-udevd[335]: no db file to read /run/udev/data/+acpi:device:04: No such file or directory
Jun 08 14:36:19 breadbox.penurio.us systemd-udevd[333]: RUN 'kmod load $env{MODALIAS}' /usr/lib/udev/rules.d/80-drivers.rules:5
Jun 08 14:36:19 breadbox.penurio.us systemd-udevd[334]: Execute 'load' 'acpi:PNP0200:'
Jun 08 14:36:19 breadbox.penurio.us systemd-udevd[331]: No module matches 'acpi:PNP0100:'
Jun 08 14:36:19 breadbox.penurio.us systemd-udevd[330]: passed unknown number of bytes to netlink monitor 0x7fa12ccb51c0
Jun 08 14:36:19 breadbox.penurio.us systemd-udevd[328]: could not find module by name='ipmi_devintf'
Jun 08 14:36:19 breadbox.penurio.us systemd-udevd[327]: passed 197 bytes to netlink monitor 0x7fa12cca02f0
Jun 08 14:36:19 breadbox.penurio.us systemd-udevd[329]: seq 2566 running
Jun 08 14:36:19 breadbox.penurio.us systemd-udevd[355]: IMPORT builtin 'hwdb' /usr/lib/udev/rules.d/50-udev-default.rules:11
Jun 08 14:36:19 breadbox.penurio.us systemd-udevd[339]: IMPORT builtin 'hwdb' returned non-zero
Jun 08 14:36:19 breadbox.penurio.us systemd-udevd[336]: no db file to read /run/udev/data/+acpi:device:04: No such file or directory
Jun 08 14:36:19 breadbox.penurio.us systemd-udevd[335]: RUN 'kmod load $env{MODALIAS}' /usr/lib/udev/rules.d/80-drivers.rules:5
Jun 08 14:36:19 breadbox.penurio.us systemd-udevd[333]: Execute 'load' 'acpi:PNP0103:'
Jun 08 14:36:19 breadbox.penurio.us systemd-udevd[334]: No module matches 'acpi:PNP0200:'
Jun 08 14:36:19 breadbox.penurio.us systemd-udevd[331]: passed unknown number of bytes to netlink monitor 0x7fa12ccb57b0
Jun 08 14:36:19 breadbox.penurio.us systemd-udevd[330]: seq 2558 processed with 0
Jun 08 14:36:19 breadbox.penurio.us systemd-udevd[328]: Failed to insert 'ipmi_devintf'
Jun 08 14:36:19 breadbox.penurio.us systemd-udevd[327]: seq 2567 queued, 'add' 'acpi'
Jun 08 14:36:19 breadbox.penurio.us systemd-udevd[329]: no db file to read /run/udev/data/+acpi:PNP0C02:00: No such file or directory
Jun 08 14:36:19 breadbox.penurio.us systemd-udevd[355]: IMPORT builtin 'hwdb' returned non-zero
Jun 08 14:36:19 breadbox.penurio.us systemd-udevd[339]: no db file to read /run/udev/data/+acpi:device:04: No such file or directory
Jun 08 14:36:19 breadbox.penurio.us systemd-udevd[336]: RUN 'kmod load $env{MODALIAS}' /usr/lib/udev/rules.d/80-drivers.rules:5
Jun 08 14:36:19 breadbox.penurio.us systemd-udevd[335]: Execute 'load' 'acpi:PNP0501:'
Jun 08 14:36:19 breadbox.penurio.us systemd-udevd[333]: No module matches 'acpi:PNP0103:'
Jun 08 14:36:19 breadbox.penurio.us systemd-udevd[334]: passed unknown number of bytes to netlink monitor 0x7fa12cca7a60
Jun 08 14:36:19 breadbox.penurio.us systemd-udevd[331]: seq 2559 processed with 0
Jun 08 14:36:19 breadbox.penurio.us systemd-udevd[328]: could not find module by name='ipmi_msghandler'
Jun 08 14:36:19 breadbox.penurio.us systemd-udevd[327]: passed 197 bytes to netlink monitor 0x7fa12cca02f0
Jun 08 14:36:19 breadbox.penurio.us systemd-udevd[330]: seq 2567 running
Jun 08 14:36:19 breadbox.penurio.us systemd-udevd[329]: IMPORT builtin 'hwdb' /usr/lib/udev/rules.d/50-udev-default.rules:11
Jun 08 14:36:19 breadbox.penurio.us systemd-udevd[355]: no db file to read /run/udev/data/+acpi:device:04: No such file or directory
Jun 08 14:36:19 breadbox.penurio.us systemd-udevd[339]: RUN 'kmod load $env{MODALIAS}' /usr/lib/udev/rules.d/80-drivers.rules:5
Jun 08 14:36:19 breadbox.penurio.us systemd-udevd[336]: Execute 'load' 'acpi:PNP0501:'
Jun 08 14:36:19 breadbox.penurio.us systemd-udevd[335]: No module matches 'acpi:PNP0501:'
Jun 08 14:36:19 breadbox.penurio.us systemd-udevd[333]: passed unknown number of bytes to netlink monitor 0x7fa12cca4550
Jun 08 14:36:19 breadbox.penurio.us systemd-udevd[334]: seq 2561 processed with 0
Jun 08 14:36:19 breadbox.penurio.us systemd-udevd[328]: Failed to insert 'ipmi_msghandler'
Jun 08 14:36:19 breadbox.penurio.us systemd-udevd[327]: seq 2568 queued, 'add' 'acpi'
Jun 08 14:36:19 breadbox.penurio.us systemd-udevd[330]: no db file to read /run/udev/data/+acpi:PNP0C02:01: No such file or directory
Jun 08 14:36:19 breadbox.penurio.us systemd-udevd[329]: IMPORT builtin 'hwdb' returned non-zero
Jun 08 14:36:19 breadbox.penurio.us systemd-udevd[355]: RUN 'kmod load $env{MODALIAS}' /usr/lib/udev/rules.d/80-drivers.rules:5
Jun 08 14:36:19 breadbox.penurio.us systemd-udevd[339]: Execute 'load' 'acpi:PNP0800:'
Jun 08 14:36:19 breadbox.penurio.us systemd-udevd[336]: No module matches 'acpi:PNP0501:'
Jun 08 14:36:19 breadbox.penurio.us systemd-udevd[335]: passed unknown number of bytes to netlink monitor 0x7fa12ccb06b0
Jun 08 14:36:19 breadbox.penurio.us systemd-udevd[333]: seq 2560 processed with 0
Jun 08 14:36:19 breadbox.penurio.us systemd-udevd[328]: passed unknown number of bytes to netlink monitor 0x7fa12ccb0ff0
Jun 08 14:36:19 breadbox.penurio.us systemd-udevd[327]: passed 197 bytes to netlink monitor 0x7fa12cca02f0
Jun 08 14:36:19 breadbox.penurio.us systemd-udevd[331]: seq 2568 running
Jun 08 14:36:19 breadbox.penurio.us systemd-udevd[330]: IMPORT builtin 'hwdb' /usr/lib/udev/rules.d/50-udev-default.rules:11
Jun 08 14:36:19 breadbox.penurio.us systemd-udevd[329]: no db file to read /run/udev/data/+acpi:device:04: No such file or directory
Jun 08 14:36:19 breadbox.penurio.us systemd-udevd[355]: Execute 'load' 'acpi:PNP0B00:'
Jun 08 14:36:19 breadbox.penurio.us systemd-udevd[339]: No module matches 'acpi:PNP0800:'
Jun 08 14:36:19 breadbox.penurio.us systemd-udevd[336]: passed unknown number of bytes to netlink monitor 0x7fa12ccaee60
Jun 08 14:36:19 breadbox.penurio.us systemd-udevd[335]: seq 2562 processed with 0
Jun 08 14:36:19 breadbox.penurio.us systemd-udevd[328]: seq 2557 processed with 0
Jun 08 14:36:19 breadbox.penurio.us systemd-udevd[327]: seq 2569 queued, 'add' 'acpi'
Jun 08 14:36:19 breadbox.penurio.us systemd-udevd[331]: no db file to read /run/udev/data/+acpi:PNP0C04:00: No such file or directory
Jun 08 14:36:19 breadbox.penurio.us systemd-udevd[330]: IMPORT builtin 'hwdb' returned non-zero
Jun 08 14:36:19 breadbox.penurio.us systemd-udevd[329]: RUN 'kmod load $env{MODALIAS}' /usr/lib/udev/rules.d/80-drivers.rules:5
Jun 08 14:36:19 breadbox.penurio.us systemd-udevd[355]: No module matches 'acpi:PNP0B00:'
Jun 08 14:36:19 breadbox.penurio.us systemd-udevd[339]: passed unknown number of bytes to netlink monitor 0x7fa12cca53a0
Jun 08 14:36:19 breadbox.penurio.us systemd-udevd[336]: seq 2563 processed with 0
Jun 08 14:36:19 breadbox.penurio.us systemd-udevd[327]: passed 163 bytes to netlink monitor 0x7fa12cca02f0
Jun 08 14:36:19 breadbox.penurio.us systemd-udevd[328]: seq 2569 running
Jun 08 14:36:19 breadbox.penurio.us systemd-udevd[331]: IMPORT builtin 'hwdb' /usr/lib/udev/rules.d/50-udev-default.rules:11
Jun 08 14:36:19 breadbox.penurio.us systemd-udevd[330]: no db file to read /run/udev/data/+acpi:device:04: No such file or directory
Jun 08 14:36:19 breadbox.penurio.us systemd-udevd[329]: Execute 'load' 'acpi:PNP0C02:'
Jun 08 14:36:19 breadbox.penurio.us systemd-udevd[355]: passed unknown number of bytes to netlink monitor 0x7fa12ccb6ae0
Jun 08 14:36:19 breadbox.penurio.us systemd-udevd[339]: seq 2564 processed with 0
Jun 08 14:36:19 breadbox.penurio.us systemd-udevd[327]: seq 2570 queued, 'add' 'acpi'
Jun 08 14:36:19 breadbox.penurio.us systemd-udevd[328]: no db file to read /run/udev/data/+acpi:device:05: No such file or directory
Jun 08 14:36:19 breadbox.penurio.us systemd-udevd[331]: IMPORT builtin 'hwdb' returned non-zero
Jun 08 14:36:19 breadbox.penurio.us systemd-udevd[330]: RUN 'kmod load $env{MODALIAS}' /usr/lib/udev/rules.d/80-drivers.rules:5
Jun 08 14:36:19 breadbox.penurio.us systemd-udevd[355]: seq 2565 processed with 0
Jun 08 14:36:19 breadbox.penurio.us systemd-udevd[327]: passed 163 bytes to netlink monitor 0x7fa12cca02f0
Jun 08 14:36:19 breadbox.penurio.us systemd-udevd[333]: seq 2570 running
Jun 08 14:36:19 breadbox.penurio.us systemd-udevd[328]: no db file to read /run/udev/data/+acpi:PNP0A08:00: No such file or directory
Jun 08 14:36:19 breadbox.penurio.us systemd-udevd[331]: no db file to read /run/udev/data/+acpi:device:04: No such file or directory
Jun 08 14:36:19 breadbox.penurio.us systemd-udevd[330]: Execute 'load' 'acpi:PNP0C02:'
Jun 08 14:36:19 breadbox.penurio.us systemd-udevd[327]: seq 2571 queued, 'add' 'acpi'
Jun 08 14:36:19 breadbox.penurio.us systemd-udevd[333]: no db file to read /run/udev/data/+acpi:device:06: No such file or directory
Jun 08 14:36:19 breadbox.penurio.us systemd-udevd[328]: passed unknown number of bytes to netlink monitor 0x7fa12ccb0ff0
Jun 08 14:36:19 breadbox.penurio.us systemd-udevd[331]: RUN 'kmod load $env{MODALIAS}' /usr/lib/udev/rules.d/80-drivers.rules:5
Jun 08 14:36:19 breadbox.penurio.us systemd-udevd[327]: seq 2572 queued, 'add' 'acpi'
Jun 08 14:36:19 breadbox.penurio.us systemd-udevd[329]: Inserted 'fjes'
Jun 08 14:36:19 breadbox.penurio.us systemd-udevd[328]: seq 2569 processed with 0
Jun 08 14:36:19 breadbox.penurio.us systemd-udevd[331]: Execute 'load' 'acpi:PNP0C04:'
Jun 08 14:36:19 breadbox.penurio.us systemd-udevd[327]: seq 2573 queued, 'add' 'acpi'
Jun 08 14:36:19 breadbox.penurio.us systemd-udevd[333]: no db file to read /run/udev/data/+acpi:PNP0A08:00: No such file or directory
Jun 08 14:36:19 breadbox.penurio.us systemd-udevd[329]: passed unknown number of bytes to netlink monitor 0x7fa12ccb2a70
Jun 08 14:36:19 breadbox.penurio.us systemd-udevd[331]: No module matches 'acpi:PNP0C04:'
Jun 08 14:36:19 breadbox.penurio.us systemd-udevd[330]: Inserted 'fjes'
Jun 08 14:36:19 breadbox.penurio.us systemd-udevd[327]: seq 2574 queued, 'add' 'acpi'
Jun 08 14:36:19 breadbox.penurio.us systemd-udevd[333]: passed unknown number of bytes to netlink monitor 0x7fa12cca4550
Jun 08 14:36:19 breadbox.penurio.us systemd-udevd[329]: seq 2566 processed with 0
Jun 08 14:36:19 breadbox.penurio.us systemd-udevd[331]: passed unknown number of bytes to netlink monitor 0x7fa12ccb57b0
Jun 08 14:36:19 breadbox.penurio.us systemd-udevd[330]: passed unknown number of bytes to netlink monitor 0x7fa12ccb51c0
Jun 08 14:36:19 breadbox.penurio.us systemd-udevd[327]: seq 2575 queued, 'add' 'acpi'
Jun 08 14:36:19 breadbox.penurio.us systemd-udevd[333]: seq 2570 processed with 0
Jun 08 14:36:19 breadbox.penurio.us systemd-udevd[331]: seq 2568 processed with 0
Jun 08 14:36:19 breadbox.penurio.us systemd-udevd[330]: seq 2567 processed with 0
Jun 08 14:36:19 breadbox.penurio.us systemd-udevd[327]: seq 2576 queued, 'add' 'acpi'
Jun 08 14:36:19 breadbox.penurio.us systemd-udevd[327]: passed 173 bytes to netlink monitor 0x7fa12cca02f0
Jun 08 14:36:19 breadbox.penurio.us systemd-udevd[328]: seq 2571 running
Jun 08 14:36:19 breadbox.penurio.us systemd-udevd[327]: passed 173 bytes to netlink monitor 0x7fa12cca02f0
Jun 08 14:36:19 breadbox.penurio.us systemd-udevd[329]: seq 2574 running
Jun 08 14:36:19 breadbox.penurio.us systemd-udevd[328]: no db file to read /run/udev/data/+acpi:device:07: No such file or directory
Jun 08 14:36:19 breadbox.penurio.us systemd-udevd[327]: seq 2577 queued, 'add' 'acpi'
Jun 08 14:36:19 breadbox.penurio.us systemd-udevd[329]: no db file to read /run/udev/data/+acpi:device:0a: No such file or directory
Jun 08 14:36:19 breadbox.penurio.us systemd-udevd[328]: no db file to read /run/udev/data/+acpi:device:06: No such file or directory
Jun 08 14:36:19 breadbox.penurio.us systemd-udevd[327]: passed 163 bytes to netlink monitor 0x7fa12cca02f0
Jun 08 14:36:19 breadbox.penurio.us systemd-udevd[330]: seq 2577 running
Jun 08 14:36:19 breadbox.penurio.us systemd-udevd[329]: no db file to read /run/udev/data/+acpi:device:06: No such file or directory
Jun 08 14:36:19 breadbox.penurio.us systemd-udevd[328]: passed unknown number of bytes to netlink monitor 0x7fa12ccb0ff0
Jun 08 14:36:19 breadbox.penurio.us systemd-udevd[327]: seq 2578 queued, 'add' 'acpi'
Jun 08 14:36:19 breadbox.penurio.us systemd-udevd[330]: no db file to read /run/udev/data/+acpi:device:0d: No such file or directory
Jun 08 14:36:19 breadbox.penurio.us systemd-udevd[329]: passed unknown number of bytes to netlink monitor 0x7fa12ccb2a70
Jun 08 14:36:19 breadbox.penurio.us systemd-udevd[328]: seq 2571 processed with 0
Jun 08 14:36:19 breadbox.penurio.us systemd-udevd[327]: seq 2579 queued, 'add' 'acpi'
Jun 08 14:36:19 breadbox.penurio.us systemd-udevd[330]: no db file to read /run/udev/data/+acpi:PNP0A08:00: No such file or directory
Jun 08 14:36:19 breadbox.penurio.us systemd-udevd[329]: seq 2574 processed with 0
Jun 08 14:36:19 breadbox.penurio.us systemd-udevd[327]: passed 183 bytes to netlink monitor 0x7fa12cca02f0
Jun 08 14:36:19 breadbox.penurio.us systemd-udevd[328]: seq 2572 running
Jun 08 14:36:19 breadbox.penurio.us systemd-udevd[330]: passed unknown number of bytes to netlink monitor 0x7fa12ccb51c0
Jun 08 14:36:19 breadbox.penurio.us systemd-udevd[327]: passed 183 bytes to netlink monitor 0x7fa12cca02f0
Jun 08 14:36:19 breadbox.penurio.us systemd-udevd[331]: seq 2573 running
Jun 08 14:36:19 breadbox.penurio.us systemd-udevd[328]: no db file to read /run/udev/data/+acpi:device:08: No such file or directory
Jun 08 14:36:19 breadbox.penurio.us systemd-udevd[330]: seq 2577 processed with 0
Jun 08 14:36:19 breadbox.penurio.us systemd-udevd[327]: seq 2580 queued, 'add' 'acpi'
Jun 08 14:36:19 breadbox.penurio.us systemd-udevd[331]: no db file to read /run/udev/data/+acpi:device:09: No such file or directory
Jun 08 14:36:19 breadbox.penurio.us systemd-udevd[328]: no db file to read /run/udev/data/+acpi:device:07: No such file or directory
Jun 08 14:36:19 breadbox.penurio.us systemd-udevd[327]: passed 183 bytes to netlink monitor 0x7fa12cca02f0
Jun 08 14:36:19 breadbox.penurio.us systemd-udevd[329]: seq 2575 running
Jun 08 14:36:19 breadbox.penurio.us systemd-udevd[331]: no db file to read /run/udev/data/+acpi:device:07: No such file or directory
Jun 08 14:36:19 breadbox.penurio.us systemd-udevd[328]: passed unknown number of bytes to netlink monitor 0x7fa12ccb0ff0
Jun 08 14:36:19 breadbox.penurio.us systemd-udevd[327]: passed 183 bytes to netlink monitor 0x7fa12cca02f0
Jun 08 14:36:19 breadbox.penurio.us systemd-udevd[330]: seq 2576 running
Jun 08 14:36:19 breadbox.penurio.us systemd-udevd[329]: no db file to read /run/udev/data/+acpi:device:0b: No such file or directory
Jun 08 14:36:19 breadbox.penurio.us systemd-udevd[331]: passed unknown number of bytes to netlink monitor 0x7fa12ccb57b0
Jun 08 14:36:19 breadbox.penurio.us systemd-udevd[328]: seq 2572 processed with 0
Jun 08 14:36:19 breadbox.penurio.us systemd-udevd[327]: passed 173 bytes to netlink monitor 0x7fa12cca02f0
Jun 08 14:36:19 breadbox.penurio.us systemd-udevd[333]: seq 2578 running
Jun 08 14:36:19 breadbox.penurio.us systemd-udevd[330]: no db file to read /run/udev/data/+acpi:device:0c: No such file or directory
Jun 08 14:36:19 breadbox.penurio.us systemd-udevd[329]: no db file to read /run/udev/data/+acpi:device:0a: No such file or directory
Jun 08 14:36:19 breadbox.penurio.us systemd-udevd[331]: seq 2573 processed with 0
Jun 08 14:36:19 breadbox.penurio.us systemd-udevd[327]: seq 2581 queued, 'add' 'acpi'
Jun 08 14:36:19 breadbox.penurio.us systemd-udevd[333]: no db file to read /run/udev/data/+acpi:device:0e: No such file or directory
Jun 08 14:36:19 breadbox.penurio.us systemd-udevd[330]: no db file to read /run/udev/data/+acpi:device:0a: No such file or directory
Jun 08 14:36:19 breadbox.penurio.us systemd-udevd[329]: passed unknown number of bytes to netlink monitor 0x7fa12ccb2a70
Jun 08 14:36:19 breadbox.penurio.us systemd-udevd[327]: passed 173 bytes to netlink monitor 0x7fa12cca02f0
Jun 08 14:36:19 breadbox.penurio.us systemd-udevd[328]: seq 2581 running
Jun 08 14:36:19 breadbox.penurio.us systemd-udevd[333]: no db file to read /run/udev/data/+acpi:device:0d: No such file or directory
Jun 08 14:36:19 breadbox.penurio.us systemd-udevd[330]: passed unknown number of bytes to netlink monitor 0x7fa12ccb51c0
Jun 08 14:36:19 breadbox.penurio.us systemd-udevd[329]: seq 2575 processed with 0
Jun 08 14:36:19 breadbox.penurio.us systemd-udevd[327]: seq 2582 queued, 'add' 'acpi'
Jun 08 14:36:19 breadbox.penurio.us systemd-udevd[328]: no db file to read /run/udev/data/+acpi:device:11: No such file or directory
Jun 08 14:36:19 breadbox.penurio.us systemd-udevd[333]: passed unknown number of bytes to netlink monitor 0x7fa12cca4550
Jun 08 14:36:19 breadbox.penurio.us systemd-udevd[330]: seq 2576 processed with 0
Jun 08 14:36:19 breadbox.penurio.us systemd-udevd[327]: seq 2583 queued, 'add' 'acpi'
Jun 08 14:36:19 breadbox.penurio.us systemd-udevd[328]: no db file to read /run/udev/data/+acpi:device:0d: No such file or directory
Jun 08 14:36:19 breadbox.penurio.us systemd-udevd[333]: seq 2578 processed with 0
Jun 08 14:36:19 breadbox.penurio.us systemd-udevd[327]: seq 2584 queued, 'add' 'acpi'
Jun 08 14:36:19 breadbox.penurio.us systemd-udevd[328]: passed unknown number of bytes to netlink monitor 0x7fa12ccb0ff0
Jun 08 14:36:19 breadbox.penurio.us systemd-udevd[327]: passed 183 bytes to netlink monitor 0x7fa12cca02f0
Jun 08 14:36:19 breadbox.penurio.us systemd-udevd[329]: seq 2579 running
Jun 08 14:36:19 breadbox.penurio.us systemd-udevd[328]: seq 2581 processed with 0
Jun 08 14:36:19 breadbox.penurio.us systemd-udevd[327]: passed 183 bytes to netlink monitor 0x7fa12cca02f0
Jun 08 14:36:19 breadbox.penurio.us systemd-udevd[330]: seq 2580 running
Jun 08 14:36:19 breadbox.penurio.us systemd-udevd[329]: no db file to read /run/udev/data/+acpi:device:0f: No such file or directory
Jun 08 14:36:19 breadbox.penurio.us systemd-udevd[327]: passed 163 bytes to netlink monitor 0x7fa12cca02f0
Jun 08 14:36:19 breadbox.penurio.us systemd-udevd[331]: seq 2584 running
Jun 08 14:36:19 breadbox.penurio.us systemd-udevd[330]: no db file to read /run/udev/data/+acpi:device:10: No such file or directory
Jun 08 14:36:19 breadbox.penurio.us systemd-udevd[329]: no db file to read /run/udev/data/+acpi:device:0e: No such file or directory
Jun 08 14:36:19 breadbox.penurio.us systemd-udevd[327]: seq 2585 queued, 'add' 'acpi'
Jun 08 14:36:19 breadbox.penurio.us systemd-udevd[331]: no db file to read /run/udev/data/+acpi:device:14: No such file or directory
Jun 08 14:36:19 breadbox.penurio.us systemd-udevd[330]: no db file to read /run/udev/data/+acpi:device:0e: No such file or directory
Jun 08 14:36:19 breadbox.penurio.us systemd-udevd[329]: passed unknown number of bytes to netlink monitor 0x7fa12ccb2a70
Jun 08 14:36:19 breadbox.penurio.us systemd-udevd[327]: passed 183 bytes to netlink monitor 0x7fa12cca02f0
Jun 08 14:36:19 breadbox.penurio.us systemd-udevd[328]: seq 2582 running
Jun 08 14:36:19 breadbox.penurio.us systemd-udevd[331]: no db file to read /run/udev/data/+acpi:PNP0A08:00: No such file or directory
Jun 08 14:36:19 breadbox.penurio.us systemd-udevd[330]: passed unknown number of bytes to netlink monitor 0x7fa12ccb51c0
Jun 08 14:36:19 breadbox.penurio.us systemd-udevd[329]: seq 2579 processed with 0
Jun 08 14:36:19 breadbox.penurio.us systemd-udevd[327]: passed 183 bytes to netlink monitor 0x7fa12cca02f0
Jun 08 14:36:19 breadbox.penurio.us systemd-udevd[333]: seq 2583 running
Jun 08 14:36:19 breadbox.penurio.us systemd-udevd[328]: no db file to read /run/udev/data/+acpi:device:12: No such file or directory
Jun 08 14:36:19 breadbox.penurio.us systemd-udevd[331]: passed unknown number of bytes to netlink monitor 0x7fa12ccb57b0
Jun 08 14:36:19 breadbox.penurio.us systemd-udevd[330]: seq 2580 processed with 0
Jun 08 14:36:19 breadbox.penurio.us systemd-udevd[327]: passed 163 bytes to netlink monitor 0x7fa12cca02f0
Jun 08 14:36:19 breadbox.penurio.us systemd-udevd[334]: seq 2585 running
Jun 08 14:36:19 breadbox.penurio.us systemd-udevd[333]: no db file to read /run/udev/data/+acpi:device:13: No such file or directory
Jun 08 14:36:19 breadbox.penurio.us systemd-udevd[328]: no db file to read /run/udev/data/+acpi:device:11: No such file or directory
Jun 08 14:36:19 breadbox.penurio.us systemd-udevd[331]: seq 2584 processed with 0
Jun 08 14:36:19 breadbox.penurio.us systemd-udevd[327]: seq 2586 queued, 'add' 'acpi'
Jun 08 14:36:19 breadbox.penurio.us systemd-udevd[334]: no db file to read /run/udev/data/+acpi:device:15: No such file or directory
Jun 08 14:36:19 breadbox.penurio.us systemd-udevd[333]: no db file to read /run/udev/data/+acpi:device:11: No such file or directory
Jun 08 14:36:19 breadbox.penurio.us systemd-udevd[328]: passed unknown number of bytes to netlink monitor 0x7fa12ccb0ff0
Jun 08 14:36:19 breadbox.penurio.us systemd-udevd[327]: passed 163 bytes to netlink monitor 0x7fa12cca02f0
Jun 08 14:36:19 breadbox.penurio.us systemd-udevd[329]: seq 2586 running
Jun 08 14:36:19 breadbox.penurio.us systemd-udevd[334]: no db file to read /run/udev/data/+acpi:PNP0A08:00: No such file or directory
Jun 08 14:36:19 breadbox.penurio.us systemd-udevd[333]: passed unknown number of bytes to netlink monitor 0x7fa12cca4550
Jun 08 14:36:19 breadbox.penurio.us systemd-udevd[328]: seq 2582 processed with 0
Jun 08 14:36:19 breadbox.penurio.us systemd-udevd[327]: seq 2587 queued, 'add' 'acpi'
Jun 08 14:36:19 breadbox.penurio.us systemd-udevd[329]: no db file to read /run/udev/data/+acpi:device:16: No such file or directory
Jun 08 14:36:19 breadbox.penurio.us systemd-udevd[334]: passed unknown number of bytes to netlink monitor 0x7fa12cca7a60
Jun 08 14:36:19 breadbox.penurio.us systemd-udevd[333]: seq 2583 processed with 0
Jun 08 14:36:19 breadbox.penurio.us systemd-udevd[327]: passed 163 bytes to netlink monitor 0x7fa12cca02f0
Jun 08 14:36:19 breadbox.penurio.us systemd-udevd[328]: seq 2587 running
Jun 08 14:36:19 breadbox.penurio.us systemd-udevd[329]: no db file to read /run/udev/data/+acpi:PNP0A08:00: No such file or directory
Jun 08 14:36:19 breadbox.penurio.us systemd-udevd[334]: seq 2585 processed with 0
Jun 08 14:36:19 breadbox.penurio.us systemd-udevd[327]: seq 2588 queued, 'add' 'acpi'
Jun 08 14:36:19 breadbox.penurio.us systemd-udevd[328]: no db file to read /run/udev/data/+acpi:device:17: No such file or directory
Jun 08 14:36:19 breadbox.penurio.us systemd-udevd[329]: passed unknown number of bytes to netlink monitor 0x7fa12ccb2a70
Jun 08 14:36:19 breadbox.penurio.us systemd-udevd[327]: passed 163 bytes to netlink monitor 0x7fa12cca02f0
Jun 08 14:36:19 breadbox.penurio.us systemd-udevd[330]: seq 2588 running
Jun 08 14:36:19 breadbox.penurio.us systemd-udevd[328]: no db file to read /run/udev/data/+acpi:PNP0A08:00: No such file or directory
Jun 08 14:36:19 breadbox.penurio.us systemd-udevd[329]: seq 2586 processed with 0
Jun 08 14:36:19 breadbox.penurio.us systemd-udevd[327]: seq 2589 queued, 'add' 'acpi'
Jun 08 14:36:19 breadbox.penurio.us systemd-udevd[330]: no db file to read /run/udev/data/+acpi:device:18: No such file or directory
Jun 08 14:36:19 breadbox.penurio.us systemd-udevd[328]: passed unknown number of bytes to netlink monitor 0x7fa12ccb0ff0
Jun 08 14:36:19 breadbox.penurio.us systemd-udevd[327]: passed 163 bytes to netlink monitor 0x7fa12cca02f0
Jun 08 14:36:19 breadbox.penurio.us systemd-udevd[329]: seq 2589 running
Jun 08 14:36:19 breadbox.penurio.us systemd-udevd[330]: no db file to read /run/udev/data/+acpi:PNP0A08:00: No such file or directory
Jun 08 14:36:19 breadbox.penurio.us systemd-udevd[328]: seq 2587 processed with 0
Jun 08 14:36:19 breadbox.penurio.us systemd-udevd[327]: seq 2590 queued, 'add' 'acpi'
Jun 08 14:36:19 breadbox.penurio.us systemd-udevd[329]: no db file to read /run/udev/data/+acpi:device:19: No such file or directory
Jun 08 14:36:19 breadbox.penurio.us systemd-udevd[329]: no db file to read /run/udev/data/+acpi:PNP0A08:00: No such file or directory
Jun 08 14:36:19 breadbox.penurio.us systemd-udevd[327]: passed 163 bytes to netlink monitor 0x7fa12cca02f0
Jun 08 14:36:19 breadbox.penurio.us systemd-udevd[328]: seq 2590 running
Jun 08 14:36:19 breadbox.penurio.us systemd-udevd[330]: passed unknown number of bytes to netlink monitor 0x7fa12ccb51c0
Jun 08 14:36:19 breadbox.penurio.us systemd-udevd[329]: passed unknown number of bytes to netlink monitor 0x7fa12ccb2a70
Jun 08 14:36:19 breadbox.penurio.us systemd-udevd[327]: seq 2591 queued, 'add' 'acpi'
Jun 08 14:36:19 breadbox.penurio.us systemd-udevd[328]: no db file to read /run/udev/data/+acpi:device:1a: No such file or directory
Jun 08 14:36:19 breadbox.penurio.us systemd-udevd[330]: seq 2588 processed with 0
Jun 08 14:36:19 breadbox.penurio.us systemd-udevd[329]: seq 2589 processed with 0
Jun 08 14:36:19 breadbox.penurio.us systemd-udevd[327]: passed 163 bytes to netlink monitor 0x7fa12cca02f0
Jun 08 14:36:19 breadbox.penurio.us systemd-udevd[331]: seq 2591 running
Jun 08 14:36:19 breadbox.penurio.us systemd-udevd[328]: no db file to read /run/udev/data/+acpi:PNP0A08:00: No such file or directory
Jun 08 14:36:19 breadbox.penurio.us systemd-udevd[327]: seq 2592 queued, 'add' 'acpi'
Jun 08 14:36:19 breadbox.penurio.us systemd-udevd[331]: no db file to read /run/udev/data/+acpi:device:1b: No such file or directory
Jun 08 14:36:19 breadbox.penurio.us systemd-udevd[328]: passed unknown number of bytes to netlink monitor 0x7fa12ccb0ff0
Jun 08 14:36:19 breadbox.penurio.us systemd-udevd[327]: seq 2593 queued, 'add' 'acpi'
Jun 08 14:36:19 breadbox.penurio.us systemd-udevd[331]: no db file to read /run/udev/data/+acpi:PNP0A08:00: No such file or directory
Jun 08 14:36:19 breadbox.penurio.us systemd-udevd[328]: seq 2590 processed with 0
Jun 08 14:36:19 breadbox.penurio.us systemd-udevd[327]: seq 2594 queued, 'add' 'acpi'
Jun 08 14:36:19 breadbox.penurio.us systemd-udevd[331]: passed unknown number of bytes to netlink monitor 0x7fa12ccb57b0
Jun 08 14:36:19 breadbox.penurio.us systemd-udevd[327]: seq 2595 queued, 'add' 'acpi'
Jun 08 14:36:19 breadbox.penurio.us systemd-udevd[331]: seq 2591 processed with 0
Jun 08 14:36:19 breadbox.penurio.us systemd-udevd[327]: seq 2596 queued, 'add' 'acpi'
Jun 08 14:36:19 breadbox.penurio.us systemd-udevd[327]: passed 173 bytes to netlink monitor 0x7fa12cca02f0
Jun 08 14:36:19 breadbox.penurio.us systemd-udevd[328]: seq 2592 running
Jun 08 14:36:19 breadbox.penurio.us systemd-udevd[327]: passed 173 bytes to netlink monitor 0x7fa12cca02f0
Jun 08 14:36:19 breadbox.penurio.us systemd-udevd[329]: seq 2593 running
Jun 08 14:36:19 breadbox.penurio.us systemd-udevd[328]: no db file to read /run/udev/data/+acpi:device:1c: No such file or directory
Jun 08 14:36:19 breadbox.penurio.us systemd-udevd[327]: passed 173 bytes to netlink monitor 0x7fa12cca02f0
Jun 08 14:36:19 breadbox.penurio.us systemd-udevd[330]: seq 2594 running
Jun 08 14:36:19 breadbox.penurio.us systemd-udevd[329]: no db file to read /run/udev/data/+acpi:device:1d: No such file or directory
Jun 08 14:36:19 breadbox.penurio.us systemd-udevd[328]: no db file to read /run/udev/data/+acpi:device:1b: No such file or directory
Jun 08 14:36:19 breadbox.penurio.us systemd-udevd[327]: passed 173 bytes to netlink monitor 0x7fa12cca02f0
Jun 08 14:36:19 breadbox.penurio.us systemd-udevd[331]: seq 2595 running
Jun 08 14:36:19 breadbox.penurio.us systemd-udevd[330]: no db file to read /run/udev/data/+acpi:device:1e: No such file or directory
Jun 08 14:36:19 breadbox.penurio.us systemd-udevd[329]: no db file to read /run/udev/data/+acpi:device:1b: No such file or directory
Jun 08 14:36:19 breadbox.penurio.us systemd-udevd[328]: passed unknown number of bytes to netlink monitor 0x7fa12ccb0ff0
Jun 08 14:36:19 breadbox.penurio.us systemd-udevd[327]: passed 173 bytes to netlink monitor 0x7fa12cca02f0
Jun 08 14:36:19 breadbox.penurio.us systemd-udevd[333]: seq 2596 running
Jun 08 14:36:19 breadbox.penurio.us systemd-udevd[331]: no db file to read /run/udev/data/+acpi:device:1f: No such file or directory
Jun 08 14:36:19 breadbox.penurio.us systemd-udevd[330]: no db file to read /run/udev/data/+acpi:device:1b: No such file or directory
Jun 08 14:36:19 breadbox.penurio.us systemd-udevd[329]: passed unknown number of bytes to netlink monitor 0x7fa12ccb2a70
Jun 08 14:36:19 breadbox.penurio.us systemd-udevd[328]: seq 2592 processed with 0
Jun 08 14:36:19 breadbox.penurio.us systemd-udevd[327]: seq 2597 queued, 'add' 'acpi'
Jun 08 14:36:19 breadbox.penurio.us systemd-udevd[333]: no db file to read /run/udev/data/+acpi:device:20: No such file or directory
Jun 08 14:36:19 breadbox.penurio.us systemd-udevd[331]: no db file to read /run/udev/data/+acpi:device:1b: No such file or directory
Jun 08 14:36:19 breadbox.penurio.us systemd-udevd[330]: passed unknown number of bytes to netlink monitor 0x7fa12ccb51c0
Jun 08 14:36:19 breadbox.penurio.us systemd-udevd[329]: seq 2593 processed with 0
Jun 08 14:36:19 breadbox.penurio.us systemd-udevd[327]: passed 163 bytes to netlink monitor 0x7fa12cca02f0
Jun 08 14:36:19 breadbox.penurio.us systemd-udevd[328]: seq 2597 running
Jun 08 14:36:19 breadbox.penurio.us systemd-udevd[333]: no db file to read /run/udev/data/+acpi:device:1b: No such file or directory
Jun 08 14:36:19 breadbox.penurio.us systemd-udevd[331]: passed unknown number of bytes to netlink monitor 0x7fa12ccb57b0
Jun 08 14:36:19 breadbox.penurio.us systemd-udevd[330]: seq 2594 processed with 0
Jun 08 14:36:19 breadbox.penurio.us systemd-udevd[327]: seq 2598 queued, 'add' 'acpi'
Jun 08 14:36:19 breadbox.penurio.us systemd-udevd[328]: no db file to read /run/udev/data/+acpi:device:21: No such file or directory
Jun 08 14:36:19 breadbox.penurio.us systemd-udevd[333]: passed unknown number of bytes to netlink monitor 0x7fa12cca4550
Jun 08 14:36:19 breadbox.penurio.us systemd-udevd[331]: seq 2595 processed with 0
Jun 08 14:36:19 breadbox.penurio.us systemd-udevd[327]: passed 163 bytes to netlink monitor 0x7fa12cca02f0
Jun 08 14:36:19 breadbox.penurio.us systemd-udevd[329]: seq 2598 running
Jun 08 14:36:19 breadbox.penurio.us systemd-udevd[328]: no db file to read /run/udev/data/+acpi:PNP0A08:00: No such file or directory
Jun 08 14:36:19 breadbox.penurio.us systemd-udevd[333]: seq 2596 processed with 0
Jun 08 14:36:19 breadbox.penurio.us systemd-udevd[327]: seq 2599 queued, 'add' 'acpi'
Jun 08 14:36:19 breadbox.penurio.us systemd-udevd[329]: no db file to read /run/udev/data/+acpi:device:22: No such file or directory
Jun 08 14:36:19 breadbox.penurio.us systemd-udevd[328]: passed unknown number of bytes to netlink monitor 0x7fa12ccb0ff0
Jun 08 14:36:19 breadbox.penurio.us systemd-udevd[327]: passed 163 bytes to netlink monitor 0x7fa12cca02f0
Jun 08 14:36:19 breadbox.penurio.us systemd-udevd[330]: seq 2599 running
Jun 08 14:36:19 breadbox.penurio.us systemd-udevd[329]: no db file to read /run/udev/data/+acpi:PNP0A08:00: No such file or directory
Jun 08 14:36:19 breadbox.penurio.us systemd-udevd[328]: seq 2597 processed with 0
Jun 08 14:36:19 breadbox.penurio.us systemd-udevd[327]: seq 2600 queued, 'add' 'acpi'
Jun 08 14:36:19 breadbox.penurio.us systemd-udevd[330]: no db file to read /run/udev/data/+acpi:device:23: No such file or directory
Jun 08 14:36:19 breadbox.penurio.us systemd-udevd[329]: passed unknown number of bytes to netlink monitor 0x7fa12ccb2a70
Jun 08 14:36:19 breadbox.penurio.us systemd-udevd[327]: passed 163 bytes to netlink monitor 0x7fa12cca02f0
Jun 08 14:36:19 breadbox.penurio.us systemd-udevd[328]: seq 2600 running
Jun 08 14:36:19 breadbox.penurio.us systemd-udevd[330]: no db file to read /run/udev/data/+acpi:PNP0A08:00: No such file or directory
Jun 08 14:36:19 breadbox.penurio.us systemd-udevd[329]: seq 2598 processed with 0
Jun 08 14:36:19 breadbox.penurio.us systemd-udevd[327]: seq 2601 queued, 'add' 'acpi'
Jun 08 14:36:19 breadbox.penurio.us systemd-udevd[328]: no db file to read /run/udev/data/+acpi:device:24: No such file or directory
Jun 08 14:36:19 breadbox.penurio.us systemd-udevd[330]: passed unknown number of bytes to netlink monitor 0x7fa12ccb51c0
Jun 08 14:36:19 breadbox.penurio.us systemd-udevd[327]: seq 2602 queued, 'add' 'acpi'
Jun 08 14:36:19 breadbox.penurio.us systemd-udevd[328]: no db file to read /run/udev/data/+acpi:PNP0A08:00: No such file or directory
Jun 08 14:36:19 breadbox.penurio.us systemd-udevd[330]: seq 2599 processed with 0
Jun 08 14:36:19 breadbox.penurio.us systemd-udevd[327]: seq 2603 queued, 'add' 'acpi'
Jun 08 14:36:19 breadbox.penurio.us systemd-udevd[328]: passed unknown number of bytes to netlink monitor 0x7fa12ccb0ff0
Jun 08 14:36:19 breadbox.penurio.us systemd-udevd[327]: passed 163 bytes to netlink monitor 0x7fa12cca02f0
Jun 08 14:36:19 breadbox.penurio.us systemd-udevd[329]: seq 2603 running
Jun 08 14:36:19 breadbox.penurio.us systemd-udevd[328]: seq 2600 processed with 0
Jun 08 14:36:19 breadbox.penurio.us systemd-udevd[327]: seq 2604 queued, 'add' 'acpi'
Jun 08 14:36:19 breadbox.penurio.us systemd-udevd[329]: no db file to read /run/udev/data/+acpi:device:27: No such file or directory
Jun 08 14:36:19 breadbox.penurio.us systemd-udevd[327]: passed 173 bytes to netlink monitor 0x7fa12cca02f0
Jun 08 14:36:19 breadbox.penurio.us systemd-udevd[328]: seq 2601 running
Jun 08 14:36:19 breadbox.penurio.us systemd-udevd[329]: no db file to read /run/udev/data/+acpi:PNP0A08:00: No such file or directory
Jun 08 14:36:19 breadbox.penurio.us systemd-udevd[327]: passed 163 bytes to netlink monitor 0x7fa12cca02f0
Jun 08 14:36:19 breadbox.penurio.us systemd-udevd[330]: seq 2604 running
Jun 08 14:36:19 breadbox.penurio.us systemd-udevd[328]: no db file to read /run/udev/data/+acpi:device:25: No such file or directory
Jun 08 14:36:19 breadbox.penurio.us systemd-udevd[329]: passed unknown number of bytes to netlink monitor 0x7fa12ccb2a70
Jun 08 14:36:19 breadbox.penurio.us systemd-udevd[327]: seq 2605 queued, 'add' 'acpi'
Jun 08 14:36:19 breadbox.penurio.us systemd-udevd[330]: no db file to read /run/udev/data/+acpi:device:28: No such file or directory
Jun 08 14:36:19 breadbox.penurio.us systemd-udevd[328]: no db file to read /run/udev/data/+acpi:device:24: No such file or directory
Jun 08 14:36:19 breadbox.penurio.us systemd-udevd[329]: seq 2603 processed with 0
Jun 08 14:36:19 breadbox.penurio.us systemd-udevd[327]: passed 163 bytes to netlink monitor 0x7fa12cca02f0
Jun 08 14:36:19 breadbox.penurio.us systemd-udevd[331]: seq 2605 running
Jun 08 14:36:19 breadbox.penurio.us systemd-udevd[330]: no db file to read /run/udev/data/+acpi:PNP0A08:00: No such file or directory
Jun 08 14:36:19 breadbox.penurio.us systemd-udevd[328]: passed unknown number of bytes to netlink monitor 0x7fa12ccb0ff0
Jun 08 14:36:19 breadbox.penurio.us systemd-udevd[327]: seq 2606 queued, 'add' 'acpi'
Jun 08 14:36:19 breadbox.penurio.us systemd-udevd[331]: no db file to read /run/udev/data/+acpi:device:29: No such file or directory
Jun 08 14:36:19 breadbox.penurio.us systemd-udevd[330]: passed unknown number of bytes to netlink monitor 0x7fa12ccb51c0
Jun 08 14:36:19 breadbox.penurio.us systemd-udevd[328]: seq 2601 processed with 0
Jun 08 14:36:19 breadbox.penurio.us systemd-udevd[327]: passed 163 bytes to netlink monitor 0x7fa12cca02f0
Jun 08 14:36:19 breadbox.penurio.us systemd-udevd[329]: seq 2606 running
Jun 08 14:36:19 breadbox.penurio.us systemd-udevd[331]: no db file to read /run/udev/data/+acpi:PNP0A08:00: No such file or directory
Jun 08 14:36:19 breadbox.penurio.us systemd-udevd[330]: seq 2604 processed with 0
Jun 08 14:36:19 breadbox.penurio.us systemd-udevd[327]: seq 2607 queued, 'add' 'acpi'
Jun 08 14:36:19 breadbox.penurio.us systemd-udevd[329]: no db file to read /run/udev/data/+acpi:device:2a: No such file or directory
Jun 08 14:36:19 breadbox.penurio.us systemd-udevd[331]: passed unknown number of bytes to netlink monitor 0x7fa12ccb57b0
Jun 08 14:36:19 breadbox.penurio.us systemd-udevd[327]: passed 183 bytes to netlink monitor 0x7fa12cca02f0
Jun 08 14:36:19 breadbox.penurio.us systemd-udevd[328]: seq 2602 running
Jun 08 14:36:19 breadbox.penurio.us systemd-udevd[329]: no db file to read /run/udev/data/+acpi:PNP0A08:00: No such file or directory
Jun 08 14:36:19 breadbox.penurio.us systemd-udevd[331]: seq 2605 processed with 0
Jun 08 14:36:19 breadbox.penurio.us systemd-udevd[327]: seq 2608 queued, 'add' 'acpi'
Jun 08 14:36:19 breadbox.penurio.us systemd-udevd[328]: no db file to read /run/udev/data/+acpi:device:26: No such file or directory
Jun 08 14:36:19 breadbox.penurio.us systemd-udevd[329]: passed unknown number of bytes to netlink monitor 0x7fa12ccb2a70
Jun 08 14:36:19 breadbox.penurio.us systemd-udevd[327]: seq 2609 queued, 'add' 'acpi'
Jun 08 14:36:19 breadbox.penurio.us systemd-udevd[328]: no db file to read /run/udev/data/+acpi:device:25: No such file or directory
Jun 08 14:36:19 breadbox.penurio.us systemd-udevd[329]: seq 2606 processed with 0
Jun 08 14:36:19 breadbox.penurio.us systemd-udevd[327]: seq 2610 queued, 'add' 'acpi'
Jun 08 14:36:19 breadbox.penurio.us systemd-udevd[328]: passed unknown number of bytes to netlink monitor 0x7fa12ccb0ff0
Jun 08 14:36:19 breadbox.penurio.us systemd-udevd[327]: passed 173 bytes to netlink monitor 0x7fa12cca02f0
Jun 08 14:36:19 breadbox.penurio.us systemd-udevd[329]: seq 2607 running
Jun 08 14:36:19 breadbox.penurio.us systemd-udevd[328]: seq 2602 processed with 0
Jun 08 14:36:19 breadbox.penurio.us systemd-udevd[327]: passed 173 bytes to netlink monitor 0x7fa12cca02f0
Jun 08 14:36:19 breadbox.penurio.us systemd-udevd[330]: seq 2608 running
Jun 08 14:36:19 breadbox.penurio.us systemd-udevd[329]: no db file to read /run/udev/data/+acpi:device:2b: No such file or directory
Jun 08 14:36:19 breadbox.penurio.us systemd-udevd[327]: passed 173 bytes to netlink monitor 0x7fa12cca02f0
Jun 08 14:36:19 breadbox.penurio.us systemd-udevd[331]: seq 2609 running
Jun 08 14:36:19 breadbox.penurio.us systemd-udevd[330]: no db file to read /run/udev/data/+acpi:device:2c: No such file or directory
Jun 08 14:36:19 breadbox.penurio.us systemd-udevd[329]: no db file to read /run/udev/data/+acpi:device:2a: No such file or directory
Jun 08 14:36:19 breadbox.penurio.us systemd-udevd[327]: passed 173 bytes to netlink monitor 0x7fa12cca02f0
Jun 08 14:36:19 breadbox.penurio.us systemd-udevd[333]: seq 2610 running
Jun 08 14:36:19 breadbox.penurio.us systemd-udevd[331]: no db file to read /run/udev/data/+acpi:device:2d: No such file or directory
Jun 08 14:36:19 breadbox.penurio.us systemd-udevd[330]: no db file to read /run/udev/data/+acpi:device:2a: No such file or directory
Jun 08 14:36:19 breadbox.penurio.us systemd-udevd[329]: passed unknown number of bytes to netlink monitor 0x7fa12ccb2a70
Jun 08 14:36:19 breadbox.penurio.us systemd-udevd[327]: seq 2611 queued, 'add' 'acpi'
Jun 08 14:36:19 breadbox.penurio.us systemd-udevd[333]: no db file to read /run/udev/data/+acpi:device:2e: No such file or directory
Jun 08 14:36:19 breadbox.penurio.us systemd-udevd[331]: no db file to read /run/udev/data/+acpi:device:2a: No such file or directory
Jun 08 14:36:19 breadbox.penurio.us systemd-udevd[330]: passed unknown number of bytes to netlink monitor 0x7fa12ccb51c0
Jun 08 14:36:19 breadbox.penurio.us systemd-udevd[329]: seq 2607 processed with 0
Jun 08 14:36:19 breadbox.penurio.us systemd-udevd[327]: passed 173 bytes to netlink monitor 0x7fa12cca02f0
Jun 08 14:36:19 breadbox.penurio.us systemd-udevd[328]: seq 2611 running
Jun 08 14:36:19 breadbox.penurio.us systemd-udevd[333]: no db file to read /run/udev/data/+acpi:device:2a: No such file or directory
Jun 08 14:36:19 breadbox.penurio.us systemd-udevd[331]: passed unknown number of bytes to netlink monitor 0x7fa12ccb57b0
Jun 08 14:36:19 breadbox.penurio.us systemd-udevd[330]: seq 2608 processed with 0
Jun 08 14:36:19 breadbox.penurio.us systemd-udevd[327]: seq 2612 queued, 'add' 'acpi'
Jun 08 14:36:19 breadbox.penurio.us systemd-udevd[328]: no db file to read /run/udev/data/+acpi:device:2f: No such file or directory
Jun 08 14:36:19 breadbox.penurio.us systemd-udevd[333]: passed unknown number of bytes to netlink monitor 0x7fa12cca4550
Jun 08 14:36:19 breadbox.penurio.us systemd-udevd[331]: seq 2609 processed with 0
Jun 08 14:36:19 breadbox.penurio.us systemd-udevd[327]: passed 173 bytes to netlink monitor 0x7fa12cca02f0
Jun 08 14:36:19 breadbox.penurio.us systemd-udevd[329]: seq 2612 running
Jun 08 14:36:19 breadbox.penurio.us systemd-udevd[328]: no db file to read /run/udev/data/+acpi:device:2a: No such file or directory
Jun 08 14:36:19 breadbox.penurio.us systemd-udevd[333]: seq 2610 processed with 0
Jun 08 14:36:19 breadbox.penurio.us systemd-udevd[327]: seq 2613 queued, 'add' 'acpi'
Jun 08 14:36:19 breadbox.penurio.us systemd-udevd[329]: no db file to read /run/udev/data/+acpi:device:30: No such file or directory
Jun 08 14:36:19 breadbox.penurio.us systemd-udevd[328]: passed unknown number of bytes to netlink monitor 0x7fa12ccb0ff0
Jun 08 14:36:19 breadbox.penurio.us systemd-udevd[327]: passed 173 bytes to netlink monitor 0x7fa12cca02f0
Jun 08 14:36:19 breadbox.penurio.us systemd-udevd[330]: seq 2613 running
Jun 08 14:36:19 breadbox.penurio.us systemd-udevd[329]: no db file to read /run/udev/data/+acpi:device:2a: No such file or directory
Jun 08 14:36:19 breadbox.penurio.us systemd-udevd[328]: seq 2611 processed with 0
Jun 08 14:36:19 breadbox.penurio.us systemd-udevd[327]: seq 2614 queued, 'add' 'acpi'
Jun 08 14:36:19 breadbox.penurio.us systemd-udevd[330]: no db file to read /run/udev/data/+acpi:device:31: No such file or directory
Jun 08 14:36:19 breadbox.penurio.us systemd-udevd[329]: passed unknown number of bytes to netlink monitor 0x7fa12ccb2a70
Jun 08 14:36:19 breadbox.penurio.us systemd-udevd[327]: passed 173 bytes to netlink monitor 0x7fa12cca02f0
Jun 08 14:36:19 breadbox.penurio.us systemd-udevd[328]: seq 2614 running
Jun 08 14:36:19 breadbox.penurio.us systemd-udevd[330]: no db file to read /run/udev/data/+acpi:device:2a: No such file or directory
Jun 08 14:36:19 breadbox.penurio.us systemd-udevd[329]: seq 2612 processed with 0
Jun 08 14:36:19 breadbox.penurio.us systemd-udevd[327]: seq 2615 queued, 'add' 'acpi'
Jun 08 14:36:19 breadbox.penurio.us systemd-udevd[328]: no db file to read /run/udev/data/+acpi:device:32: No such file or directory
Jun 08 14:36:19 breadbox.penurio.us systemd-udevd[330]: passed unknown number of bytes to netlink monitor 0x7fa12ccb51c0
Jun 08 14:36:19 breadbox.penurio.us systemd-udevd[327]: passed 163 bytes to netlink monitor 0x7fa12cca02f0
Jun 08 14:36:19 breadbox.penurio.us systemd-udevd[329]: seq 2615 running
Jun 08 14:36:19 breadbox.penurio.us systemd-udevd[328]: no db file to read /run/udev/data/+acpi:device:2a: No such file or directory
Jun 08 14:36:19 breadbox.penurio.us systemd-udevd[330]: seq 2613 processed with 0
Jun 08 14:36:19 breadbox.penurio.us systemd-udevd[327]: seq 2616 queued, 'add' 'acpi'
Jun 08 14:36:19 breadbox.penurio.us systemd-udevd[329]: no db file to read /run/udev/data/+acpi:device:33: No such file or directory
Jun 08 14:36:19 breadbox.penurio.us systemd-udevd[328]: passed unknown number of bytes to netlink monitor 0x7fa12ccb0ff0
Jun 08 14:36:19 breadbox.penurio.us systemd-udevd[327]: seq 2617 queued, 'add' 'acpi'
Jun 08 14:36:19 breadbox.penurio.us systemd-udevd[329]: no db file to read /run/udev/data/+acpi:PNP0A08:00: No such file or directory
Jun 08 14:36:19 breadbox.penurio.us systemd-udevd[328]: seq 2614 processed with 0
Jun 08 14:36:19 breadbox.penurio.us systemd-udevd[327]: seq 2618 queued, 'add' 'acpi'
Jun 08 14:36:19 breadbox.penurio.us systemd-udevd[329]: passed unknown number of bytes to netlink monitor 0x7fa12ccb2a70
Jun 08 14:36:19 breadbox.penurio.us systemd-udevd[327]: seq 2619 queued, 'add' 'acpi'
Jun 08 14:36:19 breadbox.penurio.us systemd-udevd[329]: seq 2615 processed with 0
Jun 08 14:36:19 breadbox.penurio.us systemd-udevd[327]: seq 2620 queued, 'add' 'acpi'
Jun 08 14:36:19 breadbox.penurio.us systemd-udevd[327]: passed 173 bytes to netlink monitor 0x7fa12cca02f0
Jun 08 14:36:19 breadbox.penurio.us systemd-udevd[328]: seq 2616 running
Jun 08 14:36:19 breadbox.penurio.us systemd-udevd[327]: passed 173 bytes to netlink monitor 0x7fa12cca02f0
Jun 08 14:36:19 breadbox.penurio.us systemd-udevd[329]: seq 2617 running
Jun 08 14:36:19 breadbox.penurio.us systemd-udevd[328]: no db file to read /run/udev/data/+acpi:device:34: No such file or directory
Jun 08 14:36:19 breadbox.penurio.us systemd-udevd[327]: passed 173 bytes to netlink monitor 0x7fa12cca02f0
Jun 08 14:36:19 breadbox.penurio.us systemd-udevd[330]: seq 2618 running
Jun 08 14:36:19 breadbox.penurio.us systemd-udevd[329]: no db file to read /run/udev/data/+acpi:device:35: No such file or directory
Jun 08 14:36:19 breadbox.penurio.us systemd-udevd[328]: no db file to read /run/udev/data/+acpi:device:33: No such file or directory
Jun 08 14:36:19 breadbox.penurio.us systemd-udevd[327]: passed 173 bytes to netlink monitor 0x7fa12cca02f0
Jun 08 14:36:19 breadbox.penurio.us systemd-udevd[331]: seq 2619 running
Jun 08 14:36:19 breadbox.penurio.us systemd-udevd[330]: no db file to read /run/udev/data/+acpi:device:36: No such file or directory
Jun 08 14:36:19 breadbox.penurio.us systemd-udevd[329]: no db file to read /run/udev/data/+acpi:device:33: No such file or directory
Jun 08 14:36:19 breadbox.penurio.us systemd-udevd[328]: passed unknown number of bytes to netlink monitor 0x7fa12ccb0ff0
Jun 08 14:36:19 breadbox.penurio.us systemd-udevd[327]: passed 173 bytes to netlink monitor 0x7fa12cca02f0
Jun 08 14:36:19 breadbox.penurio.us systemd-udevd[333]: seq 2620 running
Jun 08 14:36:19 breadbox.penurio.us systemd-udevd[331]: no db file to read /run/udev/data/+acpi:device:37: No such file or directory
Jun 08 14:36:19 breadbox.penurio.us systemd-udevd[330]: no db file to read /run/udev/data/+acpi:device:33: No such file or directory
Jun 08 14:36:19 breadbox.penurio.us systemd-udevd[329]: passed unknown number of bytes to netlink monitor 0x7fa12ccb2a70
Jun 08 14:36:19 breadbox.penurio.us systemd-udevd[328]: seq 2616 processed with 0
Jun 08 14:36:19 breadbox.penurio.us systemd-udevd[327]: seq 2621 queued, 'add' 'acpi'
Jun 08 14:36:19 breadbox.penurio.us systemd-udevd[333]: no db file to read /run/udev/data/+acpi:device:38: No such file or directory
Jun 08 14:36:19 breadbox.penurio.us systemd-udevd[331]: no db file to read /run/udev/data/+acpi:device:33: No such file or directory
Jun 08 14:36:19 breadbox.penurio.us systemd-udevd[330]: passed unknown number of bytes to netlink monitor 0x7fa12ccb51c0
Jun 08 14:36:19 breadbox.penurio.us systemd-udevd[329]: seq 2617 processed with 0
Jun 08 14:36:19 breadbox.penurio.us systemd-udevd[327]: passed 173 bytes to netlink monitor 0x7fa12cca02f0
Jun 08 14:36:19 breadbox.penurio.us systemd-udevd[328]: seq 2621 running
Jun 08 14:36:19 breadbox.penurio.us systemd-udevd[333]: no db file to read /run/udev/data/+acpi:device:33: No such file or directory
Jun 08 14:36:19 breadbox.penurio.us systemd-udevd[331]: passed unknown number of bytes to netlink monitor 0x7fa12ccb57b0
Jun 08 14:36:19 breadbox.penurio.us systemd-udevd[330]: seq 2618 processed with 0
