Jun 08 14:36:18 breadbox.penurio.us systemd-udevd[330]: no db file to read /run/udev/data/+acpi:LNXCPU:32: No such file or directory
Jun 08 14:36:18 breadbox.penurio.us systemd-udevd[329]: IMPORT builtin 'hwdb' /usr/lib/udev/rules.d/50-udev-default.rules:11
Jun 08 14:36:18 breadbox.penurio.us systemd-udevd[328]: IMPORT builtin 'hwdb' returned non-zero
Jun 08 14:36:18 breadbox.penurio.us systemd-udevd[327]: passed 186 bytes to netlink monitor 0x7fa12cca02f0
Jun 08 14:36:18 breadbox.penurio.us systemd-udevd[333]: seq 2403 running
Jun 08 14:36:18 breadbox.penurio.us systemd-udevd[331]: no db file to read /run/udev/data/+acpi:LNXCPU:33: No such file or directory
Jun 08 14:36:18 breadbox.penurio.us systemd-udevd[330]: IMPORT builtin 'hwdb' /usr/lib/udev/rules.d/50-udev-default.rules:11
Jun 08 14:36:18 breadbox.penurio.us systemd-udevd[329]: IMPORT builtin 'hwdb' returned non-zero
Jun 08 14:36:18 breadbox.penurio.us systemd-udevd[328]: no db file to read /run/udev/data/+acpi:ACPI0004:01: No such file or directory
Jun 08 14:36:18 breadbox.penurio.us systemd-udevd[327]: passed 186 bytes to netlink monitor 0x7fa12cca02f0
Jun 08 14:36:18 breadbox.penurio.us systemd-udevd[334]: seq 2404 running
Jun 08 14:36:18 breadbox.penurio.us systemd-udevd[333]: no db file to read /run/udev/data/+acpi:LNXCPU:34: No such file or directory
Jun 08 14:36:18 breadbox.penurio.us systemd-udevd[331]: IMPORT builtin 'hwdb' /usr/lib/udev/rules.d/50-udev-default.rules:11
Jun 08 14:36:18 breadbox.penurio.us systemd-udevd[330]: IMPORT builtin 'hwdb' returned non-zero
Jun 08 14:36:18 breadbox.penurio.us systemd-udevd[329]: no db file to read /run/udev/data/+acpi:ACPI0004:01: No such file or directory
Jun 08 14:36:18 breadbox.penurio.us systemd-udevd[328]: RUN 'kmod load $env{MODALIAS}' /usr/lib/udev/rules.d/80-drivers.rules:5
Jun 08 14:36:18 breadbox.penurio.us systemd-udevd[327]: passed 186 bytes to netlink monitor 0x7fa12cca02f0
Jun 08 14:36:18 breadbox.penurio.us systemd-udevd[335]: seq 2405 running
Jun 08 14:36:18 breadbox.penurio.us systemd-udevd[334]: no db file to read /run/udev/data/+acpi:LNXCPU:35: No such file or directory
Jun 08 14:36:18 breadbox.penurio.us systemd-udevd[333]: IMPORT builtin 'hwdb' /usr/lib/udev/rules.d/50-udev-default.rules:11
Jun 08 14:36:18 breadbox.penurio.us systemd-udevd[331]: IMPORT builtin 'hwdb' returned non-zero
Jun 08 14:36:18 breadbox.penurio.us systemd-udevd[330]: no db file to read /run/udev/data/+acpi:ACPI0004:01: No such file or directory
Jun 08 14:36:18 breadbox.penurio.us systemd-udevd[329]: RUN 'kmod load $env{MODALIAS}' /usr/lib/udev/rules.d/80-drivers.rules:5
Jun 08 14:36:18 breadbox.penurio.us systemd-udevd[328]: Execute 'load' 'acpi:LNXCPU:'
Jun 08 14:36:18 breadbox.penurio.us systemd-udevd[327]: passed 186 bytes to netlink monitor 0x7fa12cca02f0
Jun 08 14:36:18 breadbox.penurio.us systemd-udevd[336]: seq 2406 running
Jun 08 14:36:18 breadbox.penurio.us systemd-udevd[335]: no db file to read /run/udev/data/+acpi:LNXCPU:36: No such file or directory
Jun 08 14:36:18 breadbox.penurio.us systemd-udevd[334]: IMPORT builtin 'hwdb' /usr/lib/udev/rules.d/50-udev-default.rules:11
Jun 08 14:36:18 breadbox.penurio.us systemd-udevd[333]: IMPORT builtin 'hwdb' returned non-zero
Jun 08 14:36:18 breadbox.penurio.us systemd-udevd[331]: no db file to read /run/udev/data/+acpi:ACPI0004:01: No such file or directory
Jun 08 14:36:18 breadbox.penurio.us systemd-udevd[330]: RUN 'kmod load $env{MODALIAS}' /usr/lib/udev/rules.d/80-drivers.rules:5
Jun 08 14:36:18 breadbox.penurio.us systemd-udevd[329]: Execute 'load' 'acpi:LNXCPU:'
Jun 08 14:36:18 breadbox.penurio.us systemd-udevd[328]: No module matches 'acpi:LNXCPU:'
Jun 08 14:36:18 breadbox.penurio.us systemd-udevd[327]: passed 186 bytes to netlink monitor 0x7fa12cca02f0
Jun 08 14:36:18 breadbox.penurio.us systemd-udevd[339]: seq 2407 running
Jun 08 14:36:18 breadbox.penurio.us systemd-udevd[336]: no db file to read /run/udev/data/+acpi:LNXCPU:37: No such file or directory
Jun 08 14:36:18 breadbox.penurio.us systemd-udevd[335]: IMPORT builtin 'hwdb' /usr/lib/udev/rules.d/50-udev-default.rules:11
Jun 08 14:36:18 breadbox.penurio.us systemd-udevd[334]: IMPORT builtin 'hwdb' returned non-zero
Jun 08 14:36:18 breadbox.penurio.us systemd-udevd[333]: no db file to read /run/udev/data/+acpi:ACPI0004:01: No such file or directory
Jun 08 14:36:18 breadbox.penurio.us systemd-udevd[331]: RUN 'kmod load $env{MODALIAS}' /usr/lib/udev/rules.d/80-drivers.rules:5
Jun 08 14:36:18 breadbox.penurio.us systemd-udevd[330]: Execute 'load' 'acpi:LNXCPU:'
Jun 08 14:36:18 breadbox.penurio.us systemd-udevd[329]: No module matches 'acpi:LNXCPU:'
Jun 08 14:36:18 breadbox.penurio.us systemd-udevd[328]: passed unknown number of bytes to netlink monitor 0x7fa12ccb0ff0
Jun 08 14:36:18 breadbox.penurio.us systemd-udevd[327]: passed 186 bytes to netlink monitor 0x7fa12cca02f0
Jun 08 14:36:18 breadbox.penurio.us systemd-udevd[355]: seq 2408 running
Jun 08 14:36:18 breadbox.penurio.us systemd-udevd[339]: no db file to read /run/udev/data/+acpi:LNXCPU:38: No such file or directory
Jun 08 14:36:18 breadbox.penurio.us systemd-udevd[336]: IMPORT builtin 'hwdb' /usr/lib/udev/rules.d/50-udev-default.rules:11
Jun 08 14:36:18 breadbox.penurio.us systemd-udevd[335]: IMPORT builtin 'hwdb' returned non-zero
Jun 08 14:36:18 breadbox.penurio.us systemd-udevd[334]: no db file to read /run/udev/data/+acpi:ACPI0004:01: No such file or directory
Jun 08 14:36:18 breadbox.penurio.us systemd-udevd[333]: RUN 'kmod load $env{MODALIAS}' /usr/lib/udev/rules.d/80-drivers.rules:5
Jun 08 14:36:18 breadbox.penurio.us systemd-udevd[331]: Execute 'load' 'acpi:LNXCPU:'
Jun 08 14:36:18 breadbox.penurio.us systemd-udevd[330]: No module matches 'acpi:LNXCPU:'
Jun 08 14:36:18 breadbox.penurio.us systemd-udevd[329]: passed unknown number of bytes to netlink monitor 0x7fa12ccb2a70
Jun 08 14:36:18 breadbox.penurio.us systemd-udevd[328]: seq 2399 processed with 0
Jun 08 14:36:18 breadbox.penurio.us systemd-udevd[327]: seq 2409 queued, 'add' 'acpi'
Jun 08 14:36:18 breadbox.penurio.us systemd-udevd[355]: no db file to read /run/udev/data/+acpi:LNXCPU:39: No such file or directory
Jun 08 14:36:18 breadbox.penurio.us systemd-udevd[339]: IMPORT builtin 'hwdb' /usr/lib/udev/rules.d/50-udev-default.rules:11
Jun 08 14:36:18 breadbox.penurio.us systemd-udevd[336]: IMPORT builtin 'hwdb' returned non-zero
Jun 08 14:36:18 breadbox.penurio.us systemd-udevd[335]: no db file to read /run/udev/data/+acpi:ACPI0004:01: No such file or directory
Jun 08 14:36:18 breadbox.penurio.us systemd-udevd[334]: RUN 'kmod load $env{MODALIAS}' /usr/lib/udev/rules.d/80-drivers.rules:5
Jun 08 14:36:18 breadbox.penurio.us systemd-udevd[333]: Execute 'load' 'acpi:LNXCPU:'
Jun 08 14:36:18 breadbox.penurio.us systemd-udevd[331]: No module matches 'acpi:LNXCPU:'
Jun 08 14:36:18 breadbox.penurio.us systemd-udevd[330]: passed unknown number of bytes to netlink monitor 0x7fa12ccb51c0
Jun 08 14:36:18 breadbox.penurio.us systemd-udevd[329]: seq 2400 processed with 0
Jun 08 14:36:18 breadbox.penurio.us systemd-udevd[327]: passed 186 bytes to netlink monitor 0x7fa12cca02f0
Jun 08 14:36:18 breadbox.penurio.us systemd-udevd[328]: seq 2409 running
Jun 08 14:36:18 breadbox.penurio.us systemd-udevd[355]: IMPORT builtin 'hwdb' /usr/lib/udev/rules.d/50-udev-default.rules:11
Jun 08 14:36:18 breadbox.penurio.us systemd-udevd[339]: IMPORT builtin 'hwdb' returned non-zero
Jun 08 14:36:18 breadbox.penurio.us systemd-udevd[336]: no db file to read /run/udev/data/+acpi:ACPI0004:01: No such file or directory
Jun 08 14:36:18 breadbox.penurio.us systemd-udevd[335]: RUN 'kmod load $env{MODALIAS}' /usr/lib/udev/rules.d/80-drivers.rules:5
Jun 08 14:36:18 breadbox.penurio.us systemd-udevd[334]: Execute 'load' 'acpi:LNXCPU:'
Jun 08 14:36:18 breadbox.penurio.us systemd-udevd[333]: No module matches 'acpi:LNXCPU:'
Jun 08 14:36:18 breadbox.penurio.us systemd-udevd[331]: passed unknown number of bytes to netlink monitor 0x7fa12ccb57b0
Jun 08 14:36:18 breadbox.penurio.us systemd-udevd[330]: seq 2401 processed with 0
Jun 08 14:36:18 breadbox.penurio.us systemd-udevd[327]: seq 2410 queued, 'add' 'acpi'
Jun 08 14:36:18 breadbox.penurio.us systemd-udevd[328]: no db file to read /run/udev/data/+acpi:LNXCPU:3a: No such file or directory
Jun 08 14:36:18 breadbox.penurio.us systemd-udevd[355]: IMPORT builtin 'hwdb' returned non-zero
Jun 08 14:36:18 breadbox.penurio.us systemd-udevd[339]: no db file to read /run/udev/data/+acpi:ACPI0004:01: No such file or directory
Jun 08 14:36:18 breadbox.penurio.us systemd-udevd[336]: RUN 'kmod load $env{MODALIAS}' /usr/lib/udev/rules.d/80-drivers.rules:5
Jun 08 14:36:18 breadbox.penurio.us systemd-udevd[335]: Execute 'load' 'acpi:LNXCPU:'
Jun 08 14:36:18 breadbox.penurio.us systemd-udevd[334]: No module matches 'acpi:LNXCPU:'
Jun 08 14:36:18 breadbox.penurio.us systemd-udevd[333]: passed unknown number of bytes to netlink monitor 0x7fa12cca4550
Jun 08 14:36:18 breadbox.penurio.us systemd-udevd[331]: seq 2402 processed with 0
Jun 08 14:36:18 breadbox.penurio.us systemd-udevd[327]: passed 186 bytes to netlink monitor 0x7fa12cca02f0
Jun 08 14:36:18 breadbox.penurio.us systemd-udevd[329]: seq 2410 running
Jun 08 14:36:18 breadbox.penurio.us systemd-udevd[328]: IMPORT builtin 'hwdb' /usr/lib/udev/rules.d/50-udev-default.rules:11
Jun 08 14:36:18 breadbox.penurio.us systemd-udevd[355]: no db file to read /run/udev/data/+acpi:ACPI0004:01: No such file or directory
Jun 08 14:36:18 breadbox.penurio.us systemd-udevd[339]: RUN 'kmod load $env{MODALIAS}' /usr/lib/udev/rules.d/80-drivers.rules:5
Jun 08 14:36:18 breadbox.penurio.us systemd-udevd[336]: Execute 'load' 'acpi:LNXCPU:'
Jun 08 14:36:18 breadbox.penurio.us systemd-udevd[335]: No module matches 'acpi:LNXCPU:'
Jun 08 14:36:18 breadbox.penurio.us systemd-udevd[334]: passed unknown number of bytes to netlink monitor 0x7fa12cca7a60
Jun 08 14:36:18 breadbox.penurio.us systemd-udevd[333]: seq 2403 processed with 0
Jun 08 14:36:18 breadbox.penurio.us systemd-udevd[327]: seq 2411 queued, 'add' 'acpi'
Jun 08 14:36:18 breadbox.penurio.us systemd-udevd[329]: no db file to read /run/udev/data/+acpi:LNXCPU:3b: No such file or directory
Jun 08 14:36:18 breadbox.penurio.us systemd-udevd[328]: IMPORT builtin 'hwdb' returned non-zero
Jun 08 14:36:18 breadbox.penurio.us systemd-udevd[355]: RUN 'kmod load $env{MODALIAS}' /usr/lib/udev/rules.d/80-drivers.rules:5
Jun 08 14:36:18 breadbox.penurio.us systemd-udevd[339]: Execute 'load' 'acpi:LNXCPU:'
Jun 08 14:36:18 breadbox.penurio.us systemd-udevd[336]: No module matches 'acpi:LNXCPU:'
Jun 08 14:36:18 breadbox.penurio.us systemd-udevd[335]: passed unknown number of bytes to netlink monitor 0x7fa12ccb06b0
Jun 08 14:36:18 breadbox.penurio.us systemd-udevd[334]: seq 2404 processed with 0
Jun 08 14:36:18 breadbox.penurio.us systemd-udevd[327]: passed 186 bytes to netlink monitor 0x7fa12cca02f0
Jun 08 14:36:18 breadbox.penurio.us systemd-udevd[329]: IMPORT builtin 'hwdb' /usr/lib/udev/rules.d/50-udev-default.rules:11
Jun 08 14:36:18 breadbox.penurio.us systemd-udevd[330]: seq 2411 running
Jun 08 14:36:18 breadbox.penurio.us systemd-udevd[328]: no db file to read /run/udev/data/+acpi:ACPI0004:01: No such file or directory
Jun 08 14:36:18 breadbox.penurio.us systemd-udevd[355]: Execute 'load' 'acpi:LNXCPU:'
Jun 08 14:36:18 breadbox.penurio.us systemd-udevd[339]: No module matches 'acpi:LNXCPU:'
Jun 08 14:36:18 breadbox.penurio.us systemd-udevd[336]: passed unknown number of bytes to netlink monitor 0x7fa12ccaee60
Jun 08 14:36:18 breadbox.penurio.us systemd-udevd[335]: seq 2405 processed with 0
Jun 08 14:36:18 breadbox.penurio.us systemd-udevd[327]: seq 2412 queued, 'add' 'acpi'
Jun 08 14:36:18 breadbox.penurio.us systemd-udevd[329]: IMPORT builtin 'hwdb' returned non-zero
Jun 08 14:36:18 breadbox.penurio.us systemd-udevd[330]: no db file to read /run/udev/data/+acpi:LNXCPU:3c: No such file or directory
Jun 08 14:36:18 breadbox.penurio.us systemd-udevd[328]: RUN 'kmod load $env{MODALIAS}' /usr/lib/udev/rules.d/80-drivers.rules:5
Jun 08 14:36:18 breadbox.penurio.us systemd-udevd[355]: No module matches 'acpi:LNXCPU:'
Jun 08 14:36:18 breadbox.penurio.us systemd-udevd[339]: passed unknown number of bytes to netlink monitor 0x7fa12cca53a0
Jun 08 14:36:18 breadbox.penurio.us systemd-udevd[336]: seq 2406 processed with 0
Jun 08 14:36:18 breadbox.penurio.us systemd-udevd[327]: passed 186 bytes to netlink monitor 0x7fa12cca02f0
Jun 08 14:36:18 breadbox.penurio.us systemd-udevd[331]: seq 2412 running
Jun 08 14:36:18 breadbox.penurio.us systemd-udevd[329]: no db file to read /run/udev/data/+acpi:ACPI0004:01: No such file or directory
Jun 08 14:36:18 breadbox.penurio.us systemd-udevd[330]: IMPORT builtin 'hwdb' /usr/lib/udev/rules.d/50-udev-default.rules:11
Jun 08 14:36:18 breadbox.penurio.us systemd-udevd[328]: Execute 'load' 'acpi:LNXCPU:'
Jun 08 14:36:18 breadbox.penurio.us systemd-udevd[355]: passed unknown number of bytes to netlink monitor 0x7fa12ccb6ae0
Jun 08 14:36:18 breadbox.penurio.us systemd-udevd[339]: seq 2407 processed with 0
Jun 08 14:36:18 breadbox.penurio.us systemd-udevd[327]: seq 2413 queued, 'add' 'acpi'
Jun 08 14:36:18 breadbox.penurio.us systemd-udevd[333]: seq 2413 running
Jun 08 14:36:18 breadbox.penurio.us systemd-udevd[329]: RUN 'kmod load $env{MODALIAS}' /usr/lib/udev/rules.d/80-drivers.rules:5
Jun 08 14:36:18 breadbox.penurio.us systemd-udevd[330]: IMPORT builtin 'hwdb' returned non-zero
Jun 08 14:36:18 breadbox.penurio.us systemd-udevd[328]: No module matches 'acpi:LNXCPU:'
Jun 08 14:36:18 breadbox.penurio.us systemd-udevd[355]: seq 2408 processed with 0
Jun 08 14:36:18 breadbox.penurio.us systemd-udevd[327]: passed 186 bytes to netlink monitor 0x7fa12cca02f0
Jun 08 14:36:18 breadbox.penurio.us systemd-udevd[331]: no db file to read /run/udev/data/+acpi:LNXCPU:3d: No such file or directory
Jun 08 14:36:18 breadbox.penurio.us systemd-udevd[333]: no db file to read /run/udev/data/+acpi:LNXCPU:3e: No such file or directory
Jun 08 14:36:18 breadbox.penurio.us systemd-udevd[329]: Execute 'load' 'acpi:LNXCPU:'
Jun 08 14:36:18 breadbox.penurio.us systemd-udevd[330]: no db file to read /run/udev/data/+acpi:ACPI0004:01: No such file or directory
Jun 08 14:36:18 breadbox.penurio.us systemd-udevd[328]: passed unknown number of bytes to netlink monitor 0x7fa12ccb0ff0
Jun 08 14:36:18 breadbox.penurio.us systemd-udevd[327]: seq 2414 queued, 'add' 'acpi'
Jun 08 14:36:18 breadbox.penurio.us systemd-udevd[331]: IMPORT builtin 'hwdb' /usr/lib/udev/rules.d/50-udev-default.rules:11
Jun 08 14:36:18 breadbox.penurio.us systemd-udevd[333]: IMPORT builtin 'hwdb' /usr/lib/udev/rules.d/50-udev-default.rules:11
Jun 08 14:36:18 breadbox.penurio.us systemd-udevd[329]: No module matches 'acpi:LNXCPU:'
Jun 08 14:36:18 breadbox.penurio.us systemd-udevd[330]: RUN 'kmod load $env{MODALIAS}' /usr/lib/udev/rules.d/80-drivers.rules:5
Jun 08 14:36:18 breadbox.penurio.us systemd-udevd[328]: seq 2409 processed with 0
Jun 08 14:36:18 breadbox.penurio.us systemd-udevd[327]: passed 186 bytes to netlink monitor 0x7fa12cca02f0
Jun 08 14:36:18 breadbox.penurio.us systemd-udevd[334]: seq 2414 running
Jun 08 14:36:18 breadbox.penurio.us systemd-udevd[331]: IMPORT builtin 'hwdb' returned non-zero
Jun 08 14:36:18 breadbox.penurio.us systemd-udevd[333]: IMPORT builtin 'hwdb' returned non-zero
Jun 08 14:36:18 breadbox.penurio.us systemd-udevd[329]: passed unknown number of bytes to netlink monitor 0x7fa12ccb2a70
Jun 08 14:36:18 breadbox.penurio.us systemd-udevd[330]: Execute 'load' 'acpi:LNXCPU:'
Jun 08 14:36:18 breadbox.penurio.us systemd-udevd[327]: seq 2415 queued, 'add' 'acpi'
Jun 08 14:36:18 breadbox.penurio.us systemd-udevd[328]: seq 2415 running
Jun 08 14:36:18 breadbox.penurio.us systemd-udevd[331]: no db file to read /run/udev/data/+acpi:ACPI0004:01: No such file or directory
Jun 08 14:36:18 breadbox.penurio.us systemd-udevd[333]: no db file to read /run/udev/data/+acpi:ACPI0004:01: No such file or directory
Jun 08 14:36:18 breadbox.penurio.us systemd-udevd[329]: seq 2410 processed with 0
Jun 08 14:36:18 breadbox.penurio.us systemd-udevd[330]: No module matches 'acpi:LNXCPU:'
Jun 08 14:36:18 breadbox.penurio.us systemd-udevd[327]: passed 186 bytes to netlink monitor 0x7fa12cca02f0
Jun 08 14:36:18 breadbox.penurio.us systemd-udevd[334]: no db file to read /run/udev/data/+acpi:LNXCPU:3f: No such file or directory
Jun 08 14:36:18 breadbox.penurio.us systemd-udevd[328]: no db file to read /run/udev/data/+acpi:LNXCPU:40: No such file or directory
Jun 08 14:36:18 breadbox.penurio.us systemd-udevd[331]: RUN 'kmod load $env{MODALIAS}' /usr/lib/udev/rules.d/80-drivers.rules:5
Jun 08 14:36:18 breadbox.penurio.us systemd-udevd[333]: RUN 'kmod load $env{MODALIAS}' /usr/lib/udev/rules.d/80-drivers.rules:5
Jun 08 14:36:18 breadbox.penurio.us systemd-udevd[330]: passed unknown number of bytes to netlink monitor 0x7fa12ccb51c0
Jun 08 14:36:18 breadbox.penurio.us systemd-udevd[327]: seq 2416 queued, 'add' 'acpi'
Jun 08 14:36:18 breadbox.penurio.us systemd-udevd[329]: seq 2416 running
Jun 08 14:36:18 breadbox.penurio.us systemd-udevd[328]: IMPORT builtin 'hwdb' /usr/lib/udev/rules.d/50-udev-default.rules:11
Jun 08 14:36:18 breadbox.penurio.us systemd-udevd[331]: Execute 'load' 'acpi:LNXCPU:'
Jun 08 14:36:18 breadbox.penurio.us systemd-udevd[333]: Execute 'load' 'acpi:LNXCPU:'
Jun 08 14:36:18 breadbox.penurio.us systemd-udevd[330]: seq 2411 processed with 0
Jun 08 14:36:18 breadbox.penurio.us systemd-udevd[327]: passed 186 bytes to netlink monitor 0x7fa12cca02f0
Jun 08 14:36:18 breadbox.penurio.us systemd-udevd[334]: IMPORT builtin 'hwdb' /usr/lib/udev/rules.d/50-udev-default.rules:11
Jun 08 14:36:18 breadbox.penurio.us systemd-udevd[329]: no db file to read /run/udev/data/+acpi:LNXCPU:41: No such file or directory
Jun 08 14:36:18 breadbox.penurio.us systemd-udevd[328]: IMPORT builtin 'hwdb' returned non-zero
Jun 08 14:36:18 breadbox.penurio.us systemd-udevd[331]: No module matches 'acpi:LNXCPU:'
Jun 08 14:36:18 breadbox.penurio.us systemd-udevd[333]: No module matches 'acpi:LNXCPU:'
Jun 08 14:36:18 breadbox.penurio.us systemd-udevd[327]: seq 2417 queued, 'add' 'acpi'
Jun 08 14:36:18 breadbox.penurio.us systemd-udevd[330]: seq 2417 running
Jun 08 14:36:18 breadbox.penurio.us systemd-udevd[329]: IMPORT builtin 'hwdb' /usr/lib/udev/rules.d/50-udev-default.rules:11
Jun 08 14:36:18 breadbox.penurio.us systemd-udevd[328]: no db file to read /run/udev/data/+acpi:ACPI0004:01: No such file or directory
Jun 08 14:36:18 breadbox.penurio.us systemd-udevd[331]: passed unknown number of bytes to netlink monitor 0x7fa12ccb57b0
Jun 08 14:36:18 breadbox.penurio.us systemd-udevd[333]: passed unknown number of bytes to netlink monitor 0x7fa12cca4550
Jun 08 14:36:18 breadbox.penurio.us systemd-udevd[327]: passed 186 bytes to netlink monitor 0x7fa12cca02f0
Jun 08 14:36:18 breadbox.penurio.us systemd-udevd[334]: IMPORT builtin 'hwdb' returned non-zero
Jun 08 14:36:18 breadbox.penurio.us systemd-udevd[330]: no db file to read /run/udev/data/+acpi:LNXCPU:42: No such file or directory
Jun 08 14:36:18 breadbox.penurio.us systemd-udevd[329]: IMPORT builtin 'hwdb' returned non-zero
Jun 08 14:36:18 breadbox.penurio.us systemd-udevd[328]: RUN 'kmod load $env{MODALIAS}' /usr/lib/udev/rules.d/80-drivers.rules:5
Jun 08 14:36:18 breadbox.penurio.us systemd-udevd[331]: seq 2412 processed with 0
Jun 08 14:36:18 breadbox.penurio.us systemd-udevd[333]: seq 2413 processed with 0
Jun 08 14:36:18 breadbox.penurio.us systemd-udevd[327]: seq 2418 queued, 'add' 'acpi'
Jun 08 14:36:18 breadbox.penurio.us systemd-udevd[334]: no db file to read /run/udev/data/+acpi:ACPI0004:01: No such file or directory
Jun 08 14:36:18 breadbox.penurio.us systemd-udevd[330]: IMPORT builtin 'hwdb' /usr/lib/udev/rules.d/50-udev-default.rules:11
Jun 08 14:36:18 breadbox.penurio.us systemd-udevd[329]: no db file to read /run/udev/data/+acpi:ACPI0004:01: No such file or directory
Jun 08 14:36:18 breadbox.penurio.us systemd-udevd[328]: Execute 'load' 'acpi:LNXCPU:'
Jun 08 14:36:18 breadbox.penurio.us systemd-udevd[327]: passed 186 bytes to netlink monitor 0x7fa12cca02f0
Jun 08 14:36:18 breadbox.penurio.us systemd-udevd[331]: seq 2418 running
Jun 08 14:36:18 breadbox.penurio.us systemd-udevd[334]: RUN 'kmod load $env{MODALIAS}' /usr/lib/udev/rules.d/80-drivers.rules:5
Jun 08 14:36:18 breadbox.penurio.us systemd-udevd[330]: IMPORT builtin 'hwdb' returned non-zero
Jun 08 14:36:18 breadbox.penurio.us systemd-udevd[329]: RUN 'kmod load $env{MODALIAS}' /usr/lib/udev/rules.d/80-drivers.rules:5
Jun 08 14:36:18 breadbox.penurio.us systemd-udevd[328]: No module matches 'acpi:LNXCPU:'
Jun 08 14:36:18 breadbox.penurio.us systemd-udevd[327]: seq 2419 queued, 'add' 'acpi'
Jun 08 14:36:18 breadbox.penurio.us systemd-udevd[331]: no db file to read /run/udev/data/+acpi:LNXCPU:43: No such file or directory
Jun 08 14:36:18 breadbox.penurio.us systemd-udevd[334]: Execute 'load' 'acpi:LNXCPU:'
Jun 08 14:36:18 breadbox.penurio.us systemd-udevd[330]: no db file to read /run/udev/data/+acpi:ACPI0004:01: No such file or directory
Jun 08 14:36:18 breadbox.penurio.us systemd-udevd[329]: Execute 'load' 'acpi:LNXCPU:'
Jun 08 14:36:18 breadbox.penurio.us systemd-udevd[328]: passed unknown number of bytes to netlink monitor 0x7fa12ccb0ff0
Jun 08 14:36:18 breadbox.penurio.us systemd-udevd[327]: passed 186 bytes to netlink monitor 0x7fa12cca02f0
Jun 08 14:36:18 breadbox.penurio.us systemd-udevd[333]: seq 2419 running
Jun 08 14:36:18 breadbox.penurio.us systemd-udevd[331]: IMPORT builtin 'hwdb' /usr/lib/udev/rules.d/50-udev-default.rules:11
Jun 08 14:36:18 breadbox.penurio.us systemd-udevd[334]: No module matches 'acpi:LNXCPU:'
Jun 08 14:36:18 breadbox.penurio.us systemd-udevd[330]: RUN 'kmod load $env{MODALIAS}' /usr/lib/udev/rules.d/80-drivers.rules:5
Jun 08 14:36:18 breadbox.penurio.us systemd-udevd[329]: No module matches 'acpi:LNXCPU:'
Jun 08 14:36:18 breadbox.penurio.us systemd-udevd[328]: seq 2415 processed with 0
Jun 08 14:36:18 breadbox.penurio.us systemd-udevd[327]: seq 2420 queued, 'add' 'acpi'
Jun 08 14:36:18 breadbox.penurio.us systemd-udevd[333]: no db file to read /run/udev/data/+acpi:LNXCPU:44: No such file or directory
Jun 08 14:36:18 breadbox.penurio.us systemd-udevd[331]: IMPORT builtin 'hwdb' returned non-zero
Jun 08 14:36:18 breadbox.penurio.us systemd-udevd[334]: passed unknown number of bytes to netlink monitor 0x7fa12cca7a60
Jun 08 14:36:18 breadbox.penurio.us systemd-udevd[330]: Execute 'load' 'acpi:LNXCPU:'
Jun 08 14:36:18 breadbox.penurio.us systemd-udevd[329]: passed unknown number of bytes to netlink monitor 0x7fa12ccb2a70
Jun 08 14:36:18 breadbox.penurio.us systemd-udevd[327]: passed 186 bytes to netlink monitor 0x7fa12cca02f0
Jun 08 14:36:18 breadbox.penurio.us systemd-udevd[328]: seq 2420 running
Jun 08 14:36:18 breadbox.penurio.us systemd-udevd[333]: IMPORT builtin 'hwdb' /usr/lib/udev/rules.d/50-udev-default.rules:11
Jun 08 14:36:18 breadbox.penurio.us systemd-udevd[331]: no db file to read /run/udev/data/+acpi:ACPI0004:01: No such file or directory
Jun 08 14:36:18 breadbox.penurio.us systemd-udevd[334]: seq 2414 processed with 0
Jun 08 14:36:18 breadbox.penurio.us systemd-udevd[330]: No module matches 'acpi:LNXCPU:'
Jun 08 14:36:18 breadbox.penurio.us systemd-udevd[329]: seq 2416 processed with 0
Jun 08 14:36:18 breadbox.penurio.us systemd-udevd[327]: seq 2421 queued, 'add' 'acpi'
Jun 08 14:36:18 breadbox.penurio.us systemd-udevd[328]: no db file to read /run/udev/data/+acpi:LNXCPU:45: No such file or directory
Jun 08 14:36:18 breadbox.penurio.us systemd-udevd[333]: IMPORT builtin 'hwdb' returned non-zero
Jun 08 14:36:18 breadbox.penurio.us systemd-udevd[331]: RUN 'kmod load $env{MODALIAS}' /usr/lib/udev/rules.d/80-drivers.rules:5
Jun 08 14:36:18 breadbox.penurio.us systemd-udevd[330]: passed unknown number of bytes to netlink monitor 0x7fa12ccb51c0
Jun 08 14:36:18 breadbox.penurio.us systemd-udevd[327]: passed 186 bytes to netlink monitor 0x7fa12cca02f0
Jun 08 14:36:18 breadbox.penurio.us systemd-udevd[329]: seq 2421 running
Jun 08 14:36:18 breadbox.penurio.us systemd-udevd[328]: IMPORT builtin 'hwdb' /usr/lib/udev/rules.d/50-udev-default.rules:11
Jun 08 14:36:18 breadbox.penurio.us systemd-udevd[333]: no db file to read /run/udev/data/+acpi:ACPI0004:01: No such file or directory
Jun 08 14:36:18 breadbox.penurio.us systemd-udevd[331]: Execute 'load' 'acpi:LNXCPU:'
Jun 08 14:36:18 breadbox.penurio.us systemd-udevd[330]: seq 2417 processed with 0
Jun 08 14:36:18 breadbox.penurio.us systemd-udevd[327]: seq 2422 queued, 'add' 'acpi'
Jun 08 14:36:18 breadbox.penurio.us systemd-udevd[329]: no db file to read /run/udev/data/+acpi:LNXCPU:46: No such file or directory
Jun 08 14:36:18 breadbox.penurio.us systemd-udevd[328]: IMPORT builtin 'hwdb' returned non-zero
Jun 08 14:36:18 breadbox.penurio.us systemd-udevd[333]: RUN 'kmod load $env{MODALIAS}' /usr/lib/udev/rules.d/80-drivers.rules:5
Jun 08 14:36:18 breadbox.penurio.us systemd-udevd[331]: No module matches 'acpi:LNXCPU:'
Jun 08 14:36:18 breadbox.penurio.us systemd-udevd[327]: passed 186 bytes to netlink monitor 0x7fa12cca02f0
Jun 08 14:36:18 breadbox.penurio.us systemd-udevd[330]: seq 2422 running
Jun 08 14:36:18 breadbox.penurio.us systemd-udevd[329]: IMPORT builtin 'hwdb' /usr/lib/udev/rules.d/50-udev-default.rules:11
Jun 08 14:36:18 breadbox.penurio.us systemd-udevd[328]: no db file to read /run/udev/data/+acpi:ACPI0004:01: No such file or directory
Jun 08 14:36:18 breadbox.penurio.us systemd-udevd[333]: Execute 'load' 'acpi:LNXCPU:'
Jun 08 14:36:18 breadbox.penurio.us systemd-udevd[331]: passed unknown number of bytes to netlink monitor 0x7fa12ccb57b0
Jun 08 14:36:18 breadbox.penurio.us systemd-udevd[327]: seq 2423 queued, 'add' 'acpi'
Jun 08 14:36:18 breadbox.penurio.us systemd-udevd[330]: no db file to read /run/udev/data/+acpi:LNXCPU:47: No such file or directory
Jun 08 14:36:18 breadbox.penurio.us systemd-udevd[329]: IMPORT builtin 'hwdb' returned non-zero
Jun 08 14:36:18 breadbox.penurio.us systemd-udevd[328]: RUN 'kmod load $env{MODALIAS}' /usr/lib/udev/rules.d/80-drivers.rules:5
Jun 08 14:36:18 breadbox.penurio.us systemd-udevd[333]: No module matches 'acpi:LNXCPU:'
Jun 08 14:36:18 breadbox.penurio.us systemd-udevd[331]: seq 2418 processed with 0
Jun 08 14:36:18 breadbox.penurio.us systemd-udevd[327]: passed 186 bytes to netlink monitor 0x7fa12cca02f0
Jun 08 14:36:18 breadbox.penurio.us systemd-udevd[334]: seq 2423 running
Jun 08 14:36:18 breadbox.penurio.us systemd-udevd[330]: IMPORT builtin 'hwdb' /usr/lib/udev/rules.d/50-udev-default.rules:11
Jun 08 14:36:18 breadbox.penurio.us systemd-udevd[329]: no db file to read /run/udev/data/+acpi:ACPI0004:01: No such file or directory
Jun 08 14:36:18 breadbox.penurio.us systemd-udevd[328]: Execute 'load' 'acpi:LNXCPU:'
Jun 08 14:36:18 breadbox.penurio.us systemd-udevd[333]: passed unknown number of bytes to netlink monitor 0x7fa12cca4550
Jun 08 14:36:18 breadbox.penurio.us systemd-udevd[327]: seq 2424 queued, 'add' 'acpi'
Jun 08 14:36:18 breadbox.penurio.us systemd-udevd[334]: no db file to read /run/udev/data/+acpi:LNXCPU:48: No such file or directory
Jun 08 14:36:18 breadbox.penurio.us systemd-udevd[330]: IMPORT builtin 'hwdb' returned non-zero
Jun 08 14:36:18 breadbox.penurio.us systemd-udevd[329]: RUN 'kmod load $env{MODALIAS}' /usr/lib/udev/rules.d/80-drivers.rules:5
Jun 08 14:36:18 breadbox.penurio.us systemd-udevd[328]: No module matches 'acpi:LNXCPU:'
Jun 08 14:36:18 breadbox.penurio.us systemd-udevd[333]: seq 2419 processed with 0
Jun 08 14:36:18 breadbox.penurio.us systemd-udevd[327]: passed 186 bytes to netlink monitor 0x7fa12cca02f0
Jun 08 14:36:18 breadbox.penurio.us systemd-udevd[331]: seq 2424 running
Jun 08 14:36:18 breadbox.penurio.us systemd-udevd[334]: IMPORT builtin 'hwdb' /usr/lib/udev/rules.d/50-udev-default.rules:11
Jun 08 14:36:18 breadbox.penurio.us systemd-udevd[330]: no db file to read /run/udev/data/+acpi:ACPI0004:01: No such file or directory
Jun 08 14:36:18 breadbox.penurio.us systemd-udevd[329]: Execute 'load' 'acpi:LNXCPU:'
Jun 08 14:36:18 breadbox.penurio.us systemd-udevd[328]: passed unknown number of bytes to netlink monitor 0x7fa12ccb0ff0
Jun 08 14:36:18 breadbox.penurio.us systemd-udevd[327]: seq 2425 queued, 'add' 'acpi'
Jun 08 14:36:18 breadbox.penurio.us systemd-udevd[331]: no db file to read /run/udev/data/+acpi:LNXCPU:49: No such file or directory
Jun 08 14:36:18 breadbox.penurio.us systemd-udevd[334]: IMPORT builtin 'hwdb' returned non-zero
Jun 08 14:36:18 breadbox.penurio.us systemd-udevd[330]: RUN 'kmod load $env{MODALIAS}' /usr/lib/udev/rules.d/80-drivers.rules:5
Jun 08 14:36:18 breadbox.penurio.us systemd-udevd[329]: No module matches 'acpi:LNXCPU:'
Jun 08 14:36:18 breadbox.penurio.us systemd-udevd[328]: seq 2420 processed with 0
Jun 08 14:36:18 breadbox.penurio.us systemd-udevd[327]: passed 186 bytes to netlink monitor 0x7fa12cca02f0
Jun 08 14:36:18 breadbox.penurio.us systemd-udevd[333]: seq 2425 running
Jun 08 14:36:18 breadbox.penurio.us systemd-udevd[331]: IMPORT builtin 'hwdb' /usr/lib/udev/rules.d/50-udev-default.rules:11
Jun 08 14:36:18 breadbox.penurio.us systemd-udevd[334]: no db file to read /run/udev/data/+acpi:ACPI0004:01: No such file or directory
Jun 08 14:36:18 breadbox.penurio.us systemd-udevd[330]: Execute 'load' 'acpi:LNXCPU:'
Jun 08 14:36:18 breadbox.penurio.us systemd-udevd[329]: passed unknown number of bytes to netlink monitor 0x7fa12ccb2a70
Jun 08 14:36:18 breadbox.penurio.us systemd-udevd[327]: seq 2426 queued, 'add' 'acpi'
Jun 08 14:36:18 breadbox.penurio.us systemd-udevd[333]: no db file to read /run/udev/data/+acpi:LNXCPU:4a: No such file or directory
Jun 08 14:36:18 breadbox.penurio.us systemd-udevd[331]: IMPORT builtin 'hwdb' returned non-zero
Jun 08 14:36:18 breadbox.penurio.us systemd-udevd[334]: RUN 'kmod load $env{MODALIAS}' /usr/lib/udev/rules.d/80-drivers.rules:5
Jun 08 14:36:18 breadbox.penurio.us systemd-udevd[330]: No module matches 'acpi:LNXCPU:'
Jun 08 14:36:18 breadbox.penurio.us systemd-udevd[329]: seq 2421 processed with 0
Jun 08 14:36:18 breadbox.penurio.us systemd-udevd[327]: passed 186 bytes to netlink monitor 0x7fa12cca02f0
Jun 08 14:36:18 breadbox.penurio.us systemd-udevd[328]: seq 2426 running
Jun 08 14:36:18 breadbox.penurio.us systemd-udevd[333]: IMPORT builtin 'hwdb' /usr/lib/udev/rules.d/50-udev-default.rules:11
Jun 08 14:36:18 breadbox.penurio.us systemd-udevd[331]: no db file to read /run/udev/data/+acpi:ACPI0004:01: No such file or directory
Jun 08 14:36:18 breadbox.penurio.us systemd-udevd[334]: Execute 'load' 'acpi:LNXCPU:'
Jun 08 14:36:18 breadbox.penurio.us systemd-udevd[330]: passed unknown number of bytes to netlink monitor 0x7fa12ccb51c0
Jun 08 14:36:18 breadbox.penurio.us systemd-udevd[327]: seq 2427 queued, 'add' 'acpi'
Jun 08 14:36:18 breadbox.penurio.us systemd-udevd[328]: no db file to read /run/udev/data/+acpi:LNXCPU:4b: No such file or directory
Jun 08 14:36:18 breadbox.penurio.us systemd-udevd[333]: IMPORT builtin 'hwdb' returned non-zero
Jun 08 14:36:18 breadbox.penurio.us systemd-udevd[331]: RUN 'kmod load $env{MODALIAS}' /usr/lib/udev/rules.d/80-drivers.rules:5
Jun 08 14:36:18 breadbox.penurio.us systemd-udevd[334]: No module matches 'acpi:LNXCPU:'
Jun 08 14:36:18 breadbox.penurio.us systemd-udevd[330]: seq 2422 processed with 0
Jun 08 14:36:18 breadbox.penurio.us systemd-udevd[327]: passed 186 bytes to netlink monitor 0x7fa12cca02f0
Jun 08 14:36:18 breadbox.penurio.us systemd-udevd[329]: seq 2427 running
Jun 08 14:36:18 breadbox.penurio.us systemd-udevd[328]: IMPORT builtin 'hwdb' /usr/lib/udev/rules.d/50-udev-default.rules:11
Jun 08 14:36:18 breadbox.penurio.us systemd-udevd[333]: no db file to read /run/udev/data/+acpi:ACPI0004:01: No such file or directory
Jun 08 14:36:18 breadbox.penurio.us systemd-udevd[331]: Execute 'load' 'acpi:LNXCPU:'
Jun 08 14:36:18 breadbox.penurio.us systemd-udevd[334]: passed unknown number of bytes to netlink monitor 0x7fa12cca7a60
Jun 08 14:36:18 breadbox.penurio.us systemd-udevd[327]: seq 2428 queued, 'add' 'acpi'
Jun 08 14:36:18 breadbox.penurio.us systemd-udevd[329]: no db file to read /run/udev/data/+acpi:LNXCPU:4c: No such file or directory
Jun 08 14:36:18 breadbox.penurio.us systemd-udevd[328]: IMPORT builtin 'hwdb' returned non-zero
Jun 08 14:36:18 breadbox.penurio.us systemd-udevd[333]: RUN 'kmod load $env{MODALIAS}' /usr/lib/udev/rules.d/80-drivers.rules:5
Jun 08 14:36:18 breadbox.penurio.us systemd-udevd[331]: No module matches 'acpi:LNXCPU:'
Jun 08 14:36:18 breadbox.penurio.us systemd-udevd[334]: seq 2423 processed with 0
Jun 08 14:36:18 breadbox.penurio.us systemd-udevd[327]: passed 186 bytes to netlink monitor 0x7fa12cca02f0
Jun 08 14:36:18 breadbox.penurio.us systemd-udevd[330]: seq 2428 running
Jun 08 14:36:18 breadbox.penurio.us systemd-udevd[329]: IMPORT builtin 'hwdb' /usr/lib/udev/rules.d/50-udev-default.rules:11
Jun 08 14:36:18 breadbox.penurio.us systemd-udevd[328]: no db file to read /run/udev/data/+acpi:ACPI0004:01: No such file or directory
Jun 08 14:36:18 breadbox.penurio.us systemd-udevd[333]: Execute 'load' 'acpi:LNXCPU:'
Jun 08 14:36:18 breadbox.penurio.us systemd-udevd[331]: passed unknown number of bytes to netlink monitor 0x7fa12ccb57b0
Jun 08 14:36:18 breadbox.penurio.us systemd-udevd[327]: seq 2429 queued, 'add' 'acpi'
Jun 08 14:36:18 breadbox.penurio.us systemd-udevd[334]: seq 2429 running
Jun 08 14:36:18 breadbox.penurio.us systemd-udevd[329]: IMPORT builtin 'hwdb' returned non-zero
Jun 08 14:36:18 breadbox.penurio.us systemd-udevd[328]: RUN 'kmod load $env{MODALIAS}' /usr/lib/udev/rules.d/80-drivers.rules:5
Jun 08 14:36:18 breadbox.penurio.us systemd-udevd[333]: No module matches 'acpi:LNXCPU:'
Jun 08 14:36:18 breadbox.penurio.us systemd-udevd[331]: seq 2424 processed with 0
Jun 08 14:36:18 breadbox.penurio.us systemd-udevd[327]: passed 186 bytes to netlink monitor 0x7fa12cca02f0
Jun 08 14:36:18 breadbox.penurio.us systemd-udevd[330]: no db file to read /run/udev/data/+acpi:LNXCPU:4d: No such file or directory
Jun 08 14:36:18 breadbox.penurio.us systemd-udevd[334]: no db file to read /run/udev/data/+acpi:LNXCPU:4e: No such file or directory
Jun 08 14:36:18 breadbox.penurio.us systemd-udevd[329]: no db file to read /run/udev/data/+acpi:ACPI0004:01: No such file or directory
Jun 08 14:36:18 breadbox.penurio.us systemd-udevd[328]: Execute 'load' 'acpi:LNXCPU:'
Jun 08 14:36:18 breadbox.penurio.us systemd-udevd[333]: passed unknown number of bytes to netlink monitor 0x7fa12cca4550
Jun 08 14:36:18 breadbox.penurio.us systemd-udevd[327]: seq 2430 queued, 'add' 'acpi'
Jun 08 14:36:18 breadbox.penurio.us systemd-udevd[330]: IMPORT builtin 'hwdb' /usr/lib/udev/rules.d/50-udev-default.rules:11
Jun 08 14:36:18 breadbox.penurio.us systemd-udevd[334]: IMPORT builtin 'hwdb' /usr/lib/udev/rules.d/50-udev-default.rules:11
Jun 08 14:36:18 breadbox.penurio.us systemd-udevd[329]: RUN 'kmod load $env{MODALIAS}' /usr/lib/udev/rules.d/80-drivers.rules:5
Jun 08 14:36:18 breadbox.penurio.us systemd-udevd[328]: No module matches 'acpi:LNXCPU:'
Jun 08 14:36:18 breadbox.penurio.us systemd-udevd[333]: seq 2425 processed with 0
Jun 08 14:36:18 breadbox.penurio.us systemd-udevd[327]: passed 186 bytes to netlink monitor 0x7fa12cca02f0
Jun 08 14:36:18 breadbox.penurio.us systemd-udevd[331]: seq 2430 running
Jun 08 14:36:18 breadbox.penurio.us systemd-udevd[330]: IMPORT builtin 'hwdb' returned non-zero
Jun 08 14:36:18 breadbox.penurio.us systemd-udevd[334]: IMPORT builtin 'hwdb' returned non-zero
Jun 08 14:36:18 breadbox.penurio.us systemd-udevd[329]: Execute 'load' 'acpi:LNXCPU:'
Jun 08 14:36:18 breadbox.penurio.us systemd-udevd[328]: passed unknown number of bytes to netlink monitor 0x7fa12ccb0ff0
Jun 08 14:36:18 breadbox.penurio.us systemd-udevd[327]: seq 2431 queued, 'add' 'acpi'
Jun 08 14:36:18 breadbox.penurio.us systemd-udevd[331]: no db file to read /run/udev/data/+acpi:LNXCPU:4f: No such file or directory
Jun 08 14:36:18 breadbox.penurio.us systemd-udevd[330]: no db file to read /run/udev/data/+acpi:ACPI0004:01: No such file or directory
Jun 08 14:36:18 breadbox.penurio.us systemd-udevd[334]: no db file to read /run/udev/data/+acpi:ACPI0004:01: No such file or directory
Jun 08 14:36:18 breadbox.penurio.us systemd-udevd[329]: No module matches 'acpi:LNXCPU:'
Jun 08 14:36:18 breadbox.penurio.us systemd-udevd[328]: seq 2426 processed with 0
Jun 08 14:36:18 breadbox.penurio.us systemd-udevd[327]: passed 186 bytes to netlink monitor 0x7fa12cca02f0
Jun 08 14:36:18 breadbox.penurio.us systemd-udevd[331]: IMPORT builtin 'hwdb' /usr/lib/udev/rules.d/50-udev-default.rules:11
Jun 08 14:36:18 breadbox.penurio.us systemd-udevd[333]: seq 2431 running
Jun 08 14:36:18 breadbox.penurio.us systemd-udevd[330]: RUN 'kmod load $env{MODALIAS}' /usr/lib/udev/rules.d/80-drivers.rules:5
Jun 08 14:36:18 breadbox.penurio.us systemd-udevd[334]: RUN 'kmod load $env{MODALIAS}' /usr/lib/udev/rules.d/80-drivers.rules:5
Jun 08 14:36:18 breadbox.penurio.us systemd-udevd[329]: passed unknown number of bytes to netlink monitor 0x7fa12ccb2a70
Jun 08 14:36:18 breadbox.penurio.us systemd-udevd[327]: seq 2432 queued, 'add' 'acpi'
Jun 08 14:36:18 breadbox.penurio.us systemd-udevd[331]: IMPORT builtin 'hwdb' returned non-zero
Jun 08 14:36:18 breadbox.penurio.us systemd-udevd[333]: no db file to read /run/udev/data/+acpi:LNXCPU:50: No such file or directory
Jun 08 14:36:18 breadbox.penurio.us systemd-udevd[330]: Execute 'load' 'acpi:LNXCPU:'
Jun 08 14:36:18 breadbox.penurio.us systemd-udevd[334]: Execute 'load' 'acpi:LNXCPU:'
Jun 08 14:36:18 breadbox.penurio.us systemd-udevd[329]: seq 2427 processed with 0
Jun 08 14:36:18 breadbox.penurio.us systemd-udevd[327]: passed 186 bytes to netlink monitor 0x7fa12cca02f0
Jun 08 14:36:18 breadbox.penurio.us systemd-udevd[328]: seq 2432 running
Jun 08 14:36:18 breadbox.penurio.us systemd-udevd[331]: no db file to read /run/udev/data/+acpi:ACPI0004:01: No such file or directory
Jun 08 14:36:18 breadbox.penurio.us systemd-udevd[333]: IMPORT builtin 'hwdb' /usr/lib/udev/rules.d/50-udev-default.rules:11
Jun 08 14:36:18 breadbox.penurio.us systemd-udevd[330]: No module matches 'acpi:LNXCPU:'
Jun 08 14:36:18 breadbox.penurio.us systemd-udevd[334]: No module matches 'acpi:LNXCPU:'
Jun 08 14:36:18 breadbox.penurio.us systemd-udevd[327]: seq 2433 queued, 'add' 'acpi'
Jun 08 14:36:18 breadbox.penurio.us systemd-udevd[329]: seq 2433 running
Jun 08 14:36:18 breadbox.penurio.us systemd-udevd[331]: RUN 'kmod load $env{MODALIAS}' /usr/lib/udev/rules.d/80-drivers.rules:5
Jun 08 14:36:18 breadbox.penurio.us systemd-udevd[333]: IMPORT builtin 'hwdb' returned non-zero
Jun 08 14:36:18 breadbox.penurio.us systemd-udevd[330]: passed unknown number of bytes to netlink monitor 0x7fa12ccb51c0
Jun 08 14:36:18 breadbox.penurio.us systemd-udevd[334]: passed unknown number of bytes to netlink monitor 0x7fa12cca7a60
Jun 08 14:36:18 breadbox.penurio.us systemd-udevd[327]: passed 186 bytes to netlink monitor 0x7fa12cca02f0
Jun 08 14:36:18 breadbox.penurio.us systemd-udevd[328]: no db file to read /run/udev/data/+acpi:LNXCPU:51: No such file or directory
Jun 08 14:36:18 breadbox.penurio.us systemd-udevd[329]: no db file to read /run/udev/data/+acpi:LNXCPU:52: No such file or directory
Jun 08 14:36:18 breadbox.penurio.us systemd-udevd[331]: Execute 'load' 'acpi:LNXCPU:'
Jun 08 14:36:18 breadbox.penurio.us systemd-udevd[333]: no db file to read /run/udev/data/+acpi:ACPI0004:01: No such file or directory
Jun 08 14:36:18 breadbox.penurio.us systemd-udevd[330]: seq 2428 processed with 0
Jun 08 14:36:18 breadbox.penurio.us systemd-udevd[334]: seq 2429 processed with 0
Jun 08 14:36:18 breadbox.penurio.us systemd-udevd[327]: seq 2434 queued, 'add' 'acpi'
Jun 08 14:36:18 breadbox.penurio.us systemd-udevd[328]: IMPORT builtin 'hwdb' /usr/lib/udev/rules.d/50-udev-default.rules:11
Jun 08 14:36:18 breadbox.penurio.us systemd-udevd[329]: IMPORT builtin 'hwdb' /usr/lib/udev/rules.d/50-udev-default.rules:11
Jun 08 14:36:18 breadbox.penurio.us systemd-udevd[331]: No module matches 'acpi:LNXCPU:'
Jun 08 14:36:18 breadbox.penurio.us systemd-udevd[333]: RUN 'kmod load $env{MODALIAS}' /usr/lib/udev/rules.d/80-drivers.rules:5
Jun 08 14:36:18 breadbox.penurio.us systemd-udevd[327]: passed 186 bytes to netlink monitor 0x7fa12cca02f0
Jun 08 14:36:18 breadbox.penurio.us systemd-udevd[330]: seq 2434 running
Jun 08 14:36:18 breadbox.penurio.us systemd-udevd[328]: IMPORT builtin 'hwdb' returned non-zero
Jun 08 14:36:18 breadbox.penurio.us systemd-udevd[329]: IMPORT builtin 'hwdb' returned non-zero
Jun 08 14:36:18 breadbox.penurio.us systemd-udevd[331]: passed unknown number of bytes to netlink monitor 0x7fa12ccb57b0
Jun 08 14:36:18 breadbox.penurio.us systemd-udevd[333]: Execute 'load' 'acpi:LNXCPU:'
Jun 08 14:36:18 breadbox.penurio.us systemd-udevd[327]: seq 2435 queued, 'add' 'acpi'
Jun 08 14:36:18 breadbox.penurio.us systemd-udevd[330]: no db file to read /run/udev/data/+acpi:LNXCPU:53: No such file or directory
Jun 08 14:36:18 breadbox.penurio.us systemd-udevd[328]: no db file to read /run/udev/data/+acpi:ACPI0004:01: No such file or directory
Jun 08 14:36:18 breadbox.penurio.us systemd-udevd[329]: no db file to read /run/udev/data/+acpi:ACPI0004:01: No such file or directory
Jun 08 14:36:18 breadbox.penurio.us systemd-udevd[331]: seq 2430 processed with 0
Jun 08 14:36:18 breadbox.penurio.us systemd-udevd[333]: No module matches 'acpi:LNXCPU:'
Jun 08 14:36:18 breadbox.penurio.us systemd-udevd[327]: passed 186 bytes to netlink monitor 0x7fa12cca02f0
Jun 08 14:36:18 breadbox.penurio.us systemd-udevd[334]: seq 2435 running
Jun 08 14:36:18 breadbox.penurio.us systemd-udevd[330]: IMPORT builtin 'hwdb' /usr/lib/udev/rules.d/50-udev-default.rules:11
Jun 08 14:36:18 breadbox.penurio.us systemd-udevd[328]: RUN 'kmod load $env{MODALIAS}' /usr/lib/udev/rules.d/80-drivers.rules:5
Jun 08 14:36:18 breadbox.penurio.us systemd-udevd[329]: RUN 'kmod load $env{MODALIAS}' /usr/lib/udev/rules.d/80-drivers.rules:5
Jun 08 14:36:18 breadbox.penurio.us systemd-udevd[333]: passed unknown number of bytes to netlink monitor 0x7fa12cca4550
Jun 08 14:36:18 breadbox.penurio.us systemd-udevd[327]: seq 2436 queued, 'add' 'acpi'
Jun 08 14:36:18 breadbox.penurio.us systemd-udevd[331]: seq 2436 running
Jun 08 14:36:18 breadbox.penurio.us systemd-udevd[330]: IMPORT builtin 'hwdb' returned non-zero
Jun 08 14:36:18 breadbox.penurio.us systemd-udevd[328]: Execute 'load' 'acpi:LNXCPU:'
Jun 08 14:36:18 breadbox.penurio.us systemd-udevd[329]: Execute 'load' 'acpi:LNXCPU:'
Jun 08 14:36:18 breadbox.penurio.us systemd-udevd[333]: seq 2431 processed with 0
Jun 08 14:36:18 breadbox.penurio.us systemd-udevd[327]: passed 186 bytes to netlink monitor 0x7fa12cca02f0
Jun 08 14:36:18 breadbox.penurio.us systemd-udevd[334]: no db file to read /run/udev/data/+acpi:LNXCPU:54: No such file or directory
Jun 08 14:36:18 breadbox.penurio.us systemd-udevd[331]: no db file to read /run/udev/data/+acpi:LNXCPU:55: No such file or directory
Jun 08 14:36:18 breadbox.penurio.us systemd-udevd[330]: no db file to read /run/udev/data/+acpi:ACPI0004:01: No such file or directory
Jun 08 14:36:18 breadbox.penurio.us systemd-udevd[328]: No module matches 'acpi:LNXCPU:'
Jun 08 14:36:18 breadbox.penurio.us systemd-udevd[329]: No module matches 'acpi:LNXCPU:'
Jun 08 14:36:18 breadbox.penurio.us systemd-udevd[327]: seq 2437 queued, 'add' 'acpi'
Jun 08 14:36:18 breadbox.penurio.us systemd-udevd[333]: seq 2437 running
Jun 08 14:36:18 breadbox.penurio.us systemd-udevd[331]: IMPORT builtin 'hwdb' /usr/lib/udev/rules.d/50-udev-default.rules:11
Jun 08 14:36:18 breadbox.penurio.us systemd-udevd[330]: RUN 'kmod load $env{MODALIAS}' /usr/lib/udev/rules.d/80-drivers.rules:5
Jun 08 14:36:18 breadbox.penurio.us systemd-udevd[328]: passed unknown number of bytes to netlink monitor 0x7fa12ccb0ff0
Jun 08 14:36:18 breadbox.penurio.us systemd-udevd[329]: passed unknown number of bytes to netlink monitor 0x7fa12ccb2a70
Jun 08 14:36:18 breadbox.penurio.us systemd-udevd[327]: passed 186 bytes to netlink monitor 0x7fa12cca02f0
Jun 08 14:36:18 breadbox.penurio.us systemd-udevd[334]: IMPORT builtin 'hwdb' /usr/lib/udev/rules.d/50-udev-default.rules:11
Jun 08 14:36:18 breadbox.penurio.us systemd-udevd[333]: no db file to read /run/udev/data/+acpi:LNXCPU:56: No such file or directory
Jun 08 14:36:18 breadbox.penurio.us systemd-udevd[331]: IMPORT builtin 'hwdb' returned non-zero
Jun 08 14:36:18 breadbox.penurio.us systemd-udevd[330]: Execute 'load' 'acpi:LNXCPU:'
Jun 08 14:36:18 breadbox.penurio.us systemd-udevd[328]: seq 2432 processed with 0
Jun 08 14:36:18 breadbox.penurio.us systemd-udevd[329]: seq 2433 processed with 0
Jun 08 14:36:18 breadbox.penurio.us systemd-udevd[327]: seq 2438 queued, 'add' 'acpi'
Jun 08 14:36:18 breadbox.penurio.us systemd-udevd[334]: IMPORT builtin 'hwdb' returned non-zero
Jun 08 14:36:18 breadbox.penurio.us systemd-udevd[333]: IMPORT builtin 'hwdb' /usr/lib/udev/rules.d/50-udev-default.rules:11
Jun 08 14:36:18 breadbox.penurio.us systemd-udevd[331]: no db file to read /run/udev/data/+acpi:ACPI0004:01: No such file or directory
Jun 08 14:36:18 breadbox.penurio.us systemd-udevd[330]: No module matches 'acpi:LNXCPU:'
Jun 08 14:36:18 breadbox.penurio.us systemd-udevd[327]: passed 186 bytes to netlink monitor 0x7fa12cca02f0
Jun 08 14:36:18 breadbox.penurio.us systemd-udevd[328]: seq 2438 running
Jun 08 14:36:18 breadbox.penurio.us systemd-udevd[334]: no db file to read /run/udev/data/+acpi:ACPI0004:01: No such file or directory
Jun 08 14:36:18 breadbox.penurio.us systemd-udevd[333]: IMPORT builtin 'hwdb' returned non-zero
Jun 08 14:36:18 breadbox.penurio.us systemd-udevd[331]: RUN 'kmod load $env{MODALIAS}' /usr/lib/udev/rules.d/80-drivers.rules:5
Jun 08 14:36:18 breadbox.penurio.us systemd-udevd[330]: passed unknown number of bytes to netlink monitor 0x7fa12ccb51c0
Jun 08 14:36:18 breadbox.penurio.us systemd-udevd[327]: seq 2439 queued, 'add' 'acpi'
Jun 08 14:36:18 breadbox.penurio.us systemd-udevd[328]: no db file to read /run/udev/data/+acpi:LNXCPU:57: No such file or directory
Jun 08 14:36:18 breadbox.penurio.us systemd-udevd[334]: RUN 'kmod load $env{MODALIAS}' /usr/lib/udev/rules.d/80-drivers.rules:5
Jun 08 14:36:18 breadbox.penurio.us systemd-udevd[333]: no db file to read /run/udev/data/+acpi:ACPI0004:01: No such file or directory
Jun 08 14:36:18 breadbox.penurio.us systemd-udevd[331]: Execute 'load' 'acpi:LNXCPU:'
Jun 08 14:36:18 breadbox.penurio.us systemd-udevd[330]: seq 2434 processed with 0
Jun 08 14:36:18 breadbox.penurio.us systemd-udevd[327]: passed 186 bytes to netlink monitor 0x7fa12cca02f0
Jun 08 14:36:18 breadbox.penurio.us systemd-udevd[329]: seq 2439 running
Jun 08 14:36:18 breadbox.penurio.us systemd-udevd[328]: IMPORT builtin 'hwdb' /usr/lib/udev/rules.d/50-udev-default.rules:11
Jun 08 14:36:18 breadbox.penurio.us systemd-udevd[334]: Execute 'load' 'acpi:LNXCPU:'
Jun 08 14:36:18 breadbox.penurio.us systemd-udevd[333]: RUN 'kmod load $env{MODALIAS}' /usr/lib/udev/rules.d/80-drivers.rules:5
Jun 08 14:36:18 breadbox.penurio.us systemd-udevd[331]: No module matches 'acpi:LNXCPU:'
Jun 08 14:36:18 breadbox.penurio.us systemd-udevd[327]: seq 2440 queued, 'add' 'acpi'
Jun 08 14:36:18 breadbox.penurio.us systemd-udevd[329]: no db file to read /run/udev/data/+acpi:LNXCPU:58: No such file or directory
Jun 08 14:36:18 breadbox.penurio.us systemd-udevd[328]: IMPORT builtin 'hwdb' returned non-zero
Jun 08 14:36:18 breadbox.penurio.us systemd-udevd[334]: No module matches 'acpi:LNXCPU:'
Jun 08 14:36:18 breadbox.penurio.us systemd-udevd[333]: Execute 'load' 'acpi:LNXCPU:'
Jun 08 14:36:18 breadbox.penurio.us systemd-udevd[331]: passed unknown number of bytes to netlink monitor 0x7fa12ccb57b0
Jun 08 14:36:18 breadbox.penurio.us systemd-udevd[327]: passed 186 bytes to netlink monitor 0x7fa12cca02f0
Jun 08 14:36:18 breadbox.penurio.us systemd-udevd[330]: seq 2440 running
Jun 08 14:36:18 breadbox.penurio.us systemd-udevd[329]: IMPORT builtin 'hwdb' /usr/lib/udev/rules.d/50-udev-default.rules:11
Jun 08 14:36:18 breadbox.penurio.us systemd-udevd[328]: no db file to read /run/udev/data/+acpi:ACPI0004:01: No such file or directory
Jun 08 14:36:18 breadbox.penurio.us systemd-udevd[334]: passed unknown number of bytes to netlink monitor 0x7fa12cca7a60
Jun 08 14:36:18 breadbox.penurio.us systemd-udevd[333]: No module matches 'acpi:LNXCPU:'
Jun 08 14:36:18 breadbox.penurio.us systemd-udevd[331]: seq 2436 processed with 0
Jun 08 14:36:18 breadbox.penurio.us systemd-udevd[327]: seq 2441 queued, 'add' 'acpi'
Jun 08 14:36:18 breadbox.penurio.us systemd-udevd[330]: no db file to read /run/udev/data/+acpi:LNXCPU:59: No such file or directory
Jun 08 14:36:18 breadbox.penurio.us systemd-udevd[329]: IMPORT builtin 'hwdb' returned non-zero
Jun 08 14:36:18 breadbox.penurio.us systemd-udevd[328]: RUN 'kmod load $env{MODALIAS}' /usr/lib/udev/rules.d/80-drivers.rules:5
Jun 08 14:36:18 breadbox.penurio.us systemd-udevd[334]: seq 2435 processed with 0
Jun 08 14:36:18 breadbox.penurio.us systemd-udevd[333]: passed unknown number of bytes to netlink monitor 0x7fa12cca4550
Jun 08 14:36:18 breadbox.penurio.us systemd-udevd[327]: passed 186 bytes to netlink monitor 0x7fa12cca02f0
Jun 08 14:36:18 breadbox.penurio.us systemd-udevd[331]: seq 2441 running
Jun 08 14:36:18 breadbox.penurio.us systemd-udevd[330]: IMPORT builtin 'hwdb' /usr/lib/udev/rules.d/50-udev-default.rules:11
Jun 08 14:36:18 breadbox.penurio.us systemd-udevd[329]: no db file to read /run/udev/data/+acpi:ACPI0004:01: No such file or directory
Jun 08 14:36:18 breadbox.penurio.us systemd-udevd[328]: Execute 'load' 'acpi:LNXCPU:'
Jun 08 14:36:18 breadbox.penurio.us systemd-udevd[333]: seq 2437 processed with 0
Jun 08 14:36:18 breadbox.penurio.us systemd-udevd[327]: seq 2442 queued, 'add' 'acpi'
Jun 08 14:36:18 breadbox.penurio.us systemd-udevd[331]: no db file to read /run/udev/data/+acpi:LNXCPU:5a: No such file or directory
