Jun 08 14:36:20 breadbox.penurio.us systemd-udevd[334]: passed unknown number of bytes to netlink monitor 0x7fa12cca7a60
Jun 08 14:36:20 breadbox.penurio.us systemd-udevd[327]: passed 173 bytes to netlink monitor 0x7fa12cca02f0
Jun 08 14:36:20 breadbox.penurio.us systemd-udevd[328]: seq 4067 running
Jun 08 14:36:20 breadbox.penurio.us systemd-udevd[335]: GROUP 5 /usr/lib/udev/rules.d/50-udev-default.rules:17
Jun 08 14:36:20 breadbox.penurio.us systemd-udevd[333]: handling device node '/dev/tty27', devnum=c4:27, mode=0620, uid=0, gid=5
Jun 08 14:36:20 breadbox.penurio.us systemd-udevd[329]: creating symlink '/dev/char/4:26' to '../tty26'
Jun 08 14:36:20 breadbox.penurio.us systemd-udevd[334]: seq 4063 processed with 0
Jun 08 14:36:20 breadbox.penurio.us systemd-udevd[327]: seq 4068 queued, 'add' 'tty'
Jun 08 14:36:20 breadbox.penurio.us systemd-udevd[328]: no db file to read /run/udev/data/c4:29: No such file or directory
Jun 08 14:36:20 breadbox.penurio.us systemd-udevd[335]: MODE 0620 /usr/lib/udev/rules.d/50-udev-default.rules:17
Jun 08 14:36:20 breadbox.penurio.us systemd-udevd[333]: set permissions /dev/tty27, 020620, uid=0, gid=5
Jun 08 14:36:20 breadbox.penurio.us systemd-udevd[329]: created empty file '/run/udev/data/c4:26' for '/devices/virtual/tty/tty26'
Jun 08 14:36:20 breadbox.penurio.us systemd-udevd[327]: passed 170 bytes to netlink monitor 0x7fa12cca02f0
Jun 08 14:36:20 breadbox.penurio.us systemd-udevd[334]: seq 4068 running
Jun 08 14:36:20 breadbox.penurio.us systemd-udevd[328]: GROUP 5 /usr/lib/udev/rules.d/50-udev-default.rules:17
Jun 08 14:36:20 breadbox.penurio.us systemd-udevd[335]: handling device node '/dev/tty28', devnum=c4:28, mode=0620, uid=0, gid=5
Jun 08 14:36:20 breadbox.penurio.us systemd-udevd[333]: creating symlink '/dev/char/4:27' to '../tty27'
Jun 08 14:36:20 breadbox.penurio.us systemd-udevd[329]: passed unknown number of bytes to netlink monitor 0x7fa12ccb2a70
Jun 08 14:36:20 breadbox.penurio.us systemd-udevd[327]: seq 4069 queued, 'add' 'tty'
Jun 08 14:36:20 breadbox.penurio.us systemd-udevd[334]: no db file to read /run/udev/data/c4:3: No such file or directory
Jun 08 14:36:20 breadbox.penurio.us systemd-udevd[328]: MODE 0620 /usr/lib/udev/rules.d/50-udev-default.rules:17
Jun 08 14:36:20 breadbox.penurio.us systemd-udevd[335]: set permissions /dev/tty28, 020620, uid=0, gid=5
Jun 08 14:36:20 breadbox.penurio.us systemd-udevd[333]: created empty file '/run/udev/data/c4:27' for '/devices/virtual/tty/tty27'
Jun 08 14:36:20 breadbox.penurio.us systemd-udevd[329]: seq 4064 processed with 0
Jun 08 14:36:20 breadbox.penurio.us kernel: usb 3-4.1: New USB device found, idVendor=0557, idProduct=2419
Jun 08 14:36:20 breadbox.penurio.us kernel: usb 3-4.1: New USB device strings: Mfr=0, Product=0, SerialNumber=0
Jun 08 14:36:20 breadbox.penurio.us systemd-udevd[327]: passed 173 bytes to netlink monitor 0x7fa12cca02f0
Jun 08 14:36:20 breadbox.penurio.us systemd-udevd[336]: seq 4069 running
Jun 08 14:36:20 breadbox.penurio.us systemd-udevd[334]: GROUP 5 /usr/lib/udev/rules.d/50-udev-default.rules:17
Jun 08 14:36:20 breadbox.penurio.us systemd-udevd[328]: handling device node '/dev/tty29', devnum=c4:29, mode=0620, uid=0, gid=5
Jun 08 14:36:20 breadbox.penurio.us systemd-udevd[335]: creating symlink '/dev/char/4:28' to '../tty28'
Jun 08 14:36:20 breadbox.penurio.us systemd-udevd[333]: passed unknown number of bytes to netlink monitor 0x7fa12cca4550
Jun 08 14:36:20 breadbox.penurio.us systemd-udevd[327]: seq 4070 queued, 'add' 'tty'
Jun 08 14:36:20 breadbox.penurio.us systemd-udevd[336]: no db file to read /run/udev/data/c4:30: No such file or directory
Jun 08 14:36:20 breadbox.penurio.us systemd-udevd[334]: MODE 0620 /usr/lib/udev/rules.d/50-udev-default.rules:17
Jun 08 14:36:20 breadbox.penurio.us systemd-udevd[328]: set permissions /dev/tty29, 020620, uid=0, gid=5
Jun 08 14:36:20 breadbox.penurio.us kernel: input: HID 0557:2419 as /devices/pci0000:00/0000:00:14.0/usb3/3-4/3-4.1/3-4.1:1.0/input/input2
Jun 08 14:36:20 breadbox.penurio.us systemd-udevd[335]: created empty file '/run/udev/data/c4:28' for '/devices/virtual/tty/tty28'
Jun 08 14:36:20 breadbox.penurio.us systemd-udevd[333]: seq 4065 processed with 0
Jun 08 14:36:20 breadbox.penurio.us systemd-udevd[327]: passed 173 bytes to netlink monitor 0x7fa12cca02f0
Jun 08 14:36:20 breadbox.penurio.us systemd-udevd[329]: seq 4070 running
Jun 08 14:36:20 breadbox.penurio.us systemd-udevd[336]: GROUP 5 /usr/lib/udev/rules.d/50-udev-default.rules:17
Jun 08 14:36:20 breadbox.penurio.us systemd-udevd[334]: handling device node '/dev/tty3', devnum=c4:3, mode=0620, uid=0, gid=5
Jun 08 14:36:20 breadbox.penurio.us systemd-udevd[328]: creating symlink '/dev/char/4:29' to '../tty29'
Jun 08 14:36:20 breadbox.penurio.us systemd-udevd[335]: passed unknown number of bytes to netlink monitor 0x7fa12ccb06b0
Jun 08 14:36:20 breadbox.penurio.us systemd-udevd[327]: seq 4071 queued, 'add' 'tty'
Jun 08 14:36:20 breadbox.penurio.us systemd-udevd[329]: no db file to read /run/udev/data/c4:31: No such file or directory
Jun 08 14:36:20 breadbox.penurio.us systemd-udevd[336]: MODE 0620 /usr/lib/udev/rules.d/50-udev-default.rules:17
Jun 08 14:36:20 breadbox.penurio.us systemd-udevd[334]: set permissions /dev/tty3, 020620, uid=0, gid=5
Jun 08 14:36:20 breadbox.penurio.us systemd-udevd[328]: created empty file '/run/udev/data/c4:29' for '/devices/virtual/tty/tty29'
Jun 08 14:36:20 breadbox.penurio.us systemd-udevd[335]: seq 4066 processed with 0
Jun 08 14:36:20 breadbox.penurio.us systemd-udevd[327]: passed 173 bytes to netlink monitor 0x7fa12cca02f0
Jun 08 14:36:20 breadbox.penurio.us systemd-udevd[333]: seq 4071 running
Jun 08 14:36:20 breadbox.penurio.us systemd-udevd[329]: GROUP 5 /usr/lib/udev/rules.d/50-udev-default.rules:17
Jun 08 14:36:20 breadbox.penurio.us systemd-udevd[336]: handling device node '/dev/tty30', devnum=c4:30, mode=0620, uid=0, gid=5
Jun 08 14:36:20 breadbox.penurio.us systemd-udevd[334]: creating symlink '/dev/char/4:3' to '../tty3'
Jun 08 14:36:20 breadbox.penurio.us systemd-udevd[328]: passed unknown number of bytes to netlink monitor 0x7fa12ccb0ff0
Jun 08 14:36:20 breadbox.penurio.us systemd-udevd[327]: seq 4072 queued, 'add' 'tty'
Jun 08 14:36:20 breadbox.penurio.us systemd-udevd[333]: no db file to read /run/udev/data/c4:32: No such file or directory
Jun 08 14:36:20 breadbox.penurio.us systemd-udevd[329]: MODE 0620 /usr/lib/udev/rules.d/50-udev-default.rules:17
Jun 08 14:36:20 breadbox.penurio.us systemd-udevd[336]: set permissions /dev/tty30, 020620, uid=0, gid=5
Jun 08 14:36:20 breadbox.penurio.us systemd-udevd[334]: created empty file '/run/udev/data/c4:3' for '/devices/virtual/tty/tty3'
Jun 08 14:36:20 breadbox.penurio.us systemd-udevd[328]: seq 4067 processed with 0
Jun 08 14:36:20 breadbox.penurio.us systemd-udevd[327]: passed 173 bytes to netlink monitor 0x7fa12cca02f0
Jun 08 14:36:20 breadbox.penurio.us systemd-udevd[335]: seq 4072 running
Jun 08 14:36:20 breadbox.penurio.us systemd-udevd[333]: GROUP 5 /usr/lib/udev/rules.d/50-udev-default.rules:17
Jun 08 14:36:20 breadbox.penurio.us systemd-udevd[329]: handling device node '/dev/tty31', devnum=c4:31, mode=0620, uid=0, gid=5
Jun 08 14:36:20 breadbox.penurio.us systemd-udevd[336]: creating symlink '/dev/char/4:30' to '../tty30'
Jun 08 14:36:20 breadbox.penurio.us systemd-udevd[334]: passed unknown number of bytes to netlink monitor 0x7fa12cca7a60
Jun 08 14:36:20 breadbox.penurio.us systemd-udevd[327]: seq 4073 queued, 'add' 'tty'
Jun 08 14:36:20 breadbox.penurio.us systemd-udevd[335]: no db file to read /run/udev/data/c4:33: No such file or directory
Jun 08 14:36:20 breadbox.penurio.us systemd-udevd[333]: MODE 0620 /usr/lib/udev/rules.d/50-udev-default.rules:17
Jun 08 14:36:20 breadbox.penurio.us systemd-udevd[329]: set permissions /dev/tty31, 020620, uid=0, gid=5
Jun 08 14:36:20 breadbox.penurio.us systemd-udevd[336]: created empty file '/run/udev/data/c4:30' for '/devices/virtual/tty/tty30'
Jun 08 14:36:20 breadbox.penurio.us systemd-udevd[334]: seq 4068 processed with 0
Jun 08 14:36:20 breadbox.penurio.us systemd-udevd[327]: passed 173 bytes to netlink monitor 0x7fa12cca02f0
Jun 08 14:36:20 breadbox.penurio.us systemd-udevd[328]: seq 4073 running
Jun 08 14:36:20 breadbox.penurio.us systemd-udevd[335]: GROUP 5 /usr/lib/udev/rules.d/50-udev-default.rules:17
Jun 08 14:36:20 breadbox.penurio.us systemd-udevd[333]: handling device node '/dev/tty32', devnum=c4:32, mode=0620, uid=0, gid=5
Jun 08 14:36:20 breadbox.penurio.us systemd-udevd[329]: creating symlink '/dev/char/4:31' to '../tty31'
Jun 08 14:36:20 breadbox.penurio.us systemd-udevd[336]: passed unknown number of bytes to netlink monitor 0x7fa12ccaee60
Jun 08 14:36:20 breadbox.penurio.us systemd-udevd[327]: seq 4074 queued, 'add' 'tty'
Jun 08 14:36:20 breadbox.penurio.us systemd-udevd[328]: no db file to read /run/udev/data/c4:34: No such file or directory
Jun 08 14:36:20 breadbox.penurio.us systemd-udevd[335]: MODE 0620 /usr/lib/udev/rules.d/50-udev-default.rules:17
Jun 08 14:36:20 breadbox.penurio.us systemd-udevd[333]: set permissions /dev/tty32, 020620, uid=0, gid=5
Jun 08 14:36:20 breadbox.penurio.us systemd-udevd[329]: created empty file '/run/udev/data/c4:31' for '/devices/virtual/tty/tty31'
Jun 08 14:36:20 breadbox.penurio.us systemd-udevd[336]: seq 4069 processed with 0
Jun 08 14:36:20 breadbox.penurio.us systemd-udevd[327]: passed 173 bytes to netlink monitor 0x7fa12cca02f0
Jun 08 14:36:20 breadbox.penurio.us systemd-udevd[334]: seq 4074 running
Jun 08 14:36:20 breadbox.penurio.us systemd-udevd[328]: GROUP 5 /usr/lib/udev/rules.d/50-udev-default.rules:17
Jun 08 14:36:20 breadbox.penurio.us systemd-udevd[335]: handling device node '/dev/tty33', devnum=c4:33, mode=0620, uid=0, gid=5
Jun 08 14:36:20 breadbox.penurio.us systemd-udevd[333]: creating symlink '/dev/char/4:32' to '../tty32'
Jun 08 14:36:20 breadbox.penurio.us systemd-udevd[329]: passed unknown number of bytes to netlink monitor 0x7fa12ccb2a70
Jun 08 14:36:20 breadbox.penurio.us systemd-udevd[327]: seq 4075 queued, 'add' 'tty'
Jun 08 14:36:20 breadbox.penurio.us systemd-udevd[334]: no db file to read /run/udev/data/c4:35: No such file or directory
Jun 08 14:36:20 breadbox.penurio.us systemd-udevd[328]: MODE 0620 /usr/lib/udev/rules.d/50-udev-default.rules:17
Jun 08 14:36:20 breadbox.penurio.us systemd-udevd[335]: set permissions /dev/tty33, 020620, uid=0, gid=5
Jun 08 14:36:20 breadbox.penurio.us systemd-udevd[333]: created empty file '/run/udev/data/c4:32' for '/devices/virtual/tty/tty32'
Jun 08 14:36:20 breadbox.penurio.us systemd-udevd[329]: seq 4070 processed with 0
Jun 08 14:36:20 breadbox.penurio.us systemd-udevd[327]: passed 173 bytes to netlink monitor 0x7fa12cca02f0
Jun 08 14:36:20 breadbox.penurio.us systemd-udevd[336]: seq 4075 running
Jun 08 14:36:20 breadbox.penurio.us systemd-udevd[334]: GROUP 5 /usr/lib/udev/rules.d/50-udev-default.rules:17
Jun 08 14:36:20 breadbox.penurio.us systemd-udevd[328]: handling device node '/dev/tty34', devnum=c4:34, mode=0620, uid=0, gid=5
Jun 08 14:36:20 breadbox.penurio.us systemd-udevd[335]: creating symlink '/dev/char/4:33' to '../tty33'
Jun 08 14:36:20 breadbox.penurio.us systemd-udevd[333]: passed unknown number of bytes to netlink monitor 0x7fa12cca4550
Jun 08 14:36:20 breadbox.penurio.us systemd-udevd[327]: seq 4076 queued, 'add' 'tty'
Jun 08 14:36:20 breadbox.penurio.us systemd-udevd[336]: no db file to read /run/udev/data/c4:36: No such file or directory
Jun 08 14:36:20 breadbox.penurio.us systemd-udevd[334]: MODE 0620 /usr/lib/udev/rules.d/50-udev-default.rules:17
Jun 08 14:36:20 breadbox.penurio.us systemd-udevd[328]: set permissions /dev/tty34, 020620, uid=0, gid=5
Jun 08 14:36:20 breadbox.penurio.us systemd-udevd[335]: created empty file '/run/udev/data/c4:33' for '/devices/virtual/tty/tty33'
Jun 08 14:36:20 breadbox.penurio.us systemd-udevd[333]: seq 4071 processed with 0
Jun 08 14:36:20 breadbox.penurio.us systemd-udevd[327]: passed 173 bytes to netlink monitor 0x7fa12cca02f0
Jun 08 14:36:20 breadbox.penurio.us systemd-udevd[329]: seq 4076 running
Jun 08 14:36:20 breadbox.penurio.us systemd-udevd[336]: GROUP 5 /usr/lib/udev/rules.d/50-udev-default.rules:17
Jun 08 14:36:20 breadbox.penurio.us systemd-udevd[334]: handling device node '/dev/tty35', devnum=c4:35, mode=0620, uid=0, gid=5
Jun 08 14:36:20 breadbox.penurio.us systemd-udevd[328]: creating symlink '/dev/char/4:34' to '../tty34'
Jun 08 14:36:20 breadbox.penurio.us systemd-udevd[335]: passed unknown number of bytes to netlink monitor 0x7fa12ccb06b0
Jun 08 14:36:20 breadbox.penurio.us systemd-udevd[327]: seq 4077 queued, 'add' 'tty'
Jun 08 14:36:20 breadbox.penurio.us systemd-udevd[329]: no db file to read /run/udev/data/c4:37: No such file or directory
Jun 08 14:36:20 breadbox.penurio.us systemd-udevd[336]: MODE 0620 /usr/lib/udev/rules.d/50-udev-default.rules:17
Jun 08 14:36:20 breadbox.penurio.us systemd-udevd[334]: set permissions /dev/tty35, 020620, uid=0, gid=5
Jun 08 14:36:20 breadbox.penurio.us systemd-udevd[328]: created empty file '/run/udev/data/c4:34' for '/devices/virtual/tty/tty34'
Jun 08 14:36:20 breadbox.penurio.us systemd-udevd[335]: seq 4072 processed with 0
Jun 08 14:36:20 breadbox.penurio.us systemd-udevd[327]: passed 173 bytes to netlink monitor 0x7fa12cca02f0
Jun 08 14:36:20 breadbox.penurio.us systemd-udevd[333]: seq 4077 running
Jun 08 14:36:20 breadbox.penurio.us systemd-udevd[329]: GROUP 5 /usr/lib/udev/rules.d/50-udev-default.rules:17
Jun 08 14:36:20 breadbox.penurio.us systemd-udevd[336]: handling device node '/dev/tty36', devnum=c4:36, mode=0620, uid=0, gid=5
Jun 08 14:36:20 breadbox.penurio.us systemd-udevd[334]: creating symlink '/dev/char/4:35' to '../tty35'
Jun 08 14:36:20 breadbox.penurio.us systemd-udevd[328]: passed unknown number of bytes to netlink monitor 0x7fa12ccb0ff0
Jun 08 14:36:20 breadbox.penurio.us systemd-udevd[327]: seq 4078 queued, 'add' 'tty'
Jun 08 14:36:20 breadbox.penurio.us systemd-udevd[333]: no db file to read /run/udev/data/c4:38: No such file or directory
Jun 08 14:36:20 breadbox.penurio.us systemd-udevd[329]: MODE 0620 /usr/lib/udev/rules.d/50-udev-default.rules:17
Jun 08 14:36:20 breadbox.penurio.us systemd-udevd[336]: set permissions /dev/tty36, 020620, uid=0, gid=5
Jun 08 14:36:20 breadbox.penurio.us systemd-udevd[334]: created empty file '/run/udev/data/c4:35' for '/devices/virtual/tty/tty35'
Jun 08 14:36:20 breadbox.penurio.us systemd-udevd[328]: seq 4073 processed with 0
Jun 08 14:36:20 breadbox.penurio.us systemd-udevd[327]: passed 173 bytes to netlink monitor 0x7fa12cca02f0
Jun 08 14:36:20 breadbox.penurio.us systemd-udevd[335]: seq 4078 running
Jun 08 14:36:20 breadbox.penurio.us systemd-udevd[333]: GROUP 5 /usr/lib/udev/rules.d/50-udev-default.rules:17
Jun 08 14:36:20 breadbox.penurio.us systemd-udevd[329]: handling device node '/dev/tty37', devnum=c4:37, mode=0620, uid=0, gid=5
Jun 08 14:36:20 breadbox.penurio.us systemd-udevd[336]: creating symlink '/dev/char/4:36' to '../tty36'
Jun 08 14:36:20 breadbox.penurio.us systemd-udevd[334]: passed unknown number of bytes to netlink monitor 0x7fa12cca7a60
Jun 08 14:36:20 breadbox.penurio.us systemd-udevd[327]: seq 4079 queued, 'add' 'tty'
Jun 08 14:36:20 breadbox.penurio.us systemd-udevd[335]: no db file to read /run/udev/data/c4:39: No such file or directory
Jun 08 14:36:20 breadbox.penurio.us systemd-udevd[333]: MODE 0620 /usr/lib/udev/rules.d/50-udev-default.rules:17
Jun 08 14:36:20 breadbox.penurio.us systemd-udevd[329]: set permissions /dev/tty37, 020620, uid=0, gid=5
Jun 08 14:36:20 breadbox.penurio.us systemd-udevd[336]: created empty file '/run/udev/data/c4:36' for '/devices/virtual/tty/tty36'
Jun 08 14:36:20 breadbox.penurio.us systemd-udevd[334]: seq 4074 processed with 0
Jun 08 14:36:20 breadbox.penurio.us systemd-udevd[327]: passed 170 bytes to netlink monitor 0x7fa12cca02f0
Jun 08 14:36:20 breadbox.penurio.us systemd-udevd[328]: seq 4079 running
Jun 08 14:36:20 breadbox.penurio.us systemd-udevd[335]: GROUP 5 /usr/lib/udev/rules.d/50-udev-default.rules:17
Jun 08 14:36:20 breadbox.penurio.us systemd-udevd[333]: handling device node '/dev/tty38', devnum=c4:38, mode=0620, uid=0, gid=5
Jun 08 14:36:20 breadbox.penurio.us systemd-udevd[329]: creating symlink '/dev/char/4:37' to '../tty37'
Jun 08 14:36:20 breadbox.penurio.us systemd-udevd[336]: passed unknown number of bytes to netlink monitor 0x7fa12ccaee60
Jun 08 14:36:20 breadbox.penurio.us systemd-udevd[327]: seq 4080 queued, 'add' 'tty'
Jun 08 14:36:20 breadbox.penurio.us systemd-udevd[328]: no db file to read /run/udev/data/c4:4: No such file or directory
Jun 08 14:36:20 breadbox.penurio.us systemd-udevd[335]: MODE 0620 /usr/lib/udev/rules.d/50-udev-default.rules:17
Jun 08 14:36:20 breadbox.penurio.us systemd-udevd[333]: set permissions /dev/tty38, 020620, uid=0, gid=5
Jun 08 14:36:20 breadbox.penurio.us systemd-udevd[329]: created empty file '/run/udev/data/c4:37' for '/devices/virtual/tty/tty37'
Jun 08 14:36:20 breadbox.penurio.us systemd-udevd[336]: seq 4075 processed with 0
Jun 08 14:36:20 breadbox.penurio.us systemd-udevd[327]: passed 173 bytes to netlink monitor 0x7fa12cca02f0
Jun 08 14:36:20 breadbox.penurio.us systemd-udevd[334]: seq 4080 running
Jun 08 14:36:20 breadbox.penurio.us systemd-udevd[328]: GROUP 5 /usr/lib/udev/rules.d/50-udev-default.rules:17
Jun 08 14:36:20 breadbox.penurio.us systemd-udevd[335]: handling device node '/dev/tty39', devnum=c4:39, mode=0620, uid=0, gid=5
Jun 08 14:36:20 breadbox.penurio.us systemd-udevd[333]: creating symlink '/dev/char/4:38' to '../tty38'
Jun 08 14:36:20 breadbox.penurio.us systemd-udevd[329]: passed unknown number of bytes to netlink monitor 0x7fa12ccb2a70
Jun 08 14:36:20 breadbox.penurio.us systemd-udevd[327]: seq 4081 queued, 'add' 'tty'
Jun 08 14:36:20 breadbox.penurio.us systemd-udevd[336]: seq 4081 running
Jun 08 14:36:20 breadbox.penurio.us systemd-udevd[328]: MODE 0620 /usr/lib/udev/rules.d/50-udev-default.rules:17
Jun 08 14:36:20 breadbox.penurio.us systemd-udevd[335]: set permissions /dev/tty39, 020620, uid=0, gid=5
Jun 08 14:36:20 breadbox.penurio.us systemd-udevd[333]: created empty file '/run/udev/data/c4:38' for '/devices/virtual/tty/tty38'
Jun 08 14:36:20 breadbox.penurio.us systemd-udevd[329]: seq 4076 processed with 0
Jun 08 14:36:20 breadbox.penurio.us systemd-udevd[327]: passed 173 bytes to netlink monitor 0x7fa12cca02f0
Jun 08 14:36:20 breadbox.penurio.us systemd-udevd[334]: no db file to read /run/udev/data/c4:40: No such file or directory
Jun 08 14:36:20 breadbox.penurio.us systemd-udevd[336]: no db file to read /run/udev/data/c4:41: No such file or directory
Jun 08 14:36:20 breadbox.penurio.us systemd-udevd[328]: handling device node '/dev/tty4', devnum=c4:4, mode=0620, uid=0, gid=5
Jun 08 14:36:20 breadbox.penurio.us systemd-udevd[335]: creating symlink '/dev/char/4:39' to '../tty39'
Jun 08 14:36:20 breadbox.penurio.us systemd-udevd[333]: passed unknown number of bytes to netlink monitor 0x7fa12cca4550
Jun 08 14:36:20 breadbox.penurio.us systemd-udevd[327]: seq 4082 queued, 'add' 'tty'
Jun 08 14:36:20 breadbox.penurio.us systemd-udevd[334]: GROUP 5 /usr/lib/udev/rules.d/50-udev-default.rules:17
Jun 08 14:36:20 breadbox.penurio.us systemd-udevd[336]: GROUP 5 /usr/lib/udev/rules.d/50-udev-default.rules:17
Jun 08 14:36:20 breadbox.penurio.us systemd-udevd[328]: set permissions /dev/tty4, 020620, uid=0, gid=5
Jun 08 14:36:20 breadbox.penurio.us systemd-udevd[335]: created empty file '/run/udev/data/c4:39' for '/devices/virtual/tty/tty39'
Jun 08 14:36:20 breadbox.penurio.us systemd-udevd[333]: seq 4077 processed with 0
Jun 08 14:36:20 breadbox.penurio.us systemd-udevd[327]: passed 173 bytes to netlink monitor 0x7fa12cca02f0
Jun 08 14:36:20 breadbox.penurio.us systemd-udevd[329]: seq 4082 running
Jun 08 14:36:20 breadbox.penurio.us systemd-udevd[334]: MODE 0620 /usr/lib/udev/rules.d/50-udev-default.rules:17
Jun 08 14:36:20 breadbox.penurio.us systemd-udevd[336]: MODE 0620 /usr/lib/udev/rules.d/50-udev-default.rules:17
Jun 08 14:36:20 breadbox.penurio.us systemd-udevd[328]: creating symlink '/dev/char/4:4' to '../tty4'
Jun 08 14:36:20 breadbox.penurio.us systemd-udevd[335]: passed unknown number of bytes to netlink monitor 0x7fa12ccb06b0
Jun 08 14:36:20 breadbox.penurio.us systemd-udevd[327]: seq 4083 queued, 'add' 'tty'
Jun 08 14:36:20 breadbox.penurio.us systemd-udevd[333]: seq 4083 running
Jun 08 14:36:20 breadbox.penurio.us systemd-udevd[334]: handling device node '/dev/tty40', devnum=c4:40, mode=0620, uid=0, gid=5
Jun 08 14:36:20 breadbox.penurio.us systemd-udevd[336]: handling device node '/dev/tty41', devnum=c4:41, mode=0620, uid=0, gid=5
Jun 08 14:36:20 breadbox.penurio.us systemd-udevd[328]: created empty file '/run/udev/data/c4:4' for '/devices/virtual/tty/tty4'
Jun 08 14:36:20 breadbox.penurio.us systemd-udevd[335]: seq 4078 processed with 0
Jun 08 14:36:20 breadbox.penurio.us systemd-udevd[327]: passed 173 bytes to netlink monitor 0x7fa12cca02f0
Jun 08 14:36:20 breadbox.penurio.us systemd-udevd[329]: no db file to read /run/udev/data/c4:42: No such file or directory
Jun 08 14:36:20 breadbox.penurio.us systemd-udevd[333]: no db file to read /run/udev/data/c4:43: No such file or directory
Jun 08 14:36:20 breadbox.penurio.us systemd-udevd[334]: set permissions /dev/tty40, 020620, uid=0, gid=5
Jun 08 14:36:20 breadbox.penurio.us systemd-udevd[336]: set permissions /dev/tty41, 020620, uid=0, gid=5
Jun 08 14:36:20 breadbox.penurio.us systemd-udevd[328]: passed unknown number of bytes to netlink monitor 0x7fa12ccb0ff0
Jun 08 14:36:20 breadbox.penurio.us systemd-udevd[327]: seq 4084 queued, 'add' 'tty'
Jun 08 14:36:20 breadbox.penurio.us systemd-udevd[335]: seq 4084 running
Jun 08 14:36:20 breadbox.penurio.us systemd-udevd[333]: GROUP 5 /usr/lib/udev/rules.d/50-udev-default.rules:17
Jun 08 14:36:20 breadbox.penurio.us systemd-udevd[334]: creating symlink '/dev/char/4:40' to '../tty40'
Jun 08 14:36:20 breadbox.penurio.us systemd-udevd[336]: creating symlink '/dev/char/4:41' to '../tty41'
Jun 08 14:36:20 breadbox.penurio.us systemd-udevd[328]: seq 4079 processed with 0
Jun 08 14:36:20 breadbox.penurio.us systemd-udevd[327]: passed 173 bytes to netlink monitor 0x7fa12cca02f0
Jun 08 14:36:20 breadbox.penurio.us systemd-udevd[329]: GROUP 5 /usr/lib/udev/rules.d/50-udev-default.rules:17
Jun 08 14:36:20 breadbox.penurio.us systemd-udevd[335]: no db file to read /run/udev/data/c4:44: No such file or directory
Jun 08 14:36:20 breadbox.penurio.us systemd-udevd[333]: MODE 0620 /usr/lib/udev/rules.d/50-udev-default.rules:17
Jun 08 14:36:20 breadbox.penurio.us systemd-udevd[334]: created empty file '/run/udev/data/c4:40' for '/devices/virtual/tty/tty40'
Jun 08 14:36:20 breadbox.penurio.us systemd-udevd[336]: created empty file '/run/udev/data/c4:41' for '/devices/virtual/tty/tty41'
Jun 08 14:36:20 breadbox.penurio.us systemd-udevd[327]: seq 4085 queued, 'add' 'tty'
Jun 08 14:36:20 breadbox.penurio.us systemd-udevd[329]: MODE 0620 /usr/lib/udev/rules.d/50-udev-default.rules:17
Jun 08 14:36:20 breadbox.penurio.us systemd-udevd[335]: GROUP 5 /usr/lib/udev/rules.d/50-udev-default.rules:17
Jun 08 14:36:20 breadbox.penurio.us systemd-udevd[333]: handling device node '/dev/tty43', devnum=c4:43, mode=0620, uid=0, gid=5
Jun 08 14:36:20 breadbox.penurio.us systemd-udevd[334]: passed unknown number of bytes to netlink monitor 0x7fa12cca7a60
Jun 08 14:36:20 breadbox.penurio.us systemd-udevd[336]: passed unknown number of bytes to netlink monitor 0x7fa12ccaee60
Jun 08 14:36:20 breadbox.penurio.us systemd-udevd[327]: passed 173 bytes to netlink monitor 0x7fa12cca02f0
Jun 08 14:36:20 breadbox.penurio.us systemd-udevd[328]: seq 4085 running
Jun 08 14:36:20 breadbox.penurio.us systemd-udevd[329]: handling device node '/dev/tty42', devnum=c4:42, mode=0620, uid=0, gid=5
Jun 08 14:36:20 breadbox.penurio.us systemd-udevd[335]: MODE 0620 /usr/lib/udev/rules.d/50-udev-default.rules:17
Jun 08 14:36:20 breadbox.penurio.us systemd-udevd[333]: set permissions /dev/tty43, 020620, uid=0, gid=5
Jun 08 14:36:20 breadbox.penurio.us systemd-udevd[334]: seq 4080 processed with 0
Jun 08 14:36:20 breadbox.penurio.us systemd-udevd[336]: seq 4081 processed with 0
Jun 08 14:36:20 breadbox.penurio.us systemd-udevd[327]: seq 4086 queued, 'add' 'tty'
Jun 08 14:36:20 breadbox.penurio.us systemd-udevd[328]: no db file to read /run/udev/data/c4:45: No such file or directory
Jun 08 14:36:20 breadbox.penurio.us systemd-udevd[329]: set permissions /dev/tty42, 020620, uid=0, gid=5
Jun 08 14:36:20 breadbox.penurio.us systemd-udevd[335]: handling device node '/dev/tty44', devnum=c4:44, mode=0620, uid=0, gid=5
Jun 08 14:36:20 breadbox.penurio.us systemd-udevd[333]: creating symlink '/dev/char/4:43' to '../tty43'
Jun 08 14:36:20 breadbox.penurio.us systemd-udevd[327]: passed 173 bytes to netlink monitor 0x7fa12cca02f0
Jun 08 14:36:20 breadbox.penurio.us systemd-udevd[334]: seq 4086 running
Jun 08 14:36:20 breadbox.penurio.us systemd-udevd[328]: GROUP 5 /usr/lib/udev/rules.d/50-udev-default.rules:17
Jun 08 14:36:20 breadbox.penurio.us systemd-udevd[329]: creating symlink '/dev/char/4:42' to '../tty42'
Jun 08 14:36:20 breadbox.penurio.us systemd-udevd[335]: set permissions /dev/tty44, 020620, uid=0, gid=5
Jun 08 14:36:20 breadbox.penurio.us systemd-udevd[333]: created empty file '/run/udev/data/c4:43' for '/devices/virtual/tty/tty43'
Jun 08 14:36:20 breadbox.penurio.us systemd-udevd[327]: seq 4087 queued, 'add' 'tty'
Jun 08 14:36:20 breadbox.penurio.us systemd-udevd[334]: no db file to read /run/udev/data/c4:46: No such file or directory
Jun 08 14:36:20 breadbox.penurio.us systemd-udevd[328]: MODE 0620 /usr/lib/udev/rules.d/50-udev-default.rules:17
Jun 08 14:36:20 breadbox.penurio.us systemd-udevd[329]: created empty file '/run/udev/data/c4:42' for '/devices/virtual/tty/tty42'
Jun 08 14:36:20 breadbox.penurio.us systemd-udevd[335]: creating symlink '/dev/char/4:44' to '../tty44'
Jun 08 14:36:20 breadbox.penurio.us systemd-udevd[333]: passed unknown number of bytes to netlink monitor 0x7fa12cca4550
Jun 08 14:36:20 breadbox.penurio.us systemd-udevd[327]: passed 173 bytes to netlink monitor 0x7fa12cca02f0
Jun 08 14:36:20 breadbox.penurio.us systemd-udevd[336]: seq 4087 running
Jun 08 14:36:20 breadbox.penurio.us systemd-udevd[334]: GROUP 5 /usr/lib/udev/rules.d/50-udev-default.rules:17
Jun 08 14:36:20 breadbox.penurio.us systemd-udevd[328]: handling device node '/dev/tty45', devnum=c4:45, mode=0620, uid=0, gid=5
Jun 08 14:36:20 breadbox.penurio.us systemd-udevd[329]: passed unknown number of bytes to netlink monitor 0x7fa12ccb2a70
Jun 08 14:36:20 breadbox.penurio.us systemd-udevd[335]: created empty file '/run/udev/data/c4:44' for '/devices/virtual/tty/tty44'
Jun 08 14:36:20 breadbox.penurio.us systemd-udevd[333]: seq 4083 processed with 0
Jun 08 14:36:20 breadbox.penurio.us systemd-udevd[327]: seq 4088 queued, 'add' 'tty'
Jun 08 14:36:20 breadbox.penurio.us systemd-udevd[336]: no db file to read /run/udev/data/c4:47: No such file or directory
Jun 08 14:36:20 breadbox.penurio.us systemd-udevd[334]: MODE 0620 /usr/lib/udev/rules.d/50-udev-default.rules:17
Jun 08 14:36:20 breadbox.penurio.us systemd-udevd[328]: set permissions /dev/tty45, 020620, uid=0, gid=5
Jun 08 14:36:20 breadbox.penurio.us systemd-udevd[329]: seq 4082 processed with 0
Jun 08 14:36:20 breadbox.penurio.us systemd-udevd[335]: passed unknown number of bytes to netlink monitor 0x7fa12ccb06b0
Jun 08 14:36:20 breadbox.penurio.us systemd-udevd[327]: passed 173 bytes to netlink monitor 0x7fa12cca02f0
Jun 08 14:36:20 breadbox.penurio.us systemd-udevd[333]: seq 4088 running
Jun 08 14:36:20 breadbox.penurio.us systemd-udevd[336]: GROUP 5 /usr/lib/udev/rules.d/50-udev-default.rules:17
Jun 08 14:36:20 breadbox.penurio.us systemd-udevd[334]: handling device node '/dev/tty46', devnum=c4:46, mode=0620, uid=0, gid=5
Jun 08 14:36:20 breadbox.penurio.us systemd-udevd[328]: creating symlink '/dev/char/4:45' to '../tty45'
Jun 08 14:36:20 breadbox.penurio.us systemd-udevd[335]: seq 4084 processed with 0
Jun 08 14:36:20 breadbox.penurio.us systemd-udevd[327]: seq 4089 queued, 'add' 'tty'
Jun 08 14:36:20 breadbox.penurio.us systemd-udevd[333]: no db file to read /run/udev/data/c4:48: No such file or directory
Jun 08 14:36:20 breadbox.penurio.us systemd-udevd[336]: MODE 0620 /usr/lib/udev/rules.d/50-udev-default.rules:17
Jun 08 14:36:20 breadbox.penurio.us systemd-udevd[334]: set permissions /dev/tty46, 020620, uid=0, gid=5
Jun 08 14:36:20 breadbox.penurio.us systemd-udevd[328]: created empty file '/run/udev/data/c4:45' for '/devices/virtual/tty/tty45'
Jun 08 14:36:20 breadbox.penurio.us systemd-udevd[327]: passed 173 bytes to netlink monitor 0x7fa12cca02f0
Jun 08 14:36:20 breadbox.penurio.us systemd-udevd[329]: seq 4089 running
Jun 08 14:36:20 breadbox.penurio.us systemd-udevd[333]: GROUP 5 /usr/lib/udev/rules.d/50-udev-default.rules:17
Jun 08 14:36:20 breadbox.penurio.us systemd-udevd[336]: handling device node '/dev/tty47', devnum=c4:47, mode=0620, uid=0, gid=5
Jun 08 14:36:20 breadbox.penurio.us systemd-udevd[334]: creating symlink '/dev/char/4:46' to '../tty46'
Jun 08 14:36:20 breadbox.penurio.us systemd-udevd[328]: passed unknown number of bytes to netlink monitor 0x7fa12ccb0ff0
Jun 08 14:36:20 breadbox.penurio.us systemd-udevd[327]: seq 4090 queued, 'add' 'tty'
Jun 08 14:36:20 breadbox.penurio.us systemd-udevd[329]: no db file to read /run/udev/data/c4:49: No such file or directory
Jun 08 14:36:20 breadbox.penurio.us systemd-udevd[333]: MODE 0620 /usr/lib/udev/rules.d/50-udev-default.rules:17
Jun 08 14:36:20 breadbox.penurio.us systemd-udevd[336]: set permissions /dev/tty47, 020620, uid=0, gid=5
Jun 08 14:36:20 breadbox.penurio.us systemd-udevd[334]: created empty file '/run/udev/data/c4:46' for '/devices/virtual/tty/tty46'
Jun 08 14:36:20 breadbox.penurio.us systemd-udevd[328]: seq 4085 processed with 0
Jun 08 14:36:20 breadbox.penurio.us systemd-udevd[327]: passed 170 bytes to netlink monitor 0x7fa12cca02f0
Jun 08 14:36:20 breadbox.penurio.us systemd-udevd[335]: seq 4090 running
Jun 08 14:36:20 breadbox.penurio.us systemd-udevd[329]: GROUP 5 /usr/lib/udev/rules.d/50-udev-default.rules:17
Jun 08 14:36:20 breadbox.penurio.us systemd-udevd[333]: handling device node '/dev/tty48', devnum=c4:48, mode=0620, uid=0, gid=5
Jun 08 14:36:20 breadbox.penurio.us systemd-udevd[336]: creating symlink '/dev/char/4:47' to '../tty47'
Jun 08 14:36:20 breadbox.penurio.us systemd-udevd[334]: passed unknown number of bytes to netlink monitor 0x7fa12cca7a60
Jun 08 14:36:20 breadbox.penurio.us systemd-udevd[327]: seq 4091 queued, 'add' 'tty'
Jun 08 14:36:20 breadbox.penurio.us systemd-udevd[335]: no db file to read /run/udev/data/c4:5: No such file or directory
Jun 08 14:36:20 breadbox.penurio.us systemd-udevd[329]: MODE 0620 /usr/lib/udev/rules.d/50-udev-default.rules:17
Jun 08 14:36:20 breadbox.penurio.us systemd-udevd[333]: set permissions /dev/tty48, 020620, uid=0, gid=5
Jun 08 14:36:20 breadbox.penurio.us systemd-udevd[336]: created empty file '/run/udev/data/c4:47' for '/devices/virtual/tty/tty47'
Jun 08 14:36:20 breadbox.penurio.us systemd-udevd[334]: seq 4086 processed with 0
Jun 08 14:36:20 breadbox.penurio.us systemd-udevd[327]: passed 173 bytes to netlink monitor 0x7fa12cca02f0
Jun 08 14:36:20 breadbox.penurio.us systemd-udevd[328]: seq 4091 running
Jun 08 14:36:20 breadbox.penurio.us systemd-udevd[335]: GROUP 5 /usr/lib/udev/rules.d/50-udev-default.rules:17
Jun 08 14:36:20 breadbox.penurio.us systemd-udevd[329]: handling device node '/dev/tty49', devnum=c4:49, mode=0620, uid=0, gid=5
Jun 08 14:36:20 breadbox.penurio.us systemd-udevd[333]: creating symlink '/dev/char/4:48' to '../tty48'
Jun 08 14:36:20 breadbox.penurio.us systemd-udevd[336]: passed unknown number of bytes to netlink monitor 0x7fa12ccaee60
Jun 08 14:36:20 breadbox.penurio.us systemd-udevd[327]: seq 4092 queued, 'add' 'tty'
Jun 08 14:36:20 breadbox.penurio.us systemd-udevd[328]: no db file to read /run/udev/data/c4:50: No such file or directory
Jun 08 14:36:20 breadbox.penurio.us systemd-udevd[335]: MODE 0620 /usr/lib/udev/rules.d/50-udev-default.rules:17
Jun 08 14:36:20 breadbox.penurio.us systemd-udevd[329]: set permissions /dev/tty49, 020620, uid=0, gid=5
Jun 08 14:36:20 breadbox.penurio.us systemd-udevd[333]: created empty file '/run/udev/data/c4:48' for '/devices/virtual/tty/tty48'
Jun 08 14:36:20 breadbox.penurio.us systemd-udevd[336]: seq 4087 processed with 0
Jun 08 14:36:20 breadbox.penurio.us systemd-udevd[327]: passed 173 bytes to netlink monitor 0x7fa12cca02f0
Jun 08 14:36:20 breadbox.penurio.us systemd-udevd[334]: seq 4092 running
Jun 08 14:36:20 breadbox.penurio.us systemd-udevd[328]: GROUP 5 /usr/lib/udev/rules.d/50-udev-default.rules:17
Jun 08 14:36:20 breadbox.penurio.us systemd-udevd[335]: handling device node '/dev/tty5', devnum=c4:5, mode=0620, uid=0, gid=5
Jun 08 14:36:20 breadbox.penurio.us systemd-udevd[329]: creating symlink '/dev/char/4:49' to '../tty49'
Jun 08 14:36:20 breadbox.penurio.us systemd-udevd[333]: passed unknown number of bytes to netlink monitor 0x7fa12cca4550
Jun 08 14:36:20 breadbox.penurio.us systemd-udevd[327]: seq 4093 queued, 'add' 'tty'
Jun 08 14:36:20 breadbox.penurio.us systemd-udevd[334]: no db file to read /run/udev/data/c4:51: No such file or directory
Jun 08 14:36:20 breadbox.penurio.us systemd-udevd[328]: MODE 0620 /usr/lib/udev/rules.d/50-udev-default.rules:17
Jun 08 14:36:20 breadbox.penurio.us systemd-udevd[335]: set permissions /dev/tty5, 020620, uid=0, gid=5
Jun 08 14:36:20 breadbox.penurio.us systemd-udevd[329]: created empty file '/run/udev/data/c4:49' for '/devices/virtual/tty/tty49'
Jun 08 14:36:20 breadbox.penurio.us systemd-udevd[333]: seq 4088 processed with 0
Jun 08 14:36:20 breadbox.penurio.us systemd-udevd[327]: passed 173 bytes to netlink monitor 0x7fa12cca02f0
Jun 08 14:36:20 breadbox.penurio.us systemd-udevd[336]: seq 4093 running
Jun 08 14:36:20 breadbox.penurio.us systemd-udevd[334]: GROUP 5 /usr/lib/udev/rules.d/50-udev-default.rules:17
Jun 08 14:36:20 breadbox.penurio.us kernel: hid-generic 0003:0557:2419.0001: input,hidraw0: USB HID v1.00 Keyboard [HID 0557:2419] on usb-0000:00:14.0-4.1/input0
Jun 08 14:36:20 breadbox.penurio.us systemd-udevd[328]: handling device node '/dev/tty50', devnum=c4:50, mode=0620, uid=0, gid=5
Jun 08 14:36:20 breadbox.penurio.us systemd-udevd[335]: creating symlink '/dev/char/4:5' to '../tty5'
Jun 08 14:36:20 breadbox.penurio.us systemd-udevd[329]: passed unknown number of bytes to netlink monitor 0x7fa12ccb2a70
Jun 08 14:36:20 breadbox.penurio.us systemd-udevd[327]: seq 4094 queued, 'add' 'tty'
Jun 08 14:36:20 breadbox.penurio.us systemd-udevd[336]: no db file to read /run/udev/data/c4:52: No such file or directory
Jun 08 14:36:20 breadbox.penurio.us systemd-udevd[334]: MODE 0620 /usr/lib/udev/rules.d/50-udev-default.rules:17
Jun 08 14:36:20 breadbox.penurio.us kernel: input: HID 0557:2419 as /devices/pci0000:00/0000:00:14.0/usb3/3-4/3-4.1/3-4.1:1.1/input/input3
Jun 08 14:36:20 breadbox.penurio.us systemd-udevd[328]: set permissions /dev/tty50, 020620, uid=0, gid=5
Jun 08 14:36:20 breadbox.penurio.us systemd-udevd[335]: created empty file '/run/udev/data/c4:5' for '/devices/virtual/tty/tty5'
Jun 08 14:36:20 breadbox.penurio.us systemd-udevd[329]: seq 4089 processed with 0
Jun 08 14:36:20 breadbox.penurio.us systemd-udevd[327]: passed 173 bytes to netlink monitor 0x7fa12cca02f0
Jun 08 14:36:20 breadbox.penurio.us systemd-udevd[333]: seq 4094 running
Jun 08 14:36:20 breadbox.penurio.us systemd-udevd[336]: GROUP 5 /usr/lib/udev/rules.d/50-udev-default.rules:17
Jun 08 14:36:20 breadbox.penurio.us systemd-udevd[334]: handling device node '/dev/tty51', devnum=c4:51, mode=0620, uid=0, gid=5
Jun 08 14:36:20 breadbox.penurio.us systemd-udevd[328]: creating symlink '/dev/char/4:50' to '../tty50'
Jun 08 14:36:20 breadbox.penurio.us systemd-udevd[335]: passed unknown number of bytes to netlink monitor 0x7fa12ccb06b0
Jun 08 14:36:20 breadbox.penurio.us systemd-udevd[327]: seq 4095 queued, 'add' 'tty'
Jun 08 14:36:20 breadbox.penurio.us systemd-udevd[333]: no db file to read /run/udev/data/c4:53: No such file or directory
Jun 08 14:36:20 breadbox.penurio.us systemd-udevd[336]: MODE 0620 /usr/lib/udev/rules.d/50-udev-default.rules:17
Jun 08 14:36:20 breadbox.penurio.us systemd-udevd[334]: set permissions /dev/tty51, 020620, uid=0, gid=5
Jun 08 14:36:20 breadbox.penurio.us systemd-udevd[328]: created empty file '/run/udev/data/c4:50' for '/devices/virtual/tty/tty50'
Jun 08 14:36:20 breadbox.penurio.us systemd-udevd[335]: seq 4090 processed with 0
Jun 08 14:36:20 breadbox.penurio.us kernel: hid-generic 0003:0557:2419.0002: input,hidraw1: USB HID v1.00 Mouse [HID 0557:2419] on usb-0000:00:14.0-4.1/input1
Jun 08 14:36:20 breadbox.penurio.us systemd-udevd[327]: passed 173 bytes to netlink monitor 0x7fa12cca02f0
Jun 08 14:36:20 breadbox.penurio.us systemd-udevd[329]: seq 4095 running
Jun 08 14:36:20 breadbox.penurio.us systemd-udevd[333]: GROUP 5 /usr/lib/udev/rules.d/50-udev-default.rules:17
Jun 08 14:36:20 breadbox.penurio.us systemd-udevd[336]: handling device node '/dev/tty52', devnum=c4:52, mode=0620, uid=0, gid=5
Jun 08 14:36:20 breadbox.penurio.us systemd-udevd[334]: creating symlink '/dev/char/4:51' to '../tty51'
Jun 08 14:36:20 breadbox.penurio.us systemd-udevd[328]: passed unknown number of bytes to netlink monitor 0x7fa12ccb0ff0
Jun 08 14:36:20 breadbox.penurio.us systemd-udevd[327]: seq 4096 queued, 'add' 'tty'
Jun 08 14:36:20 breadbox.penurio.us systemd-udevd[335]: seq 4096 running
Jun 08 14:36:20 breadbox.penurio.us systemd-udevd[333]: MODE 0620 /usr/lib/udev/rules.d/50-udev-default.rules:17
Jun 08 14:36:20 breadbox.penurio.us systemd-udevd[336]: set permissions /dev/tty52, 020620, uid=0, gid=5
Jun 08 14:36:20 breadbox.penurio.us systemd-udevd[334]: created empty file '/run/udev/data/c4:51' for '/devices/virtual/tty/tty51'
Jun 08 14:36:20 breadbox.penurio.us systemd-udevd[328]: seq 4091 processed with 0
Jun 08 14:36:20 breadbox.penurio.us systemd-udevd[327]: passed 173 bytes to netlink monitor 0x7fa12cca02f0
Jun 08 14:36:20 breadbox.penurio.us systemd-udevd[329]: no db file to read /run/udev/data/c4:54: No such file or directory
Jun 08 14:36:20 breadbox.penurio.us systemd-udevd[335]: no db file to read /run/udev/data/c4:55: No such file or directory
Jun 08 14:36:20 breadbox.penurio.us systemd-udevd[333]: handling device node '/dev/tty53', devnum=c4:53, mode=0620, uid=0, gid=5
Jun 08 14:36:20 breadbox.penurio.us systemd-udevd[336]: creating symlink '/dev/char/4:52' to '../tty52'
Jun 08 14:36:20 breadbox.penurio.us systemd-udevd[334]: passed unknown number of bytes to netlink monitor 0x7fa12cca7a60
Jun 08 14:36:20 breadbox.penurio.us systemd-udevd[327]: seq 4097 queued, 'add' 'tty'
Jun 08 14:36:20 breadbox.penurio.us systemd-udevd[329]: GROUP 5 /usr/lib/udev/rules.d/50-udev-default.rules:17
Jun 08 14:36:20 breadbox.penurio.us systemd-udevd[335]: GROUP 5 /usr/lib/udev/rules.d/50-udev-default.rules:17
Jun 08 14:36:20 breadbox.penurio.us systemd-udevd[333]: set permissions /dev/tty53, 020620, uid=0, gid=5
Jun 08 14:36:20 breadbox.penurio.us systemd-udevd[336]: created empty file '/run/udev/data/c4:52' for '/devices/virtual/tty/tty52'
Jun 08 14:36:20 breadbox.penurio.us systemd-udevd[334]: seq 4092 processed with 0
Jun 08 14:36:20 breadbox.penurio.us systemd-udevd[327]: passed 173 bytes to netlink monitor 0x7fa12cca02f0
Jun 08 14:36:20 breadbox.penurio.us systemd-udevd[328]: seq 4097 running
Jun 08 14:36:20 breadbox.penurio.us systemd-udevd[329]: MODE 0620 /usr/lib/udev/rules.d/50-udev-default.rules:17
Jun 08 14:36:20 breadbox.penurio.us systemd-udevd[335]: MODE 0620 /usr/lib/udev/rules.d/50-udev-default.rules:17
Jun 08 14:36:20 breadbox.penurio.us systemd-udevd[333]: creating symlink '/dev/char/4:53' to '../tty53'
Jun 08 14:36:20 breadbox.penurio.us systemd-udevd[336]: passed unknown number of bytes to netlink monitor 0x7fa12ccaee60
Jun 08 14:36:20 breadbox.penurio.us systemd-udevd[327]: seq 4098 queued, 'add' 'tty'
Jun 08 14:36:20 breadbox.penurio.us systemd-udevd[328]: no db file to read /run/udev/data/c4:56: No such file or directory
Jun 08 14:36:20 breadbox.penurio.us systemd-udevd[329]: handling device node '/dev/tty54', devnum=c4:54, mode=0620, uid=0, gid=5
Jun 08 14:36:20 breadbox.penurio.us systemd-udevd[335]: handling device node '/dev/tty55', devnum=c4:55, mode=0620, uid=0, gid=5
Jun 08 14:36:20 breadbox.penurio.us systemd-udevd[333]: created empty file '/run/udev/data/c4:53' for '/devices/virtual/tty/tty53'
Jun 08 14:36:20 breadbox.penurio.us systemd-udevd[336]: seq 4093 processed with 0
Jun 08 14:36:20 breadbox.penurio.us systemd-udevd[327]: passed 173 bytes to netlink monitor 0x7fa12cca02f0
Jun 08 14:36:20 breadbox.penurio.us systemd-udevd[334]: seq 4098 running
Jun 08 14:36:20 breadbox.penurio.us systemd-udevd[328]: GROUP 5 /usr/lib/udev/rules.d/50-udev-default.rules:17
Jun 08 14:36:20 breadbox.penurio.us systemd-udevd[329]: set permissions /dev/tty54, 020620, uid=0, gid=5
Jun 08 14:36:20 breadbox.penurio.us systemd-udevd[335]: set permissions /dev/tty55, 020620, uid=0, gid=5
Jun 08 14:36:20 breadbox.penurio.us systemd-udevd[333]: passed unknown number of bytes to netlink monitor 0x7fa12cca4550
Jun 08 14:36:20 breadbox.penurio.us systemd-udevd[327]: seq 4099 queued, 'add' 'tty'
Jun 08 14:36:20 breadbox.penurio.us systemd-udevd[334]: no db file to read /run/udev/data/c4:57: No such file or directory
Jun 08 14:36:20 breadbox.penurio.us systemd-udevd[328]: MODE 0620 /usr/lib/udev/rules.d/50-udev-default.rules:17
Jun 08 14:36:20 breadbox.penurio.us systemd-udevd[329]: creating symlink '/dev/char/4:54' to '../tty54'
Jun 08 14:36:20 breadbox.penurio.us systemd-udevd[335]: creating symlink '/dev/char/4:55' to '../tty55'
Jun 08 14:36:20 breadbox.penurio.us systemd-udevd[333]: seq 4094 processed with 0
Jun 08 14:36:20 breadbox.penurio.us systemd-udevd[327]: passed 173 bytes to netlink monitor 0x7fa12cca02f0
Jun 08 14:36:20 breadbox.penurio.us systemd-udevd[336]: seq 4099 running
Jun 08 14:36:20 breadbox.penurio.us systemd-udevd[334]: GROUP 5 /usr/lib/udev/rules.d/50-udev-default.rules:17
Jun 08 14:36:20 breadbox.penurio.us systemd-udevd[328]: handling device node '/dev/tty56', devnum=c4:56, mode=0620, uid=0, gid=5
Jun 08 14:36:20 breadbox.penurio.us systemd-udevd[329]: created empty file '/run/udev/data/c4:54' for '/devices/virtual/tty/tty54'
Jun 08 14:36:20 breadbox.penurio.us systemd-udevd[335]: created empty file '/run/udev/data/c4:55' for '/devices/virtual/tty/tty55'
Jun 08 14:36:20 breadbox.penurio.us systemd-udevd[327]: seq 4100 queued, 'add' 'tty'
Jun 08 14:36:20 breadbox.penurio.us systemd-udevd[336]: no db file to read /run/udev/data/c4:58: No such file or directory
Jun 08 14:36:20 breadbox.penurio.us systemd-udevd[334]: MODE 0620 /usr/lib/udev/rules.d/50-udev-default.rules:17
Jun 08 14:36:20 breadbox.penurio.us systemd-udevd[328]: set permissions /dev/tty56, 020620, uid=0, gid=5
Jun 08 14:36:20 breadbox.penurio.us systemd-udevd[329]: passed unknown number of bytes to netlink monitor 0x7fa12ccb2a70
Jun 08 14:36:20 breadbox.penurio.us systemd-udevd[335]: passed unknown number of bytes to netlink monitor 0x7fa12ccb06b0
Jun 08 14:36:20 breadbox.penurio.us systemd-udevd[327]: passed 173 bytes to netlink monitor 0x7fa12cca02f0
Jun 08 14:36:20 breadbox.penurio.us systemd-udevd[333]: seq 4100 running
Jun 08 14:36:20 breadbox.penurio.us systemd-udevd[336]: GROUP 5 /usr/lib/udev/rules.d/50-udev-default.rules:17
Jun 08 14:36:20 breadbox.penurio.us systemd-udevd[334]: handling device node '/dev/tty57', devnum=c4:57, mode=0620, uid=0, gid=5
Jun 08 14:36:20 breadbox.penurio.us systemd-udevd[328]: creating symlink '/dev/char/4:56' to '../tty56'
Jun 08 14:36:20 breadbox.penurio.us systemd-udevd[329]: seq 4095 processed with 0
Jun 08 14:36:20 breadbox.penurio.us systemd-udevd[335]: seq 4096 processed with 0
Jun 08 14:36:20 breadbox.penurio.us systemd-udevd[327]: seq 4101 queued, 'add' 'tty'
Jun 08 14:36:20 breadbox.penurio.us systemd-udevd[329]: seq 4101 running
Jun 08 14:36:20 breadbox.penurio.us systemd-udevd[336]: MODE 0620 /usr/lib/udev/rules.d/50-udev-default.rules:17
Jun 08 14:36:20 breadbox.penurio.us systemd-udevd[334]: set permissions /dev/tty57, 020620, uid=0, gid=5
Jun 08 14:36:20 breadbox.penurio.us systemd-udevd[328]: created empty file '/run/udev/data/c4:56' for '/devices/virtual/tty/tty56'
Jun 08 14:36:20 breadbox.penurio.us systemd-udevd[327]: passed 170 bytes to netlink monitor 0x7fa12cca02f0
Jun 08 14:36:20 breadbox.penurio.us systemd-udevd[333]: no db file to read /run/udev/data/c4:59: No such file or directory
Jun 08 14:36:20 breadbox.penurio.us systemd-udevd[329]: no db file to read /run/udev/data/c4:6: No such file or directory
Jun 08 14:36:20 breadbox.penurio.us systemd-udevd[336]: handling device node '/dev/tty58', devnum=c4:58, mode=0620, uid=0, gid=5
Jun 08 14:36:20 breadbox.penurio.us systemd-udevd[334]: creating symlink '/dev/char/4:57' to '../tty57'
Jun 08 14:36:20 breadbox.penurio.us systemd-udevd[328]: passed unknown number of bytes to netlink monitor 0x7fa12ccb0ff0
Jun 08 14:36:20 breadbox.penurio.us systemd-udevd[327]: seq 4102 queued, 'add' 'tty'
Jun 08 14:36:20 breadbox.penurio.us systemd-udevd[335]: seq 4102 running
Jun 08 14:36:20 breadbox.penurio.us systemd-udevd[329]: GROUP 5 /usr/lib/udev/rules.d/50-udev-default.rules:17
Jun 08 14:36:20 breadbox.penurio.us systemd-udevd[336]: set permissions /dev/tty58, 020620, uid=0, gid=5
Jun 08 14:36:20 breadbox.penurio.us systemd-udevd[334]: created empty file '/run/udev/data/c4:57' for '/devices/virtual/tty/tty57'
Jun 08 14:36:20 breadbox.penurio.us systemd-udevd[328]: seq 4097 processed with 0
Jun 08 14:36:20 breadbox.penurio.us systemd-udevd[327]: passed 173 bytes to netlink monitor 0x7fa12cca02f0
Jun 08 14:36:20 breadbox.penurio.us systemd-udevd[333]: GROUP 5 /usr/lib/udev/rules.d/50-udev-default.rules:17
Jun 08 14:36:20 breadbox.penurio.us systemd-udevd[335]: no db file to read /run/udev/data/c4:60: No such file or directory
Jun 08 14:36:20 breadbox.penurio.us systemd-udevd[329]: MODE 0620 /usr/lib/udev/rules.d/50-udev-default.rules:17
Jun 08 14:36:20 breadbox.penurio.us systemd-udevd[336]: creating symlink '/dev/char/4:58' to '../tty58'
Jun 08 14:36:20 breadbox.penurio.us systemd-udevd[334]: passed unknown number of bytes to netlink monitor 0x7fa12cca7a60
Jun 08 14:36:20 breadbox.penurio.us systemd-udevd[327]: seq 4103 queued, 'add' 'tty'
Jun 08 14:36:20 breadbox.penurio.us systemd-udevd[333]: MODE 0620 /usr/lib/udev/rules.d/50-udev-default.rules:17
Jun 08 14:36:20 breadbox.penurio.us systemd-udevd[335]: GROUP 5 /usr/lib/udev/rules.d/50-udev-default.rules:17
Jun 08 14:36:20 breadbox.penurio.us systemd-udevd[329]: handling device node '/dev/tty6', devnum=c4:6, mode=0620, uid=0, gid=5
Jun 08 14:36:20 breadbox.penurio.us systemd-udevd[336]: created empty file '/run/udev/data/c4:58' for '/devices/virtual/tty/tty58'
Jun 08 14:36:20 breadbox.penurio.us systemd-udevd[334]: seq 4098 processed with 0
Jun 08 14:36:20 breadbox.penurio.us systemd-udevd[327]: passed 173 bytes to netlink monitor 0x7fa12cca02f0
Jun 08 14:36:20 breadbox.penurio.us systemd-udevd[328]: seq 4103 running
Jun 08 14:36:20 breadbox.penurio.us systemd-udevd[333]: handling device node '/dev/tty59', devnum=c4:59, mode=0620, uid=0, gid=5
Jun 08 14:36:20 breadbox.penurio.us systemd-udevd[335]: MODE 0620 /usr/lib/udev/rules.d/50-udev-default.rules:17
Jun 08 14:36:20 breadbox.penurio.us systemd-udevd[329]: set permissions /dev/tty6, 020620, uid=0, gid=5
Jun 08 14:36:20 breadbox.penurio.us systemd-udevd[336]: passed unknown number of bytes to netlink monitor 0x7fa12ccaee60
Jun 08 14:36:20 breadbox.penurio.us systemd-udevd[327]: seq 4104 queued, 'add' 'tty'
Jun 08 14:36:20 breadbox.penurio.us systemd-udevd[328]: no db file to read /run/udev/data/c4:61: No such file or directory
Jun 08 14:36:20 breadbox.penurio.us systemd-udevd[333]: set permissions /dev/tty59, 020620, uid=0, gid=5
Jun 08 14:36:20 breadbox.penurio.us systemd-udevd[335]: handling device node '/dev/tty60', devnum=c4:60, mode=0620, uid=0, gid=5
Jun 08 14:36:20 breadbox.penurio.us systemd-udevd[329]: creating symlink '/dev/char/4:6' to '../tty6'
Jun 08 14:36:20 breadbox.penurio.us systemd-udevd[336]: seq 4099 processed with 0
Jun 08 14:36:20 breadbox.penurio.us systemd-udevd[327]: passed 173 bytes to netlink monitor 0x7fa12cca02f0
Jun 08 14:36:20 breadbox.penurio.us systemd-udevd[334]: seq 4104 running
Jun 08 14:36:20 breadbox.penurio.us systemd-udevd[328]: GROUP 5 /usr/lib/udev/rules.d/50-udev-default.rules:17
Jun 08 14:36:20 breadbox.penurio.us systemd-udevd[333]: creating symlink '/dev/char/4:59' to '../tty59'
Jun 08 14:36:20 breadbox.penurio.us systemd-udevd[335]: set permissions /dev/tty60, 020620, uid=0, gid=5
Jun 08 14:36:20 breadbox.penurio.us systemd-udevd[329]: created empty file '/run/udev/data/c4:6' for '/devices/virtual/tty/tty6'
Jun 08 14:36:20 breadbox.penurio.us systemd-udevd[327]: seq 4105 queued, 'add' 'tty'
Jun 08 14:36:20 breadbox.penurio.us systemd-udevd[334]: no db file to read /run/udev/data/c4:62: No such file or directory
Jun 08 14:36:20 breadbox.penurio.us systemd-udevd[328]: MODE 0620 /usr/lib/udev/rules.d/50-udev-default.rules:17
Jun 08 14:36:20 breadbox.penurio.us systemd-udevd[333]: created empty file '/run/udev/data/c4:59' for '/devices/virtual/tty/tty59'
Jun 08 14:36:20 breadbox.penurio.us systemd-udevd[335]: creating symlink '/dev/char/4:60' to '../tty60'
Jun 08 14:36:20 breadbox.penurio.us systemd-udevd[329]: passed unknown number of bytes to netlink monitor 0x7fa12ccb2a70
Jun 08 14:36:20 breadbox.penurio.us systemd-udevd[327]: passed 173 bytes to netlink monitor 0x7fa12cca02f0
Jun 08 14:36:20 breadbox.penurio.us systemd-udevd[336]: seq 4105 running
Jun 08 14:36:20 breadbox.penurio.us systemd-udevd[334]: GROUP 5 /usr/lib/udev/rules.d/50-udev-default.rules:17
