Jun 08 14:36:19 breadbox.penurio.us systemd-udevd[327]: passed 146 bytes to netlink monitor 0x7fa12cca02f0
Jun 08 14:36:19 breadbox.penurio.us systemd-udevd[334]: seq 3566 running
Jun 08 14:36:19 breadbox.penurio.us systemd-udevd[333]: passed unknown number of bytes to netlink monitor 0x7fa12cca4550
Jun 08 14:36:19 breadbox.penurio.us systemd-udevd[327]: seq 3567 queued, 'add' 'memory'
Jun 08 14:36:19 breadbox.penurio.us systemd-udevd[334]: no db file to read /run/udev/data/+memory:memory657: No such file or directory
Jun 08 14:36:19 breadbox.penurio.us systemd-udevd[334]: passed unknown number of bytes to netlink monitor 0x7fa12cca7a60
Jun 08 14:36:19 breadbox.penurio.us systemd-udevd[327]: passed 146 bytes to netlink monitor 0x7fa12cca02f0
Jun 08 14:36:19 breadbox.penurio.us systemd-udevd[329]: seq 3567 running
Jun 08 14:36:19 breadbox.penurio.us systemd-udevd[334]: seq 3566 processed with 0
Jun 08 14:36:19 breadbox.penurio.us systemd-udevd[333]: seq 3565 processed with 0
Jun 08 14:36:19 breadbox.penurio.us systemd-udevd[327]: seq 3568 queued, 'add' 'memory'
Jun 08 14:36:19 breadbox.penurio.us systemd-udevd[329]: no db file to read /run/udev/data/+memory:memory658: No such file or directory
Jun 08 14:36:19 breadbox.penurio.us systemd-udevd[329]: passed unknown number of bytes to netlink monitor 0x7fa12ccb2a70
Jun 08 14:36:19 breadbox.penurio.us systemd-udevd[333]: seq 3568 running
Jun 08 14:36:19 breadbox.penurio.us systemd-udevd[327]: passed 146 bytes to netlink monitor 0x7fa12cca02f0
Jun 08 14:36:19 breadbox.penurio.us systemd-udevd[329]: seq 3567 processed with 0
Jun 08 14:36:19 breadbox.penurio.us systemd-udevd[333]: no db file to read /run/udev/data/+memory:memory659: No such file or directory
Jun 08 14:36:19 breadbox.penurio.us systemd-udevd[327]: seq 3569 queued, 'add' 'memory'
Jun 08 14:36:19 breadbox.penurio.us systemd-udevd[333]: passed unknown number of bytes to netlink monitor 0x7fa12cca4550
Jun 08 14:36:19 breadbox.penurio.us systemd-udevd[327]: passed 145 bytes to netlink monitor 0x7fa12cca02f0
Jun 08 14:36:19 breadbox.penurio.us systemd-udevd[329]: seq 3569 running
Jun 08 14:36:19 breadbox.penurio.us systemd-udevd[333]: seq 3568 processed with 0
Jun 08 14:36:19 breadbox.penurio.us systemd-udevd[327]: seq 3570 queued, 'add' 'memory'
Jun 08 14:36:19 breadbox.penurio.us systemd-udevd[329]: no db file to read /run/udev/data/+memory:memory66: No such file or directory
Jun 08 14:36:19 breadbox.penurio.us systemd-udevd[327]: passed 146 bytes to netlink monitor 0x7fa12cca02f0
Jun 08 14:36:19 breadbox.penurio.us systemd-udevd[333]: seq 3570 running
Jun 08 14:36:19 breadbox.penurio.us systemd-udevd[329]: passed unknown number of bytes to netlink monitor 0x7fa12ccb2a70
Jun 08 14:36:19 breadbox.penurio.us systemd-udevd[327]: seq 3571 queued, 'add' 'memory'
Jun 08 14:36:19 breadbox.penurio.us systemd-udevd[333]: no db file to read /run/udev/data/+memory:memory660: No such file or directory
Jun 08 14:36:19 breadbox.penurio.us systemd-udevd[329]: seq 3569 processed with 0
Jun 08 14:36:19 breadbox.penurio.us systemd-udevd[327]: passed 146 bytes to netlink monitor 0x7fa12cca02f0
Jun 08 14:36:19 breadbox.penurio.us systemd-udevd[334]: seq 3571 running
Jun 08 14:36:19 breadbox.penurio.us systemd-udevd[333]: passed unknown number of bytes to netlink monitor 0x7fa12cca4550
Jun 08 14:36:19 breadbox.penurio.us systemd-udevd[327]: seq 3572 queued, 'add' 'memory'
Jun 08 14:36:19 breadbox.penurio.us systemd-udevd[333]: seq 3570 processed with 0
Jun 08 14:36:19 breadbox.penurio.us systemd-udevd[334]: no db file to read /run/udev/data/+memory:memory661: No such file or directory
Jun 08 14:36:19 breadbox.penurio.us systemd-udevd[327]: passed 146 bytes to netlink monitor 0x7fa12cca02f0
Jun 08 14:36:19 breadbox.penurio.us systemd-udevd[329]: seq 3572 running
Jun 08 14:36:19 breadbox.penurio.us systemd-udevd[327]: seq 3573 queued, 'add' 'memory'
Jun 08 14:36:19 breadbox.penurio.us systemd-udevd[334]: passed unknown number of bytes to netlink monitor 0x7fa12cca7a60
Jun 08 14:36:19 breadbox.penurio.us systemd-udevd[329]: no db file to read /run/udev/data/+memory:memory662: No such file or directory
Jun 08 14:36:19 breadbox.penurio.us systemd-udevd[327]: passed 146 bytes to netlink monitor 0x7fa12cca02f0
Jun 08 14:36:19 breadbox.penurio.us systemd-udevd[333]: seq 3573 running
Jun 08 14:36:19 breadbox.penurio.us systemd-udevd[334]: seq 3571 processed with 0
Jun 08 14:36:19 breadbox.penurio.us systemd-udevd[329]: passed unknown number of bytes to netlink monitor 0x7fa12ccb2a70
Jun 08 14:36:19 breadbox.penurio.us systemd-udevd[327]: seq 3574 queued, 'add' 'memory'
Jun 08 14:36:19 breadbox.penurio.us systemd-udevd[333]: no db file to read /run/udev/data/+memory:memory663: No such file or directory
Jun 08 14:36:19 breadbox.penurio.us systemd-udevd[329]: seq 3572 processed with 0
Jun 08 14:36:19 breadbox.penurio.us systemd-udevd[327]: passed 146 bytes to netlink monitor 0x7fa12cca02f0
Jun 08 14:36:19 breadbox.penurio.us systemd-udevd[334]: seq 3574 running
Jun 08 14:36:19 breadbox.penurio.us systemd-udevd[334]: no db file to read /run/udev/data/+memory:memory664: No such file or directory
Jun 08 14:36:19 breadbox.penurio.us systemd-udevd[327]: seq 3575 queued, 'add' 'memory'
Jun 08 14:36:19 breadbox.penurio.us systemd-udevd[333]: passed unknown number of bytes to netlink monitor 0x7fa12cca4550
Jun 08 14:36:19 breadbox.penurio.us systemd-udevd[334]: passed unknown number of bytes to netlink monitor 0x7fa12cca7a60
Jun 08 14:36:19 breadbox.penurio.us systemd-udevd[327]: passed 146 bytes to netlink monitor 0x7fa12cca02f0
Jun 08 14:36:19 breadbox.penurio.us systemd-udevd[329]: seq 3575 running
Jun 08 14:36:19 breadbox.penurio.us systemd-udevd[333]: seq 3573 processed with 0
Jun 08 14:36:19 breadbox.penurio.us systemd-udevd[334]: seq 3574 processed with 0
Jun 08 14:36:19 breadbox.penurio.us systemd-udevd[327]: seq 3576 queued, 'add' 'memory'
Jun 08 14:36:19 breadbox.penurio.us systemd-udevd[329]: no db file to read /run/udev/data/+memory:memory665: No such file or directory
Jun 08 14:36:19 breadbox.penurio.us systemd-udevd[327]: passed 146 bytes to netlink monitor 0x7fa12cca02f0
Jun 08 14:36:19 breadbox.penurio.us systemd-udevd[333]: seq 3576 running
Jun 08 14:36:19 breadbox.penurio.us systemd-udevd[329]: passed unknown number of bytes to netlink monitor 0x7fa12ccb2a70
Jun 08 14:36:19 breadbox.penurio.us systemd-udevd[327]: seq 3577 queued, 'add' 'memory'
Jun 08 14:36:19 breadbox.penurio.us systemd-udevd[333]: no db file to read /run/udev/data/+memory:memory666: No such file or directory
Jun 08 14:36:19 breadbox.penurio.us systemd-udevd[329]: seq 3575 processed with 0
Jun 08 14:36:19 breadbox.penurio.us systemd-udevd[327]: passed 146 bytes to netlink monitor 0x7fa12cca02f0
Jun 08 14:36:19 breadbox.penurio.us systemd-udevd[334]: seq 3577 running
Jun 08 14:36:19 breadbox.penurio.us systemd-udevd[334]: no db file to read /run/udev/data/+memory:memory667: No such file or directory
Jun 08 14:36:19 breadbox.penurio.us systemd-udevd[327]: seq 3578 queued, 'add' 'memory'
Jun 08 14:36:19 breadbox.penurio.us systemd-udevd[333]: passed unknown number of bytes to netlink monitor 0x7fa12cca4550
Jun 08 14:36:19 breadbox.penurio.us systemd-udevd[327]: passed 146 bytes to netlink monitor 0x7fa12cca02f0
Jun 08 14:36:19 breadbox.penurio.us systemd-udevd[334]: passed unknown number of bytes to netlink monitor 0x7fa12cca7a60
Jun 08 14:36:19 breadbox.penurio.us systemd-udevd[329]: seq 3578 running
Jun 08 14:36:19 breadbox.penurio.us systemd-udevd[333]: seq 3576 processed with 0
Jun 08 14:36:19 breadbox.penurio.us systemd-udevd[327]: seq 3579 queued, 'add' 'memory'
Jun 08 14:36:19 breadbox.penurio.us systemd-udevd[334]: seq 3577 processed with 0
Jun 08 14:36:19 breadbox.penurio.us systemd-udevd[329]: no db file to read /run/udev/data/+memory:memory668: No such file or directory
Jun 08 14:36:19 breadbox.penurio.us systemd-udevd[327]: passed 146 bytes to netlink monitor 0x7fa12cca02f0
Jun 08 14:36:19 breadbox.penurio.us systemd-udevd[333]: seq 3579 running
Jun 08 14:36:19 breadbox.penurio.us systemd-udevd[329]: passed unknown number of bytes to netlink monitor 0x7fa12ccb2a70
Jun 08 14:36:19 breadbox.penurio.us systemd-udevd[327]: seq 3580 queued, 'add' 'memory'
Jun 08 14:36:19 breadbox.penurio.us systemd-udevd[333]: no db file to read /run/udev/data/+memory:memory669: No such file or directory
Jun 08 14:36:19 breadbox.penurio.us systemd-udevd[329]: seq 3578 processed with 0
Jun 08 14:36:19 breadbox.penurio.us systemd-udevd[327]: passed 145 bytes to netlink monitor 0x7fa12cca02f0
Jun 08 14:36:19 breadbox.penurio.us systemd-udevd[334]: seq 3580 running
Jun 08 14:36:19 breadbox.penurio.us systemd-udevd[333]: passed unknown number of bytes to netlink monitor 0x7fa12cca4550
Jun 08 14:36:19 breadbox.penurio.us systemd-udevd[327]: seq 3581 queued, 'add' 'memory'
Jun 08 14:36:19 breadbox.penurio.us systemd-udevd[334]: no db file to read /run/udev/data/+memory:memory67: No such file or directory
Jun 08 14:36:19 breadbox.penurio.us systemd-udevd[334]: passed unknown number of bytes to netlink monitor 0x7fa12cca7a60
Jun 08 14:36:19 breadbox.penurio.us systemd-udevd[327]: passed 146 bytes to netlink monitor 0x7fa12cca02f0
Jun 08 14:36:19 breadbox.penurio.us systemd-udevd[329]: seq 3581 running
Jun 08 14:36:19 breadbox.penurio.us systemd-udevd[333]: seq 3579 processed with 0
Jun 08 14:36:19 breadbox.penurio.us systemd-udevd[334]: seq 3580 processed with 0
Jun 08 14:36:19 breadbox.penurio.us systemd-udevd[327]: seq 3582 queued, 'add' 'memory'
Jun 08 14:36:19 breadbox.penurio.us systemd-udevd[329]: no db file to read /run/udev/data/+memory:memory670: No such file or directory
Jun 08 14:36:19 breadbox.penurio.us systemd-udevd[327]: passed 146 bytes to netlink monitor 0x7fa12cca02f0
Jun 08 14:36:19 breadbox.penurio.us systemd-udevd[333]: seq 3582 running
Jun 08 14:36:19 breadbox.penurio.us systemd-udevd[329]: passed unknown number of bytes to netlink monitor 0x7fa12ccb2a70
Jun 08 14:36:19 breadbox.penurio.us systemd-udevd[327]: seq 3583 queued, 'add' 'memory'
Jun 08 14:36:19 breadbox.penurio.us systemd-udevd[333]: no db file to read /run/udev/data/+memory:memory671: No such file or directory
Jun 08 14:36:19 breadbox.penurio.us systemd-udevd[329]: seq 3581 processed with 0
Jun 08 14:36:19 breadbox.penurio.us systemd-udevd[327]: passed 146 bytes to netlink monitor 0x7fa12cca02f0
Jun 08 14:36:19 breadbox.penurio.us systemd-udevd[334]: seq 3583 running
Jun 08 14:36:19 breadbox.penurio.us systemd-udevd[334]: no db file to read /run/udev/data/+memory:memory672: No such file or directory
Jun 08 14:36:19 breadbox.penurio.us systemd-udevd[327]: seq 3584 queued, 'add' 'memory'
Jun 08 14:36:19 breadbox.penurio.us systemd-udevd[333]: passed unknown number of bytes to netlink monitor 0x7fa12cca4550
Jun 08 14:36:19 breadbox.penurio.us systemd-udevd[334]: passed unknown number of bytes to netlink monitor 0x7fa12cca7a60
Jun 08 14:36:19 breadbox.penurio.us systemd-udevd[327]: passed 146 bytes to netlink monitor 0x7fa12cca02f0
Jun 08 14:36:19 breadbox.penurio.us systemd-udevd[329]: seq 3584 running
Jun 08 14:36:19 breadbox.penurio.us systemd-udevd[333]: seq 3582 processed with 0
Jun 08 14:36:19 breadbox.penurio.us systemd-udevd[334]: seq 3583 processed with 0
Jun 08 14:36:19 breadbox.penurio.us systemd-udevd[327]: seq 3585 queued, 'add' 'memory'
Jun 08 14:36:19 breadbox.penurio.us systemd-udevd[329]: no db file to read /run/udev/data/+memory:memory673: No such file or directory
Jun 08 14:36:19 breadbox.penurio.us systemd-udevd[327]: passed 146 bytes to netlink monitor 0x7fa12cca02f0
Jun 08 14:36:19 breadbox.penurio.us systemd-udevd[333]: seq 3585 running
Jun 08 14:36:19 breadbox.penurio.us systemd-udevd[329]: passed unknown number of bytes to netlink monitor 0x7fa12ccb2a70
Jun 08 14:36:19 breadbox.penurio.us systemd-udevd[327]: seq 3586 queued, 'add' 'memory'
Jun 08 14:36:19 breadbox.penurio.us systemd-udevd[333]: no db file to read /run/udev/data/+memory:memory674: No such file or directory
Jun 08 14:36:19 breadbox.penurio.us systemd-udevd[329]: seq 3584 processed with 0
Jun 08 14:36:19 breadbox.penurio.us systemd-udevd[327]: passed 146 bytes to netlink monitor 0x7fa12cca02f0
Jun 08 14:36:19 breadbox.penurio.us systemd-udevd[334]: seq 3586 running
Jun 08 14:36:19 breadbox.penurio.us systemd-udevd[333]: passed unknown number of bytes to netlink monitor 0x7fa12cca4550
Jun 08 14:36:19 breadbox.penurio.us systemd-udevd[327]: seq 3587 queued, 'add' 'memory'
Jun 08 14:36:19 breadbox.penurio.us systemd-udevd[334]: no db file to read /run/udev/data/+memory:memory675: No such file or directory
Jun 08 14:36:19 breadbox.penurio.us systemd-udevd[333]: seq 3585 processed with 0
Jun 08 14:36:19 breadbox.penurio.us systemd-udevd[327]: passed 146 bytes to netlink monitor 0x7fa12cca02f0
Jun 08 14:36:19 breadbox.penurio.us systemd-udevd[329]: seq 3587 running
Jun 08 14:36:19 breadbox.penurio.us systemd-udevd[334]: passed unknown number of bytes to netlink monitor 0x7fa12cca7a60
Jun 08 14:36:19 breadbox.penurio.us systemd-udevd[327]: seq 3588 queued, 'add' 'memory'
Jun 08 14:36:19 breadbox.penurio.us systemd-udevd[329]: no db file to read /run/udev/data/+memory:memory676: No such file or directory
Jun 08 14:36:19 breadbox.penurio.us systemd-udevd[334]: seq 3586 processed with 0
Jun 08 14:36:19 breadbox.penurio.us systemd-udevd[327]: passed 146 bytes to netlink monitor 0x7fa12cca02f0
Jun 08 14:36:19 breadbox.penurio.us systemd-udevd[333]: seq 3588 running
Jun 08 14:36:19 breadbox.penurio.us systemd-udevd[329]: passed unknown number of bytes to netlink monitor 0x7fa12ccb2a70
Jun 08 14:36:19 breadbox.penurio.us systemd-udevd[327]: seq 3589 queued, 'add' 'memory'
Jun 08 14:36:19 breadbox.penurio.us systemd-udevd[333]: no db file to read /run/udev/data/+memory:memory677: No such file or directory
Jun 08 14:36:19 breadbox.penurio.us systemd-udevd[329]: seq 3587 processed with 0
Jun 08 14:36:19 breadbox.penurio.us systemd-udevd[327]: passed 146 bytes to netlink monitor 0x7fa12cca02f0
Jun 08 14:36:19 breadbox.penurio.us systemd-udevd[334]: seq 3589 running
Jun 08 14:36:19 breadbox.penurio.us systemd-udevd[333]: passed unknown number of bytes to netlink monitor 0x7fa12cca4550
Jun 08 14:36:19 breadbox.penurio.us systemd-udevd[327]: seq 3590 queued, 'add' 'memory'
Jun 08 14:36:19 breadbox.penurio.us systemd-udevd[334]: no db file to read /run/udev/data/+memory:memory678: No such file or directory
Jun 08 14:36:19 breadbox.penurio.us systemd-udevd[334]: passed unknown number of bytes to netlink monitor 0x7fa12cca7a60
Jun 08 14:36:19 breadbox.penurio.us systemd-udevd[327]: passed 146 bytes to netlink monitor 0x7fa12cca02f0
Jun 08 14:36:19 breadbox.penurio.us systemd-udevd[329]: seq 3590 running
Jun 08 14:36:19 breadbox.penurio.us systemd-udevd[333]: seq 3588 processed with 0
Jun 08 14:36:19 breadbox.penurio.us systemd-udevd[334]: seq 3589 processed with 0
Jun 08 14:36:19 breadbox.penurio.us systemd-udevd[327]: seq 3591 queued, 'add' 'memory'
Jun 08 14:36:19 breadbox.penurio.us systemd-udevd[333]: seq 3591 running
Jun 08 14:36:19 breadbox.penurio.us systemd-udevd[327]: passed 145 bytes to netlink monitor 0x7fa12cca02f0
Jun 08 14:36:19 breadbox.penurio.us systemd-udevd[329]: no db file to read /run/udev/data/+memory:memory679: No such file or directory
Jun 08 14:36:19 breadbox.penurio.us systemd-udevd[333]: no db file to read /run/udev/data/+memory:memory68: No such file or directory
Jun 08 14:36:19 breadbox.penurio.us systemd-udevd[327]: seq 3592 queued, 'add' 'memory'
Jun 08 14:36:19 breadbox.penurio.us systemd-udevd[329]: passed unknown number of bytes to netlink monitor 0x7fa12ccb2a70
Jun 08 14:36:19 breadbox.penurio.us systemd-udevd[333]: passed unknown number of bytes to netlink monitor 0x7fa12cca4550
Jun 08 14:36:19 breadbox.penurio.us systemd-udevd[327]: passed 146 bytes to netlink monitor 0x7fa12cca02f0
Jun 08 14:36:19 breadbox.penurio.us systemd-udevd[334]: seq 3592 running
Jun 08 14:36:19 breadbox.penurio.us systemd-udevd[329]: seq 3590 processed with 0
Jun 08 14:36:19 breadbox.penurio.us systemd-udevd[333]: seq 3591 processed with 0
Jun 08 14:36:19 breadbox.penurio.us systemd-udevd[327]: seq 3593 queued, 'add' 'memory'
Jun 08 14:36:19 breadbox.penurio.us systemd-udevd[334]: no db file to read /run/udev/data/+memory:memory680: No such file or directory
Jun 08 14:36:19 breadbox.penurio.us systemd-udevd[327]: passed 146 bytes to netlink monitor 0x7fa12cca02f0
Jun 08 14:36:19 breadbox.penurio.us systemd-udevd[329]: seq 3593 running
Jun 08 14:36:19 breadbox.penurio.us systemd-udevd[334]: passed unknown number of bytes to netlink monitor 0x7fa12cca7a60
Jun 08 14:36:19 breadbox.penurio.us systemd-udevd[327]: seq 3594 queued, 'add' 'memory'
Jun 08 14:36:19 breadbox.penurio.us systemd-udevd[329]: no db file to read /run/udev/data/+memory:memory681: No such file or directory
Jun 08 14:36:19 breadbox.penurio.us systemd-udevd[334]: seq 3592 processed with 0
Jun 08 14:36:19 breadbox.penurio.us systemd-udevd[327]: passed 146 bytes to netlink monitor 0x7fa12cca02f0
Jun 08 14:36:19 breadbox.penurio.us systemd-udevd[333]: seq 3594 running
Jun 08 14:36:19 breadbox.penurio.us systemd-udevd[329]: passed unknown number of bytes to netlink monitor 0x7fa12ccb2a70
Jun 08 14:36:19 breadbox.penurio.us systemd-udevd[327]: seq 3595 queued, 'add' 'memory'
Jun 08 14:36:19 breadbox.penurio.us systemd-udevd[333]: no db file to read /run/udev/data/+memory:memory682: No such file or directory
Jun 08 14:36:19 breadbox.penurio.us systemd-udevd[329]: seq 3593 processed with 0
Jun 08 14:36:19 breadbox.penurio.us systemd-udevd[327]: passed 146 bytes to netlink monitor 0x7fa12cca02f0
Jun 08 14:36:19 breadbox.penurio.us systemd-udevd[334]: seq 3595 running
Jun 08 14:36:19 breadbox.penurio.us systemd-udevd[333]: passed unknown number of bytes to netlink monitor 0x7fa12cca4550
Jun 08 14:36:19 breadbox.penurio.us systemd-udevd[327]: seq 3596 queued, 'add' 'memory'
Jun 08 14:36:19 breadbox.penurio.us systemd-udevd[334]: no db file to read /run/udev/data/+memory:memory683: No such file or directory
Jun 08 14:36:19 breadbox.penurio.us systemd-udevd[333]: seq 3594 processed with 0
Jun 08 14:36:19 breadbox.penurio.us systemd-udevd[327]: passed 146 bytes to netlink monitor 0x7fa12cca02f0
Jun 08 14:36:19 breadbox.penurio.us systemd-udevd[329]: seq 3596 running
Jun 08 14:36:19 breadbox.penurio.us systemd-udevd[334]: passed unknown number of bytes to netlink monitor 0x7fa12cca7a60
Jun 08 14:36:19 breadbox.penurio.us systemd-udevd[327]: seq 3597 queued, 'add' 'memory'
Jun 08 14:36:19 breadbox.penurio.us systemd-udevd[329]: no db file to read /run/udev/data/+memory:memory684: No such file or directory
Jun 08 14:36:19 breadbox.penurio.us systemd-udevd[334]: seq 3595 processed with 0
Jun 08 14:36:19 breadbox.penurio.us systemd-udevd[327]: passed 146 bytes to netlink monitor 0x7fa12cca02f0
Jun 08 14:36:19 breadbox.penurio.us systemd-udevd[333]: seq 3597 running
Jun 08 14:36:19 breadbox.penurio.us systemd-udevd[329]: passed unknown number of bytes to netlink monitor 0x7fa12ccb2a70
Jun 08 14:36:19 breadbox.penurio.us systemd-udevd[327]: seq 3598 queued, 'add' 'memory'
Jun 08 14:36:19 breadbox.penurio.us systemd-udevd[333]: no db file to read /run/udev/data/+memory:memory685: No such file or directory
Jun 08 14:36:19 breadbox.penurio.us systemd-udevd[329]: seq 3596 processed with 0
Jun 08 14:36:19 breadbox.penurio.us systemd-udevd[327]: passed 146 bytes to netlink monitor 0x7fa12cca02f0
Jun 08 14:36:19 breadbox.penurio.us systemd-udevd[334]: seq 3598 running
Jun 08 14:36:19 breadbox.penurio.us systemd-udevd[334]: no db file to read /run/udev/data/+memory:memory686: No such file or directory
Jun 08 14:36:19 breadbox.penurio.us systemd-udevd[327]: seq 3599 queued, 'add' 'memory'
Jun 08 14:36:19 breadbox.penurio.us systemd-udevd[333]: passed unknown number of bytes to netlink monitor 0x7fa12cca4550
Jun 08 14:36:19 breadbox.penurio.us systemd-udevd[334]: passed unknown number of bytes to netlink monitor 0x7fa12cca7a60
Jun 08 14:36:19 breadbox.penurio.us systemd-udevd[327]: passed 146 bytes to netlink monitor 0x7fa12cca02f0
Jun 08 14:36:19 breadbox.penurio.us systemd-udevd[329]: seq 3599 running
Jun 08 14:36:19 breadbox.penurio.us systemd-udevd[333]: seq 3597 processed with 0
Jun 08 14:36:19 breadbox.penurio.us systemd-udevd[334]: seq 3598 processed with 0
Jun 08 14:36:19 breadbox.penurio.us systemd-udevd[327]: seq 3600 queued, 'add' 'memory'
Jun 08 14:36:19 breadbox.penurio.us systemd-udevd[333]: seq 3600 running
Jun 08 14:36:19 breadbox.penurio.us systemd-udevd[327]: passed 146 bytes to netlink monitor 0x7fa12cca02f0
Jun 08 14:36:19 breadbox.penurio.us systemd-udevd[329]: no db file to read /run/udev/data/+memory:memory687: No such file or directory
Jun 08 14:36:19 breadbox.penurio.us systemd-udevd[333]: no db file to read /run/udev/data/+memory:memory688: No such file or directory
Jun 08 14:36:19 breadbox.penurio.us systemd-udevd[327]: seq 3601 queued, 'add' 'memory'
Jun 08 14:36:19 breadbox.penurio.us systemd-udevd[329]: passed unknown number of bytes to netlink monitor 0x7fa12ccb2a70
Jun 08 14:36:19 breadbox.penurio.us systemd-udevd[333]: passed unknown number of bytes to netlink monitor 0x7fa12cca4550
Jun 08 14:36:19 breadbox.penurio.us systemd-udevd[327]: passed 146 bytes to netlink monitor 0x7fa12cca02f0
Jun 08 14:36:19 breadbox.penurio.us systemd-udevd[334]: seq 3601 running
Jun 08 14:36:19 breadbox.penurio.us systemd-udevd[329]: seq 3599 processed with 0
Jun 08 14:36:19 breadbox.penurio.us systemd-udevd[333]: seq 3600 processed with 0
Jun 08 14:36:19 breadbox.penurio.us systemd-udevd[327]: seq 3602 queued, 'add' 'memory'
Jun 08 14:36:19 breadbox.penurio.us systemd-udevd[334]: no db file to read /run/udev/data/+memory:memory689: No such file or directory
Jun 08 14:36:19 breadbox.penurio.us systemd-udevd[327]: passed 145 bytes to netlink monitor 0x7fa12cca02f0
Jun 08 14:36:19 breadbox.penurio.us systemd-udevd[329]: seq 3602 running
Jun 08 14:36:19 breadbox.penurio.us systemd-udevd[334]: passed unknown number of bytes to netlink monitor 0x7fa12cca7a60
Jun 08 14:36:19 breadbox.penurio.us systemd-udevd[327]: seq 3603 queued, 'add' 'memory'
Jun 08 14:36:19 breadbox.penurio.us systemd-udevd[329]: no db file to read /run/udev/data/+memory:memory69: No such file or directory
Jun 08 14:36:19 breadbox.penurio.us systemd-udevd[334]: seq 3601 processed with 0
Jun 08 14:36:19 breadbox.penurio.us systemd-udevd[327]: passed 146 bytes to netlink monitor 0x7fa12cca02f0
Jun 08 14:36:19 breadbox.penurio.us systemd-udevd[333]: seq 3603 running
Jun 08 14:36:19 breadbox.penurio.us systemd-udevd[329]: passed unknown number of bytes to netlink monitor 0x7fa12ccb2a70
Jun 08 14:36:19 breadbox.penurio.us systemd-udevd[327]: seq 3604 queued, 'add' 'memory'
Jun 08 14:36:19 breadbox.penurio.us systemd-udevd[333]: no db file to read /run/udev/data/+memory:memory690: No such file or directory
Jun 08 14:36:19 breadbox.penurio.us systemd-udevd[329]: seq 3602 processed with 0
Jun 08 14:36:19 breadbox.penurio.us systemd-udevd[327]: passed 146 bytes to netlink monitor 0x7fa12cca02f0
Jun 08 14:36:19 breadbox.penurio.us systemd-udevd[334]: seq 3604 running
Jun 08 14:36:19 breadbox.penurio.us systemd-udevd[333]: passed unknown number of bytes to netlink monitor 0x7fa12cca4550
Jun 08 14:36:19 breadbox.penurio.us systemd-udevd[327]: seq 3605 queued, 'add' 'memory'
Jun 08 14:36:19 breadbox.penurio.us systemd-udevd[334]: no db file to read /run/udev/data/+memory:memory691: No such file or directory
Jun 08 14:36:19 breadbox.penurio.us systemd-udevd[333]: seq 3603 processed with 0
Jun 08 14:36:19 breadbox.penurio.us systemd-udevd[327]: passed 146 bytes to netlink monitor 0x7fa12cca02f0
Jun 08 14:36:19 breadbox.penurio.us systemd-udevd[329]: seq 3605 running
Jun 08 14:36:19 breadbox.penurio.us systemd-udevd[334]: passed unknown number of bytes to netlink monitor 0x7fa12cca7a60
Jun 08 14:36:19 breadbox.penurio.us systemd-udevd[327]: seq 3606 queued, 'add' 'memory'
Jun 08 14:36:19 breadbox.penurio.us systemd-udevd[329]: no db file to read /run/udev/data/+memory:memory692: No such file or directory
Jun 08 14:36:19 breadbox.penurio.us systemd-udevd[334]: seq 3604 processed with 0
Jun 08 14:36:19 breadbox.penurio.us systemd-udevd[327]: passed 146 bytes to netlink monitor 0x7fa12cca02f0
Jun 08 14:36:19 breadbox.penurio.us systemd-udevd[333]: seq 3606 running
Jun 08 14:36:19 breadbox.penurio.us systemd-udevd[329]: passed unknown number of bytes to netlink monitor 0x7fa12ccb2a70
Jun 08 14:36:19 breadbox.penurio.us systemd-udevd[327]: seq 3607 queued, 'add' 'memory'
Jun 08 14:36:19 breadbox.penurio.us systemd-udevd[333]: no db file to read /run/udev/data/+memory:memory693: No such file or directory
Jun 08 14:36:19 breadbox.penurio.us systemd-udevd[329]: seq 3605 processed with 0
Jun 08 14:36:19 breadbox.penurio.us systemd-udevd[327]: passed 146 bytes to netlink monitor 0x7fa12cca02f0
Jun 08 14:36:19 breadbox.penurio.us systemd-udevd[334]: seq 3607 running
Jun 08 14:36:19 breadbox.penurio.us systemd-udevd[333]: passed unknown number of bytes to netlink monitor 0x7fa12cca4550
Jun 08 14:36:19 breadbox.penurio.us systemd-udevd[327]: seq 3608 queued, 'add' 'memory'
Jun 08 14:36:19 breadbox.penurio.us systemd-udevd[334]: no db file to read /run/udev/data/+memory:memory694: No such file or directory
Jun 08 14:36:19 breadbox.penurio.us systemd-udevd[333]: seq 3606 processed with 0
Jun 08 14:36:19 breadbox.penurio.us systemd-udevd[327]: passed 146 bytes to netlink monitor 0x7fa12cca02f0
Jun 08 14:36:19 breadbox.penurio.us systemd-udevd[329]: seq 3608 running
Jun 08 14:36:19 breadbox.penurio.us systemd-udevd[334]: passed unknown number of bytes to netlink monitor 0x7fa12cca7a60
Jun 08 14:36:19 breadbox.penurio.us systemd-udevd[327]: seq 3609 queued, 'add' 'memory'
Jun 08 14:36:19 breadbox.penurio.us systemd-udevd[329]: no db file to read /run/udev/data/+memory:memory695: No such file or directory
Jun 08 14:36:19 breadbox.penurio.us systemd-udevd[334]: seq 3607 processed with 0
Jun 08 14:36:19 breadbox.penurio.us systemd-udevd[327]: passed 146 bytes to netlink monitor 0x7fa12cca02f0
Jun 08 14:36:19 breadbox.penurio.us systemd-udevd[333]: seq 3609 running
Jun 08 14:36:19 breadbox.penurio.us systemd-udevd[329]: passed unknown number of bytes to netlink monitor 0x7fa12ccb2a70
Jun 08 14:36:19 breadbox.penurio.us systemd-udevd[327]: seq 3610 queued, 'add' 'memory'
Jun 08 14:36:19 breadbox.penurio.us systemd-udevd[333]: no db file to read /run/udev/data/+memory:memory696: No such file or directory
Jun 08 14:36:19 breadbox.penurio.us systemd-udevd[329]: seq 3608 processed with 0
Jun 08 14:36:19 breadbox.penurio.us systemd-udevd[327]: passed 146 bytes to netlink monitor 0x7fa12cca02f0
Jun 08 14:36:19 breadbox.penurio.us systemd-udevd[334]: seq 3610 running
Jun 08 14:36:19 breadbox.penurio.us systemd-udevd[334]: no db file to read /run/udev/data/+memory:memory697: No such file or directory
Jun 08 14:36:19 breadbox.penurio.us systemd-udevd[327]: seq 3611 queued, 'add' 'memory'
Jun 08 14:36:19 breadbox.penurio.us systemd-udevd[333]: passed unknown number of bytes to netlink monitor 0x7fa12cca4550
Jun 08 14:36:19 breadbox.penurio.us systemd-udevd[334]: passed unknown number of bytes to netlink monitor 0x7fa12cca7a60
Jun 08 14:36:19 breadbox.penurio.us systemd-udevd[327]: passed 146 bytes to netlink monitor 0x7fa12cca02f0
Jun 08 14:36:19 breadbox.penurio.us systemd-udevd[329]: seq 3611 running
Jun 08 14:36:19 breadbox.penurio.us systemd-udevd[333]: seq 3609 processed with 0
Jun 08 14:36:19 breadbox.penurio.us systemd-udevd[334]: seq 3610 processed with 0
Jun 08 14:36:19 breadbox.penurio.us systemd-udevd[327]: seq 3612 queued, 'add' 'memory'
Jun 08 14:36:19 breadbox.penurio.us systemd-udevd[329]: no db file to read /run/udev/data/+memory:memory698: No such file or directory
Jun 08 14:36:19 breadbox.penurio.us systemd-udevd[328]: IMPORT builtin 'hwdb' /usr/lib/udev/rules.d/50-udev-default.rules:9
Jun 08 14:36:19 breadbox.penurio.us systemd-udevd[327]: passed 146 bytes to netlink monitor 0x7fa12cca02f0
Jun 08 14:36:19 breadbox.penurio.us systemd-udevd[333]: seq 3612 running
Jun 08 14:36:19 breadbox.penurio.us systemd-udevd[329]: passed unknown number of bytes to netlink monitor 0x7fa12ccb2a70
Jun 08 14:36:19 breadbox.penurio.us systemd-udevd[328]: IMPORT builtin 'hwdb' returned non-zero
Jun 08 14:36:19 breadbox.penurio.us systemd-udevd[327]: seq 3613 queued, 'add' 'memory'
Jun 08 14:36:19 breadbox.penurio.us systemd-udevd[333]: no db file to read /run/udev/data/+memory:memory699: No such file or directory
Jun 08 14:36:19 breadbox.penurio.us systemd-udevd[329]: seq 3611 processed with 0
Jun 08 14:36:19 breadbox.penurio.us systemd-udevd[328]: MODE 0664 /usr/lib/udev/rules.d/50-udev-default.rules:38
Jun 08 14:36:19 breadbox.penurio.us systemd-udevd[327]: passed 144 bytes to netlink monitor 0x7fa12cca02f0
Jun 08 14:36:19 breadbox.penurio.us systemd-udevd[334]: seq 3613 running
Jun 08 14:36:19 breadbox.penurio.us systemd-udevd[333]: passed unknown number of bytes to netlink monitor 0x7fa12cca4550
Jun 08 14:36:19 breadbox.penurio.us systemd-udevd[328]: IMPORT builtin 'path_id' /usr/lib/udev/rules.d/71-seat.rules:43
Jun 08 14:36:19 breadbox.penurio.us systemd-udevd[327]: seq 3614 queued, 'add' 'memory'
Jun 08 14:36:19 breadbox.penurio.us systemd-udevd[334]: no db file to read /run/udev/data/+memory:memory7: No such file or directory
Jun 08 14:36:19 breadbox.penurio.us systemd-udevd[334]: passed unknown number of bytes to netlink monitor 0x7fa12cca7a60
Jun 08 14:36:19 breadbox.penurio.us systemd-udevd[328]: no db file to read /run/udev/data/+pci:0000:00:14.0: No such file or directory
Jun 08 14:36:19 breadbox.penurio.us systemd-udevd[327]: passed 145 bytes to netlink monitor 0x7fa12cca02f0
Jun 08 14:36:19 breadbox.penurio.us systemd-udevd[329]: seq 3614 running
Jun 08 14:36:19 breadbox.penurio.us systemd-udevd[333]: seq 3612 processed with 0
Jun 08 14:36:19 breadbox.penurio.us systemd-udevd[334]: seq 3613 processed with 0
Jun 08 14:36:19 breadbox.penurio.us systemd-udevd[328]: handling device node '/dev/bus/usb/003/001', devnum=c189:256, mode=0664, uid=0, gid=0
Jun 08 14:36:19 breadbox.penurio.us systemd-udevd[327]: seq 3615 queued, 'add' 'memory'
Jun 08 14:36:19 breadbox.penurio.us systemd-udevd[329]: no db file to read /run/udev/data/+memory:memory70: No such file or directory
Jun 08 14:36:19 breadbox.penurio.us systemd-udevd[328]: set permissions /dev/bus/usb/003/001, 020664, uid=0, gid=0
Jun 08 14:36:19 breadbox.penurio.us systemd-udevd[327]: passed 146 bytes to netlink monitor 0x7fa12cca02f0
Jun 08 14:36:19 breadbox.penurio.us systemd-udevd[333]: seq 3615 running
Jun 08 14:36:19 breadbox.penurio.us systemd-udevd[329]: passed unknown number of bytes to netlink monitor 0x7fa12ccb2a70
Jun 08 14:36:19 breadbox.penurio.us systemd-udevd[328]: creating symlink '/dev/char/189:256' to '../bus/usb/003/001'
Jun 08 14:36:19 breadbox.penurio.us systemd-udevd[327]: seq 3616 queued, 'add' 'memory'
Jun 08 14:36:19 breadbox.penurio.us systemd-udevd[334]: seq 3616 running
Jun 08 14:36:19 breadbox.penurio.us systemd-udevd[329]: seq 3614 processed with 0
Jun 08 14:36:19 breadbox.penurio.us systemd-udevd[328]: created db file '/run/udev/data/c189:256' for '/devices/pci0000:00/0000:00:14.0/usb3'
Jun 08 14:36:19 breadbox.penurio.us systemd-udevd[327]: passed 146 bytes to netlink monitor 0x7fa12cca02f0
Jun 08 14:36:19 breadbox.penurio.us systemd-udevd[333]: no db file to read /run/udev/data/+memory:memory700: No such file or directory
Jun 08 14:36:19 breadbox.penurio.us systemd-udevd[334]: no db file to read /run/udev/data/+memory:memory701: No such file or directory
Jun 08 14:36:19 breadbox.penurio.us systemd-udevd[328]: passed unknown number of bytes to netlink monitor 0x7fa12ccb0ff0
Jun 08 14:36:19 breadbox.penurio.us systemd-udevd[327]: seq 3617 queued, 'add' 'memory'
Jun 08 14:36:19 breadbox.penurio.us systemd-udevd[333]: passed unknown number of bytes to netlink monitor 0x7fa12cca4550
Jun 08 14:36:19 breadbox.penurio.us systemd-udevd[328]: seq 2757 processed with 0
Jun 08 14:36:19 breadbox.penurio.us systemd-udevd[334]: passed unknown number of bytes to netlink monitor 0x7fa12cca7a60
Jun 08 14:36:19 breadbox.penurio.us systemd-udevd[327]: passed 146 bytes to netlink monitor 0x7fa12cca02f0
Jun 08 14:36:19 breadbox.penurio.us systemd-udevd[329]: seq 3617 running
Jun 08 14:36:19 breadbox.penurio.us systemd-udevd[333]: seq 3615 processed with 0
Jun 08 14:36:19 breadbox.penurio.us systemd-udevd[334]: seq 3616 processed with 0
Jun 08 14:36:19 breadbox.penurio.us systemd-udevd[327]: seq 3618 queued, 'add' 'memory'
Jun 08 14:36:19 breadbox.penurio.us systemd-udevd[329]: no db file to read /run/udev/data/+memory:memory702: No such file or directory
Jun 08 14:36:19 breadbox.penurio.us systemd-udevd[327]: passed 294 bytes to netlink monitor 0x7fa12cca02f0
Jun 08 14:36:19 breadbox.penurio.us systemd-udevd[328]: seq 2758 running
Jun 08 14:36:19 breadbox.penurio.us systemd-udevd[329]: passed unknown number of bytes to netlink monitor 0x7fa12ccb2a70
Jun 08 14:36:19 breadbox.penurio.us systemd-udevd[327]: passed 146 bytes to netlink monitor 0x7fa12cca02f0
Jun 08 14:36:19 breadbox.penurio.us systemd-udevd[333]: seq 3618 running
Jun 08 14:36:19 breadbox.penurio.us systemd-udevd[328]: no db file to read /run/udev/data/+usb:3-0:1.0: No such file or directory
Jun 08 14:36:19 breadbox.penurio.us systemd-udevd[329]: seq 3617 processed with 0
Jun 08 14:36:19 breadbox.penurio.us systemd-udevd[327]: seq 3619 queued, 'add' 'memory'
Jun 08 14:36:19 breadbox.penurio.us systemd-udevd[333]: no db file to read /run/udev/data/+memory:memory703: No such file or directory
Jun 08 14:36:19 breadbox.penurio.us systemd-udevd[328]: IMPORT builtin 'hwdb' /usr/lib/udev/rules.d/50-udev-default.rules:11
Jun 08 14:36:19 breadbox.penurio.us systemd-udevd[327]: passed 146 bytes to netlink monitor 0x7fa12cca02f0
Jun 08 14:36:19 breadbox.penurio.us systemd-udevd[329]: seq 3619 running
Jun 08 14:36:19 breadbox.penurio.us systemd-udevd[333]: passed unknown number of bytes to netlink monitor 0x7fa12cca4550
Jun 08 14:36:19 breadbox.penurio.us systemd-udevd[328]: IMPORT builtin 'hwdb' returned non-zero
Jun 08 14:36:19 breadbox.penurio.us systemd-udevd[327]: seq 3620 queued, 'add' 'memory'
Jun 08 14:36:19 breadbox.penurio.us systemd-udevd[329]: no db file to read /run/udev/data/+memory:memory704: No such file or directory
Jun 08 14:36:19 breadbox.penurio.us systemd-udevd[333]: seq 3618 processed with 0
Jun 08 14:36:19 breadbox.penurio.us systemd-udevd[328]: RUN 'kmod load $env{MODALIAS}' /usr/lib/udev/rules.d/80-drivers.rules:5
Jun 08 14:36:19 breadbox.penurio.us systemd-udevd[327]: passed 146 bytes to netlink monitor 0x7fa12cca02f0
Jun 08 14:36:19 breadbox.penurio.us systemd-udevd[334]: seq 3620 running
Jun 08 14:36:19 breadbox.penurio.us systemd-udevd[329]: passed unknown number of bytes to netlink monitor 0x7fa12ccb2a70
Jun 08 14:36:19 breadbox.penurio.us systemd-udevd[328]: Execute 'load' 'usb:v1D6Bp0002d0310dc09dsc00dp01ic09isc00ip00in00'
Jun 08 14:36:19 breadbox.penurio.us systemd-udevd[327]: seq 3621 queued, 'add' 'memory'
Jun 08 14:36:19 breadbox.penurio.us systemd-udevd[334]: no db file to read /run/udev/data/+memory:memory705: No such file or directory
Jun 08 14:36:19 breadbox.penurio.us systemd-udevd[329]: seq 3619 processed with 0
Jun 08 14:36:19 breadbox.penurio.us systemd-udevd[328]: No module matches 'usb:v1D6Bp0002d0310dc09dsc00dp01ic09isc00ip00in00'
Jun 08 14:36:19 breadbox.penurio.us systemd-udevd[327]: passed 146 bytes to netlink monitor 0x7fa12cca02f0
Jun 08 14:36:19 breadbox.penurio.us systemd-udevd[333]: seq 3621 running
Jun 08 14:36:19 breadbox.penurio.us systemd-udevd[334]: passed unknown number of bytes to netlink monitor 0x7fa12cca7a60
Jun 08 14:36:19 breadbox.penurio.us systemd-udevd[328]: passed unknown number of bytes to netlink monitor 0x7fa12ccb0ff0
Jun 08 14:36:19 breadbox.penurio.us systemd-udevd[327]: seq 3622 queued, 'add' 'memory'
Jun 08 14:36:19 breadbox.penurio.us systemd-udevd[333]: no db file to read /run/udev/data/+memory:memory706: No such file or directory
Jun 08 14:36:19 breadbox.penurio.us systemd-udevd[334]: seq 3620 processed with 0
Jun 08 14:36:19 breadbox.penurio.us systemd-udevd[328]: seq 2758 processed with 0
Jun 08 14:36:19 breadbox.penurio.us systemd-udevd[327]: passed 146 bytes to netlink monitor 0x7fa12cca02f0
Jun 08 14:36:19 breadbox.penurio.us systemd-udevd[329]: seq 3622 running
Jun 08 14:36:19 breadbox.penurio.us systemd-udevd[333]: passed unknown number of bytes to netlink monitor 0x7fa12cca4550
Jun 08 14:36:19 breadbox.penurio.us systemd-udevd[327]: seq 3623 queued, 'add' 'memory'
Jun 08 14:36:19 breadbox.penurio.us systemd-udevd[329]: no db file to read /run/udev/data/+memory:memory707: No such file or directory
Jun 08 14:36:19 breadbox.penurio.us systemd-udevd[333]: seq 3621 processed with 0
Jun 08 14:36:19 breadbox.penurio.us systemd-udevd[327]: passed 146 bytes to netlink monitor 0x7fa12cca02f0
Jun 08 14:36:19 breadbox.penurio.us systemd-udevd[328]: seq 3623 running
Jun 08 14:36:19 breadbox.penurio.us systemd-udevd[329]: passed unknown number of bytes to netlink monitor 0x7fa12ccb2a70
Jun 08 14:36:19 breadbox.penurio.us systemd-udevd[327]: seq 3624 queued, 'add' 'memory'
Jun 08 14:36:19 breadbox.penurio.us systemd-udevd[328]: no db file to read /run/udev/data/+memory:memory708: No such file or directory
Jun 08 14:36:19 breadbox.penurio.us systemd-udevd[329]: seq 3622 processed with 0
Jun 08 14:36:19 breadbox.penurio.us systemd-udevd[327]: passed 146 bytes to netlink monitor 0x7fa12cca02f0
Jun 08 14:36:19 breadbox.penurio.us systemd-udevd[333]: seq 3624 running
Jun 08 14:36:19 breadbox.penurio.us systemd-udevd[328]: passed unknown number of bytes to netlink monitor 0x7fa12ccb0ff0
Jun 08 14:36:19 breadbox.penurio.us systemd-udevd[327]: seq 3625 queued, 'add' 'memory'
Jun 08 14:36:19 breadbox.penurio.us systemd-udevd[333]: no db file to read /run/udev/data/+memory:memory709: No such file or directory
Jun 08 14:36:19 breadbox.penurio.us systemd-udevd[328]: seq 3623 processed with 0
Jun 08 14:36:19 breadbox.penurio.us systemd-udevd[327]: passed 145 bytes to netlink monitor 0x7fa12cca02f0
Jun 08 14:36:19 breadbox.penurio.us systemd-udevd[329]: seq 3625 running
Jun 08 14:36:19 breadbox.penurio.us systemd-udevd[333]: passed unknown number of bytes to netlink monitor 0x7fa12cca4550
Jun 08 14:36:19 breadbox.penurio.us systemd-udevd[327]: seq 3626 queued, 'add' 'memory'
Jun 08 14:36:19 breadbox.penurio.us systemd-udevd[329]: no db file to read /run/udev/data/+memory:memory71: No such file or directory
Jun 08 14:36:19 breadbox.penurio.us systemd-udevd[333]: seq 3624 processed with 0
Jun 08 14:36:19 breadbox.penurio.us systemd-udevd[327]: passed 146 bytes to netlink monitor 0x7fa12cca02f0
Jun 08 14:36:19 breadbox.penurio.us systemd-udevd[328]: seq 3626 running
Jun 08 14:36:19 breadbox.penurio.us systemd-udevd[329]: passed unknown number of bytes to netlink monitor 0x7fa12ccb2a70
Jun 08 14:36:19 breadbox.penurio.us systemd-udevd[327]: seq 3627 queued, 'add' 'memory'
Jun 08 14:36:19 breadbox.penurio.us systemd-udevd[328]: no db file to read /run/udev/data/+memory:memory710: No such file or directory
Jun 08 14:36:19 breadbox.penurio.us systemd-udevd[329]: seq 3625 processed with 0
Jun 08 14:36:19 breadbox.penurio.us systemd-udevd[327]: passed 146 bytes to netlink monitor 0x7fa12cca02f0
Jun 08 14:36:19 breadbox.penurio.us systemd-udevd[333]: seq 3627 running
Jun 08 14:36:19 breadbox.penurio.us systemd-udevd[328]: passed unknown number of bytes to netlink monitor 0x7fa12ccb0ff0
Jun 08 14:36:19 breadbox.penurio.us systemd-udevd[327]: seq 3628 queued, 'add' 'memory'
Jun 08 14:36:19 breadbox.penurio.us systemd-udevd[333]: no db file to read /run/udev/data/+memory:memory711: No such file or directory
Jun 08 14:36:19 breadbox.penurio.us systemd-udevd[328]: seq 3626 processed with 0
Jun 08 14:36:19 breadbox.penurio.us systemd-udevd[327]: passed 146 bytes to netlink monitor 0x7fa12cca02f0
Jun 08 14:36:19 breadbox.penurio.us systemd-udevd[329]: seq 3628 running
Jun 08 14:36:19 breadbox.penurio.us systemd-udevd[333]: passed unknown number of bytes to netlink monitor 0x7fa12cca4550
Jun 08 14:36:19 breadbox.penurio.us systemd-udevd[327]: seq 3629 queued, 'add' 'memory'
Jun 08 14:36:19 breadbox.penurio.us systemd-udevd[329]: no db file to read /run/udev/data/+memory:memory712: No such file or directory
Jun 08 14:36:19 breadbox.penurio.us systemd-udevd[333]: seq 3627 processed with 0
Jun 08 14:36:19 breadbox.penurio.us systemd-udevd[327]: passed 146 bytes to netlink monitor 0x7fa12cca02f0
Jun 08 14:36:19 breadbox.penurio.us systemd-udevd[328]: seq 3629 running
Jun 08 14:36:19 breadbox.penurio.us systemd-udevd[329]: passed unknown number of bytes to netlink monitor 0x7fa12ccb2a70
Jun 08 14:36:19 breadbox.penurio.us systemd-udevd[327]: seq 3630 queued, 'add' 'memory'
Jun 08 14:36:19 breadbox.penurio.us systemd-udevd[328]: no db file to read /run/udev/data/+memory:memory713: No such file or directory
Jun 08 14:36:19 breadbox.penurio.us systemd-udevd[329]: seq 3628 processed with 0
Jun 08 14:36:19 breadbox.penurio.us systemd-udevd[327]: passed 146 bytes to netlink monitor 0x7fa12cca02f0
Jun 08 14:36:19 breadbox.penurio.us systemd-udevd[333]: seq 3630 running
Jun 08 14:36:19 breadbox.penurio.us systemd-udevd[328]: passed unknown number of bytes to netlink monitor 0x7fa12ccb0ff0
Jun 08 14:36:19 breadbox.penurio.us systemd-udevd[327]: seq 3631 queued, 'add' 'memory'
Jun 08 14:36:19 breadbox.penurio.us systemd-udevd[333]: no db file to read /run/udev/data/+memory:memory714: No such file or directory
Jun 08 14:36:19 breadbox.penurio.us systemd-udevd[328]: seq 3629 processed with 0
Jun 08 14:36:19 breadbox.penurio.us systemd-udevd[327]: passed 146 bytes to netlink monitor 0x7fa12cca02f0
Jun 08 14:36:19 breadbox.penurio.us systemd-udevd[329]: seq 3631 running
Jun 08 14:36:19 breadbox.penurio.us systemd-udevd[333]: passed unknown number of bytes to netlink monitor 0x7fa12cca4550
Jun 08 14:36:19 breadbox.penurio.us systemd-udevd[327]: seq 3632 queued, 'add' 'memory'
Jun 08 14:36:19 breadbox.penurio.us systemd-udevd[329]: no db file to read /run/udev/data/+memory:memory715: No such file or directory
Jun 08 14:36:19 breadbox.penurio.us systemd-udevd[333]: seq 3630 processed with 0
Jun 08 14:36:19 breadbox.penurio.us systemd-udevd[327]: passed 146 bytes to netlink monitor 0x7fa12cca02f0
Jun 08 14:36:19 breadbox.penurio.us systemd-udevd[328]: seq 3632 running
Jun 08 14:36:19 breadbox.penurio.us systemd-udevd[329]: passed unknown number of bytes to netlink monitor 0x7fa12ccb2a70
Jun 08 14:36:19 breadbox.penurio.us systemd-udevd[327]: seq 3633 queued, 'add' 'memory'
Jun 08 14:36:19 breadbox.penurio.us systemd-udevd[328]: no db file to read /run/udev/data/+memory:memory716: No such file or directory
Jun 08 14:36:19 breadbox.penurio.us systemd-udevd[329]: seq 3631 processed with 0
Jun 08 14:36:19 breadbox.penurio.us systemd-udevd[327]: passed 146 bytes to netlink monitor 0x7fa12cca02f0
Jun 08 14:36:19 breadbox.penurio.us systemd-udevd[333]: seq 3633 running
Jun 08 14:36:19 breadbox.penurio.us systemd-udevd[328]: passed unknown number of bytes to netlink monitor 0x7fa12ccb0ff0
Jun 08 14:36:19 breadbox.penurio.us systemd-udevd[327]: seq 3634 queued, 'add' 'memory'
Jun 08 14:36:19 breadbox.penurio.us systemd-udevd[333]: no db file to read /run/udev/data/+memory:memory717: No such file or directory
Jun 08 14:36:19 breadbox.penurio.us systemd-udevd[328]: seq 3632 processed with 0
Jun 08 14:36:19 breadbox.penurio.us systemd-udevd[327]: passed 146 bytes to netlink monitor 0x7fa12cca02f0
Jun 08 14:36:19 breadbox.penurio.us systemd-udevd[329]: seq 3634 running
Jun 08 14:36:19 breadbox.penurio.us systemd-udevd[333]: passed unknown number of bytes to netlink monitor 0x7fa12cca4550
Jun 08 14:36:19 breadbox.penurio.us systemd-udevd[327]: seq 3635 queued, 'add' 'memory'
Jun 08 14:36:19 breadbox.penurio.us systemd-udevd[329]: no db file to read /run/udev/data/+memory:memory718: No such file or directory
Jun 08 14:36:19 breadbox.penurio.us systemd-udevd[333]: seq 3633 processed with 0
Jun 08 14:36:19 breadbox.penurio.us systemd-udevd[327]: passed 146 bytes to netlink monitor 0x7fa12cca02f0
Jun 08 14:36:19 breadbox.penurio.us systemd-udevd[328]: seq 3635 running
Jun 08 14:36:19 breadbox.penurio.us systemd-udevd[329]: passed unknown number of bytes to netlink monitor 0x7fa12ccb2a70
Jun 08 14:36:19 breadbox.penurio.us systemd-udevd[327]: seq 3636 queued, 'add' 'memory'
Jun 08 14:36:19 breadbox.penurio.us systemd-udevd[328]: no db file to read /run/udev/data/+memory:memory719: No such file or directory
Jun 08 14:36:19 breadbox.penurio.us systemd-udevd[329]: seq 3634 processed with 0
Jun 08 14:36:19 breadbox.penurio.us systemd-udevd[327]: passed 145 bytes to netlink monitor 0x7fa12cca02f0
Jun 08 14:36:19 breadbox.penurio.us systemd-udevd[333]: seq 3636 running
Jun 08 14:36:19 breadbox.penurio.us systemd-udevd[328]: passed unknown number of bytes to netlink monitor 0x7fa12ccb0ff0
Jun 08 14:36:19 breadbox.penurio.us systemd-udevd[327]: seq 3637 queued, 'add' 'memory'
Jun 08 14:36:19 breadbox.penurio.us systemd-udevd[333]: no db file to read /run/udev/data/+memory:memory72: No such file or directory
Jun 08 14:36:19 breadbox.penurio.us systemd-udevd[328]: seq 3635 processed with 0
Jun 08 14:36:19 breadbox.penurio.us systemd-udevd[327]: passed 146 bytes to netlink monitor 0x7fa12cca02f0
Jun 08 14:36:19 breadbox.penurio.us systemd-udevd[329]: seq 3637 running
Jun 08 14:36:19 breadbox.penurio.us systemd-udevd[333]: passed unknown number of bytes to netlink monitor 0x7fa12cca4550
Jun 08 14:36:19 breadbox.penurio.us systemd-udevd[327]: seq 3638 queued, 'add' 'memory'
Jun 08 14:36:19 breadbox.penurio.us systemd-udevd[329]: no db file to read /run/udev/data/+memory:memory720: No such file or directory
Jun 08 14:36:19 breadbox.penurio.us systemd-udevd[333]: seq 3636 processed with 0
Jun 08 14:36:19 breadbox.penurio.us systemd-udevd[327]: passed 146 bytes to netlink monitor 0x7fa12cca02f0
Jun 08 14:36:19 breadbox.penurio.us systemd-udevd[328]: seq 3638 running
Jun 08 14:36:19 breadbox.penurio.us systemd-udevd[329]: passed unknown number of bytes to netlink monitor 0x7fa12ccb2a70
Jun 08 14:36:19 breadbox.penurio.us systemd-udevd[327]: seq 3639 queued, 'add' 'memory'
Jun 08 14:36:19 breadbox.penurio.us systemd-udevd[328]: no db file to read /run/udev/data/+memory:memory721: No such file or directory
Jun 08 14:36:19 breadbox.penurio.us systemd-udevd[329]: seq 3637 processed with 0
Jun 08 14:36:19 breadbox.penurio.us systemd-udevd[327]: passed 146 bytes to netlink monitor 0x7fa12cca02f0
Jun 08 14:36:19 breadbox.penurio.us systemd-udevd[333]: seq 3639 running
Jun 08 14:36:19 breadbox.penurio.us systemd-udevd[328]: passed unknown number of bytes to netlink monitor 0x7fa12ccb0ff0
Jun 08 14:36:19 breadbox.penurio.us systemd-udevd[327]: seq 3640 queued, 'add' 'memory'
Jun 08 14:36:19 breadbox.penurio.us systemd-udevd[333]: no db file to read /run/udev/data/+memory:memory722: No such file or directory
Jun 08 14:36:19 breadbox.penurio.us systemd-udevd[328]: seq 3638 processed with 0
Jun 08 14:36:19 breadbox.penurio.us systemd-udevd[327]: passed 146 bytes to netlink monitor 0x7fa12cca02f0
Jun 08 14:36:19 breadbox.penurio.us systemd-udevd[329]: seq 3640 running
Jun 08 14:36:19 breadbox.penurio.us systemd-udevd[333]: passed unknown number of bytes to netlink monitor 0x7fa12cca4550
Jun 08 14:36:19 breadbox.penurio.us systemd-udevd[327]: seq 3641 queued, 'add' 'memory'
Jun 08 14:36:19 breadbox.penurio.us systemd-udevd[329]: no db file to read /run/udev/data/+memory:memory723: No such file or directory
Jun 08 14:36:19 breadbox.penurio.us systemd-udevd[333]: seq 3639 processed with 0
Jun 08 14:36:19 breadbox.penurio.us systemd-udevd[327]: passed 146 bytes to netlink monitor 0x7fa12cca02f0
Jun 08 14:36:19 breadbox.penurio.us systemd-udevd[328]: seq 3641 running
Jun 08 14:36:19 breadbox.penurio.us systemd-udevd[329]: passed unknown number of bytes to netlink monitor 0x7fa12ccb2a70
Jun 08 14:36:19 breadbox.penurio.us systemd-udevd[327]: seq 3642 queued, 'add' 'memory'
Jun 08 14:36:19 breadbox.penurio.us systemd-udevd[328]: no db file to read /run/udev/data/+memory:memory724: No such file or directory
Jun 08 14:36:19 breadbox.penurio.us systemd-udevd[329]: seq 3640 processed with 0
Jun 08 14:36:19 breadbox.penurio.us systemd-udevd[327]: passed 146 bytes to netlink monitor 0x7fa12cca02f0
Jun 08 14:36:19 breadbox.penurio.us systemd-udevd[333]: seq 3642 running
Jun 08 14:36:19 breadbox.penurio.us systemd-udevd[328]: passed unknown number of bytes to netlink monitor 0x7fa12ccb0ff0
Jun 08 14:36:19 breadbox.penurio.us systemd-udevd[327]: seq 3643 queued, 'add' 'memory'
Jun 08 14:36:19 breadbox.penurio.us systemd-udevd[333]: no db file to read /run/udev/data/+memory:memory725: No such file or directory
Jun 08 14:36:19 breadbox.penurio.us systemd-udevd[328]: seq 3641 processed with 0
Jun 08 14:36:19 breadbox.penurio.us systemd-udevd[327]: passed 146 bytes to netlink monitor 0x7fa12cca02f0
Jun 08 14:36:19 breadbox.penurio.us systemd-udevd[329]: seq 3643 running
Jun 08 14:36:19 breadbox.penurio.us systemd-udevd[333]: passed unknown number of bytes to netlink monitor 0x7fa12cca4550
Jun 08 14:36:19 breadbox.penurio.us systemd-udevd[327]: seq 3644 queued, 'add' 'memory'
Jun 08 14:36:19 breadbox.penurio.us systemd-udevd[329]: no db file to read /run/udev/data/+memory:memory726: No such file or directory
Jun 08 14:36:19 breadbox.penurio.us systemd-udevd[333]: seq 3642 processed with 0
Jun 08 14:36:19 breadbox.penurio.us systemd-udevd[327]: passed 146 bytes to netlink monitor 0x7fa12cca02f0
Jun 08 14:36:19 breadbox.penurio.us systemd-udevd[328]: seq 3644 running
Jun 08 14:36:19 breadbox.penurio.us systemd-udevd[329]: passed unknown number of bytes to netlink monitor 0x7fa12ccb2a70
