Jun 08 14:36:18 breadbox.penurio.us systemd-udevd[327]: seq 2242 queued, 'add' 'drivers'
Jun 08 14:36:18 breadbox.penurio.us systemd-udevd[331]: passed unknown number of bytes to netlink monitor 0x7fa12ccb57b0
Jun 08 14:36:18 breadbox.penurio.us systemd-udevd[331]: seq 2239 processed with 0
Jun 08 14:36:18 breadbox.penurio.us systemd-udevd[336]: passed unknown number of bytes to netlink monitor 0x7fa12ccaee60
Jun 08 14:36:18 breadbox.penurio.us systemd-udevd[330]: passed unknown number of bytes to netlink monitor 0x7fa12ccb51c0
Jun 08 14:36:18 breadbox.penurio.us systemd-udevd[336]: seq 2238 processed with 0
Jun 08 14:36:18 breadbox.penurio.us systemd-udevd[328]: no db file to read /run/udev/data/+drivers:vmd: No such file or directory
Jun 08 14:36:18 breadbox.penurio.us systemd-udevd[327]: passed 140 bytes to netlink monitor 0x7fa12cca02f0
Jun 08 14:36:18 breadbox.penurio.us systemd-udevd[330]: seq 2237 processed with 0
Jun 08 14:36:18 breadbox.penurio.us systemd-udevd[333]: no db file to read /run/udev/data/+drivers:xen-platform-pci: No such file or directory
Jun 08 14:36:18 breadbox.penurio.us systemd-udevd[329]: seq 2242 running
Jun 08 14:36:18 breadbox.penurio.us systemd-udevd[327]: seq 2243 queued, 'add' 'bus'
Jun 08 14:36:18 breadbox.penurio.us systemd-udevd[327]: passed 127 bytes to netlink monitor 0x7fa12cca02f0
Jun 08 14:36:18 breadbox.penurio.us systemd-udevd[328]: no db file to read /run/udev/data/+subsystem:drivers: No such file or directory
Jun 08 14:36:18 breadbox.penurio.us systemd-udevd[330]: seq 2243 running
Jun 08 14:36:18 breadbox.penurio.us systemd-udevd[327]: seq 2244 queued, 'add' 'drivers'
Jun 08 14:36:18 breadbox.penurio.us systemd-udevd[329]: no db file to read /run/udev/data/+drivers:xhci_hcd: No such file or directory
Jun 08 14:36:18 breadbox.penurio.us systemd-udevd[333]: no db file to read /run/udev/data/+subsystem:drivers: No such file or directory
Jun 08 14:36:18 breadbox.penurio.us systemd-udevd[327]: seq 2245 queued, 'add' 'drivers'
Jun 08 14:36:18 breadbox.penurio.us systemd-udevd[328]: passed unknown number of bytes to netlink monitor 0x7fa12ccb0ff0
Jun 08 14:36:18 breadbox.penurio.us systemd-udevd[330]: no db file to read /run/udev/data/+bus:pci_express: No such file or directory
Jun 08 14:36:18 breadbox.penurio.us systemd-udevd[328]: seq 2240 processed with 0
Jun 08 14:36:18 breadbox.penurio.us systemd-udevd[327]: seq 2246 queued, 'add' 'drivers'
Jun 08 14:36:18 breadbox.penurio.us systemd-udevd[333]: passed unknown number of bytes to netlink monitor 0x7fa12cca4550
Jun 08 14:36:18 breadbox.penurio.us systemd-udevd[333]: seq 2241 processed with 0
Jun 08 14:36:18 breadbox.penurio.us systemd-udevd[327]: seq 2247 queued, 'add' 'bus'
Jun 08 14:36:18 breadbox.penurio.us systemd-udevd[329]: no db file to read /run/udev/data/+subsystem:drivers: No such file or directory
Jun 08 14:36:18 breadbox.penurio.us systemd-udevd[327]: passed 124 bytes to netlink monitor 0x7fa12cca02f0
Jun 08 14:36:18 breadbox.penurio.us systemd-udevd[330]: passed unknown number of bytes to netlink monitor 0x7fa12ccb51c0
Jun 08 14:36:18 breadbox.penurio.us systemd-udevd[328]: seq 2247 running
Jun 08 14:36:18 breadbox.penurio.us systemd-udevd[330]: seq 2243 processed with 0
Jun 08 14:36:18 breadbox.penurio.us systemd-udevd[327]: seq 2248 queued, 'add' 'drivers'
Jun 08 14:36:18 breadbox.penurio.us systemd-udevd[329]: passed unknown number of bytes to netlink monitor 0x7fa12ccb2a70
Jun 08 14:36:18 breadbox.penurio.us systemd-udevd[327]: passed 143 bytes to netlink monitor 0x7fa12cca02f0
Jun 08 14:36:18 breadbox.penurio.us systemd-udevd[329]: seq 2242 processed with 0
Jun 08 14:36:18 breadbox.penurio.us systemd-udevd[328]: no db file to read /run/udev/data/+bus:platform: No such file or directory
Jun 08 14:36:18 breadbox.penurio.us systemd-udevd[327]: passed 148 bytes to netlink monitor 0x7fa12cca02f0
Jun 08 14:36:18 breadbox.penurio.us systemd-udevd[331]: seq 2245 running
Jun 08 14:36:18 breadbox.penurio.us systemd-udevd[330]: seq 2244 running
Jun 08 14:36:18 breadbox.penurio.us systemd-udevd[327]: passed 146 bytes to netlink monitor 0x7fa12cca02f0
Jun 08 14:36:18 breadbox.penurio.us systemd-udevd[331]: no db file to read /run/udev/data/+drivers:pcie_pme: No such file or directory
Jun 08 14:36:18 breadbox.penurio.us systemd-udevd[333]: seq 2246 running
Jun 08 14:36:18 breadbox.penurio.us systemd-udevd[327]: seq 2249 queued, 'add' 'drivers'
Jun 08 14:36:18 breadbox.penurio.us systemd-udevd[330]: no db file to read /run/udev/data/+drivers:aer: No such file or directory
Jun 08 14:36:18 breadbox.penurio.us systemd-udevd[328]: passed unknown number of bytes to netlink monitor 0x7fa12ccb0ff0
Jun 08 14:36:18 breadbox.penurio.us systemd-udevd[331]: no db file to read /run/udev/data/+subsystem:drivers: No such file or directory
Jun 08 14:36:18 breadbox.penurio.us systemd-udevd[328]: seq 2247 processed with 0
Jun 08 14:36:18 breadbox.penurio.us systemd-udevd[327]: seq 2250 queued, 'add' 'drivers'
Jun 08 14:36:18 breadbox.penurio.us systemd-udevd[331]: passed unknown number of bytes to netlink monitor 0x7fa12ccb57b0
Jun 08 14:36:18 breadbox.penurio.us systemd-udevd[331]: seq 2245 processed with 0
Jun 08 14:36:18 breadbox.penurio.us systemd-udevd[327]: seq 2251 queued, 'add' 'drivers'
Jun 08 14:36:18 breadbox.penurio.us systemd-udevd[333]: no db file to read /run/udev/data/+drivers:pciehp: No such file or directory
Jun 08 14:36:18 breadbox.penurio.us systemd-udevd[327]: passed 141 bytes to netlink monitor 0x7fa12cca02f0
Jun 08 14:36:18 breadbox.penurio.us systemd-udevd[330]: no db file to read /run/udev/data/+subsystem:drivers: No such file or directory
Jun 08 14:36:18 breadbox.penurio.us systemd-udevd[327]: passed 145 bytes to netlink monitor 0x7fa12cca02f0
Jun 08 14:36:18 breadbox.penurio.us systemd-udevd[328]: seq 2248 running
Jun 08 14:36:18 breadbox.penurio.us systemd-udevd[327]: passed 147 bytes to netlink monitor 0x7fa12cca02f0
Jun 08 14:36:18 breadbox.penurio.us systemd-udevd[329]: seq 2249 running
Jun 08 14:36:18 breadbox.penurio.us systemd-udevd[334]: seq 2250 running
Jun 08 14:36:18 breadbox.penurio.us systemd-udevd[327]: passed 145 bytes to netlink monitor 0x7fa12cca02f0
Jun 08 14:36:18 breadbox.penurio.us systemd-udevd[330]: passed unknown number of bytes to netlink monitor 0x7fa12ccb51c0
Jun 08 14:36:18 breadbox.penurio.us systemd-udevd[330]: seq 2244 processed with 0
Jun 08 14:36:18 breadbox.penurio.us systemd-udevd[333]: no db file to read /run/udev/data/+subsystem:drivers: No such file or directory
Jun 08 14:36:18 breadbox.penurio.us systemd-udevd[328]: no db file to read /run/udev/data/+drivers:GHES: No such file or directory
Jun 08 14:36:18 breadbox.penurio.us systemd-udevd[327]: seq 2252 queued, 'add' 'drivers'
Jun 08 14:36:18 breadbox.penurio.us systemd-udevd[329]: no db file to read /run/udev/data/+drivers:acpi-fan: No such file or directory
Jun 08 14:36:18 breadbox.penurio.us systemd-udevd[335]: seq 2251 running
Jun 08 14:36:18 breadbox.penurio.us systemd-udevd[334]: no db file to read /run/udev/data/+drivers:alarmtimer: No such file or directory
Jun 08 14:36:18 breadbox.penurio.us systemd-udevd[327]: passed 144 bytes to netlink monitor 0x7fa12cca02f0
Jun 08 14:36:18 breadbox.penurio.us systemd-udevd[330]: seq 2252 running
Jun 08 14:36:18 breadbox.penurio.us systemd-udevd[327]: seq 2253 queued, 'add' 'drivers'
Jun 08 14:36:18 breadbox.penurio.us systemd-udevd[333]: passed unknown number of bytes to netlink monitor 0x7fa12cca4550
Jun 08 14:36:18 breadbox.penurio.us systemd-udevd[327]: passed 148 bytes to netlink monitor 0x7fa12cca02f0
Jun 08 14:36:18 breadbox.penurio.us systemd-udevd[333]: seq 2246 processed with 0
Jun 08 14:36:18 breadbox.penurio.us systemd-udevd[331]: seq 2253 running
Jun 08 14:36:18 breadbox.penurio.us systemd-udevd[327]: seq 2254 queued, 'add' 'drivers'
Jun 08 14:36:18 breadbox.penurio.us systemd-udevd[335]: no db file to read /run/udev/data/+drivers:byt_gpio: No such file or directory
Jun 08 14:36:18 breadbox.penurio.us systemd-udevd[327]: passed 147 bytes to netlink monitor 0x7fa12cca02f0
Jun 08 14:36:18 breadbox.penurio.us systemd-udevd[331]: no db file to read /run/udev/data/+drivers:dw-apb-uart: No such file or directory
Jun 08 14:36:18 breadbox.penurio.us systemd-udevd[333]: seq 2254 running
Jun 08 14:36:18 breadbox.penurio.us systemd-udevd[330]: no db file to read /run/udev/data/+drivers:clk-lpt: No such file or directory
Jun 08 14:36:18 breadbox.penurio.us systemd-udevd[327]: seq 2255 queued, 'add' 'drivers'
Jun 08 14:36:18 breadbox.penurio.us systemd-udevd[333]: no db file to read /run/udev/data/+drivers:intel-lpss: No such file or directory
Jun 08 14:36:18 breadbox.penurio.us systemd-udevd[334]: no db file to read /run/udev/data/+subsystem:drivers: No such file or directory
Jun 08 14:36:18 breadbox.penurio.us systemd-udevd[327]: passed 147 bytes to netlink monitor 0x7fa12cca02f0
Jun 08 14:36:18 breadbox.penurio.us systemd-udevd[327]: seq 2256 queued, 'add' 'drivers'
Jun 08 14:36:18 breadbox.penurio.us systemd-udevd[328]: no db file to read /run/udev/data/+subsystem:drivers: No such file or directory
Jun 08 14:36:18 breadbox.penurio.us systemd-udevd[329]: no db file to read /run/udev/data/+subsystem:drivers: No such file or directory
Jun 08 14:36:18 breadbox.penurio.us systemd-udevd[336]: seq 2255 running
Jun 08 14:36:18 breadbox.penurio.us systemd-udevd[331]: no db file to read /run/udev/data/+subsystem:drivers: No such file or directory
Jun 08 14:36:18 breadbox.penurio.us systemd-udevd[334]: passed unknown number of bytes to netlink monitor 0x7fa12cca7a60
Jun 08 14:36:18 breadbox.penurio.us systemd-udevd[334]: seq 2250 processed with 0
Jun 08 14:36:18 breadbox.penurio.us systemd-udevd[331]: passed unknown number of bytes to netlink monitor 0x7fa12ccb57b0
Jun 08 14:36:18 breadbox.penurio.us systemd-udevd[333]: no db file to read /run/udev/data/+subsystem:drivers: No such file or directory
Jun 08 14:36:18 breadbox.penurio.us systemd-udevd[331]: seq 2253 processed with 0
Jun 08 14:36:18 breadbox.penurio.us systemd-udevd[336]: no db file to read /run/udev/data/+drivers:serial8250: No such file or directory
Jun 08 14:36:18 breadbox.penurio.us systemd-udevd[329]: passed unknown number of bytes to netlink monitor 0x7fa12ccb2a70
Jun 08 14:36:18 breadbox.penurio.us systemd-udevd[333]: passed unknown number of bytes to netlink monitor 0x7fa12cca4550
Jun 08 14:36:18 breadbox.penurio.us systemd-udevd[328]: passed unknown number of bytes to netlink monitor 0x7fa12ccb0ff0
Jun 08 14:36:18 breadbox.penurio.us systemd-udevd[333]: seq 2254 processed with 0
Jun 08 14:36:18 breadbox.penurio.us systemd-udevd[330]: no db file to read /run/udev/data/+subsystem:drivers: No such file or directory
Jun 08 14:36:18 breadbox.penurio.us systemd-udevd[329]: seq 2249 processed with 0
Jun 08 14:36:18 breadbox.penurio.us systemd-udevd[335]: no db file to read /run/udev/data/+subsystem:drivers: No such file or directory
Jun 08 14:36:18 breadbox.penurio.us systemd-udevd[328]: seq 2248 processed with 0
Jun 08 14:36:18 breadbox.penurio.us systemd-udevd[336]: no db file to read /run/udev/data/+subsystem:drivers: No such file or directory
Jun 08 14:36:18 breadbox.penurio.us systemd-udevd[330]: passed unknown number of bytes to netlink monitor 0x7fa12ccb51c0
Jun 08 14:36:18 breadbox.penurio.us systemd-udevd[327]: seq 2256 forked new worker [339]
Jun 08 14:36:18 breadbox.penurio.us systemd-udevd[335]: passed unknown number of bytes to netlink monitor 0x7fa12ccb06b0
Jun 08 14:36:18 breadbox.penurio.us systemd-udevd[339]: seq 2256 running
Jun 08 14:36:18 breadbox.penurio.us systemd-udevd[336]: passed unknown number of bytes to netlink monitor 0x7fa12ccaee60
Jun 08 14:36:18 breadbox.penurio.us systemd-udevd[330]: seq 2252 processed with 0
Jun 08 14:36:18 breadbox.penurio.us systemd-udevd[327]: seq 2257 queued, 'add' 'bus'
Jun 08 14:36:18 breadbox.penurio.us systemd-udevd[335]: seq 2251 processed with 0
Jun 08 14:36:18 breadbox.penurio.us systemd-udevd[336]: seq 2255 processed with 0
Jun 08 14:36:18 breadbox.penurio.us systemd-udevd[339]: no db file to read /run/udev/data/+drivers:tpm_tis: No such file or directory
Jun 08 14:36:18 breadbox.penurio.us systemd-udevd[327]: passed 119 bytes to netlink monitor 0x7fa12cca02f0
Jun 08 14:36:18 breadbox.penurio.us systemd-udevd[328]: seq 2257 running
Jun 08 14:36:18 breadbox.penurio.us systemd-udevd[339]: no db file to read /run/udev/data/+subsystem:drivers: No such file or directory
Jun 08 14:36:18 breadbox.penurio.us systemd-udevd[327]: seq 2258 queued, 'add' 'drivers'
Jun 08 14:36:18 breadbox.penurio.us systemd-udevd[328]: no db file to read /run/udev/data/+bus:pnp: No such file or directory
Jun 08 14:36:18 breadbox.penurio.us systemd-udevd[339]: passed unknown number of bytes to netlink monitor 0x7fa12cca53a0
Jun 08 14:36:18 breadbox.penurio.us systemd-udevd[327]: seq 2259 queued, 'add' 'drivers'
Jun 08 14:36:18 breadbox.penurio.us systemd-udevd[328]: passed unknown number of bytes to netlink monitor 0x7fa12ccb0ff0
Jun 08 14:36:18 breadbox.penurio.us systemd-udevd[339]: seq 2256 processed with 0
Jun 08 14:36:18 breadbox.penurio.us systemd-udevd[327]: seq 2260 queued, 'add' 'drivers'
Jun 08 14:36:18 breadbox.penurio.us systemd-udevd[328]: seq 2257 processed with 0
Jun 08 14:36:18 breadbox.penurio.us systemd-udevd[327]: seq 2261 queued, 'add' 'drivers'
Jun 08 14:36:18 breadbox.penurio.us systemd-udevd[327]: passed 140 bytes to netlink monitor 0x7fa12cca02f0
Jun 08 14:36:18 breadbox.penurio.us systemd-udevd[328]: seq 2258 running
Jun 08 14:36:18 breadbox.penurio.us systemd-udevd[327]: passed 138 bytes to netlink monitor 0x7fa12cca02f0
Jun 08 14:36:18 breadbox.penurio.us systemd-udevd[329]: seq 2259 running
Jun 08 14:36:18 breadbox.penurio.us systemd-udevd[328]: no db file to read /run/udev/data/+drivers:rtc_cmos: No such file or directory
Jun 08 14:36:18 breadbox.penurio.us systemd-udevd[327]: passed 138 bytes to netlink monitor 0x7fa12cca02f0
Jun 08 14:36:18 breadbox.penurio.us systemd-udevd[330]: seq 2260 running
Jun 08 14:36:18 breadbox.penurio.us systemd-udevd[329]: no db file to read /run/udev/data/+drivers:serial: No such file or directory
Jun 08 14:36:18 breadbox.penurio.us systemd-udevd[328]: no db file to read /run/udev/data/+subsystem:drivers: No such file or directory
Jun 08 14:36:18 breadbox.penurio.us systemd-udevd[327]: passed 139 bytes to netlink monitor 0x7fa12cca02f0
Jun 08 14:36:18 breadbox.penurio.us systemd-udevd[331]: seq 2261 running
Jun 08 14:36:18 breadbox.penurio.us systemd-udevd[330]: no db file to read /run/udev/data/+drivers:system: No such file or directory
Jun 08 14:36:18 breadbox.penurio.us systemd-udevd[329]: no db file to read /run/udev/data/+subsystem:drivers: No such file or directory
Jun 08 14:36:18 breadbox.penurio.us systemd-udevd[328]: passed unknown number of bytes to netlink monitor 0x7fa12ccb0ff0
Jun 08 14:36:18 breadbox.penurio.us systemd-udevd[327]: seq 2262 queued, 'add' 'bus'
Jun 08 14:36:18 breadbox.penurio.us systemd-udevd[331]: no db file to read /run/udev/data/+drivers:tpm_tis: No such file or directory
Jun 08 14:36:18 breadbox.penurio.us systemd-udevd[330]: no db file to read /run/udev/data/+subsystem:drivers: No such file or directory
Jun 08 14:36:18 breadbox.penurio.us systemd-udevd[329]: passed unknown number of bytes to netlink monitor 0x7fa12ccb2a70
Jun 08 14:36:18 breadbox.penurio.us systemd-udevd[328]: seq 2258 processed with 0
Jun 08 14:36:18 breadbox.penurio.us systemd-udevd[327]: passed 120 bytes to netlink monitor 0x7fa12cca02f0
Jun 08 14:36:18 breadbox.penurio.us systemd-udevd[333]: seq 2262 running
Jun 08 14:36:18 breadbox.penurio.us systemd-udevd[331]: no db file to read /run/udev/data/+subsystem:drivers: No such file or directory
Jun 08 14:36:18 breadbox.penurio.us systemd-udevd[330]: passed unknown number of bytes to netlink monitor 0x7fa12ccb51c0
Jun 08 14:36:18 breadbox.penurio.us systemd-udevd[329]: seq 2259 processed with 0
Jun 08 14:36:18 breadbox.penurio.us systemd-udevd[327]: seq 2263 queued, 'add' 'bus'
Jun 08 14:36:18 breadbox.penurio.us dracut-initqueue[345]: calling: settle
Jun 08 14:36:18 breadbox.penurio.us systemd-udevd[328]: seq 2263 running
Jun 08 14:36:18 breadbox.penurio.us systemd-udevd[331]: passed unknown number of bytes to netlink monitor 0x7fa12ccb57b0
Jun 08 14:36:18 breadbox.penurio.us systemd-udevd[330]: seq 2260 processed with 0
Jun 08 14:36:18 breadbox.penurio.us systemd-udevd[327]: passed 121 bytes to netlink monitor 0x7fa12cca02f0
Jun 08 14:36:18 breadbox.penurio.us systemd-udevd[333]: no db file to read /run/udev/data/+bus:scsi: No such file or directory
Jun 08 14:36:18 breadbox.penurio.us systemd-udevd[328]: no db file to read /run/udev/data/+bus:serio: No such file or directory
Jun 08 14:36:18 breadbox.penurio.us systemd-udevd[331]: seq 2261 processed with 0
Jun 08 14:36:18 breadbox.penurio.us systemd-udevd[327]: seq 2264 queued, 'add' 'drivers'
Jun 08 14:36:18 breadbox.penurio.us systemd-udevd[333]: passed unknown number of bytes to netlink monitor 0x7fa12cca4550
Jun 08 14:36:18 breadbox.penurio.us systemd-udevd[328]: passed unknown number of bytes to netlink monitor 0x7fa12ccb0ff0
Jun 08 14:36:18 breadbox.penurio.us systemd-udevd[327]: seq 2265 queued, 'add' 'drivers'
Jun 08 14:36:18 breadbox.penurio.us systemd-udevd[333]: seq 2262 processed with 0
Jun 08 14:36:18 breadbox.penurio.us systemd-udevd[328]: seq 2263 processed with 0
Jun 08 14:36:18 breadbox.penurio.us systemd-udevd[327]: seq 2266 queued, 'add' 'bus'
Jun 08 14:36:18 breadbox.penurio.us systemd-udevd[327]: passed 139 bytes to netlink monitor 0x7fa12cca02f0
Jun 08 14:36:18 breadbox.penurio.us systemd-udevd[328]: seq 2264 running
Jun 08 14:36:18 breadbox.penurio.us systemd-udevd[327]: passed 141 bytes to netlink monitor 0x7fa12cca02f0
Jun 08 14:36:18 breadbox.penurio.us systemd-udevd[329]: seq 2265 running
Jun 08 14:36:18 breadbox.penurio.us systemd-udevd[328]: no db file to read /run/udev/data/+drivers:atkbd: No such file or directory
Jun 08 14:36:18 breadbox.penurio.us systemd-udevd[327]: passed 119 bytes to netlink monitor 0x7fa12cca02f0
Jun 08 14:36:18 breadbox.penurio.us systemd-udevd[330]: seq 2266 running
Jun 08 14:36:18 breadbox.penurio.us systemd-udevd[329]: no db file to read /run/udev/data/+drivers:psmouse: No such file or directory
Jun 08 14:36:18 breadbox.penurio.us systemd-udevd[328]: no db file to read /run/udev/data/+subsystem:drivers: No such file or directory
Jun 08 14:36:18 breadbox.penurio.us systemd-udevd[327]: seq 2267 queued, 'add' 'bus'
Jun 08 14:36:18 breadbox.penurio.us systemd-udevd[330]: no db file to read /run/udev/data/+bus:spi: No such file or directory
Jun 08 14:36:18 breadbox.penurio.us systemd-udevd[329]: no db file to read /run/udev/data/+subsystem:drivers: No such file or directory
Jun 08 14:36:18 breadbox.penurio.us systemd-udevd[328]: passed unknown number of bytes to netlink monitor 0x7fa12ccb0ff0
Jun 08 14:36:18 breadbox.penurio.us systemd-udevd[327]: passed 119 bytes to netlink monitor 0x7fa12cca02f0
Jun 08 14:36:18 breadbox.penurio.us systemd-udevd[331]: seq 2267 running
Jun 08 14:36:18 breadbox.penurio.us systemd-udevd[330]: passed unknown number of bytes to netlink monitor 0x7fa12ccb51c0
Jun 08 14:36:18 breadbox.penurio.us systemd-udevd[329]: passed unknown number of bytes to netlink monitor 0x7fa12ccb2a70
Jun 08 14:36:18 breadbox.penurio.us systemd-udevd[328]: seq 2264 processed with 0
Jun 08 14:36:18 breadbox.penurio.us systemd-udevd[327]: seq 2268 queued, 'add' 'bus'
Jun 08 14:36:18 breadbox.penurio.us systemd-udevd[331]: no db file to read /run/udev/data/+bus:usb: No such file or directory
Jun 08 14:36:18 breadbox.penurio.us systemd-udevd[330]: seq 2266 processed with 0
Jun 08 14:36:18 breadbox.penurio.us systemd-udevd[329]: seq 2265 processed with 0
Jun 08 14:36:18 breadbox.penurio.us systemd-udevd[327]: passed 126 bytes to netlink monitor 0x7fa12cca02f0
Jun 08 14:36:18 breadbox.penurio.us systemd-udevd[328]: seq 2268 running
Jun 08 14:36:18 breadbox.penurio.us systemd-udevd[331]: passed unknown number of bytes to netlink monitor 0x7fa12ccb57b0
Jun 08 14:36:18 breadbox.penurio.us systemd-udevd[327]: seq 2269 queued, 'add' 'drivers'
Jun 08 14:36:18 breadbox.penurio.us systemd-udevd[328]: no db file to read /run/udev/data/+bus:usb-serial: No such file or directory
Jun 08 14:36:18 breadbox.penurio.us systemd-udevd[331]: seq 2267 processed with 0
Jun 08 14:36:18 breadbox.penurio.us systemd-udevd[327]: seq 2270 queued, 'add' 'drivers'
Jun 08 14:36:18 breadbox.penurio.us systemd-udevd[328]: passed unknown number of bytes to netlink monitor 0x7fa12ccb0ff0
Jun 08 14:36:18 breadbox.penurio.us systemd-udevd[327]: passed 135 bytes to netlink monitor 0x7fa12cca02f0
Jun 08 14:36:18 breadbox.penurio.us systemd-udevd[329]: seq 2270 running
Jun 08 14:36:18 breadbox.penurio.us systemd-udevd[328]: seq 2268 processed with 0
Jun 08 14:36:18 breadbox.penurio.us systemd-udevd[327]: seq 2271 queued, 'add' 'drivers'
Jun 08 14:36:18 breadbox.penurio.us systemd-udevd[329]: no db file to read /run/udev/data/+drivers:hub: No such file or directory
Jun 08 14:36:18 breadbox.penurio.us systemd-udevd[327]: passed 146 bytes to netlink monitor 0x7fa12cca02f0
Jun 08 14:36:18 breadbox.penurio.us systemd-udevd[328]: seq 2269 running
Jun 08 14:36:18 breadbox.penurio.us systemd-udevd[329]: no db file to read /run/udev/data/+subsystem:drivers: No such file or directory
Jun 08 14:36:18 breadbox.penurio.us systemd-udevd[327]: passed 135 bytes to netlink monitor 0x7fa12cca02f0
Jun 08 14:36:18 breadbox.penurio.us systemd-udevd[330]: seq 2271 running
Jun 08 14:36:18 breadbox.penurio.us systemd-udevd[328]: no db file to read /run/udev/data/+drivers:generic: No such file or directory
Jun 08 14:36:18 breadbox.penurio.us systemd-udevd[329]: passed unknown number of bytes to netlink monitor 0x7fa12ccb2a70
Jun 08 14:36:18 breadbox.penurio.us systemd-udevd[327]: seq 2272 queued, 'add' 'drivers'
Jun 08 14:36:18 breadbox.penurio.us systemd-udevd[330]: no db file to read /run/udev/data/+drivers:usb: No such file or directory
Jun 08 14:36:18 breadbox.penurio.us systemd-udevd[328]: no db file to read /run/udev/data/+subsystem:drivers: No such file or directory
Jun 08 14:36:18 breadbox.penurio.us systemd-udevd[329]: seq 2270 processed with 0
Jun 08 14:36:18 breadbox.penurio.us systemd-udevd[327]: passed 137 bytes to netlink monitor 0x7fa12cca02f0
Jun 08 14:36:18 breadbox.penurio.us systemd-udevd[331]: seq 2272 running
Jun 08 14:36:18 breadbox.penurio.us systemd-udevd[330]: no db file to read /run/udev/data/+subsystem:drivers: No such file or directory
Jun 08 14:36:18 breadbox.penurio.us systemd-udevd[328]: passed unknown number of bytes to netlink monitor 0x7fa12ccb0ff0
Jun 08 14:36:18 breadbox.penurio.us systemd-udevd[327]: seq 2273 queued, 'add' 'drivers'
Jun 08 14:36:18 breadbox.penurio.us systemd-udevd[331]: no db file to read /run/udev/data/+drivers:usbfs: No such file or directory
Jun 08 14:36:18 breadbox.penurio.us systemd-udevd[330]: passed unknown number of bytes to netlink monitor 0x7fa12ccb51c0
Jun 08 14:36:18 breadbox.penurio.us systemd-udevd[328]: seq 2269 processed with 0
Jun 08 14:36:18 breadbox.penurio.us systemd-udevd[327]: passed 138 bytes to netlink monitor 0x7fa12cca02f0
Jun 08 14:36:18 breadbox.penurio.us systemd-udevd[329]: seq 2273 running
Jun 08 14:36:18 breadbox.penurio.us systemd-udevd[331]: no db file to read /run/udev/data/+subsystem:drivers: No such file or directory
Jun 08 14:36:18 breadbox.penurio.us systemd-udevd[330]: seq 2271 processed with 0
Jun 08 14:36:18 breadbox.penurio.us systemd-udevd[327]: seq 2274 queued, 'add' 'drivers'
Jun 08 14:36:18 breadbox.penurio.us systemd-udevd[329]: no db file to read /run/udev/data/+drivers:usbhid: No such file or directory
Jun 08 14:36:18 breadbox.penurio.us systemd-udevd[331]: passed unknown number of bytes to netlink monitor 0x7fa12ccb57b0
Jun 08 14:36:18 breadbox.penurio.us systemd-udevd[327]: passed 141 bytes to netlink monitor 0x7fa12cca02f0
Jun 08 14:36:18 breadbox.penurio.us systemd-udevd[328]: seq 2274 running
Jun 08 14:36:18 breadbox.penurio.us systemd-udevd[329]: no db file to read /run/udev/data/+subsystem:drivers: No such file or directory
Jun 08 14:36:18 breadbox.penurio.us systemd-udevd[331]: seq 2272 processed with 0
Jun 08 14:36:18 breadbox.penurio.us systemd-udevd[327]: seq 2275 queued, 'add' 'drivers'
Jun 08 14:36:18 breadbox.penurio.us systemd-udevd[328]: no db file to read /run/udev/data/+drivers:usbserial: No such file or directory
Jun 08 14:36:18 breadbox.penurio.us systemd-udevd[329]: passed unknown number of bytes to netlink monitor 0x7fa12ccb2a70
Jun 08 14:36:18 breadbox.penurio.us systemd-udevd[327]: passed 149 bytes to netlink monitor 0x7fa12cca02f0
Jun 08 14:36:18 breadbox.penurio.us systemd-udevd[330]: seq 2275 running
Jun 08 14:36:18 breadbox.penurio.us systemd-udevd[328]: no db file to read /run/udev/data/+subsystem:drivers: No such file or directory
Jun 08 14:36:18 breadbox.penurio.us systemd-udevd[329]: seq 2273 processed with 0
Jun 08 14:36:18 breadbox.penurio.us systemd-udevd[327]: seq 2276 queued, 'add' 'bus'
Jun 08 14:36:18 breadbox.penurio.us systemd-udevd[330]: no db file to read /run/udev/data/+drivers:usbserial_generic: No such file or directory
Jun 08 14:36:18 breadbox.penurio.us systemd-udevd[328]: passed unknown number of bytes to netlink monitor 0x7fa12ccb0ff0
Jun 08 14:36:18 breadbox.penurio.us systemd-udevd[327]: passed 125 bytes to netlink monitor 0x7fa12cca02f0
Jun 08 14:36:18 breadbox.penurio.us systemd-udevd[329]: seq 2276 running
Jun 08 14:36:18 breadbox.penurio.us systemd-udevd[330]: no db file to read /run/udev/data/+subsystem:drivers: No such file or directory
Jun 08 14:36:18 breadbox.penurio.us systemd-udevd[328]: seq 2274 processed with 0
Jun 08 14:36:18 breadbox.penurio.us systemd-udevd[327]: seq 2277 queued, 'add' 'bus'
Jun 08 14:36:18 breadbox.penurio.us systemd-udevd[329]: no db file to read /run/udev/data/+bus:workqueue: No such file or directory
Jun 08 14:36:18 breadbox.penurio.us systemd-udevd[330]: passed unknown number of bytes to netlink monitor 0x7fa12ccb51c0
Jun 08 14:36:18 breadbox.penurio.us systemd-udevd[327]: passed 119 bytes to netlink monitor 0x7fa12cca02f0
Jun 08 14:36:18 breadbox.penurio.us systemd-udevd[328]: seq 2277 running
Jun 08 14:36:18 breadbox.penurio.us systemd-udevd[329]: passed unknown number of bytes to netlink monitor 0x7fa12ccb2a70
Jun 08 14:36:18 breadbox.penurio.us systemd-udevd[330]: seq 2275 processed with 0
Jun 08 14:36:18 breadbox.penurio.us systemd-udevd[327]: seq 2278 queued, 'add' 'module'
Jun 08 14:36:18 breadbox.penurio.us systemd-udevd[328]: no db file to read /run/udev/data/+bus:xen: No such file or directory
Jun 08 14:36:18 breadbox.penurio.us systemd-udevd[329]: seq 2276 processed with 0
Jun 08 14:36:18 breadbox.penurio.us systemd-udevd[327]: passed 126 bytes to netlink monitor 0x7fa12cca02f0
Jun 08 14:36:18 breadbox.penurio.us systemd-udevd[330]: seq 2278 running
Jun 08 14:36:18 breadbox.penurio.us systemd-udevd[328]: passed unknown number of bytes to netlink monitor 0x7fa12ccb0ff0
Jun 08 14:36:18 breadbox.penurio.us systemd-udevd[327]: seq 2279 queued, 'add' 'module'
Jun 08 14:36:18 breadbox.penurio.us systemd-udevd[330]: no db file to read /run/udev/data/+module:8250: No such file or directory
Jun 08 14:36:18 breadbox.penurio.us systemd-udevd[328]: seq 2277 processed with 0
Jun 08 14:36:18 breadbox.penurio.us systemd-udevd[327]: passed 126 bytes to netlink monitor 0x7fa12cca02f0
Jun 08 14:36:18 breadbox.penurio.us systemd-udevd[329]: seq 2279 running
Jun 08 14:36:18 breadbox.penurio.us systemd-udevd[330]: passed unknown number of bytes to netlink monitor 0x7fa12ccb51c0
Jun 08 14:36:18 breadbox.penurio.us systemd-udevd[327]: seq 2280 queued, 'add' 'module'
Jun 08 14:36:18 breadbox.penurio.us systemd-udevd[329]: no db file to read /run/udev/data/+module:acpi: No such file or directory
Jun 08 14:36:18 breadbox.penurio.us systemd-udevd[330]: seq 2278 processed with 0
Jun 08 14:36:18 breadbox.penurio.us systemd-udevd[327]: passed 129 bytes to netlink monitor 0x7fa12cca02f0
Jun 08 14:36:18 breadbox.penurio.us systemd-udevd[328]: seq 2280 running
Jun 08 14:36:18 breadbox.penurio.us systemd-udevd[329]: passed unknown number of bytes to netlink monitor 0x7fa12ccb2a70
Jun 08 14:36:18 breadbox.penurio.us systemd-udevd[327]: seq 2281 queued, 'add' 'module'
Jun 08 14:36:18 breadbox.penurio.us systemd-udevd[328]: no db file to read /run/udev/data/+module:acpiphp: No such file or directory
Jun 08 14:36:18 breadbox.penurio.us systemd-udevd[329]: seq 2279 processed with 0
Jun 08 14:36:18 breadbox.penurio.us systemd-udevd[327]: passed 129 bytes to netlink monitor 0x7fa12cca02f0
Jun 08 14:36:18 breadbox.penurio.us systemd-udevd[330]: seq 2281 running
Jun 08 14:36:18 breadbox.penurio.us systemd-udevd[328]: passed unknown number of bytes to netlink monitor 0x7fa12ccb0ff0
Jun 08 14:36:18 breadbox.penurio.us systemd-udevd[327]: seq 2282 queued, 'add' 'module'
Jun 08 14:36:18 breadbox.penurio.us systemd-udevd[330]: no db file to read /run/udev/data/+module:battery: No such file or directory
Jun 08 14:36:18 breadbox.penurio.us systemd-udevd[328]: seq 2280 processed with 0
Jun 08 14:36:18 breadbox.penurio.us systemd-udevd[327]: passed 127 bytes to netlink monitor 0x7fa12cca02f0
Jun 08 14:36:18 breadbox.penurio.us systemd-udevd[329]: seq 2282 running
Jun 08 14:36:18 breadbox.penurio.us systemd-udevd[330]: passed unknown number of bytes to netlink monitor 0x7fa12ccb51c0
Jun 08 14:36:18 breadbox.penurio.us systemd-udevd[327]: seq 2283 queued, 'add' 'module'
Jun 08 14:36:18 breadbox.penurio.us systemd-udevd[329]: no db file to read /run/udev/data/+module:block: No such file or directory
Jun 08 14:36:18 breadbox.penurio.us systemd-udevd[330]: seq 2281 processed with 0
Jun 08 14:36:18 breadbox.penurio.us systemd-udevd[327]: passed 130 bytes to netlink monitor 0x7fa12cca02f0
Jun 08 14:36:18 breadbox.penurio.us systemd-udevd[328]: seq 2283 running
Jun 08 14:36:18 breadbox.penurio.us systemd-udevd[329]: ATTR '/sys/module/block/parameters/events_dfl_poll_msecs' writing '2000' /usr/lib/udev/rules.d/60-persistent-storage.rules:12
Jun 08 14:36:18 breadbox.penurio.us systemd-udevd[327]: seq 2284 queued, 'add' 'module'
Jun 08 14:36:18 breadbox.penurio.us systemd-udevd[328]: no db file to read /run/udev/data/+module:configfs: No such file or directory
Jun 08 14:36:18 breadbox.penurio.us systemd-udevd[329]: passed unknown number of bytes to netlink monitor 0x7fa12ccb2a70
Jun 08 14:36:18 breadbox.penurio.us systemd-udevd[327]: passed 129 bytes to netlink monitor 0x7fa12cca02f0
Jun 08 14:36:18 breadbox.penurio.us systemd-udevd[330]: seq 2284 running
Jun 08 14:36:18 breadbox.penurio.us systemd-udevd[329]: seq 2282 processed with 0
Jun 08 14:36:18 breadbox.penurio.us systemd-udevd[328]: created db file '/run/udev/data/+module:configfs' for '/module/configfs'
Jun 08 14:36:18 breadbox.penurio.us systemd-udevd[327]: seq 2285 queued, 'add' 'module'
Jun 08 14:36:18 breadbox.penurio.us systemd-udevd[330]: no db file to read /run/udev/data/+module:cpuidle: No such file or directory
Jun 08 14:36:18 breadbox.penurio.us systemd-udevd[328]: passed unknown number of bytes to netlink monitor 0x7fa12ccb0ff0
Jun 08 14:36:18 breadbox.penurio.us systemd-udevd[327]: passed 132 bytes to netlink monitor 0x7fa12cca02f0
Jun 08 14:36:18 breadbox.penurio.us systemd-udevd[329]: seq 2285 running
Jun 08 14:36:18 breadbox.penurio.us systemd-udevd[330]: passed unknown number of bytes to netlink monitor 0x7fa12ccb51c0
Jun 08 14:36:18 breadbox.penurio.us systemd-udevd[328]: seq 2283 processed with 0
Jun 08 14:36:18 breadbox.penurio.us systemd[1]: sys-module-configfs.device changed dead -> plugged
Jun 08 14:36:18 breadbox.penurio.us systemd-udevd[327]: seq 2286 queued, 'add' 'module'
Jun 08 14:36:18 breadbox.penurio.us systemd-udevd[329]: no db file to read /run/udev/data/+module:debug_core: No such file or directory
Jun 08 14:36:18 breadbox.penurio.us systemd-udevd[330]: seq 2284 processed with 0
Jun 08 14:36:18 breadbox.penurio.us systemd[1]: Trying to enqueue job sys-kernel-config.mount/start/fail
Jun 08 14:36:18 breadbox.penurio.us systemd-udevd[327]: passed 128 bytes to netlink monitor 0x7fa12cca02f0
Jun 08 14:36:18 breadbox.penurio.us systemd-udevd[328]: seq 2286 running
Jun 08 14:36:18 breadbox.penurio.us systemd-udevd[329]: passed unknown number of bytes to netlink monitor 0x7fa12ccb2a70
Jun 08 14:36:18 breadbox.penurio.us systemd[1]: Installed new job sys-kernel-config.mount/start as 46
Jun 08 14:36:18 breadbox.penurio.us systemd-udevd[327]: seq 2287 queued, 'add' 'module'
Jun 08 14:36:18 breadbox.penurio.us systemd-udevd[328]: no db file to read /run/udev/data/+module:dm_log: No such file or directory
Jun 08 14:36:18 breadbox.penurio.us systemd-udevd[329]: seq 2285 processed with 0
Jun 08 14:36:18 breadbox.penurio.us systemd[1]: Enqueued job sys-kernel-config.mount/start as 46
Jun 08 14:36:18 breadbox.penurio.us systemd-udevd[327]: passed 131 bytes to netlink monitor 0x7fa12cca02f0
Jun 08 14:36:18 breadbox.penurio.us systemd-udevd[330]: seq 2287 running
Jun 08 14:36:18 breadbox.penurio.us systemd-udevd[328]: passed unknown number of bytes to netlink monitor 0x7fa12ccb0ff0
Jun 08 14:36:18 breadbox.penurio.us systemd[1]: ConditionCapability=CAP_SYS_RAWIO succeeded for sys-kernel-config.mount.
Jun 08 14:36:18 breadbox.penurio.us systemd-udevd[327]: seq 2288 queued, 'add' 'module'
Jun 08 14:36:18 breadbox.penurio.us systemd-udevd[330]: no db file to read /run/udev/data/+module:dm_mirror: No such file or directory
Jun 08 14:36:18 breadbox.penurio.us systemd-udevd[328]: seq 2286 processed with 0
Jun 08 14:36:18 breadbox.penurio.us systemd[1]: ConditionPathExists=/sys/kernel/config succeeded for sys-kernel-config.mount.
Jun 08 14:36:18 breadbox.penurio.us systemd-udevd[327]: passed 128 bytes to netlink monitor 0x7fa12cca02f0
Jun 08 14:36:18 breadbox.penurio.us systemd-udevd[329]: seq 2288 running
Jun 08 14:36:18 breadbox.penurio.us systemd-udevd[330]: passed unknown number of bytes to netlink monitor 0x7fa12ccb51c0
Jun 08 14:36:18 breadbox.penurio.us systemd-udevd[327]: seq 2289 queued, 'add' 'module'
Jun 08 14:36:18 breadbox.penurio.us systemd-udevd[329]: no db file to read /run/udev/data/+module:dm_mod: No such file or directory
Jun 08 14:36:18 breadbox.penurio.us systemd[1]: About to execute: /bin/mount configfs /sys/kernel/config -t configfs
Jun 08 14:36:18 breadbox.penurio.us systemd-udevd[330]: seq 2287 processed with 0
Jun 08 14:36:18 breadbox.penurio.us systemd-udevd[327]: passed 136 bytes to netlink monitor 0x7fa12cca02f0
Jun 08 14:36:18 breadbox.penurio.us systemd-udevd[328]: seq 2289 running
Jun 08 14:36:18 breadbox.penurio.us systemd-udevd[329]: passed unknown number of bytes to netlink monitor 0x7fa12ccb2a70
Jun 08 14:36:18 breadbox.penurio.us systemd[1]: Forked /bin/mount as 340
Jun 08 14:36:18 breadbox.penurio.us systemd-udevd[327]: seq 2290 queued, 'add' 'module'
Jun 08 14:36:18 breadbox.penurio.us systemd-udevd[328]: no db file to read /run/udev/data/+module:dm_region_hash: No such file or directory
Jun 08 14:36:18 breadbox.penurio.us systemd-udevd[329]: seq 2288 processed with 0
Jun 08 14:36:18 breadbox.penurio.us systemd[1]: sys-kernel-config.mount changed dead -> mounting
Jun 08 14:36:18 breadbox.penurio.us systemd[340]: Executing: /bin/mount configfs /sys/kernel/config -t configfs
Jun 08 14:36:18 breadbox.penurio.us systemd-udevd[327]: passed 135 bytes to netlink monitor 0x7fa12cca02f0
Jun 08 14:36:18 breadbox.penurio.us systemd-udevd[330]: seq 2290 running
Jun 08 14:36:18 breadbox.penurio.us systemd-udevd[328]: passed unknown number of bytes to netlink monitor 0x7fa12ccb0ff0
Jun 08 14:36:18 breadbox.penurio.us systemd[1]: Mounting Configuration File System...
Jun 08 14:36:18 breadbox.penurio.us systemd-udevd[327]: seq 2291 queued, 'add' 'module'
Jun 08 14:36:18 breadbox.penurio.us systemd-udevd[330]: no db file to read /run/udev/data/+module:dynamic_debug: No such file or directory
Jun 08 14:36:18 breadbox.penurio.us systemd-udevd[328]: seq 2289 processed with 0
Jun 08 14:36:18 breadbox.penurio.us systemd-udevd[327]: passed 132 bytes to netlink monitor 0x7fa12cca02f0
Jun 08 14:36:18 breadbox.penurio.us systemd-udevd[329]: seq 2291 running
Jun 08 14:36:18 breadbox.penurio.us systemd-udevd[330]: passed unknown number of bytes to netlink monitor 0x7fa12ccb51c0
Jun 08 14:36:18 breadbox.penurio.us systemd-udevd[327]: seq 2292 queued, 'add' 'module'
Jun 08 14:36:18 breadbox.penurio.us systemd-udevd[329]: no db file to read /run/udev/data/+module:efi_pstore: No such file or directory
Jun 08 14:36:18 breadbox.penurio.us systemd-udevd[330]: seq 2290 processed with 0
Jun 08 14:36:18 breadbox.penurio.us systemd-udevd[327]: passed 129 bytes to netlink monitor 0x7fa12cca02f0
Jun 08 14:36:18 breadbox.penurio.us systemd-udevd[328]: seq 2292 running
Jun 08 14:36:18 breadbox.penurio.us systemd-udevd[329]: passed unknown number of bytes to netlink monitor 0x7fa12ccb2a70
Jun 08 14:36:18 breadbox.penurio.us systemd-udevd[327]: seq 2293 queued, 'add' 'module'
Jun 08 14:36:18 breadbox.penurio.us systemd-udevd[328]: no db file to read /run/udev/data/+module:efivars: No such file or directory
Jun 08 14:36:18 breadbox.penurio.us systemd[1]: sys-kernel-config.mount changed mounting -> mounting-done
Jun 08 14:36:18 breadbox.penurio.us systemd-udevd[329]: seq 2291 processed with 0
Jun 08 14:36:18 breadbox.penurio.us systemd-udevd[327]: passed 130 bytes to netlink monitor 0x7fa12cca02f0
Jun 08 14:36:18 breadbox.penurio.us systemd-udevd[330]: seq 2293 running
Jun 08 14:36:18 breadbox.penurio.us systemd-udevd[328]: passed unknown number of bytes to netlink monitor 0x7fa12ccb0ff0
Jun 08 14:36:18 breadbox.penurio.us systemd[1]: Job sys-kernel-config.mount/start finished, result=done
Jun 08 14:36:18 breadbox.penurio.us systemd-udevd[327]: seq 2294 queued, 'add' 'module'
Jun 08 14:36:18 breadbox.penurio.us systemd-udevd[330]: no db file to read /run/udev/data/+module:ehci_hcd: No such file or directory
Jun 08 14:36:18 breadbox.penurio.us systemd-udevd[328]: seq 2292 processed with 0
Jun 08 14:36:18 breadbox.penurio.us systemd-udevd[327]: passed 136 bytes to netlink monitor 0x7fa12cca02f0
Jun 08 14:36:18 breadbox.penurio.us systemd-udevd[329]: seq 2294 running
Jun 08 14:36:18 breadbox.penurio.us systemd-udevd[330]: passed unknown number of bytes to netlink monitor 0x7fa12ccb51c0
Jun 08 14:36:18 breadbox.penurio.us systemd-udevd[327]: seq 2295 queued, 'add' 'module'
Jun 08 14:36:18 breadbox.penurio.us systemd-udevd[329]: no db file to read /run/udev/data/+module:firmware_class: No such file or directory
Jun 08 14:36:18 breadbox.penurio.us systemd-udevd[330]: seq 2293 processed with 0
Jun 08 14:36:18 breadbox.penurio.us systemd[1]: Mounted Configuration File System.
Jun 08 14:36:18 breadbox.penurio.us systemd-udevd[327]: passed 125 bytes to netlink monitor 0x7fa12cca02f0
Jun 08 14:36:18 breadbox.penurio.us systemd-udevd[328]: seq 2295 running
Jun 08 14:36:18 breadbox.penurio.us systemd-udevd[329]: passed unknown number of bytes to netlink monitor 0x7fa12ccb2a70
Jun 08 14:36:18 breadbox.penurio.us systemd[1]: Received SIGCHLD from PID 340 (mount).
Jun 08 14:36:18 breadbox.penurio.us systemd-udevd[327]: seq 2296 queued, 'add' 'module'
Jun 08 14:36:18 breadbox.penurio.us systemd-udevd[328]: no db file to read /run/udev/data/+module:hid: No such file or directory
Jun 08 14:36:18 breadbox.penurio.us systemd-udevd[329]: seq 2294 processed with 0
Jun 08 14:36:18 breadbox.penurio.us systemd[1]: Child 340 (mount) died (code=exited, status=0/SUCCESS)
Jun 08 14:36:18 breadbox.penurio.us systemd-udevd[327]: passed 131 bytes to netlink monitor 0x7fa12cca02f0
Jun 08 14:36:18 breadbox.penurio.us systemd-udevd[330]: seq 2296 running
Jun 08 14:36:18 breadbox.penurio.us systemd-udevd[328]: passed unknown number of bytes to netlink monitor 0x7fa12ccb0ff0
Jun 08 14:36:18 breadbox.penurio.us systemd[1]: Child 340 belongs to sys-kernel-config.mount
Jun 08 14:36:18 breadbox.penurio.us systemd-udevd[327]: seq 2297 queued, 'add' 'module'
Jun 08 14:36:18 breadbox.penurio.us systemd-udevd[330]: no db file to read /run/udev/data/+module:hid_apple: No such file or directory
Jun 08 14:36:18 breadbox.penurio.us systemd-udevd[328]: seq 2295 processed with 0
Jun 08 14:36:18 breadbox.penurio.us systemd[1]: sys-kernel-config.mount mount process exited, code=exited status=0
Jun 08 14:36:18 breadbox.penurio.us systemd-udevd[327]: passed 136 bytes to netlink monitor 0x7fa12cca02f0
Jun 08 14:36:18 breadbox.penurio.us systemd-udevd[329]: seq 2297 running
Jun 08 14:36:18 breadbox.penurio.us systemd-udevd[330]: passed unknown number of bytes to netlink monitor 0x7fa12ccb51c0
Jun 08 14:36:18 breadbox.penurio.us systemd[1]: sys-kernel-config.mount changed mounting-done -> mounted
Jun 08 14:36:18 breadbox.penurio.us systemd-udevd[327]: seq 2298 queued, 'add' 'module'
Jun 08 14:36:18 breadbox.penurio.us systemd-udevd[329]: no db file to read /run/udev/data/+module:hid_magicmouse: No such file or directory
Jun 08 14:36:18 breadbox.penurio.us systemd-udevd[330]: seq 2296 processed with 0
Jun 08 14:36:18 breadbox.penurio.us systemd[1]: Got cgroup empty notification for: /system.slice/sys-kernel-config.mount
Jun 08 14:36:18 breadbox.penurio.us systemd-udevd[327]: passed 131 bytes to netlink monitor 0x7fa12cca02f0
Jun 08 14:36:18 breadbox.penurio.us systemd-udevd[328]: seq 2298 running
Jun 08 14:36:18 breadbox.penurio.us systemd-udevd[329]: passed unknown number of bytes to netlink monitor 0x7fa12ccb2a70
Jun 08 14:36:18 breadbox.penurio.us systemd-udevd[327]: seq 2299 queued, 'add' 'module'
Jun 08 14:36:18 breadbox.penurio.us systemd-udevd[328]: no db file to read /run/udev/data/+module:hid_ntrig: No such file or directory
Jun 08 14:36:18 breadbox.penurio.us systemd-udevd[329]: seq 2297 processed with 0
Jun 08 14:36:18 breadbox.penurio.us systemd-udevd[327]: passed 127 bytes to netlink monitor 0x7fa12cca02f0
Jun 08 14:36:18 breadbox.penurio.us systemd[1]: Received SIGCHLD from PID 338 (udevadm).
Jun 08 14:36:18 breadbox.penurio.us systemd-udevd[328]: passed unknown number of bytes to netlink monitor 0x7fa12ccb0ff0
Jun 08 14:36:18 breadbox.penurio.us systemd-udevd[327]: seq 2300 queued, 'add' 'module'
Jun 08 14:36:18 breadbox.penurio.us systemd-udevd[330]: seq 2299 running
Jun 08 14:36:18 breadbox.penurio.us systemd[1]: Child 338 (udevadm) died (code=exited, status=0/SUCCESS)
Jun 08 14:36:18 breadbox.penurio.us systemd-udevd[328]: seq 2298 processed with 0
Jun 08 14:36:18 breadbox.penurio.us systemd-udevd[327]: passed 132 bytes to netlink monitor 0x7fa12cca02f0
Jun 08 14:36:18 breadbox.penurio.us systemd-udevd[329]: seq 2300 running
Jun 08 14:36:18 breadbox.penurio.us systemd-udevd[330]: no db file to read /run/udev/data/+module:i8042: No such file or directory
Jun 08 14:36:18 breadbox.penurio.us systemd[1]: Child 338 belongs to systemd-udev-trigger.service
Jun 08 14:36:18 breadbox.penurio.us systemd-udevd[327]: seq 2301 queued, 'add' 'module'
Jun 08 14:36:18 breadbox.penurio.us systemd-udevd[329]: no db file to read /run/udev/data/+module:intel_idle: No such file or directory
Jun 08 14:36:18 breadbox.penurio.us systemd-udevd[330]: passed unknown number of bytes to netlink monitor 0x7fa12ccb51c0
Jun 08 14:36:18 breadbox.penurio.us systemd[1]: systemd-udev-trigger.service: main process exited, code=exited, status=0/SUCCESS
Jun 08 14:36:18 breadbox.penurio.us systemd-udevd[327]: passed 126 bytes to netlink monitor 0x7fa12cca02f0
Jun 08 14:36:18 breadbox.penurio.us systemd-udevd[328]: seq 2301 running
Jun 08 14:36:18 breadbox.penurio.us systemd-udevd[329]: passed unknown number of bytes to netlink monitor 0x7fa12ccb2a70
Jun 08 14:36:18 breadbox.penurio.us systemd-udevd[330]: seq 2299 processed with 0
Jun 08 14:36:18 breadbox.penurio.us systemd-udevd[327]: seq 2302 queued, 'add' 'module'
Jun 08 14:36:18 breadbox.penurio.us systemd[1]: systemd-udev-trigger.service changed start -> exited
Jun 08 14:36:18 breadbox.penurio.us systemd-udevd[328]: no db file to read /run/udev/data/+module:ipv6: No such file or directory
Jun 08 14:36:18 breadbox.penurio.us systemd-udevd[329]: seq 2300 processed with 0
Jun 08 14:36:18 breadbox.penurio.us systemd-udevd[327]: passed 130 bytes to netlink monitor 0x7fa12cca02f0
Jun 08 14:36:18 breadbox.penurio.us systemd-udevd[330]: seq 2302 running
Jun 08 14:36:18 breadbox.penurio.us systemd[1]: Job systemd-udev-trigger.service/start finished, result=done
Jun 08 14:36:18 breadbox.penurio.us systemd-udevd[328]: passed unknown number of bytes to netlink monitor 0x7fa12ccb0ff0
Jun 08 14:36:18 breadbox.penurio.us systemd-udevd[327]: seq 2303 queued, 'add' 'module'
Jun 08 14:36:18 breadbox.penurio.us systemd-udevd[330]: no db file to read /run/udev/data/+module:kdb_main: No such file or directory
Jun 08 14:36:18 breadbox.penurio.us systemd-udevd[328]: seq 2301 processed with 0
Jun 08 14:36:18 breadbox.penurio.us systemd-udevd[327]: passed 128 bytes to netlink monitor 0x7fa12cca02f0
Jun 08 14:36:18 breadbox.penurio.us systemd-udevd[329]: seq 2303 running
Jun 08 14:36:18 breadbox.penurio.us systemd-udevd[330]: passed unknown number of bytes to netlink monitor 0x7fa12ccb51c0
Jun 08 14:36:18 breadbox.penurio.us systemd-udevd[327]: seq 2304 queued, 'add' 'module'
Jun 08 14:36:18 breadbox.penurio.us systemd[1]: Started udev Coldplug all Devices.
Jun 08 14:36:18 breadbox.penurio.us systemd-udevd[329]: no db file to read /run/udev/data/+module:kernel: No such file or directory
Jun 08 14:36:18 breadbox.penurio.us systemd-udevd[330]: seq 2302 processed with 0
Jun 08 14:36:18 breadbox.penurio.us systemd-udevd[327]: passed 130 bytes to netlink monitor 0x7fa12cca02f0
Jun 08 14:36:18 breadbox.penurio.us systemd-udevd[328]: seq 2304 running
Jun 08 14:36:18 breadbox.penurio.us systemd[1]: systemd-udev-trigger.service: cgroup is empty
Jun 08 14:36:18 breadbox.penurio.us systemd-udevd[329]: passed unknown number of bytes to netlink monitor 0x7fa12ccb2a70
Jun 08 14:36:18 breadbox.penurio.us systemd-udevd[327]: seq 2305 queued, 'add' 'module'
Jun 08 14:36:18 breadbox.penurio.us systemd-udevd[328]: no db file to read /run/udev/data/+module:keyboard: No such file or directory
Jun 08 14:36:18 breadbox.penurio.us systemd[1]: Got cgroup empty notification for: /system.slice/systemd-udev-trigger.service
Jun 08 14:36:18 breadbox.penurio.us systemd-udevd[329]: seq 2303 processed with 0
Jun 08 14:36:18 breadbox.penurio.us systemd-udevd[327]: passed 128 bytes to netlink monitor 0x7fa12cca02f0
Jun 08 14:36:18 breadbox.penurio.us systemd-udevd[330]: seq 2305 running
Jun 08 14:36:18 breadbox.penurio.us systemd-udevd[328]: passed unknown number of bytes to netlink monitor 0x7fa12ccb0ff0
Jun 08 14:36:18 breadbox.penurio.us systemd[1]: ConditionKernelCommandLine=!plymouth.enable=0 succeeded for plymouth-start.service.
Jun 08 14:36:18 breadbox.penurio.us systemd-udevd[327]: seq 2306 queued, 'add' 'module'
Jun 08 14:36:18 breadbox.penurio.us systemd-udevd[330]: no db file to read /run/udev/data/+module:kgdboc: No such file or directory
Jun 08 14:36:18 breadbox.penurio.us systemd-udevd[328]: seq 2304 processed with 0
Jun 08 14:36:18 breadbox.penurio.us systemd-udevd[327]: passed 128 bytes to netlink monitor 0x7fa12cca02f0
Jun 08 14:36:18 breadbox.penurio.us systemd-udevd[329]: seq 2306 running
Jun 08 14:36:18 breadbox.penurio.us systemd[1]: About to execute: /usr/sbin/plymouthd --mode=boot --pid-file=/var/run/plymouth/pid --attach-to-session
Jun 08 14:36:18 breadbox.penurio.us systemd-udevd[330]: passed unknown number of bytes to netlink monitor 0x7fa12ccb51c0
Jun 08 14:36:18 breadbox.penurio.us systemd-udevd[327]: seq 2307 queued, 'add' 'module'
Jun 08 14:36:18 breadbox.penurio.us systemd-udevd[329]: no db file to read /run/udev/data/+module:kgdbts: No such file or directory
Jun 08 14:36:18 breadbox.penurio.us systemd-udevd[330]: seq 2305 processed with 0
Jun 08 14:36:18 breadbox.penurio.us systemd[1]: Forked /usr/sbin/plymouthd as 343
Jun 08 14:36:18 breadbox.penurio.us systemd-udevd[327]: passed 128 bytes to netlink monitor 0x7fa12cca02f0
Jun 08 14:36:18 breadbox.penurio.us systemd-udevd[328]: seq 2307 running
Jun 08 14:36:18 breadbox.penurio.us systemd-udevd[329]: passed unknown number of bytes to netlink monitor 0x7fa12ccb2a70
Jun 08 14:36:18 breadbox.penurio.us systemd[343]: Executing: /usr/sbin/plymouthd --mode=boot --pid-file=/var/run/plymouth/pid --attach-to-session
Jun 08 14:36:18 breadbox.penurio.us systemd[1]: plymouth-start.service changed dead -> start
Jun 08 14:36:18 breadbox.penurio.us systemd-udevd[327]: seq 2308 queued, 'add' 'module'
Jun 08 14:36:18 breadbox.penurio.us systemd-udevd[328]: no db file to read /run/udev/data/+module:md_mod: No such file or directory
Jun 08 14:36:18 breadbox.penurio.us systemd-udevd[329]: seq 2306 processed with 0
Jun 08 14:36:18 breadbox.penurio.us systemd[1]: Starting Show Plymouth Boot Screen...
Jun 08 14:36:18 breadbox.penurio.us systemd-udevd[327]: passed 128 bytes to netlink monitor 0x7fa12cca02f0
Jun 08 14:36:18 breadbox.penurio.us systemd-udevd[330]: seq 2308 running
Jun 08 14:36:18 breadbox.penurio.us systemd-udevd[328]: passed unknown number of bytes to netlink monitor 0x7fa12ccb0ff0
Jun 08 14:36:18 breadbox.penurio.us systemd-udevd[327]: seq 2309 queued, 'add' 'module'
Jun 08 14:36:18 breadbox.penurio.us systemd-udevd[330]: no db file to read /run/udev/data/+module:module: No such file or directory
Jun 08 14:36:18 breadbox.penurio.us systemd-udevd[328]: seq 2307 processed with 0
Jun 08 14:36:18 breadbox.penurio.us systemd-udevd[327]: passed 130 bytes to netlink monitor 0x7fa12cca02f0
Jun 08 14:36:18 breadbox.penurio.us systemd-udevd[329]: seq 2309 running
Jun 08 14:36:18 breadbox.penurio.us systemd-udevd[330]: passed unknown number of bytes to netlink monitor 0x7fa12ccb51c0
Jun 08 14:36:18 breadbox.penurio.us systemd[1]: ConditionKernelCommandLine=|rd.break=initqueue failed for dracut-initqueue.service.
